-- Table structure for table `llxqa_contrat`
--

CREATE TABLE `llxqa_contrat` (
  `rowid` int(11) NOT NULL AUTO_INCREMENT,
  `ref` varchar(255) DEFAULT NULL,
  `ref_customer` varchar(255) DEFAULT NULL,
  `ref_supplier` varchar(255) DEFAULT NULL,
  `ref_ext` varchar(255) DEFAULT NULL,
  `entity` int(11) NOT NULL DEFAULT 1,
  `tms` timestamp NOT NULL DEFAULT current_timestamp() ON UPDATE current_timestamp(),
  `datec` datetime DEFAULT NULL,
  `date_contrat` datetime DEFAULT NULL,
  `statut` smallint(6) DEFAULT 0,
  `mise_en_service` datetime DEFAULT NULL,
  `fin_validite` datetime DEFAULT NULL,
  `date_cloture` datetime DEFAULT NULL,
  `fk_soc` int(11) NOT NULL,
  `fk_projet` int(11) DEFAULT NULL,
  `fk_commercial_signature` int(11) DEFAULT NULL,
  `fk_commercial_suivi` int(11) DEFAULT NULL,
  `fk_user_author` int(11) NOT NULL DEFAULT 0,
  `fk_user_modif` int(11) DEFAULT NULL,
  `fk_user_mise_en_service` int(11) DEFAULT NULL,
  `fk_user_cloture` int(11) DEFAULT NULL,
  `note_private` text DEFAULT NULL,
  `note_public` text DEFAULT NULL,
  `model_pdf` varchar(255) DEFAULT NULL,
  `last_main_doc` varchar(255) DEFAULT NULL,
  `import_key` varchar(14) DEFAULT NULL,
  `extraparams` varchar(255) DEFAULT NULL,
  PRIMARY KEY (`rowid`),
  UNIQUE KEY `uk_contrat_ref` (`ref`,`entity`),
  KEY `idx_contrat_fk_soc` (`fk_soc`),
  KEY `idx_contrat_fk_user_author` (`fk_user_author`),
  CONSTRAINT `fk_contrat_fk_soc` FOREIGN KEY (`fk_soc`) REFERENCES `llxqa_societe` (`rowid`),
  CONSTRAINT `fk_contrat_user_author` FOREIGN KEY (`fk_user_author`) REFERENCES `llxqa_user` (`rowid`)
) ENGINE=InnoDB DEFAULT CHARSET=utf8;

--
-- Dumping data for table `llxqa_contrat`
--


--
-- Table structure for table `llxqa_contrat_extrafields`
--

CREATE TABLE `llxqa_contrat_extrafields` (
  `rowid` int(11) NOT NULL AUTO_INCREMENT,
  `tms` timestamp NOT NULL DEFAULT current_timestamp() ON UPDATE current_timestamp(),
  `fk_object` int(11) NOT NULL,
  `import_key` varchar(14) DEFAULT NULL,
  PRIMARY KEY (`rowid`),
  KEY `idx_contrat_extrafields` (`fk_object`)
) ENGINE=InnoDB DEFAULT CHARSET=utf8;

--
-- Dumping data for table `llxqa_contrat_extrafields`
--


--
-- Table structure for table `llxqa_contratdet`
--

CREATE TABLE `llxqa_contratdet` (
  `rowid` int(11) NOT NULL AUTO_INCREMENT,
  `tms` timestamp NOT NULL DEFAULT current_timestamp() ON UPDATE current_timestamp(),
  `fk_contrat` int(11) NOT NULL,
  `fk_product` int(11) DEFAULT NULL,
  `statut` smallint(6) DEFAULT 0,
  `label` text DEFAULT NULL,
  `description` text DEFAULT NULL,
  `fk_remise_except` int(11) DEFAULT NULL,
  `date_commande` datetime DEFAULT NULL,
  `date_ouverture_prevue` datetime DEFAULT NULL,
  `date_ouverture` datetime DEFAULT NULL,
  `date_fin_validite` datetime DEFAULT NULL,
  `date_cloture` datetime DEFAULT NULL,
  `vat_src_code` varchar(10) DEFAULT '',
  `tva_tx` double(6,3) DEFAULT 0.000,
  `localtax1_tx` double(6,3) DEFAULT 0.000,
  `localtax1_type` varchar(10) DEFAULT NULL,
  `localtax2_tx` double(6,3) DEFAULT 0.000,
  `localtax2_type` varchar(10) DEFAULT NULL,
  `qty` double NOT NULL,
  `remise_percent` double DEFAULT 0,
  `subprice` double(24,8) DEFAULT 0.00000000,
  `price_ht` double DEFAULT NULL,
  `remise` double DEFAULT 0,
  `total_ht` double(24,8) DEFAULT 0.00000000,
  `total_tva` double(24,8) DEFAULT 0.00000000,
  `total_localtax1` double(24,8) DEFAULT 0.00000000,
  `total_localtax2` double(24,8) DEFAULT 0.00000000,
  `total_ttc` double(24,8) DEFAULT 0.00000000,
  `product_type` int(11) DEFAULT 1,
  `info_bits` int(11) DEFAULT 0,
  `buy_price_ht` double(24,8) DEFAULT NULL,
  `fk_product_fournisseur_price` int(11) DEFAULT NULL,
  `fk_user_author` int(11) NOT NULL DEFAULT 0,
  `fk_user_ouverture` int(11) DEFAULT NULL,
  `fk_user_cloture` int(11) DEFAULT NULL,
  `commentaire` text DEFAULT NULL,
  `fk_unit` int(11) DEFAULT NULL,
  `fk_multicurrency` int(11) DEFAULT NULL,
  `multicurrency_code` varchar(255) DEFAULT NULL,
  `multicurrency_subprice` double(24,8) DEFAULT 0.00000000,
  `multicurrency_total_ht` double(24,8) DEFAULT 0.00000000,
  `multicurrency_total_tva` double(24,8) DEFAULT 0.00000000,
  `multicurrency_total_ttc` double(24,8) DEFAULT 0.00000000,
  PRIMARY KEY (`rowid`),
  KEY `idx_contratdet_fk_contrat` (`fk_contrat`),
  KEY `idx_contratdet_fk_product` (`fk_product`),
  KEY `idx_contratdet_date_ouverture_prevue` (`date_ouverture_prevue`),
  KEY `idx_contratdet_date_ouverture` (`date_ouverture`),
  KEY `idx_contratdet_date_fin_validite` (`date_fin_validite`),
  KEY `fk_contratdet_fk_unit` (`fk_unit`),
  CONSTRAINT `fk_contratdet_fk_contrat` FOREIGN KEY (`fk_contrat`) REFERENCES `llxqa_contrat` (`rowid`),
  CONSTRAINT `fk_contratdet_fk_product` FOREIGN KEY (`fk_product`) REFERENCES `llxqa_product` (`rowid`),
  CONSTRAINT `fk_contratdet_fk_unit` FOREIGN KEY (`fk_unit`) REFERENCES `llxqa_c_units` (`rowid`)
) ENGINE=InnoDB DEFAULT CHARSET=utf8;

--
-- Dumping data for table `llxqa_contratdet`
--


--
-- Table structure for table `llxqa_contratdet_extrafields`
--

CREATE TABLE `llxqa_contratdet_extrafields` (
  `rowid` int(11) NOT NULL AUTO_INCREMENT,
  `tms` timestamp NOT NULL DEFAULT current_timestamp() ON UPDATE current_timestamp(),
  `fk_object` int(11) NOT NULL,
  `import_key` varchar(14) DEFAULT NULL,
  PRIMARY KEY (`rowid`),
  KEY `idx_contratdet_extrafields` (`fk_object`)
) ENGINE=InnoDB DEFAULT CHARSET=utf8;

--
-- Dumping data for table `llxqa_contratdet_extrafields`
--


--
-- Table structure for table `llxqa_contratdet_log`
--

CREATE TABLE `llxqa_contratdet_log` (
  `rowid` int(11) NOT NULL AUTO_INCREMENT,
  `tms` timestamp NOT NULL DEFAULT current_timestamp() ON UPDATE current_timestamp(),
  `fk_contratdet` int(11) NOT NULL,
  `date` datetime NOT NULL,
  `statut` smallint(6) NOT NULL,
  `fk_user_author` int(11) NOT NULL,
  `commentaire` text DEFAULT NULL,
  PRIMARY KEY (`rowid`),
  KEY `idx_contratdet_log_fk_contratdet` (`fk_contratdet`),
  KEY `idx_contratdet_log_date` (`date`),
  CONSTRAINT `fk_contratdet_log_fk_contratdet` FOREIGN KEY (`fk_contratdet`) REFERENCES `llxqa_contratdet` (`rowid`)
) ENGINE=InnoDB DEFAULT CHARSET=utf8;

--
-- Dumping data for table `llxqa_contratdet_log`
--


--
-- Table structure for table `llxqa_cronjob`
--

CREATE TABLE `llxqa_cronjob` (
  `rowid` int(11) NOT NULL AUTO_INCREMENT,
  `tms` timestamp NOT NULL DEFAULT current_timestamp() ON UPDATE current_timestamp(),
  `datec` datetime DEFAULT NULL,
  `jobtype` varchar(10) NOT NULL,
  `label` text NOT NULL,
  `command` varchar(255) DEFAULT NULL,
  `classesname` varchar(255) DEFAULT NULL,
  `objectname` varchar(255) DEFAULT NULL,
  `methodename` varchar(255) DEFAULT NULL,
  `params` text DEFAULT NULL,
  `md5params` varchar(32) DEFAULT NULL,
  `module_name` varchar(255) DEFAULT NULL,
  `priority` int(11) DEFAULT 0,
  `datelastrun` datetime DEFAULT NULL,
  `datenextrun` datetime DEFAULT NULL,
  `datestart` datetime DEFAULT NULL,
  `dateend` datetime DEFAULT NULL,
  `datelastresult` datetime DEFAULT NULL,
  `lastresult` text DEFAULT NULL,
  `lastoutput` text DEFAULT NULL,
  `unitfrequency` varchar(255) NOT NULL DEFAULT '3600',
  `frequency` int(11) NOT NULL DEFAULT 0,
  `maxrun` int(11) NOT NULL DEFAULT 0,
  `nbrun` int(11) DEFAULT NULL,
  `autodelete` int(11) DEFAULT 0,
  `status` int(11) NOT NULL DEFAULT 1,
  `processing` int(11) NOT NULL DEFAULT 0,
  `test` varchar(255) DEFAULT '1',
  `fk_user_author` int(11) DEFAULT NULL,
  `fk_user_mod` int(11) DEFAULT NULL,
  `fk_mailing` int(11) DEFAULT NULL,
  `note` text DEFAULT NULL,
  `libname` varchar(255) DEFAULT NULL,
  `entity` int(11) DEFAULT 0,
  PRIMARY KEY (`rowid`),
  KEY `idx_cronjob_status` (`status`),
  KEY `idx_cronjob_datelastrun` (`datelastrun`),
  KEY `idx_cronjob_datenextrun` (`datenextrun`),
  KEY `idx_cronjob_datestart` (`datestart`),
  KEY `idx_cronjob_dateend` (`dateend`)
) ENGINE=InnoDB AUTO_INCREMENT=5 DEFAULT CHARSET=utf8;

--
-- Dumping data for table `llxqa_cronjob`
--

INSERT INTO `llxqa_cronjob` VALUES (1,'2018-11-10 16:06:42','2018-11-10 16:06:42','method','RecurringInvoices',NULL,'compta/facture/class/facture-rec.class.php','FactureRec','createRecurringInvoices',NULL,NULL,'facture',50,NULL,NULL,'2018-11-10 16:06:42',NULL,NULL,NULL,NULL,'86400',1,0,NULL,0,1,0,'$conf->facture->enabled',NULL,NULL,NULL,'Generate recurring invoices',NULL,1),(2,'2018-12-23 19:49:23','2018-12-23 19:49:23','method','PurgeDeleteTemporaryFilesShort',NULL,'core/class/utils.class.php','Utils','purgeFiles',NULL,NULL,'cron',50,NULL,NULL,'2018-12-23 19:49:23',NULL,NULL,NULL,NULL,'604800',2,0,NULL,0,1,0,'1',NULL,NULL,NULL,'PurgeDeleteTemporaryFiles',NULL,0),(3,'2018-12-23 19:49:23','2018-12-23 19:49:23','method','MakeLocalDatabaseDumpShort',NULL,'core/class/utils.class.php','Utils','dumpDatabase','none,auto,1,auto,10',NULL,'cron',90,NULL,NULL,'2018-12-23 19:49:23',NULL,NULL,NULL,NULL,'604800',1,0,NULL,0,0,0,'1',NULL,NULL,NULL,'MakeLocalDatabaseDump',NULL,0),(4,'2018-12-23 20:00:13','2018-12-23 20:00:13','method','SendEmailsReminders',NULL,'comm/action/class/actioncomm.class.php','ActionComm','sendEmailsReminder',NULL,NULL,'agenda',10,NULL,NULL,'2018-12-23 20:00:13',NULL,NULL,NULL,NULL,'60',10,0,NULL,0,1,0,'$conf->agenda->enabled',NULL,NULL,NULL,'SendEMailsReminder',NULL,1);

--
-- Table structure for table `llxqa_default_values`
--

CREATE TABLE `llxqa_default_values` (
  `rowid` int(11) NOT NULL AUTO_INCREMENT,
  `entity` int(11) NOT NULL DEFAULT 1,
  `type` varchar(10) DEFAULT NULL,
  `user_id` int(11) NOT NULL DEFAULT 0,
  `page` varchar(255) DEFAULT NULL,
  `param` varchar(255) DEFAULT NULL,
  `value` varchar(128) DEFAULT NULL,
  PRIMARY KEY (`rowid`),
  UNIQUE KEY `uk_default_values` (`type`,`entity`,`user_id`,`page`,`param`)
) ENGINE=InnoDB DEFAULT CHARSET=utf8;

--
-- Dumping data for table `llxqa_default_values`
--


--
-- Table structure for table `llxqa_deplacement`
--

CREATE TABLE `llxqa_deplacement` (
  `rowid` int(11) NOT NULL AUTO_INCREMENT,
  `ref` varchar(30) DEFAULT NULL,
  `entity` int(11) NOT NULL DEFAULT 1,
  `datec` datetime NOT NULL,
  `tms` timestamp NOT NULL DEFAULT current_timestamp() ON UPDATE current_timestamp(),
  `dated` datetime DEFAULT NULL,
  `fk_user` int(11) NOT NULL,
  `fk_user_author` int(11) DEFAULT NULL,
  `fk_user_modif` int(11) DEFAULT NULL,
  `type` varchar(12) NOT NULL,
  `fk_statut` int(11) NOT NULL DEFAULT 1,
  `km` double DEFAULT NULL,
  `fk_soc` int(11) DEFAULT NULL,
  `fk_projet` int(11) DEFAULT 0,
  `note_private` text DEFAULT NULL,
  `note_public` text DEFAULT NULL,
  `extraparams` varchar(255) DEFAULT NULL,
  PRIMARY KEY (`rowid`)
) ENGINE=InnoDB DEFAULT CHARSET=utf8;

--
-- Dumping data for table `llxqa_deplacement`
--


--
-- Table structure for table `llxqa_document_model`
--

CREATE TABLE `llxqa_document_model` (
  `rowid` int(11) NOT NULL AUTO_INCREMENT,
  `nom` varchar(50) DEFAULT NULL,
  `entity` int(11) NOT NULL DEFAULT 1,
  `type` varchar(20) NOT NULL,
  `libelle` varchar(255) DEFAULT NULL,
  `description` text DEFAULT NULL,
  PRIMARY KEY (`rowid`),
  UNIQUE KEY `uk_document_model` (`nom`,`type`,`entity`)
) ENGINE=InnoDB AUTO_INCREMENT=37 DEFAULT CHARSET=utf8;

--
-- Dumping data for table `llxqa_document_model`
--

INSERT INTO `llxqa_document_model` VALUES (1,'azur',1,'propal',NULL,NULL),(3,'rouget',1,'shipping',NULL,NULL),(4,'typhon',1,'delivery',NULL,NULL),(7,'Standard',1,'stock',NULL,NULL),(8,'StdMouvement',1,'mouvement',NULL,NULL),(9,'',1,'task',NULL,NULL),(10,'beluga',1,'project',NULL,NULL),(11,'baleine',1,'project',NULL,NULL),(12,'standard',1,'expensereport',NULL,NULL),(34,'einstein',1,'order',NULL,NULL),(35,'crabe',1,'invoice',NULL,NULL),(36,'muscadet',1,'order_supplier',NULL,NULL);

--
-- Table structure for table `llxqa_don`
--

CREATE TABLE `llxqa_don` (
  `rowid` int(11) NOT NULL AUTO_INCREMENT,
  `ref` varchar(30) DEFAULT NULL,
  `entity` int(11) NOT NULL DEFAULT 1,
  `tms` timestamp NOT NULL DEFAULT current_timestamp() ON UPDATE current_timestamp(),
  `fk_statut` smallint(6) NOT NULL DEFAULT 0,
  `datedon` datetime DEFAULT NULL,
  `amount` double(24,8) DEFAULT 0.00000000,
  `fk_payment` int(11) DEFAULT NULL,
  `paid` smallint(6) NOT NULL DEFAULT 0,
  `firstname` varchar(50) DEFAULT NULL,
  `lastname` varchar(50) DEFAULT NULL,
  `societe` varchar(50) DEFAULT NULL,
  `address` text DEFAULT NULL,
  `zip` varchar(30) DEFAULT NULL,
  `town` varchar(50) DEFAULT NULL,
  `country` varchar(50) DEFAULT NULL,
  `fk_country` int(11) NOT NULL,
  `email` varchar(255) DEFAULT NULL,
  `phone` varchar(24) DEFAULT NULL,
  `phone_mobile` varchar(24) DEFAULT NULL,
  `public` smallint(6) NOT NULL DEFAULT 1,
  `fk_projet` int(11) DEFAULT NULL,
  `datec` datetime DEFAULT NULL,
  `fk_user_author` int(11) NOT NULL,
  `date_valid` datetime DEFAULT NULL,
  `fk_user_valid` int(11) DEFAULT NULL,
  `note_private` text DEFAULT NULL,
  `note_public` text DEFAULT NULL,
  `model_pdf` varchar(255) DEFAULT NULL,
  `import_key` varchar(14) DEFAULT NULL,
  `extraparams` varchar(255) DEFAULT NULL,
  `fk_soc` int(11) DEFAULT NULL,
  `fk_user_modif` int(11) DEFAULT NULL,
  PRIMARY KEY (`rowid`)
) ENGINE=InnoDB DEFAULT CHARSET=utf8;

--
-- Dumping data for table `llxqa_don`
--


--
-- Table structure for table `llxqa_don_extrafields`
--

CREATE TABLE `llxqa_don_extrafields` (
  `rowid` int(11) NOT NULL AUTO_INCREMENT,
  `tms` timestamp NOT NULL DEFAULT current_timestamp() ON UPDATE current_timestamp(),
  `fk_object` int(11) NOT NULL,
  `import_key` varchar(14) DEFAULT NULL,
  PRIMARY KEY (`rowid`),
  KEY `idx_don_extrafields` (`fk_object`)
) ENGINE=InnoDB DEFAULT CHARSET=utf8;

--
-- Dumping data for table `llxqa_don_extrafields`
--


--
-- Table structure for table `llxqa_ecm_directories`
--

CREATE TABLE `llxqa_ecm_directories` (
  `rowid` int(11) NOT NULL AUTO_INCREMENT,
  `label` varchar(64) NOT NULL,
  `entity` int(11) NOT NULL DEFAULT 1,
  `fk_parent` int(11) DEFAULT NULL,
  `description` varchar(255) NOT NULL,
  `cachenbofdoc` int(11) NOT NULL DEFAULT 0,
  `fullpath` varchar(750) DEFAULT NULL,
  `extraparams` varchar(255) DEFAULT NULL,
  `date_c` datetime DEFAULT NULL,
  `date_m` timestamp NOT NULL DEFAULT current_timestamp() ON UPDATE current_timestamp(),
  `fk_user_c` int(11) DEFAULT NULL,
  `fk_user_m` int(11) DEFAULT NULL,
  `acl` text DEFAULT NULL,
  PRIMARY KEY (`rowid`),
  UNIQUE KEY `uk_ecm_directories` (`label`,`fk_parent`,`entity`),
  KEY `idx_ecm_directories_fk_user_c` (`fk_user_c`),
  KEY `idx_ecm_directories_fk_user_m` (`fk_user_m`),
  CONSTRAINT `fk_ecm_directories_fk_user_c` FOREIGN KEY (`fk_user_c`) REFERENCES `llxqa_user` (`rowid`),
  CONSTRAINT `fk_ecm_directories_fk_user_m` FOREIGN KEY (`fk_user_m`) REFERENCES `llxqa_user` (`rowid`)
) ENGINE=InnoDB DEFAULT CHARSET=utf8;

--
-- Dumping data for table `llxqa_ecm_directories`
--


--
-- Table structure for table `llxqa_ecm_files`
--

CREATE TABLE `llxqa_ecm_files` (
  `rowid` int(11) NOT NULL AUTO_INCREMENT,
  `ref` varchar(128) DEFAULT NULL,
  `label` varchar(128) NOT NULL,
  `share` varchar(128) DEFAULT NULL,
  `entity` int(11) NOT NULL DEFAULT 1,
  `filepath` varchar(255) NOT NULL,
  `filename` varchar(255) NOT NULL,
  `src_object_type` varchar(32) DEFAULT NULL,
  `src_object_id` int(11) DEFAULT NULL,
  `fullpath_orig` varchar(750) DEFAULT NULL,
  `description` text DEFAULT NULL,
  `keywords` varchar(750) DEFAULT NULL,
  `cover` text DEFAULT NULL,
  `position` int(11) DEFAULT NULL,
  `gen_or_uploaded` varchar(12) DEFAULT NULL,
  `extraparams` varchar(255) DEFAULT NULL,
  `date_c` datetime DEFAULT NULL,
  `date_m` timestamp NOT NULL DEFAULT current_timestamp() ON UPDATE current_timestamp(),
  `fk_user_c` int(11) DEFAULT NULL,
  `fk_user_m` int(11) DEFAULT NULL,
  `acl` text DEFAULT NULL,
  PRIMARY KEY (`rowid`),
  UNIQUE KEY `uk_ecm_files` (`filepath`,`filename`,`entity`),
  KEY `idx_ecm_files_label` (`label`)
) ENGINE=InnoDB AUTO_INCREMENT=386 DEFAULT CHARSET=utf8;

--
-- Dumping data for table `llxqa_ecm_files`
--

INSERT INTO `llxqa_ecm_files` VALUES (1,'5d7ba007c3c15110bf6ca24bae608389','547424924819954eb91a9969b12084fb',NULL,1,'propale/(PROV1)','(PROV1).pdf','propal',1,'','',NULL,NULL,1,'generated',NULL,'2018-11-12 14:47:15','2018-11-12 19:47:15',1,NULL,NULL),(2,'bae26d5f8f0393d9b105f48b5eac7ab6','bb7d7b5eb5d79d5aacdf0f1d112de85a',NULL,1,'produit/Lulu_Moonshine_-_Chocolate_Lust','Lulu_Moonshine_-_Chocolate_Lust-milk Lulu-Moonshine-chocolate-lust.jpg',NULL,NULL,'milk Lulu-Moonshine-chocolate-lust.jpg','',NULL,NULL,1,'uploaded',NULL,'2018-11-12 19:12:48','2018-11-13 00:12:48',2,NULL,NULL),(3,'7c41bf4b4e339f737f894874561dedfb','581ad64cf0a775fe576de1a6a5f80ac9',NULL,1,'produit/Lulu_Moonshine_-_Strawberry_Nights','Lulu_Moonshine_-_Strawberry_Nights-milk Lulu-Moonshine-strawberry-nights.jpg',NULL,NULL,'milk Lulu-Moonshine-strawberry-nights.jpg','',NULL,NULL,1,'uploaded',NULL,'2018-11-12 19:16:37','2018-11-13 00:16:37',2,NULL,NULL),(4,'1f074751b94fe8c1541087993e4efd0b','d523c2eff708d5866c2c8a07e51f9daf',NULL,1,'produit/Lulu_Moonshine_-_Lemon_Lick','Lulu_Moonshine_-_Lemon_Lick-milk Lulu-Moonshine-lemon-lick.jpg',NULL,NULL,'milk Lulu-Moonshine-lemon-lick.jpg','',NULL,NULL,1,'uploaded',NULL,'2018-11-12 19:20:49','2018-11-13 00:20:49',2,NULL,NULL),(5,'063989e7cd4908541acabc49827e3f92','7ad4e628a5937a4c20909e89654bd35a',NULL,1,'produit/Lulu_Moonshine_-_Silver_Kiss','Lulu_Moonshine_-_Silver_Kiss-milk-Lulu-Moonshine-silver-kiss.jpg',NULL,NULL,'milk-Lulu-Moonshine-silver-kiss.jpg','',NULL,NULL,1,'uploaded',NULL,'2018-11-12 19:23:23','2018-11-13 00:23:23',2,NULL,NULL),(6,'619ea9b69ce64731fcdd37364150c177','49946d20dd5fe2ac6e7dfc4de9c8b66a',NULL,1,'produit/Lulu_Moonshine_-_Gold_Pleasure','Lulu_Moonshine_-_Gold_Pleasure-milk Lulu-Moonshine-Gold-Pleasure.jpg',NULL,NULL,'milk Lulu-Moonshine-Gold-Pleasure.jpg','',NULL,NULL,1,'uploaded',NULL,'2018-11-12 19:28:09','2018-11-13 00:28:09',2,NULL,NULL),(7,'9d9aa178214d0386d7eb394a380c136d','041aebb8237f46b6070c75e61a4e1a33',NULL,1,'produit/Tahini_320_gr.','Tahini_320_gr.-Tahini - Manteca de Sesamo.jpg',NULL,NULL,'Tahini - Manteca de Sesamo.jpg','',NULL,NULL,1,'uploaded',NULL,'2018-11-12 19:49:13','2018-11-13 00:49:13',2,NULL,NULL),(8,'7b5c4da9edad14747aa5a1891567cb7b','e0c65d9e37d980a78b621d12725cc9f3',NULL,1,'produit/Marianne_750ml','Marianne_750ml-Marianne de Paraguay.jpg',NULL,NULL,'Marianne de Paraguay.jpg','',NULL,NULL,1,'uploaded',NULL,'2018-11-12 19:55:52','2018-11-13 00:55:52',2,NULL,NULL),(9,'1fc77489f9593e7b4aaf7c80cd21a7d8','733f72d542495df338f47880288be4d4',NULL,1,'produit/Gold_750_ml','Gold_750_ml-Jules Verne Rum Gold.jpg',NULL,NULL,'Jules Verne Rum Gold.jpg','',NULL,NULL,1,'uploaded',NULL,'2018-11-12 20:01:01','2018-11-13 01:01:01',2,NULL,NULL),(10,'e7f191101e23ea5db768c0f4b111bbf3','a0fc9e2a6ccc53065af3ac0ee2919fd1',NULL,1,'produit/Agricole_750_ml','Agricole_750_ml-Jules Verne Rhum Agricole.jpg',NULL,NULL,'Jules Verne Rhum Agricole.jpg','',NULL,NULL,1,'uploaded',NULL,'2018-11-12 20:01:24','2018-11-13 01:01:24',2,NULL,NULL),(11,'f15674254f910ff3582682024cd257f4','e0c65d9e37d980a78b621d12725cc9f3',NULL,1,'produit/Marianne_700_ml','Marianne_700_ml-Marianne de Paraguay.jpg',NULL,NULL,'Marianne de Paraguay.jpg','',NULL,NULL,1,'uploaded',NULL,'2018-11-12 20:03:28','2018-11-13 01:03:28',2,NULL,NULL),(12,'defba6411f6c375583d42223d5a7dde4','733f72d542495df338f47880288be4d4',NULL,1,'produit/Gold_700_ml','Gold_700_ml-Jules Verne Rum Gold.jpg',NULL,NULL,'Jules Verne Rum Gold.jpg','',NULL,NULL,1,'uploaded',NULL,'2018-11-12 20:05:12','2018-11-13 01:05:12',2,NULL,NULL),(13,'a8ac3c358a748c0a54928809be00a7a9','a0fc9e2a6ccc53065af3ac0ee2919fd1',NULL,1,'produit/Agricole_700_ml','Agricole_700_ml-Jules Verne Rhum Agricole.jpg',NULL,NULL,'Jules Verne Rhum Agricole.jpg','',NULL,NULL,1,'uploaded',NULL,'2018-11-12 20:06:58','2018-11-13 01:06:58',2,NULL,NULL),(14,'79eccc2e12beca598e02f16a57635a9c','860aad2be0a226f0dd3b4ebdf63d3837',NULL,1,'facture/(PROV1)','(PROV1).pdf','facture',1,'','',NULL,NULL,1,'generated',NULL,'2018-11-23 19:05:17','2018-12-04 12:28:57',2,2,NULL),(15,'b8fa95acc819130134d7ff984c59f9ae','0ce67f3b284276deb33c14134cf7fc65',NULL,1,'propale/(PROV2)','(PROV2).pdf','propal',2,'','',NULL,NULL,1,'generated',NULL,'2018-12-02 18:19:41','2018-12-02 18:23:58',1,1,NULL),(16,'4550503e7627bf3be38ca5d8641f9f29','92733a980190e75f0123f5267d0e9fe5',NULL,1,'propale/PR1812-0001','PR1812-0001.pdf','propal',2,'','',NULL,NULL,1,'generated',NULL,'2018-12-02 18:24:39','2018-12-03 16:24:43',1,2,NULL),(17,'09bbed635312e3628328ca4fd4667a2f','23740075220873a5566671702ba2ab55',NULL,1,'facture/(PROV2)','(PROV2).pdf','facture',2,'','',NULL,NULL,1,'generated',NULL,'2018-12-03 19:41:53','2018-12-03 19:50:28',1,1,NULL),(18,'9f47e15ca312aeadb1802518d8af5c97','91efd74f918c7498a4ebee8fba8d1de2',NULL,1,'facture/FA1808-0001','FA1808-0001.pdf','facture',2,'','',NULL,NULL,1,'generated',NULL,'2018-12-03 19:57:29','2018-12-24 18:11:40',1,2,NULL),(19,'e62fb8af230c5146adb62d22e7d94433','7cecb1367839b9cd2b48f974e798413e',NULL,1,'facture/FA1810-0002','FA1810-0002.pdf','facture',1,'','',NULL,NULL,1,'generated',NULL,'2018-12-04 12:46:05','2019-01-12 11:17:35',2,1,NULL),(20,'e8bf87e118f2edea154263aebddf6fa8','099f2f9ba8cce73f2e1548d89cd57117',NULL,1,'facture/(PROV3)','(PROV3).pdf','facture',3,'','',NULL,NULL,1,'generated',NULL,'2018-12-04 12:52:56','2018-12-04 12:53:40',2,2,NULL),(21,'b6aead477ee3d619c29f33ce6d09dcee','d5714efaa1efb001ffe269e1a323588a',NULL,1,'facture/FA1811-0003','FA1811-0003.pdf','facture',3,'','',NULL,NULL,1,'generated',NULL,'2018-12-04 13:07:19','2019-02-02 13:38:37',2,1,NULL),(22,'f54de8a05d943447bbdc48c321e2ca15','5ca52ec8fe66fa8153619b127fb646fa',NULL,1,'facture/(PROV4)','(PROV4).pdf','facture',4,'','',NULL,NULL,1,'generated',NULL,'2018-12-04 13:30:48','2018-12-04 13:31:19',2,2,NULL),(23,'f69051d1b516be0e4aa6f46e0a068f3b','439645be67d5fea796cff42ab9d70b69',NULL,1,'facture/FA1811-0004','FA1811-0004.pdf','facture',4,'','',NULL,NULL,1,'generated',NULL,'2018-12-04 13:32:14','2020-02-24 19:32:41',2,2,NULL),(24,'105d5a85f7c3ba548c415006a20ed69f','5aab90ed203ee194ca165a780371e2c1',NULL,1,'propale/(PROV3)','(PROV3).pdf','propal',3,'','',NULL,NULL,1,'generated',NULL,'2018-12-05 17:54:00','2018-12-06 11:12:54',2,2,NULL),(25,'94496b9482d99d5c305cd29f3f3b617e','41717c23e1c52894d61b2d4581558264',NULL,1,'propale/PR1812-0002','PR1812-0002.pdf','propal',3,'','',NULL,NULL,1,'generated',NULL,'2018-12-06 11:54:36','2019-04-25 13:15:04',2,2,NULL),(26,'d394cac0b5da8f3f79d9877ab356ee84','d6ac6d2915964d2580de124ae17672cd',NULL,1,'commande/(PROV1)','(PROV1).pdf','commande',1,'','',NULL,NULL,1,'generated',NULL,'2018-12-07 19:38:33','2018-12-07 19:38:47',1,1,NULL),(27,'7f49f3a007025670a0377a84e3f0b7e3','5cce1e60a7b25f7524293ba0151a6f17',NULL,1,'commande/CO1812-0001','CO1812-0001.pdf','commande',1,'','',NULL,NULL,1,'generated',NULL,'2018-12-07 19:38:54','2018-12-08 00:38:54',1,NULL,NULL),(28,'ca33bb53f24c3e3e26deeebd662a179c','411efb3696a39848c9bdd5124e8b26b8',NULL,1,'propale/(PROV4)','(PROV4).pdf','propal',4,'','',NULL,NULL,1,'generated',NULL,'2018-12-07 21:22:22','2018-12-07 21:27:16',1,1,NULL),(31,'1aad4a593d8587f49ed67a9a9a0e224f','632b594cb3683fb52f0c42d18fee4b13',NULL,1,'commande/(PROV2)','(PROV2).pdf','commande',2,'','',NULL,NULL,1,'generated',NULL,'2018-12-11 19:25:40','2018-12-12 00:25:40',2,NULL,NULL),(32,'03c5311c508bbafc6dd7ba15788b2de6','83ee320444fc88ab689b3d3cfba28829',NULL,1,'commande/CO1812-0002','CO1812-0002.pdf','commande',2,'','',NULL,NULL,1,'generated',NULL,'2018-12-11 19:45:54','2018-12-12 00:45:54',2,NULL,NULL),(33,'16db7acd5c9d3b0fa2a7a392813f0f24','028aec0d542bd7821f7400343f891c01',NULL,1,'fournisseur/commande/(PROV2)','(PROV2).pdf','commande_fournisseur',2,'','',NULL,NULL,1,'generated',NULL,'2018-12-18 13:27:54','2018-12-18 13:32:41',2,2,NULL),(34,'e7c586b33a9b9d613f1ab8cd04386d07','0ba458369f5cacca89e477b90cd91640',NULL,1,'fournisseur/commande/PO1812-0001','PO1812-0001.pdf','commande_fournisseur',2,'','',NULL,NULL,1,'generated',NULL,'2018-12-18 13:33:50','2018-12-19 12:14:01',2,2,NULL),(35,'e05902a8ca1d9de424296f4c1d132e14','0bad3e95725937bcbad9d53e8efbedca',NULL,1,'facture/FA1812-0005','FA1812-0005.pdf','facture',5,'','',NULL,NULL,1,'generated',NULL,'2018-12-18 18:09:05','2019-01-24 12:20:37',2,2,NULL),(36,'ddac6bce1d11b209e686e3c70988ec46','e76ff293ab797c47d6d5b2f81cf55ea9',NULL,1,'facture/FA1812-0006','FA1812-0006.pdf','facture',6,'','',NULL,NULL,1,'generated',NULL,'2018-12-18 18:10:30','2019-01-24 12:17:39',2,2,NULL),(37,'d88cf55f6d8299d1b5728638dd90bdf9','010e687ad06d53a2424df720e3f35e08',NULL,1,'commande/(PROV3)','(PROV3).pdf','commande',3,'','',NULL,NULL,1,'generated',NULL,'2018-12-19 15:07:48','2018-12-19 15:08:36',2,2,NULL),(38,'6b8a0870e4df57109a7880d4b3e60e51','0c2167f6cf5739acb9dadc246f62fbd1',NULL,1,'commande/CO1812-0003','CO1812-0003.pdf','commande',3,'','',NULL,NULL,1,'generated',NULL,'2018-12-19 15:08:44','2018-12-19 20:08:44',2,NULL,NULL),(39,'58e07905e5a2df986d76dacadf4417ef','d58ab9a3c0a85853b3039c121f63cb07',NULL,1,'commande/(PROV4)','(PROV4).pdf','commande',4,'','',NULL,NULL,1,'generated',NULL,'2018-12-20 19:39:49','2018-12-20 19:44:00',2,2,NULL),(40,'35764252315793d334a76892a5c448ac','c4678a4214436461bdea54cfc051959a',NULL,1,'commande/CO1812-0004','CO1812-0004.pdf','commande',4,'','',NULL,NULL,1,'generated',NULL,'2018-12-20 19:44:39','2018-12-21 00:44:39',2,NULL,NULL),(41,'9049649b25fe0c282c4da386f069a596','5c83fc92f9b1be4e3e3bb7beff379fc3',NULL,1,'commande/(PROV5)','(PROV5).pdf','commande',5,'','',NULL,NULL,1,'generated',NULL,'2018-12-20 19:51:07','2018-12-21 00:51:07',2,NULL,NULL),(42,'b93d281fd154782b17e73eea207265b8','cfb21d6d6ff850f3991a85bc67383411',NULL,1,'commande/CO1812-0005','CO1812-0005.pdf','commande',5,'','',NULL,NULL,1,'generated',NULL,'2018-12-20 19:51:37','2018-12-21 00:51:37',2,NULL,NULL),(43,'445e2faeb63c668e7bcfbe141f6db244','3671c06c08129a8245e08489bc525bcf',NULL,1,'facture/FA1812-0007','FA1812-0007.pdf','facture',7,'','',NULL,NULL,1,'generated',NULL,'2018-12-21 15:38:43','2019-01-24 12:21:44',2,2,NULL),(44,'dedc3317f5c5e4bbece08fc09dcdea63','403376b7a808cef15c9a1046be6dd5f7',NULL,1,'facture/FA1812-0008','FA1812-0008.pdf','facture',8,'','',NULL,NULL,1,'generated',NULL,'2018-12-21 15:40:01','2019-01-24 12:23:06',2,1,NULL),(45,'2f06fc3a366a02d77cf6f6e1f3f88d05','7c2b39de2fa3e9d6672dc9674de13ba8',NULL,1,'produit/Lulu_Moonshine_-_Thorn_of_Love','Lulu_Moonshine_-_Thorn_of_Love-Lulu moonshine thorn of love.jpeg',NULL,NULL,'Lulu moonshine thorn of love.jpeg','',NULL,NULL,1,'uploaded',NULL,'2018-12-26 17:35:37','2018-12-26 22:35:37',2,NULL,NULL),(46,'5cc95a47cd3fb8310e625bbd02eca45b','d8a8569c90c9ffe476f4cfbce12c54e5',NULL,1,'propale/(PROV7)','(PROV7).pdf','propal',7,'','',NULL,NULL,1,'generated',NULL,'2018-12-26 19:41:14','2018-12-26 19:43:09',2,2,NULL),(47,'810a97d0dc6c8ca158622e55850069ce','07fd65272c73ce3640604e72e1acd082',NULL,1,'propale/PR1812-0003','PR1812-0003.pdf','propal',7,'','',NULL,NULL,1,'generated',NULL,'2018-12-26 19:46:37','2018-12-27 00:46:37',2,NULL,NULL),(48,'1a56b9a5f7517eafb57ccb8e94747109','d025e17832f20f80276a14cde0b85448',NULL,1,'propale/(PROV8)','(PROV8).pdf','propal',8,'','',NULL,NULL,1,'generated',NULL,'2018-12-27 11:57:41','2018-12-27 12:01:28',2,2,NULL),(49,'9241fac3df89b95f779df3c3f2483db6','3776fcd7f4ffb20dbaad5c4d8a78bb5f',NULL,1,'propale/PR1812-0004','PR1812-0004.pdf','propal',8,'','',NULL,NULL,1,'generated',NULL,'2018-12-27 12:02:06','2018-12-27 17:02:06',2,NULL,NULL),(50,'f453859d889fb08ed5939d559454a47e','524fd9fc653c1dc575e8817603717eac',NULL,1,'propale/(PROV9)','(PROV9).pdf','propal',9,'','',NULL,NULL,1,'generated',NULL,'2018-12-27 12:08:30','2018-12-27 12:10:00',2,2,NULL),(51,'5c32302a8a33e15458d20795d259829d','5d6003f98f5d1b1c450b9d9c8eb8a8e4',NULL,1,'propale/PR1812-0005','PR1812-0005.pdf','propal',9,'','',NULL,NULL,1,'generated',NULL,'2018-12-27 12:11:18','2018-12-27 17:11:18',2,NULL,NULL),(52,'6885a65cbab6cdd76bf8f8dbde46819d','6d0a39bdcd330d2119f40b856831b81d',NULL,1,'propale/(PROV10)','(PROV10).pdf','propal',10,'','',NULL,NULL,1,'generated',NULL,'2018-12-27 12:30:25','2018-12-27 12:37:27',2,2,NULL),(54,'851a016e3da28e02690cebae062b81a6','55db6e9d1daf477344cd9ac824061706',NULL,1,'propale/(PROV11)','(PROV11).pdf','propal',11,'','',NULL,NULL,1,'generated',NULL,'2018-12-27 12:51:33','2018-12-27 12:52:32',2,2,NULL),(56,'d5e8eebeb96712491b42f31afb20f1a6','2d1cbfbdec6c38f09e2d0705f573ab69',NULL,1,'propale/(PROV12)','(PROV12).pdf','propal',12,'','',NULL,NULL,1,'generated',NULL,'2018-12-27 13:02:58','2018-12-27 13:04:18',2,2,NULL),(57,'c3b40971fff34b4581652001c7ecf1fd','9207f1edf044b753264b199f28159fbe',NULL,1,'propale/PR1812-0008','PR1812-0008.pdf','propal',12,'','',NULL,NULL,1,'generated',NULL,'2018-12-27 13:05:28','2018-12-27 18:05:28',2,NULL,NULL),(58,'e2257522edfe411fb6e6567d4c2ff3b8','bc92c10b44fa9d81b6ce7c1f8b34c40d',NULL,1,'commande/(PROV6)','(PROV6).pdf','commande',6,'','',NULL,NULL,1,'generated',NULL,'2018-12-29 20:36:17','2018-12-29 20:36:41',1,1,NULL),(60,'c88db55952873af3c8ba99c92f6826f3','661d21878ac52ecffd3cf66a46ec9de6',NULL,1,'fournisseur/commande/(PROV3)','(PROV3).pdf','commande_fournisseur',3,'','',NULL,NULL,1,'generated',NULL,'2018-12-30 00:34:35','2018-12-30 05:34:35',1,NULL,NULL),(62,'48854f8c3aa25367c1ea9b077c612dda','e79d9f1a59ac9281f2405648f6904bb7',NULL,1,'fournisseur/commande/(PROV4)','(PROV4).pdf','commande_fournisseur',4,'','',NULL,NULL,1,'generated',NULL,'2018-12-30 00:36:19','2018-12-30 00:36:28',1,1,NULL),(64,'edced2dbf089e447aa34c4d33f1bef3a','164725930eff222e99208d64d1f97a23',NULL,1,'fournisseur/commande/(PROV5)','(PROV5).pdf','commande_fournisseur',5,'','',NULL,NULL,1,'generated',NULL,'2018-12-30 01:19:04','2018-12-30 06:19:04',1,NULL,NULL),(65,'085c49c0f39470c3fd15d2b1d88904b8','54749686d05e4faf7777f3e443f7a73f',NULL,1,'fournisseur/commande/PO1812-0002','PO1812-0002.pdf','commande_fournisseur',5,'','',NULL,NULL,1,'generated',NULL,'2018-12-30 01:19:14','2018-12-30 01:23:42',1,1,NULL),(66,'66215ab46ff8d4fb04b3d0e413e1be4d','00a6d159085e10ebc3aac058b5354003',NULL,1,'fournisseur/commande/(PROV6)','(PROV6).pdf','commande_fournisseur',6,'','',NULL,NULL,1,'generated',NULL,'2018-12-30 01:20:39','2018-12-30 01:20:45',1,1,NULL),(67,'84a5ebb7963a4f48bcc33bc3dc27ba50','5db7d2becebafd0a6f5a35ab9acc7987',NULL,1,'fournisseur/commande/PO1812-0003','PO1812-0003.pdf','commande_fournisseur',6,'','',NULL,NULL,1,'generated',NULL,'2018-12-30 01:20:53','2018-12-30 01:22:14',1,1,NULL),(68,'33384eb8b4140eb1ef2db68e0361c612','7ecd32890fbfad9df0d03fa30dfce735',NULL,1,'fournisseur/commande/(PROV7)','(PROV7).pdf','commande_fournisseur',7,'','',NULL,NULL,1,'generated',NULL,'2018-12-30 01:31:08','2018-12-30 01:31:16',1,1,NULL),(69,'45ffc5d3a1624c93e8d4370b1886af9f','96ab72ea411defbf8fea6e14cc6880b4',NULL,1,'fournisseur/commande/PO1812-0004','PO1812-0004.pdf','commande_fournisseur',7,'','',NULL,NULL,1,'generated',NULL,'2018-12-30 01:31:36','2018-12-30 01:32:15',1,1,NULL),(70,'de71fd8725b21884c126c73f316e4776','7e686af87cf62a5df3f38b7cafdc5e66',NULL,1,'commande/(PROV7)','(PROV7).pdf','commande',7,'','',NULL,NULL,1,'generated',NULL,'2018-12-30 19:43:46','2018-12-30 19:44:10',1,1,NULL),(72,'b8f3783846b119b8ee4f4d80e7eaddc7','5e1218a4daec9ca56a5b64105aca7a5d',NULL,1,'expedition/sending/(PROV2)','(PROV2).pdf','expedition',2,'','',NULL,NULL,1,'generated',NULL,'2018-12-30 19:45:41','2018-12-31 00:45:41',1,NULL,NULL),(74,'8d1d09e62767a8e83f0cc3236897f359','684cf93d70338b4865f0a1cb385c1a8a',NULL,1,'expedition/sending/(PROV3)','(PROV3).pdf','expedition',3,'','',NULL,NULL,1,'generated',NULL,'2018-12-30 19:49:42','2018-12-31 00:49:42',1,NULL,NULL),(76,'c6fc41ecb816d664e381330d4f1f5651','454baddbc357fca7f4b20b82785c1743',NULL,1,'fournisseur/commande/(PROV8)','(PROV8).pdf','commande_fournisseur',8,'','',NULL,NULL,1,'generated',NULL,'2019-01-02 17:11:07','2019-01-02 17:14:55',2,2,NULL),(77,'5eec42fdae986644d1f436a5c7bff9f3','57f7aa8d30eff311237ad3c4f877b52b',NULL,1,'fournisseur/commande/PO1901-0005','PO1901-0005.pdf','commande_fournisseur',8,'','',NULL,NULL,1,'generated',NULL,'2019-01-02 17:15:28','2019-01-02 17:15:28',2,2,NULL),(78,'be18473cdbf0655d1827f1903160b1dd','d9737cff13edd37c16ec505edce0c99a',NULL,1,'facture/(PROV9)','(PROV9).pdf','facture',9,'','',NULL,NULL,1,'generated',NULL,'2019-01-04 12:18:50','2019-01-04 17:18:50',2,NULL,NULL),(79,'b717445f4cab49ea39fb091d45008ecd','35563c9fa6bd1eab3e487d49278d889d',NULL,1,'facture/FA1812-0009','FA1812-0009.pdf','facture',9,'','',NULL,NULL,1,'generated',NULL,'2019-01-04 12:19:18','2019-01-04 17:19:18',2,NULL,NULL),(80,'35136bf6493c23e3266807531184ad4f','d2b83395a3cdf64a4b0940ee8a84ecf2',NULL,1,'propale/(PROV13)','(PROV13).pdf','propal',13,'','',NULL,NULL,1,'generated',NULL,'2019-01-09 16:24:20','2019-01-09 16:27:53',2,2,NULL),(81,'9759b910c426f8cf607b6e017e9b60c3','68636ff32ee3ea36548bb4e63d7f4153',NULL,1,'propale/PR1901-0009','PR1901-0009.pdf','propal',13,'','',NULL,NULL,1,'generated',NULL,'2019-01-09 16:29:21','2019-01-09 16:31:46',2,2,NULL),(82,'2bb7f58ba30659a4ceac356ad7687559','290ecfdcd51b4ecb57c0cad05e95ac88',NULL,1,'propale/(PROV14)','(PROV14).pdf','propal',14,'','',NULL,NULL,1,'generated',NULL,'2019-01-09 16:59:13','2019-01-09 17:02:10',2,2,NULL),(83,'16c3c26bcf4b4c0d0d50f1ba46a65d00','b8e82d5cde7a2234adc2bb624e0081bb',NULL,1,'propale/PR1901-0010','PR1901-0010.pdf','propal',14,'','',NULL,NULL,1,'generated',NULL,'2019-01-09 17:03:23','2019-01-09 17:04:16',2,2,NULL),(84,'b7aa3ac9d3576ee9013e0f6b8fcaf9d4','77d823d06dcec42cd8e0f7a79f227bb4',NULL,1,'propale/(PROV15)','(PROV15).pdf','propal',15,'','',NULL,NULL,1,'generated',NULL,'2019-01-10 17:27:46','2019-01-10 17:35:54',2,2,NULL),(86,'bd5efc8e47fae2f1d6f00967f9019b45','4159072881296bcedb9e7aa7246d21db',NULL,1,'propale/(PROV16)','(PROV16).pdf','propal',16,'','',NULL,NULL,1,'generated',NULL,'2019-01-11 13:53:01','2019-01-11 13:59:13',2,2,NULL),(87,'2ea312c1bd66b4dd61991fc4266f0879','694767160cb8b72bc581709768e7d410',NULL,1,'propale/PR1901-0012','PR1901-0012.pdf','propal',16,'','',NULL,NULL,1,'generated',NULL,'2019-01-11 14:12:48','2019-02-28 18:48:32',2,2,NULL),(88,'75aae2c8f4243c29128839b498df7877','35e76b8c9b05dea0738511aa587569d2',NULL,1,'propale/(PROV17)','(PROV17).pdf','propal',17,'','',NULL,NULL,1,'generated',NULL,'2019-01-14 19:57:59','2019-01-14 19:58:39',2,2,NULL),(89,'eb07ec9a2bf108665492d4d471f17289','2572a9dd729d931ff2d16c5bf042dac7',NULL,1,'propale/PR1901-0013','PR1901-0013.pdf','propal',17,'','',NULL,NULL,1,'generated',NULL,'2019-01-14 19:59:11','2019-01-15 00:59:11',2,NULL,NULL),(90,'bdae53e4f922fc715baeabc116a2af86','93d3b3ec1786ff1ec3764bb336de1c00',NULL,1,'propale/(PROV18)','(PROV18).pdf','propal',18,'','',NULL,NULL,1,'generated',NULL,'2019-01-15 11:38:36','2019-01-15 11:41:14',2,2,NULL),(91,'fdb52b27ab3a11c2a2559e6ea2df2be6','23f2f69ebc5e2b44487a93a79a247003',NULL,1,'propale/PR1901-0014','PR1901-0014.pdf','propal',18,'','',NULL,NULL,1,'generated',NULL,'2019-01-15 11:42:12','2019-01-15 16:42:12',2,NULL,NULL),(92,'d511cb3fe5c3b2ce6c2c5cb4b0a59ea1','ab8133fc3dc46fd3b90415ed2ab590f3',NULL,1,'propale/(PROV19)','(PROV19).pdf','propal',19,'','',NULL,NULL,1,'generated',NULL,'2019-01-15 11:58:17','2019-01-15 11:59:54',2,2,NULL),(93,'03587650279afc3a7da97f5f235140c0','9de105fda4d6d2859a3ca06dde70768e',NULL,1,'propale/PR1901-0015','PR1901-0015.pdf','propal',19,'','',NULL,NULL,1,'generated',NULL,'2019-01-15 12:00:12','2019-01-15 17:00:12',2,NULL,NULL),(94,'cda43687d7c0a884e36ed751cfe9bf4a','1daab9e1f577585b59ebaacb1bc27999',NULL,1,'propale/(PROV20)','(PROV20).pdf','propal',20,'','',NULL,NULL,1,'generated',NULL,'2019-01-15 12:22:03','2019-01-15 12:23:34',2,2,NULL),(95,'53854bf78e0a71ea60d5cf5a7cae093e','543a056e2a7034bea38ec2888431a467',NULL,1,'propale/PR1901-0016','PR1901-0016.pdf','propal',20,'','',NULL,NULL,1,'generated',NULL,'2019-01-15 12:23:56','2019-03-13 18:36:55',2,2,NULL),(96,'2432f8742fb33abb658b1646a1d12bb6','772a93d1419922dfcdb88e660a5239f8',NULL,1,'propale/(PROV21)','(PROV21).pdf','propal',21,'','',NULL,NULL,1,'generated',NULL,'2019-01-15 16:59:30','2019-01-15 17:01:16',2,2,NULL),(97,'7d424cdbf67b04885a702e78edf828cb','247bc28147474f959286c8c5e12e4ae6',NULL,1,'propale/PR1901-0017','PR1901-0017.pdf','propal',21,'','',NULL,NULL,1,'generated',NULL,'2019-01-15 17:01:33','2019-01-15 17:24:51',2,2,NULL),(98,'3ce932f6af597909598987947dd85124','711b506b67f65f5f14180044a0a0941a',NULL,1,'propale/(PROV22)','(PROV22).pdf','propal',22,'','',NULL,NULL,1,'generated',NULL,'2019-01-15 18:27:33','2019-01-15 18:28:50',2,2,NULL),(99,'a059fcf3e9200f4de5ffd34d0cf443e3','096000111df395ef8a5cfa8e87f4a96c',NULL,1,'propale/PR1901-0018','PR1901-0018.pdf','propal',22,'','',NULL,NULL,1,'generated',NULL,'2019-01-15 18:29:05','2019-02-13 17:50:30',2,2,NULL),(100,'b639a29e927ca8b6447f43ec8aadb57f','57efe56f2107c011d84a97f53f250195',NULL,1,'propale/(PROV23)','(PROV23).pdf','propal',23,'','',NULL,NULL,1,'generated',NULL,'2019-01-17 12:27:06','2019-01-17 12:28:52',2,2,NULL),(101,'b3d9bbcb25eaed7bc073701778a406d8','ef0ae87c5f6cd509520fbab9c42835fe',NULL,1,'propale/PR1901-0019','PR1901-0019.pdf','propal',23,'','',NULL,NULL,1,'generated',NULL,'2019-01-17 12:29:46','2019-01-17 17:29:46',2,NULL,NULL),(102,'5f07fd9d006b465a4759d85f5523396b','b15726eb901458fa6f564cab43a2fd9a',NULL,1,'propale/(PROV24)','(PROV24).pdf','propal',24,'','',NULL,NULL,1,'generated',NULL,'2019-01-17 13:00:47','2019-01-17 13:02:24',2,2,NULL),(104,'a22a6a07333a93d6cad23dfa49486590','43d4b9265d20ff1ddab262eaa005219f',NULL,1,'propale/(PROV25)','(PROV25).pdf','propal',25,'','',NULL,NULL,1,'generated',NULL,'2019-01-17 13:30:12','2019-01-17 13:32:51',2,2,NULL),(105,'18ce87735395d214f91629f48ee86a06','e6fa5cd5dc34322a9ddefab3990fdb78',NULL,1,'propale/PR1901-0021','PR1901-0021.pdf','propal',25,'','',NULL,NULL,1,'generated',NULL,'2019-01-17 13:33:56','2019-01-17 18:33:56',2,NULL,NULL),(106,'752da5dc59a4156810462f7a8a687f63','c420e73596fe5337ece7accbe32336b1',NULL,1,'propale/(PROV26)','(PROV26).pdf','propal',26,'','',NULL,NULL,1,'generated',NULL,'2019-01-17 18:15:56','2019-01-17 18:17:32',2,2,NULL),(107,'710bce549d63752030dd2105cedc38b6','9cfbed6aff9a430479da23b8466a2d59',NULL,1,'propale/PR1901-0022','PR1901-0022.pdf','propal',26,'','',NULL,NULL,1,'generated',NULL,'2019-01-17 18:18:49','2019-01-17 23:18:49',2,NULL,NULL),(108,'1104581744e96c7da67d92520beb0720','edefed7aac3eeba12292f00e51d1d0f6',NULL,1,'propale/(PROV27)','(PROV27).pdf','propal',27,'','',NULL,NULL,1,'generated',NULL,'2019-01-18 13:14:45','2019-01-18 14:31:01',2,2,NULL),(109,'93e1a350e9ff3c09d3a287c5e8e18534','1f8e3884ea255d9fb31e79ac09d64739',NULL,1,'propale/PR1901-0023','PR1901-0023.pdf','propal',27,'','',NULL,NULL,1,'generated',NULL,'2019-01-18 14:31:52','2019-01-18 19:31:52',2,NULL,NULL),(110,'089c287a0cc575f6f19f522614efdbf7','7549f5b49885a612e5037a9a7eb1d4e7',NULL,1,'commande/(PROV8)','(PROV8).pdf','commande',8,'','',NULL,NULL,1,'generated',NULL,'2019-01-18 19:11:56','2019-01-18 19:14:13',2,2,NULL),(111,'49c8b688cbe51bd7ee6c6a896d97903a','8823f6b35270d58f6ae1edfde31ef89a',NULL,1,'commande/CO1901-0006','CO1901-0006.pdf','commande',8,'','',NULL,NULL,1,'generated',NULL,'2019-01-18 19:16:41','2019-01-19 00:16:41',2,NULL,NULL),(112,'7ee99cb8713aea872b17677ce2ced24f','33140024b327cf2cbdfa0d4b168948c2',NULL,1,'expedition/sending/SH1901-0001','SH1901-0001.pdf','expedition',4,'','',NULL,NULL,1,'generated',NULL,'2019-01-18 19:19:00','2019-01-19 00:19:00',2,NULL,NULL),(114,'6c1d77eca161e23baac1c83eb957f1b5','3a8cdc42118fa599524fbf25d7b5d8db',NULL,1,'propale/(PROV28)','(PROV28).pdf','propal',28,'','',NULL,NULL,1,'generated',NULL,'2019-01-18 19:35:37','2019-01-18 19:39:00',2,2,NULL),(116,'94323cd6b221f9cac503a78c8952b0df','89602869e9962778dfbdad4370014578',NULL,1,'commande/(PROV10)','(PROV10).pdf','commande',10,'','',NULL,NULL,1,'generated',NULL,'2019-01-22 11:29:13','2019-01-22 16:29:13',2,NULL,NULL),(117,'721e45450ab00b6cd239cfb4f3e7fa5d','1588067670ec135c778488279775c24d',NULL,1,'commande/CO1901-0007','CO1901-0007.pdf','commande',10,'','',NULL,NULL,1,'generated',NULL,'2019-01-22 11:31:27','2019-01-22 16:31:27',2,NULL,NULL),(118,'06de660ab5ea0a1bc7f2957c4e73d067','d18725f96feebc8433ad213c055ce776',NULL,1,'expedition/sending/SH1901-0002','SH1901-0002.pdf','expedition',5,'','',NULL,NULL,1,'generated',NULL,'2019-01-22 11:33:03','2019-01-22 16:33:03',2,NULL,NULL),(119,'cbacdbf633f75c7e0feed4a859bd04d4','59cfe7963b2963d19c92a1f23853a8a8',NULL,1,'commande/(PROV11)','(PROV11).pdf','commande',11,'','',NULL,NULL,1,'generated',NULL,'2019-01-22 11:43:57','2019-01-22 16:43:57',2,NULL,NULL),(120,'79b1f1de32ee68575eaa48bdd57e75e6','cf1487b7ab7ec72b1d73683f2b8f0496',NULL,1,'commande/CO1901-0008','CO1901-0008.pdf','commande',11,'','',NULL,NULL,1,'generated',NULL,'2019-01-22 11:47:30','2019-01-22 16:47:30',2,NULL,NULL),(121,'af23b5a7e85042e00462260f8de4dba6','501a1bfcc5a587d3e4b2eab70cc111fc',NULL,1,'expedition/sending/SH1901-0003','SH1901-0003.pdf','expedition',6,'','',NULL,NULL,1,'generated',NULL,'2019-01-22 11:48:18','2019-01-22 16:48:18',2,NULL,NULL),(122,'ba76616cef096d659d6f38dbde5d8f0f','3579e66123787dd626388f2b2a73927a',NULL,1,'commande/(PROV12)','(PROV12).pdf','commande',12,'','',NULL,NULL,1,'generated',NULL,'2019-01-22 18:08:24','2019-01-22 23:08:24',2,NULL,NULL),(123,'4495803b41125144daff5dc7fcc7ba5d','a65a511dd94685eeac4fc6995daf8dca',NULL,1,'commande/CO1901-0009','CO1901-0009.pdf','commande',12,'','',NULL,NULL,1,'generated',NULL,'2019-01-22 18:09:23','2019-01-22 23:09:23',2,NULL,NULL),(124,'7ab53714ed9fbed6b0de7ae8c8a075cb','49aca924d0989bf52b8874b8a3e059e1',NULL,1,'expedition/sending/(PROV7)','(PROV7).pdf','expedition',7,'','',NULL,NULL,1,'generated',NULL,'2019-01-22 18:10:50','2019-01-22 23:10:50',2,NULL,NULL),(125,'ec93e8e0a9b4bd672b179f5f12cafdbf','122b06691a46a980f8ac12bea73aef63',NULL,1,'expedition/sending/SH1901-0004','SH1901-0004.pdf','expedition',7,'','',NULL,NULL,1,'generated',NULL,'2019-01-22 18:21:32','2019-01-22 23:21:32',2,NULL,NULL),(126,'d60ab7155c219c4044a48cb10026e2e9','2bcb8bab2967f22da275e0dd91b0238e',NULL,1,'facture/FA1901-0010','FA1901-0010.pdf','facture',10,'','',NULL,NULL,1,'generated',NULL,'2019-01-24 12:08:16','2019-03-05 17:38:42',2,2,NULL),(127,'1053ebbfbc29f1ddbf42d5193f431aaa','9287ef8ec562fc2c8248874c08a42fd0',NULL,1,'facture/FA1901-0011','FA1901-0011.pdf','facture',11,'','',NULL,NULL,1,'generated',NULL,'2019-01-24 12:10:19','2019-02-26 17:25:15',2,2,NULL),(128,'8a3fd25fdae601cf457fa8a3d0d187c3','ada5346c8f7a95709d28ad6616da50f2',NULL,1,'facture/FA1901-0012','FA1901-0012.pdf','facture',12,'','',NULL,NULL,1,'generated',NULL,'2019-01-24 12:12:49','2019-02-26 17:31:18',2,2,NULL),(129,'4d1e12eae3ebe5ab26a61aaf19e01f7e','203660024851f56987d847ca265a32e0',NULL,1,'facture/FA1901-0013','FA1901-0013.pdf','facture',13,'','',NULL,NULL,1,'generated',NULL,'2019-01-24 12:14:13','2019-02-26 17:32:34',2,2,NULL),(130,'abf48cd456b4f126e29add0936328386','f2159192905ab16d535cf21c3b306b70',NULL,1,'commande/(PROV13)','(PROV13).pdf','commande',13,'','',NULL,NULL,1,'generated',NULL,'2019-01-24 12:29:04','2019-01-24 17:29:04',2,NULL,NULL),(131,'278efb36a7a774b5fbfc4f96787bed38','62f2d8755ddf2ca05d6bde7b36c259e0',NULL,1,'commande/CO1901-0010','CO1901-0010.pdf','commande',13,'','',NULL,NULL,1,'generated',NULL,'2019-01-24 12:29:34','2019-01-24 17:29:34',2,NULL,NULL),(132,'733719118b04940cfe4a6bd849ba3d62','83d1e238b679ef20f2df21651caed375',NULL,1,'expedition/sending/SH1901-0005','SH1901-0005.pdf','expedition',8,'','',NULL,NULL,1,'generated',NULL,'2019-01-24 12:32:44','2019-01-24 17:32:44',2,NULL,NULL),(133,'b91e4880b6d9d7e37364f135a46ae0c1','b70e6df5674890dfad7274d2c0bf0d51',NULL,1,'facture/FA1901-0014','FA1901-0014.pdf','facture',14,'','',NULL,NULL,1,'generated',NULL,'2019-01-24 12:34:06','2020-06-17 18:28:49',2,2,NULL),(134,'26eb725f5e7c99206f94c20254379eb5','81bf6cb0138a4036c644d1997ab4d9e0',NULL,1,'propale/(PROV29)','(PROV29).pdf','propal',29,'','',NULL,NULL,1,'generated',NULL,'2019-01-24 16:45:58','2019-01-24 16:46:26',2,2,NULL),(135,'f48b66a9c0e721fbf2501fd61e9be118','6070259dee7f707d32d16a95256de9fb',NULL,1,'propale/PR1901-0024','PR1901-0024.pdf','propal',29,'','',NULL,NULL,1,'generated',NULL,'2019-01-24 16:46:40','2019-01-24 21:46:40',2,NULL,NULL),(136,'aabdfcdbe6059f54f218912575e73cfc','57520ebb07b854fb85f9077928cb8053',NULL,1,'propale/(PROV30)','(PROV30).pdf','propal',30,'','',NULL,NULL,1,'generated',NULL,'2019-01-28 16:33:52','2019-01-28 16:34:55',2,2,NULL),(137,'5936c3e24da91e3b9a619542b5d36826','45eee28c510bc177d2c4a99eb3ef6d2c',NULL,1,'propale/PR1901-0025','PR1901-0025.pdf','propal',30,'','',NULL,NULL,1,'generated',NULL,'2019-01-28 16:36:03','2019-11-04 12:25:15',2,2,NULL),(138,'baca277f027127f497e78654c7fcecbd','96aafe1b1f415837bc07097a131594fd',NULL,1,'propale/(PROV31)','(PROV31).pdf','propal',31,'','',NULL,NULL,1,'generated',NULL,'2019-01-28 16:44:58','2019-01-28 16:45:52',2,2,NULL),(139,'1c1b39528bfb2bdab8678deee7c0746e','f4370a9e539a08a6e7823ee7a953cb46',NULL,1,'propale/PR1901-0026','PR1901-0026.pdf','propal',31,'','',NULL,NULL,1,'generated',NULL,'2019-01-28 16:46:24','2019-11-04 12:25:47',2,2,NULL),(140,'a7c076ba7a3e0075d670c14605c0f010','e90a599177946bcbf783e99b9212a228',NULL,1,'propale/(PROV32)','(PROV32).pdf','propal',32,'','',NULL,NULL,1,'generated',NULL,'2019-01-28 16:50:42','2019-01-28 16:56:42',2,2,NULL),(141,'9d3a25b550f193b3c39dc0633690be1f','1de96da67e8d2b3a520ce2a39adc4371',NULL,1,'propale/PR1901-0027','PR1901-0027.pdf','propal',32,'','',NULL,NULL,1,'generated',NULL,'2019-01-28 16:57:15','2019-11-04 12:26:16',2,2,NULL),(142,'e16c001ca7fde99f59c272ca5acb7807','e067f285f36ac8e4d3a038615734923a',NULL,1,'propale/(PROV33)','(PROV33).pdf','propal',33,'','',NULL,NULL,1,'generated',NULL,'2019-01-28 18:06:24','2019-01-28 18:07:36',2,2,NULL),(144,'13a48126cd6a4301cd39cbe635c2333f','c487a85227bc9fd9e22f0712c599f403',NULL,1,'propale/(PROV34)','(PROV34).pdf','propal',34,'','',NULL,NULL,1,'generated',NULL,'2019-01-28 18:08:55','2019-01-28 18:09:49',2,2,NULL),(146,'b511b9ccf89c9fc2fe735a1ab10df5ce','e8c5eefacdfabefcc22ed2aab473dd1b',NULL,1,'commande/(PROV14)','(PROV14).pdf','commande',14,'','',NULL,NULL,1,'generated',NULL,'2019-01-29 13:28:29','2019-01-29 13:49:32',2,2,NULL),(147,'40ff7b3ef6e0c75ca28517894290c38a','4b2ff843cbaa1674a9a20b4587b06021',NULL,1,'commande/CO1901-0011','CO1901-0011.pdf','commande',14,'','',NULL,NULL,1,'generated',NULL,'2019-01-29 13:50:08','2019-01-29 18:50:08',2,NULL,NULL),(148,'320301687672e18f3393a9ff540d8381','50912ebfccde0bd6c36f8ea6554e8289',NULL,1,'expedition/sending/(PROV9)','(PROV9).pdf','expedition',9,'','',NULL,NULL,1,'generated',NULL,'2019-01-29 13:52:37','2019-01-29 18:52:37',2,NULL,NULL),(149,'eb241ed89129e2b2ae146cadebba883c','d286388df07b01342ed6e698a14efb8f',NULL,1,'expedition/sending/SH1901-0006','SH1901-0006.pdf','expedition',9,'','',NULL,NULL,1,'generated',NULL,'2019-01-29 13:58:48','2019-01-29 18:58:48',2,NULL,NULL),(150,'7f1b9b6542362a0d1e742d1526df38b7','cd65a1296e6de85d10615d765774104b',NULL,1,'commande/(PROV15)','(PROV15).pdf','commande',15,'','',NULL,NULL,1,'generated',NULL,'2019-01-29 20:11:02','2019-01-29 20:12:13',2,2,NULL),(151,'f04914e49a3a33c54c9bc08e159553aa','fda24b599dc382ffc3023ae91186051d',NULL,1,'commande/CO1901-0012','CO1901-0012.pdf','commande',15,'','',NULL,NULL,1,'generated',NULL,'2019-01-29 20:12:20','2019-01-31 13:11:49',2,2,NULL),(152,'8d396ff8475a0ef79a8caaef95c57a16','d81908622b9c8c13a3f6293263e1cf3b',NULL,1,'expedition/sending/SH1901-0007','SH1901-0007.pdf','expedition',10,'','',NULL,NULL,1,'generated',NULL,'2019-01-29 20:13:20','2019-01-30 01:13:20',2,NULL,NULL),(153,'0bb099474f43bfa54f5fa16e3197a6f7','214a538ca10fe606838b0b29791201c9',NULL,1,'propale/(PROV35)','(PROV35).pdf','propal',35,'','',NULL,NULL,1,'generated',NULL,'2019-01-30 12:34:30','2019-01-30 12:35:50',2,2,NULL),(154,'bd9b1548d84164d95f7552d50f306860','c3b55aac23f9c03e2815550a754d6438',NULL,1,'propale/PR1901-0030','PR1901-0030.pdf','propal',35,'','',NULL,NULL,1,'generated',NULL,'2019-01-30 12:36:30','2019-11-04 12:26:46',2,2,NULL),(155,'321c02f72fdfb8112f51f12aff6e2eb1','c150f48bee45f7c00ff43c38e9b75aaa',NULL,1,'propale/(PROV36)','(PROV36).pdf','propal',36,'','',NULL,NULL,1,'generated',NULL,'2019-01-30 14:24:20','2019-01-30 14:29:11',2,2,NULL),(156,'e4a3146a542f942661a95d7a15b147b8','cc2e8e47af6e8dc7cc72ef76bdc8a237',NULL,1,'propale/PR1901-0031','PR1901-0031.pdf','propal',36,'','',NULL,NULL,1,'generated',NULL,'2019-01-30 14:29:37','2019-11-04 13:38:37',2,2,NULL),(157,'05823a1107cf02c710f49f281ceb1410','3c5765f13176998f90931263480379e0',NULL,1,'propale/(PROV37)','(PROV37).pdf','propal',37,'','',NULL,NULL,1,'generated',NULL,'2019-01-30 16:13:31','2019-01-30 16:14:43',2,2,NULL),(158,'56b23e6753be5896b6b3cbc567fd69f0','81dc9093d1104c7baefd7b49ff89be50',NULL,1,'propale/PR1901-0032','PR1901-0032.pdf','propal',37,'','',NULL,NULL,1,'generated',NULL,'2019-01-30 16:15:01','2019-01-30 21:15:01',2,NULL,NULL),(159,'81fd77c46703dcd6cce54bea99fa2a7b','13d1c644bc697673d104d5bff8bcafad',NULL,1,'facture/FA1901-0015','FA1901-0015.pdf','facture',15,'','',NULL,NULL,1,'generated',NULL,'2019-01-31 13:09:03','2019-01-31 18:09:03',2,NULL,NULL),(160,'6b4308b2ea3c812136aef95be2195950','2543a8a82c5fda11b58cf44c4be9e60c',NULL,1,'facture/(PROV16)','(PROV16).pdf','facture',16,'','',NULL,NULL,1,'generated',NULL,'2019-01-31 13:13:00','2019-01-31 18:13:00',2,NULL,NULL),(161,'bbd4d5174758c0497cd32dc0efbd5252','1b5cd98679ccb80d31614fc197613af8',NULL,1,'facture/FA1901-0016','FA1901-0016.pdf','facture',16,'','',NULL,NULL,1,'generated',NULL,'2019-01-31 13:14:14','2020-09-01 12:55:40',2,2,NULL),(162,'6f6e36e5ddbde959bfac7e782d10532f','e066786130a126c2ea70216cd8bbbcfc',NULL,1,'propale/(PROV38)','(PROV38).pdf','propal',38,'','',NULL,NULL,1,'generated',NULL,'2019-01-31 18:45:40','2019-01-31 18:46:57',2,2,NULL),(163,'ade23dcff43f9635f59ff969cd420f0e','2198824c31fa3a28f0644cde8dc272ff',NULL,1,'propale/PR1901-0033','PR1901-0033.pdf','propal',38,'','',NULL,NULL,1,'generated',NULL,'2019-01-31 18:47:24','2019-01-31 23:47:24',2,NULL,NULL),(164,'c7178802fdf2e069486291df4899f50f','0c6021ad5881d1f3eff62d63bb18c1b3',NULL,1,'propale/(PROV39)','(PROV39).pdf','propal',39,'','',NULL,NULL,1,'generated',NULL,'2019-02-04 18:02:10','2019-02-04 18:05:06',2,2,NULL),(165,'b872c6818eb7c0f1d784127959b77ee9','f02d2592358fbec67bdda769779fbb8b',NULL,1,'propale/PR1902-0034','PR1902-0034.pdf','propal',39,'','',NULL,NULL,1,'generated',NULL,'2019-02-04 18:06:09','2019-02-05 14:58:54',2,2,NULL),(166,'9eb86c3e6f25f5a64c71ec15fa8de12e','59256b737372068e2595595422f06716',NULL,1,'commande/(PROV16)','(PROV16).pdf','commande',16,'','',NULL,NULL,1,'generated',NULL,'2019-02-04 19:56:44','2019-02-04 19:56:52',2,2,NULL),(167,'49547c1a2f7d100b256a59fbd382bb95','fd0511d07d82ddcd00b90ce3a6b90421',NULL,1,'commande/CO1902-0013','CO1902-0013.pdf','commande',16,'','',NULL,NULL,1,'generated',NULL,'2019-02-04 19:57:00','2019-02-05 11:06:37',2,2,NULL),(168,'ae23c98386281a0d576c6fbd782456bf','da282181902909025e60463c2a08a7c0',NULL,1,'expedition/sending/SH1902-0008','SH1902-0008.pdf','expedition',11,'','',NULL,NULL,1,'generated',NULL,'2019-02-05 14:09:19','2019-02-05 14:45:23',2,2,NULL),(169,'94e65b39fbf1e7df66641972c2634950','895e4c61f108a276c7cfaeeb5e59e42b',NULL,1,'commande/CO1902-0014','CO1902-0014.pdf','commande',17,'','',NULL,NULL,1,'generated',NULL,'2019-02-05 16:42:21','2019-02-05 21:42:21',2,NULL,NULL),(170,'0e8cf5ec771e9988a1b5415c07a017e1','61361e74f0acdfecee5c5933d15b24e3',NULL,1,'expedition/sending/SH1902-0009','SH1902-0009.pdf','expedition',12,'','',NULL,NULL,1,'generated',NULL,'2019-02-05 17:17:18','2019-02-05 22:17:18',2,NULL,NULL),(171,'19d186096a71d8fb282cc56810c6c8bd','3be6e344f1a5ac193b4db2b54014a9f7',NULL,1,'fournisseur/commande/(PROV9)','(PROV9).pdf','commande_fournisseur',9,'','',NULL,NULL,1,'generated',NULL,'2019-02-05 18:35:48','2019-02-05 18:37:39',2,2,NULL),(172,'613b8da2c174bde1dac03cce4e6ad0d7','6172e64bc75a4ba88ddcabb1743b09b7',NULL,1,'fournisseur/commande/PO1902-0006','PO1902-0006.pdf','commande_fournisseur',9,'','',NULL,NULL,1,'generated',NULL,'2019-02-05 19:54:40','2019-02-05 19:54:40',2,2,NULL),(173,'612e9bfbd73f33af542423ee2920141c','7e77b6aa70012995cb7544c7e0289009',NULL,1,'commande/(PROV18)','(PROV18).pdf','commande',18,'','',NULL,NULL,1,'generated',NULL,'2019-02-07 16:30:02','2019-02-07 16:30:43',2,2,NULL),(174,'4216d1537f0b52c355a980f78305621c','a707d289b7233f28ac02f0c0c01051e9',NULL,1,'commande/CO1902-0015','CO1902-0015.pdf','commande',18,'','',NULL,NULL,1,'generated',NULL,'2019-02-07 16:31:09','2019-02-07 21:31:09',2,NULL,NULL),(175,'1b931fd8d6b63aa55de6510ef35c565f','4266b438cc7180c9c2f74e6c6b8512dd',NULL,1,'expedition/sending/SH1902-0010','SH1902-0010.pdf','expedition',13,'','',NULL,NULL,1,'generated',NULL,'2019-02-07 16:32:13','2019-02-07 21:32:13',2,NULL,NULL),(176,'f3fd5383ca8991af0c7c6b550f007740','6a12bf95b79aea797ed90a5b41c7430d',NULL,1,'facture/FA1902-0017','FA1902-0017.pdf','facture',17,'','',NULL,NULL,1,'generated',NULL,'2019-02-07 16:37:04','2019-04-09 14:01:47',2,2,NULL),(177,'6f51724ee6a38cdf5b5ed064e594afda','dcf7b296dd5ca4539b84f4651665d78f',NULL,1,'commande/(PROV19)','(PROV19).pdf','commande',19,'','',NULL,NULL,1,'generated',NULL,'2019-02-07 16:41:03','2019-02-07 16:41:15',2,2,NULL),(178,'2cc677fa41611d360dbd26a746857b2a','5ee0298e6a4f9bb596a793dc14d218fa',NULL,1,'commande/CO1902-0016','CO1902-0016.pdf','commande',19,'','',NULL,NULL,1,'generated',NULL,'2019-02-07 18:39:55','2019-02-07 23:39:55',2,NULL,NULL),(179,'b2fc13c8ee3d04b37dd5366c8f67ce0e','ca0a2fc1bba682c912bd765afa9557e4',NULL,1,'expedition/sending/SH1902-0011','SH1902-0011.pdf','expedition',14,'','',NULL,NULL,1,'generated',NULL,'2019-02-07 18:41:46','2019-02-07 23:41:46',2,NULL,NULL),(180,'ff2a8569304b9aa3229066aea6f3466d','6f1cbcddae1be5b6a8eb3d0df0be841f',NULL,1,'facture/FA1902-0018','FA1902-0018.pdf','facture',18,'','',NULL,NULL,1,'generated',NULL,'2019-02-07 18:44:15','2019-07-29 14:48:19',2,1,NULL),(181,'8458ee36f59a4b08e7b219aeb6df12a7','e2c26c1a7c3f0a87fd628b60def9e05e',NULL,1,'facture/FA1902-0019','FA1902-0019.pdf','facture',19,'','',NULL,NULL,1,'generated',NULL,'2019-02-08 13:26:11','2019-10-09 13:32:53',2,2,NULL),(183,'6a88c73607fe3e20d0c6a1d4a5d4c1d9','758069878daebedca36fb6ecb295b7e0',NULL,1,'facture/FA1902-0020','FA1902-0020.pdf','facture',20,'','',NULL,NULL,1,'generated',NULL,'2019-02-11 13:38:02','2019-08-08 15:30:48',2,2,NULL),(184,'19f518d612dc4729ce6af600f26f11ec','f7d0958256ff861eaa0e40a900bd44da',NULL,1,'commande/(PROV21)','(PROV21).pdf','commande',21,'','',NULL,NULL,1,'generated',NULL,'2019-02-12 12:55:02','2019-02-12 12:55:19',2,2,NULL),(185,'955a70a3b367cd5af41fc5f25bf463f4','9fa0b1903d87647e4808c342cc02b1b4',NULL,1,'commande/CO1902-0017','CO1902-0017.pdf','commande',21,'','',NULL,NULL,1,'generated',NULL,'2019-02-12 12:55:41','2019-02-12 17:55:41',2,NULL,NULL),(186,'f572db1f5c2b3cecccedf9e72e772e5b','fc82481d268a73a2675ffe4f47649ba7',NULL,1,'expedition/sending/SH1902-0012','SH1902-0012.pdf','expedition',15,'','',NULL,NULL,1,'generated',NULL,'2019-02-12 12:57:17','2019-02-12 17:57:17',2,NULL,NULL),(187,'2ad0b16833ad2823dafb9541edfa6e4d','f87ed0240a705dcb38dfadd5e7dbf207',NULL,1,'facture/(PROV21)','(PROV21).pdf','facture',21,'','',NULL,NULL,1,'generated',NULL,'2019-02-12 12:58:33','2019-02-12 17:58:33',2,NULL,NULL),(188,'201a878b8a905653320844aa0153cd2e','533571a069845547e32de9c841946785',NULL,1,'facture/FA1902-0021','FA1902-0021.pdf','facture',21,'','',NULL,NULL,1,'generated',NULL,'2019-02-12 12:59:00','2020-06-17 18:28:50',2,2,NULL),(189,'0115d42cb581d9e4b3763a02af1833fd','6347cd4ad7a21c34fbd96fb260b13578',NULL,1,'propale/(PROV40)','(PROV40).pdf','propal',40,'','',NULL,NULL,1,'generated',NULL,'2019-02-15 12:48:14','2019-02-15 12:49:18',2,2,NULL),(190,'c5d0feb25cd9b08b73e9352de008ed50','6b731b1be326200face910cfbb152535',NULL,1,'propale/PR1902-0035','PR1902-0035.pdf','propal',40,'','',NULL,NULL,1,'generated',NULL,'2019-02-15 12:49:57','2019-02-15 17:49:57',2,NULL,NULL),(191,'a08a0f2fef2154f4b04246d585dccd30','35f855ab891b3d82702c8f33100cb5ba',NULL,1,'commande/(PROV22)','(PROV22).pdf','commande',22,'','',NULL,NULL,1,'generated',NULL,'2019-02-15 14:50:59','2019-02-15 14:51:16',2,2,NULL),(192,'382940f6adeeda2a04ff0d7defa0b34c','1e63f81a484f84dacf9f9963de627522',NULL,1,'commande/CO1902-0018','CO1902-0018.pdf','commande',22,'','',NULL,NULL,1,'generated',NULL,'2019-02-15 14:51:30','2019-02-19 18:22:12',2,2,NULL),(194,'6fe1302bfe01c5ad6cbb3262a8cc6155','a0dd38b7da61a1d4a4b14a4551efa966',NULL,1,'expedition/sending/SH1902-0013','SH1902-0013.pdf','expedition',17,'','',NULL,NULL,1,'generated',NULL,'2019-02-19 18:22:57','2019-02-19 18:25:38',2,2,NULL),(195,'39c6b687e6b07c9382296534a0613980','f99c2bab7dce0433a34dcbd90630b3cf',NULL,1,'facture/FA1902-0022','FA1902-0022.pdf','facture',22,'','',NULL,NULL,1,'generated',NULL,'2019-02-19 18:26:47','2019-02-19 23:26:47',2,NULL,NULL),(196,'a76665d39e8712313267d6fe7596f280','594bd5088c704f866d7301737ca9c66f',NULL,1,'commande/(PROV23)','(PROV23).pdf','commande',23,'','',NULL,NULL,1,'generated',NULL,'2019-02-19 18:33:19','2019-02-19 23:33:19',2,NULL,NULL),(198,'0ea2e261c09517111acf73da89b1af58','42cf1eef56f41fc68517bd1de1bacb64',NULL,1,'commande/(PROV24)','(PROV24).pdf','commande',24,'','',NULL,NULL,1,'generated',NULL,'2019-02-20 17:05:40','2019-02-20 17:07:22',2,2,NULL),(199,'01f7680d84f92eb22a55745c2692d6fb','e9e0ac6d48a4e2d004f3366ff891529b',NULL,1,'commande/CO1902-0020','CO1902-0020.pdf','commande',24,'','',NULL,NULL,1,'generated',NULL,'2019-02-20 17:07:54','2019-02-20 22:07:54',2,NULL,NULL),(200,'06c5f5d6f6a448ef7a04cc82a64832be','b4e64f58045a7326c8ea8957a1941e2f',NULL,1,'expedition/sending/SH1902-0014','SH1902-0014.pdf','expedition',18,'','',NULL,NULL,1,'generated',NULL,'2019-02-20 17:09:30','2019-02-20 22:09:30',2,NULL,NULL),(201,'bb92e32c4c4f3c377d212eb5a4f4f91f','467313033e40687f9df1a914ed115d0c',NULL,1,'commande/(PROV25)','(PROV25).pdf','commande',25,'','',NULL,NULL,1,'generated',NULL,'2019-02-20 17:27:24','2019-02-20 17:33:09',2,2,NULL),(202,'7627e72d9d1d016f983af8022cc55359','405811ed393c983c737be5c914704339',NULL,1,'commande/CO1902-0021','CO1902-0021.pdf','commande',25,'','',NULL,NULL,1,'generated',NULL,'2019-02-20 17:35:45','2019-02-20 22:35:45',2,NULL,NULL),(203,'5fd9938f19acad991526d50f5d7fe666','c4b6fbaac53d4a72d16e49a5bc2448f8',NULL,1,'expedition/sending/SH1902-0015','SH1902-0015.pdf','expedition',19,'','',NULL,NULL,1,'generated',NULL,'2019-02-20 17:36:57','2019-02-20 22:36:57',2,NULL,NULL),(204,'fa8eb086f26377e09d83cdf009f3f5c2','f6ed4a9a70b3e10880e5c38e32f04ce6',NULL,1,'facture/FA1902-0023','FA1902-0023.pdf','facture',23,'','',NULL,NULL,1,'generated',NULL,'2019-02-22 16:49:45','2019-04-16 12:40:17',2,2,NULL),(205,'16c6a578a14fc0674137480d9ecbb484','f1fb313e4f19e313848b7deea9c3ff7f',NULL,1,'facture/FA1902-0024','FA1902-0024.pdf','facture',24,'','',NULL,NULL,1,'generated',NULL,'2019-02-22 16:54:12','2019-04-16 12:39:04',2,2,NULL),(206,'d635edaa057a13ac2e2a039fc9995777','ae70639cc244a60a7d628c878cfce777',NULL,1,'propale/(PROV41)','(PROV41).pdf','propal',41,'','',NULL,NULL,1,'generated',NULL,'2019-02-27 17:21:54','2019-02-27 17:23:39',2,2,NULL),(207,'4c45852743ae4456c096dd8be06c329e','d42c0f46aaa84bf6a4d82d531d24e1df',NULL,1,'propale/PR1902-0036','PR1902-0036.pdf','propal',41,'','',NULL,NULL,1,'generated',NULL,'2019-02-27 17:24:15','2019-11-04 13:39:05',2,2,NULL),(208,'c693b4bbc063a281dfab45079a6087e8','cc6971da4db3811653f80e3eced3d084',NULL,1,'propale/(PROV42)','(PROV42).pdf','propal',42,'','',NULL,NULL,1,'generated',NULL,'2019-02-27 18:58:12','2019-02-27 18:59:11',2,2,NULL),(209,'21d54788be15f63f0cc8637e5fde2018','02bd45784375e1456056ff19a9daf9ef',NULL,1,'propale/PR1902-0037','PR1902-0037.pdf','propal',42,'','',NULL,NULL,1,'generated',NULL,'2019-02-27 18:59:59','2019-11-04 14:10:11',2,2,NULL),(210,'d434fdce7962641cb282a0583615a00a','b777892b8e906d338e424aa50f5dcea4',NULL,1,'propale/(PROV43)','(PROV43).pdf','propal',43,'','',NULL,NULL,1,'generated',NULL,'2019-02-28 11:38:39','2019-02-28 11:40:49',2,2,NULL),(211,'6ffdd87d5c05bfc17afe896a0b78dddf','d6a5a83da6028b2d8e2005c5dc4b7aad',NULL,1,'propale/PR1902-0038','PR1902-0038.pdf','propal',43,'','',NULL,NULL,1,'generated',NULL,'2019-02-28 11:41:24','2019-11-04 14:09:21',2,2,NULL),(212,'b85d771027f3b55c12a11e7d3b723fa1','ee5fd95e93b6326446ed3027c17f2ca2',NULL,1,'commande/(PROV26)','(PROV26).pdf','commande',26,'','',NULL,NULL,1,'generated',NULL,'2019-02-28 19:08:15','2019-03-01 00:08:15',2,NULL,NULL),(213,'daddb39c92f1f620d63e311b2119a1ad','817fb5eb7f93e1d844721b3cbf2013b3',NULL,1,'commande/CO1902-0022','CO1902-0022.pdf','commande',26,'','',NULL,NULL,1,'generated',NULL,'2019-02-28 19:08:28','2019-03-01 00:08:28',2,NULL,NULL),(214,'b4906d669edb53b4c01bbe7e8c13ffd2','406441bb169ba227a00d9670d905f0e8',NULL,1,'expedition/sending/SH1902-0016','SH1902-0016.pdf','expedition',20,'','',NULL,NULL,1,'generated',NULL,'2019-02-28 19:10:16','2019-03-01 00:10:16',2,NULL,NULL),(215,'9a76490a543a4a59f54cad51b431427a','8c5715b2de01cc3ac0134e483dd2e5b6',NULL,1,'facture/FA1903-0025','FA1903-0025.pdf','facture',25,'','',NULL,NULL,1,'generated',NULL,'2019-03-05 17:37:14','2019-07-05 11:51:29',2,2,NULL),(216,'bad7a0e6ce010a7b0df7a1c7240a4837','1b8a50262740549e89ee1e2b4647e117',NULL,1,'propale/(PROV44)','(PROV44).pdf','propal',44,'','',NULL,NULL,1,'generated',NULL,'2019-03-05 18:29:51','2019-03-05 18:30:54',2,2,NULL),(217,'6b9333bf84a6b89310b1c6fea6a48ee1','8b33611a2be7339b2a5726e806826830',NULL,1,'propale/PR1903-0039','PR1903-0039.pdf','propal',44,'','',NULL,NULL,1,'generated',NULL,'2019-03-05 18:33:19','2019-11-04 14:08:38',2,2,NULL),(219,'0a23007600a39d6b641204cdb38ae6a7','0d5e66932beda1bc11b1f337bd95d77f',NULL,1,'propale/(PROV46)','(PROV46).pdf','propal',46,'','',NULL,NULL,1,'generated',NULL,'2019-03-12 18:55:53','2019-03-12 18:56:56',2,2,NULL),(220,'99742b4d9bf3e2c9a38718506db1842a','44d07558aca9fd9406a747d8020d5c1b',NULL,1,'propale/PR1903-0040','PR1903-0040.pdf','propal',46,'','',NULL,NULL,1,'generated',NULL,'2019-03-12 18:57:17','2019-11-04 13:39:32',2,2,NULL),(221,'a4667248dd725905c48df423e82454b9','887be183b687efc9713ee11917d2e149',NULL,1,'propale/(PROV47)','(PROV47).pdf','propal',47,'','',NULL,NULL,1,'generated',NULL,'2019-03-14 12:59:47','2019-03-14 13:00:30',2,2,NULL),(223,'96009628116efcc2d6ed5a2645f63000','0c1b9d63d244e7ccb0d38db678e9bada',NULL,1,'propale/(PROV48)','(PROV48).pdf','propal',48,'','',NULL,NULL,1,'generated',NULL,'2019-03-18 12:11:35','2019-03-18 12:12:15',2,2,NULL),(224,'053f8e3f34f4c8c0c459eabaf6bb8820','5311d7a5cb788e0365077bf7cd965afa',NULL,1,'propale/PR1903-0042','PR1903-0042.pdf','propal',48,'','',NULL,NULL,1,'generated',NULL,'2019-03-18 17:57:19','2019-11-04 13:39:59',2,2,NULL),(225,'f26a7fa88cce6c377a906dc65606d522','37d33736a69c636b69149a7b653aaa7f',NULL,1,'propale/(PROV49)','(PROV49).pdf','propal',49,'','',NULL,NULL,1,'generated',NULL,'2019-03-21 18:29:23','2019-03-21 18:30:08',2,2,NULL),(226,'52a83f6f7d35fb5d6e80c10f17907d0c','a53c436fe4c6dddfcf31522f56edfde1',NULL,1,'propale/PR1903-0043','PR1903-0043.pdf','propal',49,'','',NULL,NULL,1,'generated',NULL,'2019-03-21 18:34:42','2019-03-21 22:34:42',2,NULL,NULL),(227,'c5bc41299870a7f1c761f78fbdcc7b6e','9c3f6c796cf7e9cda2b77f326282cbf0',NULL,1,'propale/(PROV50)','(PROV50).pdf','propal',50,'','',NULL,NULL,1,'generated',NULL,'2019-03-21 19:26:36','2019-03-21 19:27:40',2,2,NULL),(228,'cc8e6884f9ffdc638bcd006cec25e7e9','8d40a9fcb992ed78906b230fb9a22a4c',NULL,1,'propale/PR1903-0044','PR1903-0044.pdf','propal',50,'','',NULL,NULL,1,'generated',NULL,'2019-03-21 19:28:54','2019-11-04 12:27:31',2,2,NULL),(229,'63887e0b4c437d20c5551925535f6116','4d7ee7f7c897b808677e3a30230e050d',NULL,1,'commande/(PROV27)','(PROV27).pdf','commande',27,'','',NULL,NULL,1,'generated',NULL,'2019-03-22 19:13:57','2019-03-22 19:14:47',2,2,NULL),(230,'67bba69af4ba4c4ab2420febc598e5ea','446e2842e26b7dfadd52509e53a33c48',NULL,1,'commande/CO1903-0023','CO1903-0023.pdf','commande',27,'','',NULL,NULL,1,'generated',NULL,'2019-03-22 19:15:07','2019-03-22 23:15:07',2,NULL,NULL),(231,'6d860ca5b11e403eef5d4617fa92e459','9ffdda5c68d8aa0aa9d56517ef91cc96',NULL,1,'expedition/sending/(PROV21)','(PROV21).pdf','expedition',21,'','',NULL,NULL,1,'generated',NULL,'2019-03-22 19:16:25','2019-03-22 23:16:25',2,NULL,NULL),(232,'1411a7c697c1e76eb9308533ce7e5fb7','9073fe0948fbb8e6bb3e1f9910991d2d',NULL,1,'expedition/sending/SH1903-0017','SH1903-0017.pdf','expedition',21,'','',NULL,NULL,1,'generated',NULL,'2019-03-22 19:16:49','2019-03-25 12:37:43',2,2,NULL),(233,'4bab7b90601a6ffb28ce296cbcf46fcd','7d63e4f1fa828794717ed7cf6afd16e2',NULL,1,'facture/FA1903-0026','FA1903-0026.pdf','facture',26,'','',NULL,NULL,1,'generated',NULL,'2019-03-25 12:40:44','2019-04-30 13:38:17',2,2,NULL),(234,'3b979e7fcd6c131fed2058a6a026f3d1','b7bfd7db5e96e4533d8f82004a1f0a93',NULL,1,'commande/(PROV28)','(PROV28).pdf','commande',28,'','',NULL,NULL,1,'generated',NULL,'2019-03-27 20:20:45','2019-03-27 20:28:37',2,2,NULL),(235,'68ebc3e398237d6ddf3b7cc00391ffda','ca89b46120176835a6dd701f44922686',NULL,1,'commande/CO1903-0024','CO1903-0024.pdf','commande',28,'','',NULL,NULL,1,'generated',NULL,'2019-03-27 20:29:18','2019-03-28 00:29:18',2,NULL,NULL),(236,'0c43fa5e346187f248a0c973617a4bdd','d9213bdcf01d437c7b8540cbe99f6393',NULL,1,'expedition/sending/SH1903-0018','SH1903-0018.pdf','expedition',22,'','',NULL,NULL,1,'generated',NULL,'2019-03-29 15:50:35','2019-03-29 19:50:35',2,NULL,NULL),(237,'aaf95041c6374d30ba684c2c2528d520','9c372919108e0b915e04a162c785f2f4',NULL,1,'commande/(PROV29)','(PROV29).pdf','commande',29,'','',NULL,NULL,1,'generated',NULL,'2019-04-02 15:26:12','2019-04-02 15:27:41',2,2,NULL),(238,'86b33810387b5e4f448a6ef9c7c80e2e','01fb77d6c76c91dd64d561134d1d3a5a',NULL,1,'commande/CO1904-0025','CO1904-0025.pdf','commande',29,'','',NULL,NULL,1,'generated',NULL,'2019-04-02 15:28:49','2019-04-02 19:28:49',2,NULL,NULL),(239,'ab77a71a7a12d660260c876f6bac615f','0e89d09e3dafa9ed63d0c1c3b12a056e',NULL,1,'expedition/sending/(PROV23)','(PROV23).pdf','expedition',23,'','',NULL,NULL,1,'generated',NULL,'2019-04-02 15:42:27','2019-04-02 19:42:27',2,NULL,NULL),(240,'4f72fbef1ed11b336f66324b823271ac','6b376c458bad7866053fd2b57fb2924f',NULL,1,'commande/(PROV30)','(PROV30).pdf','commande',30,'','',NULL,NULL,1,'generated',NULL,'2019-04-02 16:18:26','2019-04-02 16:19:17',2,2,NULL),(241,'c99a846804169fc885401973cd6554e4','8260cb5fb2837a55ff192be838d3ed9c',NULL,1,'commande/CO1904-0026','CO1904-0026.pdf','commande',30,'','',NULL,NULL,1,'generated',NULL,'2019-04-02 16:44:22','2019-04-02 20:44:22',2,NULL,NULL),(242,'ebbcc0727194fd66ca1a1184df9ea89e','0e30f89748e46ed35e03e58903b35699',NULL,1,'expedition/sending/SH1904-0019','SH1904-0019.pdf','expedition',24,'','',NULL,NULL,1,'generated',NULL,'2019-04-02 16:47:36','2019-04-02 20:47:36',2,NULL,NULL),(243,'dfd6ed06388fe58ea4701d941f88cfc0','888ecdbf13937c5c61dbd877ac853f4a',NULL,1,'facture/FA1904-0027','FA1904-0027.pdf','facture',28,'','',NULL,NULL,1,'generated',NULL,'2019-04-02 16:55:35','2019-07-23 20:28:23',2,2,NULL),(244,'2c60f58609e61f2d61b82d74763d7d8b','c8a0872b5a36cdb3bec40d26d9a6cc54',NULL,1,'facture/(PROV27)','(PROV27).pdf','facture',27,'','',NULL,NULL,1,'generated',NULL,'2019-04-04 14:56:13','2019-04-04 18:56:13',2,NULL,NULL),(245,'3a8fb1d07f6c7453f10155ac78ac16b3','c66559fb569543ed9a820a2df6a26aa7',NULL,1,'facture/FA1903-0028','FA1903-0028.pdf','facture',27,'','',NULL,NULL,1,'generated',NULL,'2019-04-04 14:56:42','2019-07-04 12:29:44',2,2,NULL),(246,'bba3a029f3389a808ab61c621a30a0a5','03a4ccd871b393c4cafaf8c39fe462f9',NULL,1,'expedition/sending/SH1904-0020','SH1904-0020.pdf','expedition',23,'','',NULL,NULL,1,'generated',NULL,'2019-04-04 15:05:42','2019-04-04 19:05:42',2,NULL,NULL),(247,'70c2410a7939989c4e6758da4d8790a4','78da6cb540893a707af66788d90d50a1',NULL,1,'facture/FA1904-0029','FA1904-0029.pdf','facture',29,'','',NULL,NULL,1,'generated',NULL,'2019-04-04 15:06:27','2019-05-17 13:37:48',2,2,NULL),(252,'f260a9ae70df37f23cc80626a04059c2','7f0547294c7fd3e10147c94f9606587d',NULL,1,'commande/(PROV35)','(PROV35).pdf','commande',35,'','',NULL,NULL,1,'generated',NULL,'2019-04-05 20:11:59','2019-04-05 21:08:51',2,2,NULL),(256,'1e1373535171a06ad586324127403c06','aca18142a97dfd0c3df49fbaee8fce0a',NULL,1,'commande/(PROV36)','(PROV36).pdf','commande',36,'','',NULL,NULL,1,'generated',NULL,'2019-04-08 18:27:48','2019-04-08 18:29:01',2,2,NULL),(257,'d18ce29577f5413be84c608812433221','c0e00d024dbc8e5add8d2bcb8b325cb9',NULL,1,'commande/CO1904-0027','CO1904-0027.pdf','commande',36,'','',NULL,NULL,1,'generated',NULL,'2019-04-08 18:30:43','2019-04-08 18:51:28',2,2,NULL),(258,'707dbbcb13cdca814fcc5cd3f566dac9','baa90e3b389e91d510ffbd2839f1d318',NULL,1,'commande/(PROV37)','(PROV37).pdf','commande',37,'','',NULL,NULL,1,'generated',NULL,'2019-04-09 12:13:37','2019-04-09 12:16:05',2,2,NULL),(259,'a71eed52ddf791e06c5f9e5e5b16b602','1a9152d7bbe9f096ba54a57a144c0393',NULL,1,'commande/CO1904-0028','CO1904-0028.pdf','commande',37,'','',NULL,NULL,1,'generated',NULL,'2019-04-09 12:16:47','2019-04-09 16:16:47',2,NULL,NULL),(260,'6de88b3ecc05b5df53f6b300e3dadfb6','704712b5b09816816d212ffec4cc4530',NULL,1,'commande/(PROV38)','(PROV38).pdf','commande',38,'','',NULL,NULL,1,'generated',NULL,'2019-04-09 12:42:20','2019-04-09 12:43:39',2,2,NULL),(261,'3be85906fcbd904d4dbfb824c1ea4516','8692079ecc22940af6eb95b5edcf4477',NULL,1,'commande/CO1904-0029','CO1904-0029.pdf','commande',38,'','',NULL,NULL,1,'generated',NULL,'2019-04-09 12:43:58','2019-04-09 16:43:58',2,NULL,NULL),(262,'a35cf3b793488595ec2fe1751073156e','bec9e23a40cf87ce57241e291477da45',NULL,1,'commande/(PROV39)','(PROV39).pdf','commande',39,'','',NULL,NULL,1,'generated',NULL,'2019-04-09 14:29:02','2019-04-09 14:29:39',2,2,NULL),(263,'174f964816eba94416a00ed547fe75ed','70dc37726931fb693f765de83bfa9e4e',NULL,1,'commande/CO1904-0030','CO1904-0030.pdf','commande',39,'','',NULL,NULL,1,'generated',NULL,'2019-04-09 14:34:55','2019-04-09 18:34:55',2,NULL,NULL),(264,'02d247d3136ea4228d9983c622e386e4','cd7132a59e9cac22dba95de779a9c854',NULL,1,'commande/(PROV40)','(PROV40).pdf','commande',40,'','',NULL,NULL,1,'generated',NULL,'2019-04-11 12:38:11','2019-04-11 16:38:11',2,NULL,NULL),(266,'b6c521b1da444b227152dc14e81d7e0b','2a338f868cd704fa400991aefb1a2627',NULL,1,'commande/(PROV42)','(PROV42).pdf','commande',42,'','',NULL,NULL,1,'generated',NULL,'2019-04-11 15:03:17','2019-04-11 15:03:46',2,2,NULL),(267,'2584e5710ed3fb9422687c6dc91c4fb0','71eac31b1c24b2d62a394465a17a6913',NULL,1,'commande/(PROV43)','(PROV43).pdf','commande',43,'','',NULL,NULL,1,'generated',NULL,'2019-04-22 13:39:04','2019-04-22 13:45:35',2,2,NULL),(268,'237bb257cb14dcf2bdf80d233d511f6e','aa1bd3dd7e34b26b09b8dc5f15678de1',NULL,1,'commande/CO1904-0031','CO1904-0031.pdf','commande',43,'','',NULL,NULL,1,'generated',NULL,'2019-04-22 13:49:00','2019-04-22 17:49:00',2,NULL,NULL),(269,'3525bf75f1a67961ca8e213d7870427a','1578d250e10b7b4252e5d1554eee3f58',NULL,1,'commande/CO1904-0032','CO1904-0032.pdf','commande',42,'','',NULL,NULL,1,'generated',NULL,'2019-04-26 14:08:52','2019-04-26 18:08:52',2,NULL,NULL),(270,'6fad0581a9f72ffc7f2dc5670c3641fb','fe4c9e616851fe9217a3a65022a449aa',NULL,1,'facture/FA1904-0030','FA1904-0030.pdf','facture',31,'','',NULL,NULL,1,'generated',NULL,'2019-04-26 14:10:31','2019-04-26 14:43:36',2,2,NULL),(272,'c650d8950f2509d4c5b28b4c8f04b1c1','6de11e152f6ad71c370b79a32eaa3667',NULL,1,'commande/(PROV44)','(PROV44).pdf','commande',44,'','',NULL,NULL,1,'generated',NULL,'2019-07-02 15:39:02','2019-07-02 16:00:26',2,2,NULL),(273,'2eed90edadf8ecf3c5d1f74b22198134','2135ad6b5c4121b253d46e02ef40b672',NULL,1,'commande/CO1907-0033','CO1907-0033.pdf','commande',44,'','',NULL,NULL,1,'generated',NULL,'2019-07-02 16:00:44','2019-07-02 16:02:28',2,2,NULL),(274,'67b68928c87d416c9252c26bdda8bee3','856383c4c1e4a3d33302cc9bc3e7322b',NULL,1,'expedition/sending/(PROV25)','(PROV25).pdf','expedition',25,'','',NULL,NULL,1,'generated',NULL,'2019-07-02 16:04:40','2019-07-02 20:04:40',2,NULL,NULL),(275,'d1ad7fc6c1f98aefcfcab5a51dcaf4cb','26cb6f6274400f5d6bfd62b7307fb82a',NULL,1,'expedition/sending/SH1907-0021','SH1907-0021.pdf','expedition',25,'','',NULL,NULL,1,'generated',NULL,'2019-07-02 16:06:55','2019-07-04 12:19:59',2,2,NULL),(276,'d458eefc759c018718a5c1e1dd773fc9','8950ca9b45c99cd9585a5450a3552b0f',NULL,1,'facture/FA1907-0031','FA1907-0031.pdf','facture',32,'','',NULL,NULL,1,'generated',NULL,'2019-07-05 11:48:52','2019-07-05 15:48:52',2,NULL,NULL),(277,'f58210ab8cbde708b5fafbe9d9970521','34bc92b1e0bbe664ce658cf8a1e6da5e',NULL,1,'commande/(PROV45)','(PROV45).pdf','commande',45,'','',NULL,NULL,1,'generated',NULL,'2019-07-05 13:39:29','2019-07-05 13:40:06',2,2,NULL),(278,'9235f0d959aa573e5ba50390f8405520','1ed483f87bd0ec0b18320003184fb04d',NULL,1,'commande/CO1907-0034','CO1907-0034.pdf','commande',45,'','',NULL,NULL,1,'generated',NULL,'2019-07-05 13:41:24','2019-07-05 17:41:24',2,NULL,NULL),(279,'e6502be186c271fa1d90598637064539','1a610528271ddca1298136a8542e5740',NULL,1,'expedition/sending/SH1907-0022','SH1907-0022.pdf','expedition',26,'','',NULL,NULL,1,'generated',NULL,'2019-07-05 13:44:09','2019-07-05 17:44:09',2,NULL,NULL),(280,'fb70b28f03f4b55ff82d9ea5a14d42a5','ddf6e94f56616705b3793ec65831df5e',NULL,1,'facture/FA1907-0032','FA1907-0032.pdf','facture',33,'','',NULL,NULL,1,'generated',NULL,'2019-07-05 13:46:02','2019-08-07 18:18:43',2,2,NULL),(281,'76d62a700647d0d6fa3d7f440eac3488','06eeebf992e350c12c517eb71d9c8cc4',NULL,1,'commande/(PROV46)','(PROV46).pdf','commande',46,'','',NULL,NULL,1,'generated',NULL,'2019-07-09 14:47:00','2019-07-09 14:48:06',2,2,NULL),(282,'2a391094143db4103f9301aa36a5352a','250c1940ee3061f447b5c8380ef1a121',NULL,1,'commande/CO1907-0035','CO1907-0035.pdf','commande',46,'','',NULL,NULL,1,'generated',NULL,'2019-07-09 14:48:19','2019-07-09 18:48:19',2,NULL,NULL),(283,'75dbdc8cde05c0a403b278a326621219','9cc3905713ff69095880af1770e16767',NULL,1,'commande/(PROV47)','(PROV47).pdf','commande',47,'','',NULL,NULL,1,'generated',NULL,'2019-07-15 19:44:24','2019-07-15 19:47:47',2,2,NULL),(284,'7f95ef55cbfb010507ae35d8c90aa59f','62a35176860db6e8a3e53d68208c22d1',NULL,1,'commande/CO1907-0036','CO1907-0036.pdf','commande',47,'','',NULL,NULL,1,'generated',NULL,'2019-07-15 19:56:40','2019-07-18 12:43:08',2,2,NULL),(285,'16584b5edd41c8d079598f7e8bff228e','32bd80268ff0b818a815d97b4be023f7',NULL,1,'facture/FA1907-0033','FA1907-0033.pdf','facture',34,'','',NULL,NULL,1,'generated',NULL,'2019-07-18 12:45:55','2020-06-23 12:28:18',2,2,NULL),(286,'0e1349c99cc8c3ebbbb41c3cd5194493','3f1b8ff8463d6b0161522f0707e4e823',NULL,1,'facture/FA1907-0034','FA1907-0034.pdf','facture',35,'','',NULL,NULL,1,'generated',NULL,'2019-07-18 12:49:58','2019-08-21 14:50:41',2,2,NULL),(287,'7b66b8802d433b2ce7589a20fb4cd4a0','b59ea07ff976a3077b9675ee6f7ace15',NULL,1,'commande/(PROV48)','(PROV48).pdf','commande',48,'','',NULL,NULL,1,'generated',NULL,'2019-07-18 12:52:30','2019-07-18 12:52:48',2,2,NULL),(288,'cdaa940ba03f6a0ec38261600c2bd89e','3f0a37d6daae82fcb200bfb94af41958',NULL,1,'commande/CO1907-0037','CO1907-0037.pdf','commande',48,'','',NULL,NULL,1,'generated',NULL,'2019-07-18 12:53:09','2019-07-18 16:53:09',2,NULL,NULL),(289,'b8686c48c68b3bdf5da963e0bebea6ce','32a7a587e7423842cba961f676fcfbe3',NULL,1,'facture/FA1907-0035','FA1907-0035.pdf','facture',36,'','',NULL,NULL,1,'generated',NULL,'2019-07-18 12:54:44','2019-08-21 14:48:15',2,2,NULL),(290,'529dc122d61b2c0efa7eed3c6ec1a7b5','4e1c76f72fed4e4cd8a2076624ceea42',NULL,1,'facture/(PROV37)','(PROV37).pdf','facture',37,'','',NULL,NULL,1,'generated',NULL,'2019-07-18 12:56:36','2019-07-18 12:57:08',2,2,NULL),(291,'cc203a431a6196f7ec057cedee14aa61','e6fe527d92981e816dc397b15388954d',NULL,1,'facture/AV1907-0001','AV1907-0001.pdf','facture',37,'','',NULL,NULL,1,'generated',NULL,'2019-07-18 12:57:17','2019-07-18 13:00:16',2,2,NULL),(292,'e6f1d8c877f31931c63811fa8d48bfa0','09594f56093f0f41a9baba0f23a51b24',NULL,1,'commande/(PROV49)','(PROV49).pdf','commande',49,'','',NULL,NULL,1,'generated',NULL,'2019-07-18 13:04:48','2019-07-18 13:05:26',2,2,NULL),(293,'8ce9a463f63961ff92601b02dea56608','d3e2f4d747cbc9bce688c0adef33deb2',NULL,1,'commande/CO1907-0038','CO1907-0038.pdf','commande',49,'','',NULL,NULL,1,'generated',NULL,'2019-07-18 13:05:49','2019-07-18 17:05:49',2,NULL,NULL),(294,'a7bf63728abefbf39f566d5514709f2d','8a859050d3b25fb12b981ca3d4d3e588',NULL,1,'facture/FA1907-0036','FA1907-0036.pdf','facture',38,'','',NULL,NULL,1,'generated',NULL,'2019-07-18 13:07:21','2019-07-18 17:07:21',2,NULL,NULL),(296,'3f12b3d3c77150278c28cd9b4687a947','6160613c123ce470838c2c528f57c2f3',NULL,1,'propale/(PROV52)','(PROV52).pdf','propal',52,'','',NULL,NULL,1,'generated',NULL,'2019-07-24 20:30:58','2019-07-24 20:33:11',2,2,NULL),(297,'1aa1bf51c104b077c0f7f795d1193b5b','c33012bb46453e4ccd7703063c80bf85',NULL,1,'commande/(PROV50)','(PROV50).pdf','commande',50,'','',NULL,NULL,1,'generated',NULL,'2019-07-26 18:30:17','2019-07-26 19:02:10',1,1,NULL),(298,'91110b00a8f724dc4fc1f7e3e9420d5e','75a5139a7f1085cecbae00735a2f0842',NULL,1,'commande/CO1907-0039','CO1907-0039.pdf','commande',50,'','',NULL,NULL,1,'generated',NULL,'2019-07-26 19:17:28','2019-07-29 14:46:36',2,2,NULL),(299,'631bfefeb027ca3882ce66f893849ec6','58df6b83e70c1daa142d7db2482319d2',NULL,1,'commande/(PROV51)','(PROV51).pdf','commande',51,'','',NULL,NULL,1,'generated',NULL,'2019-07-29 18:50:46','2019-07-29 18:55:12',2,2,NULL),(301,'e598ab57ec9fbef3f02e2cdec91f4442','59d5ad87cee5474dbb108210b72b168c',NULL,1,'expedition/sending/(PROV28)','(PROV28).pdf','expedition',28,'','',NULL,NULL,1,'generated',NULL,'2019-08-06 15:12:58','2019-08-06 19:12:58',2,NULL,NULL),(302,'a42c5033a0596052c05d0a9c7a492d17','70b4f37b17f7a3843d9049df5f826150',NULL,1,'commande/(PROV52)','(PROV52).pdf','commande',52,'','',NULL,NULL,1,'generated',NULL,'2019-08-08 16:16:24','2019-08-08 16:19:04',2,2,NULL),(303,'b61ef2c8fc1e70ab85616d49d7b165fb','049dc39a02158040606b52a7abb8060a',NULL,1,'commande/CO1908-0041','CO1908-0041.pdf','commande',52,'','',NULL,NULL,1,'generated',NULL,'2019-08-08 16:21:03','2019-08-08 20:21:03',2,NULL,NULL),(304,'72c2fe2476c3497dc8622ad80d203cfb','0dcc490de383a29f3221c6330f77f3f8',NULL,1,'propale/PR1908-0045','PR1908-0045.pdf','propal',53,'','',NULL,NULL,1,'generated',NULL,'2019-08-21 17:26:09','2019-08-26 13:30:46',2,2,NULL),(305,'5a2ab536127f09d13d23ea25f99a828b','3dcd26d985ce4c09decc8a063e2e4f0c',NULL,1,'facture/FA1908-0037','FA1908-0037.pdf','facture',40,'','',NULL,NULL,1,'generated',NULL,'2019-08-26 13:32:24','2020-09-01 12:52:01',2,2,NULL),(306,'9c6bdc5865fc707c20d364fbe5e4e628','2db3c6fa4078ec38609b58b9d4887d31',NULL,1,'commande/CO1908-0042','CO1908-0042.pdf','commande',53,'','',NULL,NULL,1,'generated',NULL,'2019-08-26 13:38:56','2019-08-28 12:41:40',2,2,NULL),(307,'81fa4278e92013db84639b6d7448f4b0','37d5596ff607a82f76644847b3782c82',NULL,1,'commande/(PROV54)','(PROV54).pdf','commande',54,'','',NULL,NULL,1,'generated',NULL,'2019-08-28 12:46:10','2019-08-28 12:46:36',2,2,NULL),(308,'7cef145eda00c39e9e0458308b71ee9f','e46ed19a9becd5d190e2add046088675',NULL,1,'propale/PR1909-0046','PR1909-0046.pdf','propal',54,'','',NULL,NULL,1,'generated',NULL,'2019-09-06 20:47:25','2019-09-06 21:06:42',2,2,NULL),(309,'8bed1d049f9347a2f43153ff70d5010e','a5c13c81ff3f038cfe435e57bfef952f',NULL,1,'propale/PR1909-0047','PR1909-0047.pdf','propal',55,'','',NULL,NULL,1,'generated',NULL,'2019-09-16 17:41:35','2019-10-15 12:19:08',2,2,NULL),(310,'c200fa969a0a450b1af3732abc3f838e','133004ef801c243da6f59c09dc23d8fe',NULL,1,'commande/CO1909-0043','CO1909-0043.pdf','commande',55,'','',NULL,NULL,1,'generated',NULL,'2019-09-16 19:12:46','2019-09-16 19:19:47',2,2,NULL),(311,'45b7baf3f01aa3b82908a7d5415dba2f','dbcc75258496936f07b4f0f4780a5bd5',NULL,1,'expedition/sending/SH1909-0023','SH1909-0023.pdf','expedition',29,'','',NULL,NULL,1,'generated',NULL,'2019-09-16 19:20:34','2019-09-16 23:20:34',2,NULL,NULL),(314,'4f7b064a0606a84ddc175af2250f0956','d0a5d092754df285eadf442f95cba4e8',NULL,1,'facture/FA1909-0038','FA1909-0038.pdf','facture',41,'','',NULL,NULL,1,'generated',NULL,'2019-09-18 12:31:44','2019-10-28 14:45:06',2,2,NULL),(315,'0a776d8cf81c76c396726332d627ad65','85dff34d4bf44d0e46b367d9ef72e36a',NULL,1,'commande/CO1909-0044','CO1909-0044.pdf','commande',56,'','',NULL,NULL,1,'generated',NULL,'2019-09-18 12:35:22','2019-09-18 12:36:33',2,2,NULL),(316,'ac9b7c4d3d30a6040525d3da42018ce4','bf7fcc124ff8176f02fdc337aaa03d0f',NULL,1,'facture/FA1909-0039','FA1909-0039.pdf','facture',42,'','',NULL,NULL,1,'generated',NULL,'2019-09-18 12:37:46','2019-12-17 13:17:47',2,2,NULL),(317,'06b6d3bb322466c90cc819720a12e5b1','3a891e6ac13e2ac12e7f33f037d93a92',NULL,1,'facture/FA1910-0040','FA1910-0040.pdf','facture',43,'','',NULL,NULL,1,'generated',NULL,'2019-10-09 13:25:34','2019-10-09 17:25:34',2,NULL,NULL),(318,'b1121af6f591b00578671b0e14defe94','1f157e33eec5a5cdf2382d38df08c0a0',NULL,1,'commande/CO1910-0045','CO1910-0045.pdf','commande',57,'','',NULL,NULL,1,'generated',NULL,'2019-10-10 18:45:59','2019-10-10 18:46:47',2,2,NULL),(319,'15ee8c472147627b490f23d83118fa34','570c5c0ebcf4f9b5359aaa7339cfcc41',NULL,1,'facture/FA1910-0041','FA1910-0041.pdf','facture',44,'','',NULL,NULL,1,'generated',NULL,'2019-10-10 18:47:29','2019-10-30 12:30:09',2,2,NULL),(320,'5743ff2f8ec1534d3623eb86f76902a0','9881d8caf1179215c717b9fe77b96010',NULL,1,'facture/FA1909-0042','FA1909-0042.pdf','facture',45,'','',NULL,NULL,1,'generated',NULL,'2019-10-15 12:29:10','2019-12-17 13:29:36',2,2,NULL),(321,'7266092c0cc36559a7c6669b3698a95b','5082b9cf7293a89901aae18e33c1b059',NULL,1,'commande/CO1910-0046','CO1910-0046.pdf','commande',58,'','',NULL,NULL,1,'generated',NULL,'2019-10-24 14:58:12','2019-10-24 14:58:35',2,2,NULL),(322,'bb1bf32340c774a6cbaf36756d791e3a','7cc5d063aef774e3e6b3cf0c6f95c011',NULL,1,'facture/FA1910-0043','FA1910-0043.pdf','facture',46,'','',NULL,NULL,1,'generated',NULL,'2019-10-24 14:59:52','2019-10-30 12:30:09',2,2,NULL),(323,'f72e71341537ae7a4605e5755fd17bdf','04429aa9bd1949b63340ffc9037a91cb',NULL,1,'propale/PR1910-0048','PR1910-0048.pdf','propal',56,'','',NULL,NULL,1,'generated',NULL,'2019-10-31 17:52:59','2019-10-31 18:58:20',2,2,NULL),(324,'c7fc825b9547b1b2564083a86190bda6','63cc68af7ab8a3680e6dceb87315ae0b',NULL,1,'propale/PR1911-0049','PR1911-0049.pdf','propal',57,'','',NULL,NULL,1,'generated',NULL,'2019-11-01 19:49:31','2019-11-01 19:51:58',2,2,NULL),(325,'10a6655eb5dc573cdf8c27f28c13fc39','228d47d537690bf0d459f6e642431510',NULL,1,'propale/PR1911-0050','PR1911-0050.pdf','propal',58,'','',NULL,NULL,1,'generated',NULL,'2019-11-01 20:00:14','2019-11-01 20:02:16',2,2,NULL),(326,'794db8eeb3a86cbd6033e89d224deb23','d2c5f2352f374be738556ffd58b85fc7',NULL,1,'propale/PR1911-0051','PR1911-0051.pdf','propal',59,'','',NULL,NULL,1,'generated',NULL,'2019-11-04 11:31:53','2019-11-04 11:35:08',2,2,NULL),(327,'c22b06dde61a1aa31a1401d01abf4666','f8efffb8d758d8cce1cc57108061011e',NULL,1,'propale/PR1911-0052','PR1911-0052.pdf','propal',60,'','',NULL,NULL,1,'generated',NULL,'2019-11-04 11:51:40','2019-11-04 12:01:56',2,2,NULL),(328,'28bde99a18f92a19f57c3d61e52f235e','fd46999a3b9385a71dd162732d750ac9',NULL,1,'propale/PR1911-0053','PR1911-0053.pdf','propal',61,'','',NULL,NULL,1,'generated',NULL,'2019-11-04 13:22:36','2019-11-04 13:25:19',2,2,NULL),(329,'8515657b402ecffdd4bb1449bc5f6f27','2ba9f5edf49d3c43ec4db0f131863a31',NULL,1,'propale/PR1911-0054','PR1911-0054.pdf','propal',62,'','',NULL,NULL,1,'generated',NULL,'2019-11-04 13:31:25','2019-11-04 13:34:01',2,2,NULL),(330,'8c66e15b3071afb51d1cc13133976ab1','506f57299163d9369d44f7b0ef23948c',NULL,1,'propale/PR1911-0055','PR1911-0055.pdf','propal',63,'','',NULL,NULL,1,'generated',NULL,'2019-11-04 13:45:21','2019-11-04 13:48:16',2,2,NULL),(331,'5bfd4c0a5332891da2ba6eb480388078','15ca30046bdd8c9ea22532f383dc1766',NULL,1,'propale/PR1911-0056','PR1911-0056.pdf','propal',64,'','',NULL,NULL,1,'generated',NULL,'2019-11-04 14:15:07','2019-11-04 14:18:46',2,2,NULL),(332,'cef61ba86a64f8b0074770ed34b8671e','55dabc107c8535b66419611f9a97d4fe',NULL,1,'propale/PR1911-0057','PR1911-0057.pdf','propal',65,'','',NULL,NULL,1,'generated',NULL,'2019-11-04 15:42:29','2019-11-04 15:47:22',2,2,NULL),(333,'fe866e14d1d13dba4a0058a356f4e453','9f1e0c2b973607b372e48ee40c762f56',NULL,1,'propale/PR1911-0058','PR1911-0058.pdf','propal',66,'','',NULL,NULL,1,'generated',NULL,'2019-11-04 17:17:05','2019-11-04 17:47:00',2,2,NULL),(335,'c5b7d6d08c97075c9b85a5bdf7af67e7','bfb68caa5f0bbb26997e6c64bf2fab3f',NULL,1,'propale/PR1911-0060','PR1911-0060.pdf','propal',68,'','',NULL,NULL,1,'generated',NULL,'2019-11-07 13:16:03','2019-11-07 13:18:38',2,2,NULL),(336,'d70987ac3ae9f6379e024c10f09f5eb2','ddb551cdff303bb3fdec326f838a95ce',NULL,1,'fournisseur/commande/PO1911-0007','PO1911-0007.pdf','commande_fournisseur',12,'','',NULL,NULL,1,'generated',NULL,'2019-11-11 16:09:27','2019-11-11 18:26:18',2,2,NULL),(337,'a9427f3c21db76943b31f428b129ecff','a03986d5cebdcf6f986e07368b9ecc5d',NULL,1,'fournisseur/commande/PO1911-0008','PO1911-0008.pdf','commande_fournisseur',14,'','',NULL,NULL,1,'generated',NULL,'2019-11-13 17:20:40','2019-11-13 17:22:19',2,2,NULL),(338,'a6ca1023692804ab67345106abc9ebfb','28c1d4233223df7fd265236784aacbc7',NULL,1,'commande/CO1911-0047','CO1911-0047.pdf','commande',59,'','',NULL,NULL,1,'generated',NULL,'2019-11-14 19:40:11','2019-11-14 20:03:01',2,2,NULL),(339,'d7ad8ce1d8ee1301d4de7371187c2370','70801b8f237ec449f9b1fd7b45ad6c24',NULL,1,'commande/CO1911-0048','CO1911-0048.pdf','commande',60,'','',NULL,NULL,1,'generated',NULL,'2019-11-19 15:57:15','2020-02-13 19:31:56',2,2,NULL),(340,'476e5f13eef8e410e5f08d9df9c633ae','19be6251c6dde7c2c3f3d0ee195cbf3e',NULL,1,'facture/FA1912-0044','FA1912-0044.pdf','facture',47,'','',NULL,NULL,1,'generated',NULL,'2019-12-18 19:27:13','2019-12-19 14:15:30',2,2,NULL),(341,'e686cf3595ca5a10bcae4a2f8d176c8f','6a4ee5818e39d657ecd22ed726f1c2f0',NULL,1,'commande/CO2001-0049','CO2001-0049.pdf','commande',61,'','',NULL,NULL,1,'generated',NULL,'2020-01-08 18:48:38','2020-01-08 18:53:44',2,2,NULL),(342,'64054f675277466ef90e4b2057297047','bc3df744bb0edfbbb60c5957660f9189',NULL,1,'facture/FA2001-0045','FA2001-0045.pdf','facture',48,'','',NULL,NULL,1,'generated',NULL,'2020-01-08 19:20:16','2020-01-08 19:23:45',2,2,NULL),(343,'d9ded3b41b05830ddfcaa423e40f0c6b','439b3e235201ccf33bc6f685a9108792',NULL,1,'commande/CO2001-0050','CO2001-0050.pdf','commande',62,'','',NULL,NULL,1,'generated',NULL,'2020-01-09 12:54:26','2020-01-09 12:56:16',2,2,NULL),(344,'b5d2687660a2a44a1c4ce58268db78fd','e3bd104a5eb3089c010a5f6c98a9883f',NULL,1,'facture/FA2001-0046','FA2001-0046.pdf','facture',49,'','',NULL,NULL,1,'generated',NULL,'2020-01-09 12:56:53','2020-01-09 13:00:37',2,2,NULL),(346,'3fe20f5998b66d1727fdee2b944bbed3','b2c88c7db7373971ceea150255fb989d',NULL,1,'commande/CO2001-0051','CO2001-0051.pdf','commande',63,'','',NULL,NULL,1,'generated',NULL,'2020-01-14 15:51:01','2020-01-20 16:48:10',2,2,NULL),(347,'cc078ac68cca14e8365a81bfb8a13fe4','620a2a0db048a800b6f2f8d70da13714',NULL,1,'facture/FA2001-0047','FA2001-0047.pdf','facture',50,'','',NULL,NULL,1,'generated',NULL,'2020-01-20 16:50:26','2020-01-31 16:26:09',2,2,NULL),(348,'ab37d94db0dd015f5fc338d6e2d6be6e','380693247bf80570ca9d02610b16d827',NULL,1,'facture/FA1911-0048','FA1911-0048.pdf','facture',51,'','',NULL,NULL,1,'generated',NULL,'2020-01-31 17:00:20','2020-07-01 16:18:34',2,2,NULL),(349,'85ee913c9416df33091bc94fa77c2910','c66401d17c60b9ce81646193033b4ef2',NULL,1,'commande/CO2001-0052','CO2001-0052.pdf','commande',64,'','',NULL,NULL,1,'generated',NULL,'2020-02-06 16:18:58','2020-02-06 16:21:12',2,2,NULL),(350,'1149fbe589bb50f3d57fa92e61864199','d6c40fabec295bcdea20dc4bf0e5fb2b',NULL,1,'facture/FA2001-0049','FA2001-0049.pdf','facture',52,'','',NULL,NULL,1,'generated',NULL,'2020-02-06 16:21:57','2020-03-03 18:33:59',2,2,NULL),(351,'49ef2220b2a9193dfe69c484e0caea1a','42d8d29b05ce8bbc03055805eb4bdf9a',NULL,1,'commande/CO2002-0053','CO2002-0053.pdf','commande',65,'','',NULL,NULL,1,'generated',NULL,'2020-02-27 14:11:59','2020-02-27 14:18:38',2,2,NULL),(352,'586c0e17e25dcf663e4195c3cead4ae6','98e065a5f0612265f701e42782beae17',NULL,1,'facture/FA2003-0050','FA2003-0050.pdf','facture',53,'','',NULL,NULL,1,'generated',NULL,'2020-03-03 18:33:11','2020-04-27 16:04:44',2,2,NULL),(353,'31c05af3cf6d125432c6893b7d810597','5e17fbdf2191abefbc8287280db8b250',NULL,1,'commande/CO2005-0054','CO2005-0054.pdf','commande',67,'','',NULL,NULL,1,'generated',NULL,'2020-05-07 19:59:27','2020-05-07 22:48:24',2,2,NULL),(354,'0c1c7577859eedc3348ed533a942dfec','c71066b8dcb0cb114cc5ec1bba246c4b',NULL,1,'facture/FA2005-0051','FA2005-0051.pdf','facture',54,'','',NULL,NULL,1,'generated',NULL,'2020-05-07 22:49:28','2020-05-25 13:12:21',2,2,NULL),(355,'008d2ff20812606785cdeb55ff6778e4','fa28c40ac49be93ef9589c4f18f43e9c',NULL,1,'expedition/sending/SH2005-0024','SH2005-0024.pdf','expedition',31,'','',NULL,NULL,1,'generated',NULL,'2020-05-16 21:09:12','2020-05-17 01:09:12',1,NULL,NULL),(356,'04286100629e1d081f201b214c5b6fcf','6524167529b606daab7d09f920d73e1f',NULL,1,'propale/PR2005-0061','PR2005-0061.pdf','propal',70,'','',NULL,NULL,1,'generated',NULL,'2020-05-25 13:24:12','2020-05-27 13:00:26',2,2,NULL),(357,'8f859a4a4afe778d72dc36415c250b54','a1a22d4ea7b0cbd5d10c73eee2072df2',NULL,1,'commande/CO2006-0055','CO2006-0055.pdf','commande',68,'','',NULL,NULL,1,'generated',NULL,'2020-06-03 17:16:45','2020-06-09 14:22:15',1,1,NULL),(358,'31e84b4550a4275bb540b0881fdbf26c','1c5e923c6ce73a86a0bfecd2217f4a59',NULL,1,'commande/CO2006-0056','CO2006-0056.pdf','commande',69,'','',NULL,NULL,1,'generated',NULL,'2020-06-17 13:12:52','2020-06-26 12:50:01',2,2,NULL),(359,'4f1a87df3e8318a2160f0649b81cedb5','2ee7e99e77b836720261d8df7623372f',NULL,1,'commande/CO2006-0057','CO2006-0057.pdf','commande',70,'','',NULL,NULL,1,'generated',NULL,'2020-06-22 13:53:11','2020-06-22 13:53:23',2,2,NULL),(361,'b853333817b44ae06d11b916d58e908b','ac73e59b158567cde34c5ef70a13ebb7',NULL,1,'facture/AV2006-0002','AV2006-0002.pdf','facture',55,'','',NULL,NULL,1,'generated',NULL,'2020-06-25 16:50:21','2020-06-25 16:53:23',2,2,NULL),(362,'0bacc554fb71f646cad0433bbba6b10a','86812dcfb1ba185292c9670c710f9d09',NULL,1,'facture/FA2006-0052','FA2006-0052.pdf','facture',56,'','',NULL,NULL,1,'generated',NULL,'2020-06-25 17:25:00','2020-09-09 20:10:12',2,2,NULL),(367,'9f5f6dffab79dd98bad34c748d0fbe63','34de31310ce118fbcbcabb87f558d95c',NULL,1,'propale/PR2007-0062','PR2007-0062.pdf','propal',71,'','',NULL,NULL,1,'generated',NULL,'2020-07-02 13:06:54','2020-07-03 17:51:45',2,2,NULL),(368,'8c8edd06741858c2a66ae334a64ac12c','0a456824d01c80e68371bca0fc59dfce',NULL,1,'commande/CO2007-0058','CO2007-0058.pdf','commande',73,'','',NULL,NULL,1,'generated',NULL,'2020-07-03 17:52:04','2020-07-03 21:52:04',2,NULL,NULL),(369,'7174f11b6a853e32ccf3422e76fec107','d4c9f39a42ea32c6bd28139726582b2e',NULL,1,'expedition/sending/SH2007-0025','SH2007-0025.pdf','expedition',37,'','',NULL,NULL,1,'generated',NULL,'2020-07-03 17:53:23','2020-07-03 21:53:23',2,NULL,NULL),(370,'7f59199a2496a17e007b6d714cfea281','d7ffbaeaf511fca7466be08c48266abb',NULL,1,'expedition/sending/SH2007-0026','SH2007-0026.pdf','expedition',38,'','',NULL,NULL,1,'generated',NULL,'2020-07-03 18:21:11','2020-07-03 22:21:11',2,NULL,NULL),(371,'f69f3e093b1970ae0853b7d13d3b6b5d','bad18b515265c39f19ff97d42db84a02',NULL,1,'facture/FA2006-0053','FA2006-0053.pdf','facture',58,'','',NULL,NULL,1,'generated',NULL,'2020-07-03 18:51:57','2020-10-20 19:32:39',2,2,NULL),(372,'a7409db36b4d49dac7ad2c584640dabb','4179ea217c8d0c970d94c6807d425c68',NULL,1,'facture/FA2007-0054','FA2007-0054.pdf','facture',59,'','',NULL,NULL,1,'generated',NULL,'2020-07-06 13:21:43','2020-07-06 13:22:43',2,2,NULL),(373,'28f2b4b7eb91f2790faeaf995816408b','12c62d7c4179d122a8839ab9ccd67532',NULL,1,'commande/CO2007-0059','CO2007-0059.pdf','commande',74,'','',NULL,NULL,1,'generated',NULL,'2020-07-06 20:14:38','2020-07-06 20:15:16',2,2,NULL),(374,'7c73e93f7bd28b8a65fd49c5315e12be','81d654ed24414187d85e3e80d38175a7',NULL,1,'expedition/sending/SH2007-0027','SH2007-0027.pdf','expedition',39,'','',NULL,NULL,1,'generated',NULL,'2020-07-06 20:17:23','2020-07-07 00:17:23',2,NULL,NULL),(375,'ec6c93fdfc328393ed1b053485dc851d','b650937e3be70c09cc34cb30c012a709',NULL,1,'commande/CO2008-0060','CO2008-0060.pdf','commande',75,'','',NULL,NULL,1,'generated',NULL,'2020-08-13 15:24:25','2020-08-19 12:36:53',2,2,NULL),(376,'c9b8577b5d724fc1173abcb39b43f454','b04181b9191eafef586d8ee9175cd2b2',NULL,1,'facture/FA2008-0055','FA2008-0055.pdf','facture',62,'','',NULL,NULL,1,'generated',NULL,'2020-08-19 12:39:23','2020-08-19 12:40:17',2,2,NULL),(377,'f7f2ff9b7f5fd138c856ea55239089ac','8a8779a2fc1d12ebb087202ccf1ddb4a',NULL,1,'expedition/sending/(PROV40)','(PROV40).pdf','expedition',40,'','',NULL,NULL,1,'generated',NULL,'2020-08-19 12:43:29','2020-08-19 16:43:29',2,NULL,NULL),(378,'8963fed8e1d07559d6b3a0b9c6f1936b','336d3108a6cfa273d2300a930ebbb829',NULL,1,'expedition/sending/SH2008-0028','SH2008-0028.pdf','expedition',40,'','',NULL,NULL,1,'generated',NULL,'2020-08-19 12:44:06','2020-08-20 15:17:46',2,2,NULL),(379,'0090eec7c2b763d8de1d7b457d5e36db','5b3c6804444f81b4597621feb5ea161e',NULL,1,'commande/CO2009-0061','CO2009-0061.pdf','commande',76,'','',NULL,NULL,1,'generated',NULL,'2020-09-11 16:08:56','2020-09-15 17:20:14',2,2,NULL),(380,'6f5bec6b6fb2e3b564aa7270981620f1','57205b365a2549a27f086063fef4b21d',NULL,1,'expedition/sending/SH2009-0029','SH2009-0029.pdf','expedition',41,'','',NULL,NULL,1,'generated',NULL,'2020-09-15 17:22:12','2020-09-15 21:22:12',2,NULL,NULL),(381,'82bf0f3e79bb8e225055937264c4b51f','ce19e1bd992f640a183d5dbd363e2c18',NULL,1,'facture/FA2009-0056','FA2009-0056.pdf','facture',63,'','',NULL,NULL,1,'generated',NULL,'2020-09-15 17:23:11','2020-09-15 21:23:11',2,NULL,NULL),(382,'9f91c136d6535bfc67fa44b9809be9e1','912afda7adbff81e6b0b7e03f867ec2f',NULL,1,'commande/CO2010-0062','CO2010-0062.pdf','commande',77,'','',NULL,NULL,1,'generated',NULL,'2020-10-15 16:41:11','2020-10-20 19:19:10',2,2,NULL),(383,'9a05d704104700e24bd02a2dc0e11cad','e1daa3e05dc0a80ac225f624dfe93b2e',NULL,1,'expedition/sending/(PROV42)','(PROV42).pdf','expedition',42,'','',NULL,NULL,1,'generated',NULL,'2020-10-20 19:21:04','2020-10-20 23:21:04',2,NULL,NULL),(384,'edc8ce287d159fac62d311dbbad1f6e9','8bfaa19a1863c17a4a286f85ed7be1d8',NULL,1,'expedition/sending/SH2010-0030','SH2010-0030.pdf','expedition',42,'','',NULL,NULL,1,'generated',NULL,'2020-10-20 19:22:09','2020-10-20 23:22:09',2,NULL,NULL),(385,'15deba44c960721b4cb2f5090f6033fe','c14d369d99ea4540af4d7cfd1a4fe542',NULL,1,'facture/FA2010-0057','FA2010-0057.pdf','facture',64,'','',NULL,NULL,1,'generated',NULL,'2020-10-20 19:23:37','2020-10-20 23:23:37',2,NULL,NULL);

--
-- Table structure for table `llxqa_element_contact`
--

CREATE TABLE `llxqa_element_contact` (
  `rowid` int(11) NOT NULL AUTO_INCREMENT,
  `datecreate` datetime DEFAULT NULL,
  `statut` smallint(6) DEFAULT 5,
  `element_id` int(11) NOT NULL,
  `fk_c_type_contact` int(11) NOT NULL,
  `fk_socpeople` int(11) NOT NULL,
  PRIMARY KEY (`rowid`),
  UNIQUE KEY `idx_element_contact_idx1` (`element_id`,`fk_c_type_contact`,`fk_socpeople`),
  KEY `fk_element_contact_fk_c_type_contact` (`fk_c_type_contact`),
  KEY `idx_element_contact_fk_socpeople` (`fk_socpeople`),
  CONSTRAINT `fk_element_contact_fk_c_type_contact` FOREIGN KEY (`fk_c_type_contact`) REFERENCES `llxqa_c_type_contact` (`rowid`)
) ENGINE=InnoDB AUTO_INCREMENT=33 DEFAULT CHARSET=utf8;

--
-- Dumping data for table `llxqa_element_contact`
--

INSERT INTO `llxqa_element_contact` VALUES (6,'2018-12-23 18:15:44',4,3,180,1),(7,'2018-12-23 19:35:05',4,5,180,2),(8,'2018-12-25 21:17:04',4,2,160,1),(13,'2018-12-25 21:20:19',4,10,180,1),(14,'2018-12-25 21:23:43',4,11,180,1),(15,'2018-12-25 21:23:51',4,12,180,1),(16,'2018-12-25 21:45:38',4,13,180,1),(18,'2018-12-25 21:57:22',4,3,160,1),(19,'2018-12-25 21:58:18',4,4,160,1),(20,'2018-12-25 21:59:43',4,5,160,1),(21,'2018-12-25 22:00:39',4,6,160,1),(22,'2018-12-25 22:03:03',4,7,160,1),(23,'2018-12-25 22:03:21',4,8,160,1),(24,'2018-12-25 22:03:52',4,9,160,1),(27,'2019-01-15 12:22:02',4,20,41,24),(29,'2019-08-21 17:26:09',4,53,41,12),(30,'2019-09-06 20:47:25',4,54,41,50),(31,'2019-09-14 22:26:53',4,10,160,1),(32,'2019-09-16 17:41:35',4,55,41,57);

--
-- Table structure for table `llxqa_element_element`
--

CREATE TABLE `llxqa_element_element` (
  `rowid` int(11) NOT NULL AUTO_INCREMENT,
  `fk_source` int(11) NOT NULL,
  `sourcetype` varchar(32) NOT NULL,
  `fk_target` int(11) NOT NULL,
  `targettype` varchar(32) NOT NULL,
  PRIMARY KEY (`rowid`),
  UNIQUE KEY `idx_element_element_idx1` (`fk_source`,`sourcetype`,`fk_target`,`targettype`),
  KEY `idx_element_element_fk_target` (`fk_target`)
) ENGINE=InnoDB AUTO_INCREMENT=115 DEFAULT CHARSET=utf8;

--
-- Dumping data for table `llxqa_element_element`
--

INSERT INTO `llxqa_element_element` VALUES (1,1,'commande',5,'facture'),(2,2,'commande',6,'facture'),(12,3,'commande',9,'facture'),(4,4,'commande',8,'facture'),(3,5,'commande',7,'facture'),(8,5,'order_supplier',4,'invoice_supplier'),(9,6,'order_supplier',5,'invoice_supplier'),(10,7,'order_supplier',6,'invoice_supplier'),(13,8,'commande',4,'shipping'),(18,8,'commande',11,'facture'),(11,8,'order_supplier',7,'invoice_supplier'),(23,8,'shipping',14,'facture'),(32,9,'order_supplier',9,'invoice_supplier'),(14,10,'commande',5,'shipping'),(20,10,'commande',13,'facture'),(15,11,'commande',6,'shipping'),(19,11,'commande',12,'facture'),(16,12,'commande',7,'shipping'),(17,12,'commande',10,'facture'),(22,13,'commande',8,'shipping'),(24,13,'commande',14,'facture'),(25,14,'commande',9,'shipping'),(27,14,'commande',15,'facture'),(36,14,'shipping',18,'facture'),(26,15,'commande',10,'shipping'),(28,15,'commande',16,'facture'),(94,15,'commande',55,'facture'),(29,16,'commande',11,'shipping'),(38,16,'commande',19,'facture'),(31,17,'commande',12,'shipping'),(39,17,'commande',20,'facture'),(71,17,'commande',37,'facture'),(44,17,'shipping',22,'facture'),(33,18,'commande',13,'shipping'),(34,18,'commande',17,'facture'),(35,19,'commande',14,'shipping'),(37,19,'commande',18,'facture'),(40,21,'commande',15,'shipping'),(41,21,'commande',21,'facture'),(53,21,'shipping',26,'facture'),(43,22,'commande',17,'shipping'),(45,22,'commande',22,'facture'),(46,24,'commande',18,'shipping'),(48,24,'commande',23,'facture'),(47,25,'commande',19,'shipping'),(49,25,'commande',24,'facture'),(50,26,'commande',20,'shipping'),(51,26,'commande',25,'facture'),(52,27,'commande',21,'shipping'),(54,27,'commande',26,'facture'),(55,28,'commande',22,'shipping'),(56,28,'commande',27,'facture'),(57,29,'commande',23,'shipping'),(60,29,'commande',29,'facture'),(58,30,'commande',24,'shipping'),(59,30,'commande',28,'facture'),(30,39,'propal',17,'commande'),(104,39,'shipping',60,'facture'),(110,41,'shipping',63,'facture'),(62,42,'commande',31,'facture'),(113,42,'shipping',64,'facture'),(63,44,'commande',25,'shipping'),(64,44,'commande',32,'facture'),(65,45,'commande',26,'shipping'),(66,45,'commande',33,'facture'),(69,46,'commande',35,'facture'),(68,47,'commande',34,'facture'),(70,48,'commande',36,'facture'),(72,49,'commande',38,'facture'),(73,50,'commande',28,'shipping'),(79,50,'commande',43,'facture'),(74,53,'propal',40,'facture'),(75,55,'commande',29,'shipping'),(77,55,'commande',41,'facture'),(81,55,'propal',45,'facture'),(78,56,'commande',42,'facture'),(80,57,'commande',44,'facture'),(82,58,'commande',46,'facture'),(86,60,'commande',51,'facture'),(83,61,'commande',48,'facture'),(84,62,'commande',49,'facture'),(85,63,'commande',50,'facture'),(87,64,'commande',52,'facture'),(88,65,'commande',53,'facture'),(90,67,'commande',31,'shipping'),(89,67,'commande',54,'facture'),(98,68,'commande',58,'facture'),(95,70,'commande',56,'facture'),(99,71,'propal',73,'commande'),(100,73,'commande',37,'shipping'),(101,73,'commande',38,'shipping'),(102,73,'commande',59,'facture'),(103,74,'commande',39,'shipping'),(105,74,'commande',60,'facture'),(108,75,'commande',40,'shipping'),(107,75,'commande',62,'facture'),(109,76,'commande',41,'shipping'),(111,76,'commande',63,'facture'),(112,77,'commande',42,'shipping'),(114,77,'commande',64,'facture');

--
-- Table structure for table `llxqa_element_resources`
--

CREATE TABLE `llxqa_element_resources` (
  `rowid` int(11) NOT NULL AUTO_INCREMENT,
  `element_id` int(11) DEFAULT NULL,
  `element_type` varchar(64) DEFAULT NULL,
  `resource_id` int(11) DEFAULT NULL,
  `resource_type` varchar(64) DEFAULT NULL,
  `busy` int(11) DEFAULT NULL,
  `mandatory` int(11) DEFAULT NULL,
  `duree` double DEFAULT NULL,
  `fk_user_create` int(11) DEFAULT NULL,
  `tms` timestamp NOT NULL DEFAULT current_timestamp() ON UPDATE current_timestamp(),
  PRIMARY KEY (`rowid`),
  UNIQUE KEY `idx_element_resources_idx1` (`resource_id`,`resource_type`,`element_id`,`element_type`),
  KEY `idx_element_element_element_id` (`element_id`)
) ENGINE=InnoDB DEFAULT CHARSET=utf8;

--
-- Dumping data for table `llxqa_element_resources`
--


--
-- Table structure for table `llxqa_emailcollector_emailcollector`
--

CREATE TABLE `llxqa_emailcollector_emailcollector` (
  `rowid` int(11) NOT NULL AUTO_INCREMENT,
  `entity` int(11) NOT NULL DEFAULT 1,
  `ref` varchar(128) NOT NULL,
  `label` varchar(255) DEFAULT NULL,
  `description` text DEFAULT NULL,
  `host` varchar(255) DEFAULT NULL,
  `login` varchar(128) DEFAULT NULL,
  `password` varchar(128) DEFAULT NULL,
  `source_directory` varchar(255) NOT NULL,
  `target_directory` varchar(255) DEFAULT NULL,
  `datelastresult` datetime DEFAULT NULL,
  `codelastresult` varchar(16) DEFAULT NULL,
  `lastresult` varchar(255) DEFAULT NULL,
  `note_public` text DEFAULT NULL,
  `note_private` text DEFAULT NULL,
  `date_creation` datetime NOT NULL,
  `tms` timestamp NOT NULL DEFAULT current_timestamp() ON UPDATE current_timestamp(),
  `fk_user_creat` int(11) NOT NULL,
  `fk_user_modif` int(11) DEFAULT NULL,
  `import_key` varchar(14) DEFAULT NULL,
  `status` int(11) NOT NULL,
  `datelastok` datetime DEFAULT NULL,
  `maxemailpercollect` int(11) DEFAULT 100,
  PRIMARY KEY (`rowid`),
  UNIQUE KEY `uk_emailcollector_emailcollector_ref` (`ref`,`entity`),
  KEY `idx_emailcollector_entity` (`entity`),
  KEY `idx_emailcollector_status` (`status`)
) ENGINE=InnoDB DEFAULT CHARSET=latin1;

--
-- Dumping data for table `llxqa_emailcollector_emailcollector`
--


--
-- Table structure for table `llxqa_emailcollector_emailcollectoraction`
--

CREATE TABLE `llxqa_emailcollector_emailcollectoraction` (
  `rowid` int(11) NOT NULL AUTO_INCREMENT,
  `fk_emailcollector` int(11) NOT NULL,
  `type` varchar(128) NOT NULL,
  `actionparam` varchar(255) DEFAULT NULL,
  `date_creation` datetime NOT NULL,
  `tms` timestamp NOT NULL DEFAULT current_timestamp() ON UPDATE current_timestamp(),
  `fk_user_creat` int(11) NOT NULL,
  `fk_user_modif` int(11) DEFAULT NULL,
  `position` int(11) DEFAULT 0,
  `import_key` varchar(14) DEFAULT NULL,
  `status` int(11) NOT NULL,
  PRIMARY KEY (`rowid`),
  UNIQUE KEY `uk_emailcollector_emailcollectoraction` (`fk_emailcollector`,`type`),
  KEY `idx_emailcollector_fk_emailcollector` (`fk_emailcollector`),
  CONSTRAINT `fk_emailcollectoraction_fk_emailcollector` FOREIGN KEY (`fk_emailcollector`) REFERENCES `llxqa_emailcollector_emailcollector` (`rowid`)
) ENGINE=InnoDB DEFAULT CHARSET=latin1;

--
-- Dumping data for table `llxqa_emailcollector_emailcollectoraction`
--


--
-- Table structure for table `llxqa_emailcollector_emailcollectorfilter`
--

CREATE TABLE `llxqa_emailcollector_emailcollectorfilter` (
  `rowid` int(11) NOT NULL AUTO_INCREMENT,
  `fk_emailcollector` int(11) NOT NULL,
  `type` varchar(128) NOT NULL,
  `rulevalue` varchar(255) DEFAULT NULL,
  `date_creation` datetime NOT NULL,
  `tms` timestamp NOT NULL DEFAULT current_timestamp() ON UPDATE current_timestamp(),
  `fk_user_creat` int(11) NOT NULL,
  `fk_user_modif` int(11) DEFAULT NULL,
  `import_key` varchar(14) DEFAULT NULL,
  `status` int(11) NOT NULL,
  PRIMARY KEY (`rowid`),
  UNIQUE KEY `uk_emailcollector_emailcollectorfilter` (`fk_emailcollector`,`type`,`rulevalue`),
  KEY `idx_emailcollector_fk_emailcollector` (`fk_emailcollector`),
  CONSTRAINT `fk_emailcollectorfilter_fk_emailcollector` FOREIGN KEY (`fk_emailcollector`) REFERENCES `llxqa_emailcollector_emailcollector` (`rowid`)
) ENGINE=InnoDB DEFAULT CHARSET=latin1;

--
-- Dumping data for table `llxqa_emailcollector_emailcollectorfilter`
--


--
-- Table structure for table `llxqa_entrepot`
--

CREATE TABLE `llxqa_entrepot` (
  `rowid` int(11) NOT NULL AUTO_INCREMENT,
  `ref` varchar(255) NOT NULL,
  `datec` datetime DEFAULT NULL,
  `tms` timestamp NOT NULL DEFAULT current_timestamp() ON UPDATE current_timestamp(),
  `entity` int(11) NOT NULL DEFAULT 1,
  `description` text DEFAULT NULL,
  `lieu` varchar(64) DEFAULT NULL,
  `address` varchar(255) DEFAULT NULL,
  `zip` varchar(10) DEFAULT NULL,
  `town` varchar(50) DEFAULT NULL,
  `fk_departement` int(11) DEFAULT NULL,
  `fk_pays` int(11) DEFAULT 0,
  `statut` tinyint(4) DEFAULT 1,
  `fk_user_author` int(11) DEFAULT NULL,
  `model_pdf` varchar(255) DEFAULT NULL,
  `import_key` varchar(14) DEFAULT NULL,
  `fk_parent` int(11) DEFAULT 0,
  PRIMARY KEY (`rowid`),
  UNIQUE KEY `uk_entrepot_label` (`ref`,`entity`)
) ENGINE=InnoDB AUTO_INCREMENT=2 DEFAULT CHARSET=utf8;

--
-- Dumping data for table `llxqa_entrepot`
--

INSERT INTO `llxqa_entrepot` VALUES (1,'Aregua','2018-11-12 17:57:43','2018-11-12 17:57:43',1,'','Aregua','Avenida Estación Terrena','2000','Areguá,',NULL,180,1,2,NULL,NULL,NULL);

--
-- Table structure for table `llxqa_entrepot_extrafields`
--

CREATE TABLE `llxqa_entrepot_extrafields` (
  `rowid` int(11) NOT NULL AUTO_INCREMENT,
  `tms` timestamp NOT NULL DEFAULT current_timestamp() ON UPDATE current_timestamp(),
  `fk_object` int(11) NOT NULL,
  `import_key` varchar(14) DEFAULT NULL,
  PRIMARY KEY (`rowid`),
  KEY `idx_entrepot_extrafields` (`fk_object`)
) ENGINE=InnoDB DEFAULT CHARSET=latin1;

--
-- Dumping data for table `llxqa_entrepot_extrafields`
--


--
-- Table structure for table `llxqa_equipement_factory`
--

CREATE TABLE `llxqa_equipement_factory` (
  `fk_equipement` int(11) NOT NULL DEFAULT 0,
  `fk_factory` int(11) NOT NULL DEFAULT 0,
  `children` int(11) NOT NULL DEFAULT 0,
  UNIQUE KEY `uk_factory_equipement` (`fk_equipement`,`fk_factory`)
) ENGINE=InnoDB DEFAULT CHARSET=latin1;

--
-- Dumping data for table `llxqa_equipement_factory`
--


--
-- Table structure for table `llxqa_establishment`
--

CREATE TABLE `llxqa_establishment` (
  `rowid` int(11) NOT NULL AUTO_INCREMENT,
  `entity` int(11) NOT NULL DEFAULT 1,
  `name` varchar(50) DEFAULT NULL,
  `address` varchar(255) DEFAULT NULL,
  `zip` varchar(25) DEFAULT NULL,
  `town` varchar(50) DEFAULT NULL,
  `fk_state` int(11) DEFAULT 0,
  `fk_country` int(11) DEFAULT 0,
  `profid1` varchar(20) DEFAULT NULL,
  `profid2` varchar(20) DEFAULT NULL,
  `profid3` varchar(20) DEFAULT NULL,
  `phone` varchar(20) DEFAULT NULL,
  `fk_user_author` int(11) NOT NULL,
  `fk_user_mod` int(11) DEFAULT NULL,
  `datec` datetime NOT NULL,
  `tms` timestamp NOT NULL DEFAULT current_timestamp() ON UPDATE current_timestamp(),
  `status` tinyint(4) DEFAULT 1,
  PRIMARY KEY (`rowid`)
) ENGINE=InnoDB DEFAULT CHARSET=utf8;

--
-- Dumping data for table `llxqa_establishment`
--


--
-- Table structure for table `llxqa_event_element`
--

CREATE TABLE `llxqa_event_element` (
  `rowid` int(11) NOT NULL AUTO_INCREMENT,
  `fk_source` int(11) NOT NULL,
  `fk_target` int(11) NOT NULL,
  `targettype` varchar(32) NOT NULL,
  PRIMARY KEY (`rowid`)
) ENGINE=InnoDB DEFAULT CHARSET=utf8;

--
-- Dumping data for table `llxqa_event_element`
--


--
-- Table structure for table `llxqa_events`
--

CREATE TABLE `llxqa_events` (
  `rowid` int(11) NOT NULL AUTO_INCREMENT,
  `tms` timestamp NOT NULL DEFAULT current_timestamp() ON UPDATE current_timestamp(),
  `type` varchar(32) NOT NULL,
  `entity` int(11) NOT NULL DEFAULT 1,
  `dateevent` datetime DEFAULT NULL,
  `fk_user` int(11) DEFAULT NULL,
  `description` varchar(250) NOT NULL,
  `ip` varchar(250) NOT NULL,
  `user_agent` varchar(255) DEFAULT NULL,
  `fk_object` int(11) DEFAULT NULL,
  `prefix_session` varchar(255) DEFAULT NULL,
  PRIMARY KEY (`rowid`),
  KEY `idx_events_dateevent` (`dateevent`)
) ENGINE=InnoDB DEFAULT CHARSET=utf8;

--
-- Dumping data for table `llxqa_events`
--


--
-- Table structure for table `llxqa_expedition`
--

CREATE TABLE `llxqa_expedition` (
  `rowid` int(11) NOT NULL AUTO_INCREMENT,
  `tms` timestamp NOT NULL DEFAULT current_timestamp() ON UPDATE current_timestamp(),
  `ref` varchar(30) NOT NULL,
  `entity` int(11) NOT NULL DEFAULT 1,
  `fk_soc` int(11) NOT NULL,
  `fk_projet` int(11) DEFAULT NULL,
  `ref_ext` varchar(255) DEFAULT NULL,
  `ref_int` varchar(255) DEFAULT NULL,
  `ref_customer` varchar(255) DEFAULT NULL,
  `date_creation` datetime DEFAULT NULL,
  `fk_user_author` int(11) DEFAULT NULL,
  `fk_user_modif` int(11) DEFAULT NULL,
  `date_valid` datetime DEFAULT NULL,
  `fk_user_valid` int(11) DEFAULT NULL,
  `date_delivery` datetime DEFAULT NULL,
  `date_expedition` datetime DEFAULT NULL,
  `fk_address` int(11) DEFAULT NULL,
  `fk_shipping_method` int(11) DEFAULT NULL,
  `tracking_number` varchar(50) DEFAULT NULL,
  `fk_statut` smallint(6) DEFAULT 0,
  `billed` smallint(6) DEFAULT 0,
  `height` float DEFAULT NULL,
  `width` float DEFAULT NULL,
  `size_units` int(11) DEFAULT NULL,
  `size` float DEFAULT NULL,
  `weight_units` int(11) DEFAULT NULL,
  `weight` float DEFAULT NULL,
  `note_private` text DEFAULT NULL,
  `note_public` text DEFAULT NULL,
  `model_pdf` varchar(255) DEFAULT NULL,
  `last_main_doc` varchar(255) DEFAULT NULL,
  `fk_incoterms` int(11) DEFAULT NULL,
  `location_incoterms` varchar(255) DEFAULT NULL,
  `import_key` varchar(14) DEFAULT NULL,
  `extraparams` varchar(255) DEFAULT NULL,
  PRIMARY KEY (`rowid`),
  UNIQUE KEY `idx_expedition_uk_ref` (`ref`,`entity`),
  KEY `idx_expedition_fk_soc` (`fk_soc`),
  KEY `idx_expedition_fk_user_author` (`fk_user_author`),
  KEY `idx_expedition_fk_user_valid` (`fk_user_valid`),
  KEY `idx_expedition_fk_shipping_method` (`fk_shipping_method`),
  CONSTRAINT `fk_expedition_fk_shipping_method` FOREIGN KEY (`fk_shipping_method`) REFERENCES `llxqa_c_shipment_mode` (`rowid`),
  CONSTRAINT `fk_expedition_fk_soc` FOREIGN KEY (`fk_soc`) REFERENCES `llxqa_societe` (`rowid`),
  CONSTRAINT `fk_expedition_fk_user_author` FOREIGN KEY (`fk_user_author`) REFERENCES `llxqa_user` (`rowid`),
  CONSTRAINT `fk_expedition_fk_user_valid` FOREIGN KEY (`fk_user_valid`) REFERENCES `llxqa_user` (`rowid`)
) ENGINE=InnoDB AUTO_INCREMENT=43 DEFAULT CHARSET=utf8;

--
-- Dumping data for table `llxqa_expedition`
--

INSERT INTO `llxqa_expedition` VALUES (4,'2019-01-18 19:19:00','SH1901-0001',1,80,0,NULL,NULL,NULL,'2019-01-18 19:18:10',2,NULL,'2019-01-18 19:19:00',2,'2019-01-23 00:00:00',NULL,NULL,NULL,'',1,0,NULL,NULL,0,NULL,0,NULL,NULL,NULL,NULL,NULL,0,'',NULL,NULL),(5,'2019-01-22 11:33:03','SH1901-0002',1,81,0,NULL,NULL,NULL,'2019-01-22 11:32:38',2,NULL,'2019-01-22 11:33:03',2,'2019-01-23 00:00:00',NULL,NULL,NULL,'',1,0,NULL,NULL,0,NULL,0,NULL,NULL,NULL,NULL,NULL,0,'',NULL,NULL),(6,'2019-01-22 11:48:18','SH1901-0003',1,81,0,NULL,NULL,NULL,'2019-01-22 11:47:58',2,NULL,'2019-01-22 11:48:18',2,'2019-01-23 00:00:00',NULL,NULL,NULL,'',1,0,NULL,NULL,0,NULL,0,NULL,NULL,NULL,NULL,NULL,0,'',NULL,NULL),(7,'2019-01-22 18:21:31','SH1901-0004',1,82,0,NULL,NULL,NULL,'2019-01-22 18:10:19',2,NULL,'2019-01-22 18:21:31',2,'2019-01-23 00:00:00',NULL,NULL,NULL,'',1,0,NULL,NULL,0,NULL,0,NULL,NULL,NULL,'rouget',NULL,0,'',NULL,NULL),(8,'2019-01-24 12:32:44','SH1901-0005',1,101,0,NULL,NULL,NULL,'2019-01-24 12:32:00',2,NULL,'2019-01-24 12:32:44',2,'2019-01-23 00:00:00',NULL,NULL,NULL,'',1,0,NULL,NULL,0,NULL,0,NULL,NULL,NULL,NULL,NULL,0,'',NULL,NULL),(9,'2019-01-29 13:58:48','SH1901-0006',1,109,0,NULL,NULL,NULL,'2019-01-29 13:52:26',2,NULL,'2019-01-29 13:58:48',2,'2019-01-30 00:00:00',NULL,NULL,NULL,'',1,0,NULL,NULL,0,NULL,0,NULL,NULL,NULL,'rouget',NULL,0,'',NULL,NULL),(10,'2019-01-29 20:13:20','SH1901-0007',1,99,0,NULL,NULL,NULL,'2019-01-29 20:13:10',2,NULL,'2019-01-29 20:13:20',2,'2019-01-30 00:00:00',NULL,NULL,NULL,'',1,0,NULL,NULL,0,NULL,0,NULL,NULL,NULL,NULL,NULL,0,'',NULL,NULL),(11,'2019-02-05 14:09:18','SH1902-0008',1,147,1,NULL,NULL,NULL,'2019-02-05 14:08:21',2,NULL,'2019-02-05 14:09:18',2,'2019-02-07 00:00:00',NULL,NULL,NULL,'',1,0,NULL,NULL,0,NULL,0,NULL,NULL,NULL,NULL,NULL,0,'',NULL,NULL),(12,'2019-02-05 17:17:18','SH1902-0009',1,144,0,NULL,NULL,NULL,'2019-02-05 17:01:25',2,NULL,'2019-02-05 17:17:18',2,'2019-02-07 00:00:00',NULL,NULL,NULL,'',1,0,NULL,NULL,0,NULL,0,NULL,NULL,NULL,NULL,NULL,0,'',NULL,NULL),(13,'2019-02-07 16:32:13','SH1902-0010',1,94,0,NULL,NULL,NULL,'2019-02-07 16:31:41',2,NULL,'2019-02-07 16:32:13',2,'2019-02-06 00:00:00',NULL,NULL,NULL,'',1,0,NULL,NULL,0,NULL,0,NULL,NULL,NULL,NULL,NULL,0,'',NULL,NULL),(14,'2019-02-07 18:41:46','SH1902-0011',1,94,0,NULL,NULL,NULL,'2019-02-07 18:40:23',2,NULL,'2019-02-07 18:41:46',2,'2019-02-07 00:00:00',NULL,NULL,NULL,'',1,0,NULL,NULL,0,NULL,0,NULL,NULL,NULL,NULL,NULL,0,'',NULL,NULL),(15,'2019-02-12 12:57:16','SH1902-0012',1,101,0,NULL,NULL,NULL,'2019-02-12 12:57:01',2,NULL,'2019-02-12 12:57:16',2,'2019-02-10 00:00:00',NULL,NULL,NULL,'',1,0,NULL,NULL,0,NULL,0,NULL,NULL,NULL,NULL,NULL,0,'',NULL,NULL),(17,'2019-02-19 18:22:56','SH1902-0013',1,101,0,NULL,NULL,NULL,'2019-02-19 18:22:41',2,NULL,'2019-02-19 18:22:56',2,'2019-02-15 00:00:00',NULL,NULL,NULL,'',1,0,NULL,NULL,0,NULL,0,NULL,NULL,NULL,NULL,NULL,0,'',NULL,NULL),(18,'2019-02-20 17:09:29','SH1902-0014',1,81,0,NULL,NULL,NULL,'2019-02-20 17:09:11',2,NULL,'2019-02-20 17:09:29',2,'2019-02-21 00:00:00',NULL,NULL,NULL,'',1,0,NULL,NULL,0,NULL,0,NULL,NULL,NULL,NULL,NULL,0,'',NULL,NULL),(19,'2019-02-20 17:36:57','SH1902-0015',1,80,0,NULL,NULL,NULL,'2019-02-20 17:36:43',2,NULL,'2019-02-20 17:36:57',2,'2019-02-21 00:00:00',NULL,NULL,NULL,'',1,0,NULL,NULL,0,NULL,0,NULL,NULL,NULL,NULL,NULL,0,'',NULL,NULL),(20,'2019-02-28 19:10:16','SH1902-0016',1,82,0,NULL,NULL,NULL,'2019-02-28 19:10:03',2,NULL,'2019-02-28 19:10:16',2,'2019-03-01 00:00:00',NULL,NULL,NULL,'',1,0,NULL,NULL,0,NULL,0,NULL,NULL,NULL,NULL,NULL,0,'',NULL,NULL),(21,'2019-03-22 19:16:49','SH1903-0017',1,81,0,NULL,NULL,NULL,'2019-03-22 19:16:18',2,NULL,'2019-03-22 19:16:49',2,'2019-03-23 00:00:00',NULL,NULL,NULL,'',1,0,NULL,NULL,0,NULL,0,NULL,NULL,NULL,'rouget',NULL,0,'',NULL,NULL),(22,'2019-03-29 15:50:35','SH1903-0018',1,93,0,NULL,NULL,NULL,'2019-03-29 15:50:25',2,NULL,'2019-03-29 15:50:35',2,'2019-03-28 00:00:00',NULL,NULL,NULL,'',1,0,NULL,NULL,0,NULL,0,NULL,NULL,NULL,NULL,NULL,0,'',NULL,NULL),(23,'2019-04-04 15:05:42','SH1904-0020',1,80,0,NULL,NULL,NULL,'2019-04-02 15:42:20',2,NULL,'2019-04-04 15:05:42',2,'2019-04-02 00:00:00',NULL,NULL,NULL,'',1,0,NULL,NULL,0,NULL,0,NULL,NULL,NULL,'rouget',NULL,0,'',NULL,NULL),(24,'2019-04-02 16:47:36','SH1904-0019',1,164,0,NULL,NULL,NULL,'2019-04-02 16:47:21',2,NULL,'2019-04-02 16:47:36',2,'2019-04-02 00:00:00',NULL,NULL,NULL,'',1,0,NULL,NULL,0,NULL,0,NULL,NULL,NULL,NULL,NULL,0,'',NULL,NULL),(25,'2019-07-02 16:06:55','SH1907-0021',1,82,0,NULL,NULL,NULL,'2019-07-02 16:04:29',2,NULL,'2019-07-02 16:06:55',2,'2019-07-03 00:00:00',NULL,NULL,9,'',1,0,NULL,NULL,0,NULL,0,NULL,NULL,NULL,'rouget',NULL,0,'',NULL,NULL),(26,'2019-07-05 13:44:09','SH1907-0022',1,81,0,NULL,NULL,NULL,'2019-07-05 13:42:58',2,NULL,'2019-07-05 13:44:09',2,'2019-07-03 00:00:00',NULL,NULL,NULL,'',1,0,NULL,NULL,0,NULL,0,NULL,NULL,NULL,NULL,NULL,0,'',NULL,NULL),(28,'2019-08-06 15:12:58','(PROV28)',1,176,0,NULL,NULL,NULL,'2019-08-06 15:12:49',2,NULL,NULL,NULL,'2019-09-25 00:00:00',NULL,NULL,2,'',0,0,NULL,NULL,8,NULL,6,NULL,NULL,NULL,'rouget',NULL,0,'',NULL,NULL),(29,'2019-09-16 19:20:34','SH1909-0023',1,80,0,NULL,NULL,NULL,'2019-09-16 19:20:15',2,NULL,'2019-09-16 19:20:34',2,'2019-09-17 00:00:00',NULL,NULL,NULL,'',1,0,NULL,NULL,8,NULL,6,NULL,NULL,NULL,NULL,NULL,0,'',NULL,NULL),(31,'2020-05-16 21:09:11','SH2005-0024',1,234,0,NULL,NULL,NULL,'2020-05-16 21:09:02',1,NULL,'2020-05-16 21:09:11',1,'2020-05-08 00:00:00',NULL,NULL,NULL,'',1,0,NULL,NULL,0,NULL,0,NULL,NULL,NULL,NULL,NULL,0,'',NULL,NULL),(37,'2020-07-03 17:53:23','SH2007-0025',1,237,0,NULL,NULL,NULL,'2020-07-03 17:53:12',2,NULL,'2020-07-03 17:53:23',2,NULL,NULL,NULL,NULL,'',1,0,NULL,NULL,0,NULL,0,NULL,NULL,NULL,NULL,NULL,0,'',NULL,NULL),(38,'2020-07-03 18:21:11','SH2007-0026',1,237,0,NULL,NULL,NULL,'2020-07-03 18:14:30',2,NULL,'2020-07-03 18:21:11',2,NULL,NULL,NULL,NULL,'',1,0,NULL,NULL,0,NULL,0,NULL,NULL,NULL,NULL,NULL,0,'',NULL,NULL),(39,'2020-07-06 20:17:22','SH2007-0027',1,239,0,NULL,NULL,NULL,'2020-07-06 20:17:05',2,NULL,'2020-07-06 20:17:22',2,'2020-07-06 00:00:00',NULL,NULL,NULL,'',1,0,NULL,NULL,0,NULL,0,NULL,NULL,NULL,NULL,NULL,0,'',NULL,NULL),(40,'2020-08-19 12:44:06','SH2008-0028',1,240,0,NULL,NULL,NULL,'2020-08-19 12:42:56',2,NULL,'2020-08-19 12:44:06',2,NULL,NULL,NULL,NULL,'',1,0,NULL,NULL,0,NULL,0,NULL,NULL,NULL,'rouget',NULL,0,'',NULL,NULL),(41,'2020-09-15 17:22:12','SH2009-0029',1,237,0,NULL,NULL,NULL,'2020-09-15 17:21:48',2,NULL,'2020-09-15 17:22:12',2,'2020-09-15 00:00:00',NULL,NULL,NULL,'',1,0,NULL,NULL,0,NULL,0,NULL,NULL,NULL,NULL,NULL,0,'',NULL,NULL),(42,'2020-10-20 19:22:09','SH2010-0030',1,237,0,NULL,NULL,NULL,'2020-10-20 19:20:54',2,NULL,'2020-10-20 19:22:09',2,'2020-10-20 00:00:00',NULL,NULL,NULL,'',1,0,NULL,NULL,0,NULL,0,NULL,NULL,NULL,'rouget',NULL,0,'',NULL,NULL);

--
-- Table structure for table `llxqa_expedition_extrafields`
--

CREATE TABLE `llxqa_expedition_extrafields` (
  `rowid` int(11) NOT NULL AUTO_INCREMENT,
  `tms` timestamp NOT NULL DEFAULT current_timestamp() ON UPDATE current_timestamp(),
  `fk_object` int(11) NOT NULL,
  `import_key` varchar(14) DEFAULT NULL,
  PRIMARY KEY (`rowid`),
  KEY `idx_expedition_extrafields` (`fk_object`)
) ENGINE=InnoDB DEFAULT CHARSET=utf8;

--
-- Dumping data for table `llxqa_expedition_extrafields`
--


--
-- Table structure for table `llxqa_expedition_package`
--

CREATE TABLE `llxqa_expedition_package` (
  `rowid` int(11) NOT NULL AUTO_INCREMENT,
  `fk_expedition` int(11) NOT NULL,
  `description` varchar(255) DEFAULT NULL,
  `value` double(24,8) DEFAULT 0.00000000,
  `fk_parcel_type` int(11) DEFAULT NULL,
  `height` float DEFAULT NULL,
  `width` float DEFAULT NULL,
  `size` float DEFAULT NULL,
  `size_units` int(11) DEFAULT NULL,
  `weight` float DEFAULT NULL,
  `weight_units` int(11) DEFAULT NULL,
  `dangerous_goods` smallint(6) DEFAULT 0,
  `tail_lift` smallint(6) DEFAULT 0,
  `rang` int(11) DEFAULT 0,
  PRIMARY KEY (`rowid`)
) ENGINE=InnoDB DEFAULT CHARSET=latin1;

--
-- Dumping data for table `llxqa_expedition_package`
--


--
-- Table structure for table `llxqa_expeditiondet`
--

CREATE TABLE `llxqa_expeditiondet` (
  `rowid` int(11) NOT NULL AUTO_INCREMENT,
  `fk_expedition` int(11) NOT NULL,
  `fk_origin_line` int(11) DEFAULT NULL,
  `fk_entrepot` int(11) DEFAULT NULL,
  `qty` double DEFAULT NULL,
  `rang` int(11) DEFAULT 0,
  PRIMARY KEY (`rowid`),
  KEY `idx_expeditiondet_fk_expedition` (`fk_expedition`),
  KEY `idx_expeditiondet_fk_origin_line` (`fk_origin_line`),
  CONSTRAINT `fk_expeditiondet_fk_expedition` FOREIGN KEY (`fk_expedition`) REFERENCES `llxqa_expedition` (`rowid`)
) ENGINE=InnoDB AUTO_INCREMENT=160 DEFAULT CHARSET=utf8;

--
-- Dumping data for table `llxqa_expeditiondet`
--

INSERT INTO `llxqa_expeditiondet` VALUES (7,4,12,1,24,0),(8,4,13,1,48,0),(9,4,14,1,48,0),(10,4,15,1,72,0),(11,4,16,1,6,0),(12,5,19,1,36,0),(13,6,20,1,24,0),(14,7,21,1,18,0),(15,8,22,1,12,0),(16,8,23,1,12,0),(17,8,24,1,6,0),(18,8,25,1,6,0),(19,8,26,1,12,0),(20,8,27,1,18,0),(21,8,28,1,12,0),(22,9,29,1,6,0),(23,9,30,1,6,0),(24,9,31,1,6,0),(25,9,32,1,6,0),(26,9,33,1,3,0),(27,9,34,1,3,0),(28,10,35,1,12,0),(29,10,36,1,12,0),(30,10,37,1,6,0),(31,10,38,1,6,0),(32,10,39,1,6,0),(33,10,40,1,6,0),(34,11,41,1,12,0),(35,11,42,1,12,0),(36,12,43,1,12,0),(37,12,44,1,12,0),(38,12,45,1,6,0),(39,12,46,1,6,0),(40,12,47,1,6,0),(41,12,48,1,18,0),(42,12,49,1,12,0),(43,13,50,1,12,0),(44,13,51,1,12,0),(45,13,52,1,6,0),(46,14,53,1,36,0),(47,14,54,1,12,0),(48,15,55,1,12,0),(49,15,56,1,12,0),(52,17,57,1,12,0),(53,17,58,1,24,0),(54,18,60,1,12,0),(55,18,61,1,24,0),(56,18,62,1,36,0),(57,18,63,1,6,0),(58,19,64,1,36,0),(59,19,65,1,24,0),(60,19,66,1,72,0),(61,19,67,1,3,0),(62,19,68,1,3,0),(63,20,69,1,18,0),(64,21,70,1,36,0),(65,21,71,1,180,0),(66,21,72,1,12,0),(67,22,73,1,12,0),(68,22,74,1,6,0),(69,22,75,1,6,0),(70,22,76,1,12,0),(71,22,77,1,12,0),(72,22,78,1,6,0),(73,23,79,1,12,0),(74,23,80,1,24,0),(75,23,81,1,24,0),(76,23,82,1,72,0),(77,23,83,1,6,0),(78,23,84,1,6,0),(79,23,85,1,6,0),(80,24,86,1,12,0),(81,24,87,1,6,0),(82,24,88,1,12,0),(83,24,89,1,12,0),(84,24,90,1,6,0),(85,25,127,1,6,0),(86,25,128,1,12,0),(87,25,129,1,3,0),(88,26,130,1,24,0),(89,26,131,1,6,0),(90,26,132,1,6,0),(94,28,156,1,1800,0),(95,28,160,1,612,0),(96,28,162,1,564,0),(97,29,175,1,24,0),(98,29,176,1,6,0),(99,29,177,1,6,0),(100,29,178,1,6,0),(103,31,226,1,1,2),(104,31,227,1,1,3),(105,31,233,1,3,0),(106,31,234,1,3,10),(107,31,235,1,1,11),(131,37,287,1,408,0),(132,37,288,1,408,0),(133,37,289,1,408,0),(134,38,290,1,408,0),(135,38,291,1,36,0),(136,38,292,1,48,6),(137,38,293,1,72,7),(138,39,294,1,12,0),(139,39,295,1,12,0),(140,40,296,1,6,1),(141,40,297,1,6,0),(142,40,298,1,6,3),(143,40,299,1,9,0),(144,40,300,1,12,0),(145,40,301,1,12,0),(146,40,302,1,12,0),(147,40,303,1,12,0),(148,40,305,1,3,9),(149,41,306,1,60,0),(150,41,307,1,60,0),(151,41,308,1,6,3),(152,41,310,1,36,0),(153,41,311,1,18,5),(154,42,312,1,60,0),(155,42,313,1,18,2),(156,42,314,1,60,0),(157,42,315,1,84,0),(158,42,316,1,144,0),(159,42,318,1,120,6);

--
-- Table structure for table `llxqa_expeditiondet_batch`
--

CREATE TABLE `llxqa_expeditiondet_batch` (
  `rowid` int(11) NOT NULL AUTO_INCREMENT,
  `fk_expeditiondet` int(11) NOT NULL,
  `eatby` date DEFAULT NULL,
  `sellby` date DEFAULT NULL,
  `batch` varchar(30) DEFAULT NULL,
  `qty` double NOT NULL DEFAULT 0,
  `fk_origin_stock` int(11) NOT NULL,
  PRIMARY KEY (`rowid`),
  KEY `idx_fk_expeditiondet` (`fk_expeditiondet`),
  CONSTRAINT `fk_expeditiondet_batch_fk_expeditiondet` FOREIGN KEY (`fk_expeditiondet`) REFERENCES `llxqa_expeditiondet` (`rowid`)
) ENGINE=InnoDB AUTO_INCREMENT=36 DEFAULT CHARSET=utf8;

--
-- Dumping data for table `llxqa_expeditiondet_batch`
--

INSERT INTO `llxqa_expeditiondet_batch` VALUES (3,105,NULL,NULL,'LL-TL-1812-01',3,2),(16,131,NULL,NULL,'Milk bottles',408,12),(17,132,NULL,NULL,'Milk bottles',408,9),(18,133,NULL,NULL,'Milk bottles',408,8),(19,134,NULL,NULL,'Milk bottles',408,17),(20,135,NULL,NULL,'001',36,6),(21,138,NULL,NULL,'Flip top bottles',12,14),(22,139,NULL,NULL,'Flip top bottles',12,16),(23,141,NULL,NULL,'001',6,6),(24,143,NULL,NULL,'AD1905/01',9,18),(25,144,NULL,NULL,'Milk bottles',12,12),(26,145,NULL,NULL,'Milk bottles',12,8),(27,146,NULL,NULL,'Milk bottles',12,9),(28,147,NULL,NULL,'Milk bottles',12,17),(29,149,NULL,NULL,'Milk bottles',60,8),(30,150,NULL,NULL,'Milk bottles',60,9),(31,152,NULL,NULL,'001',36,6),(32,154,NULL,NULL,'001',60,6),(33,156,NULL,NULL,'Milk bottles',60,17),(34,157,NULL,NULL,'Milk bottles',84,8),(35,158,NULL,NULL,'Milk bottles',144,9);

--
-- Table structure for table `llxqa_expeditiondet_extrafields`
--

CREATE TABLE `llxqa_expeditiondet_extrafields` (
  `rowid` int(11) NOT NULL AUTO_INCREMENT,
  `tms` timestamp NOT NULL DEFAULT current_timestamp() ON UPDATE current_timestamp(),
  `fk_object` int(11) NOT NULL,
  `import_key` varchar(14) DEFAULT NULL,
  PRIMARY KEY (`rowid`),
  KEY `idx_expeditiondet_extrafields` (`fk_object`)
) ENGINE=InnoDB DEFAULT CHARSET=utf8;

--
-- Dumping data for table `llxqa_expeditiondet_extrafields`
--


--
-- Table structure for table `llxqa_expensereport`
--

CREATE TABLE `llxqa_expensereport` (
  `rowid` int(11) NOT NULL AUTO_INCREMENT,
  `ref` varchar(50) NOT NULL,
  `entity` int(11) NOT NULL DEFAULT 1,
  `ref_number_int` int(11) DEFAULT NULL,
  `ref_ext` int(11) DEFAULT NULL,
  `total_ht` double(24,8) DEFAULT 0.00000000,
  `total_tva` double(24,8) DEFAULT 0.00000000,
  `localtax1` double(24,8) DEFAULT 0.00000000,
  `localtax2` double(24,8) DEFAULT 0.00000000,
  `total_ttc` double(24,8) DEFAULT 0.00000000,
  `date_debut` date NOT NULL,
  `date_fin` date NOT NULL,
  `date_create` datetime NOT NULL,
  `date_valid` datetime DEFAULT NULL,
  `date_approve` datetime DEFAULT NULL,
  `date_refuse` datetime DEFAULT NULL,
  `date_cancel` datetime DEFAULT NULL,
  `tms` timestamp NOT NULL DEFAULT current_timestamp() ON UPDATE current_timestamp(),
  `fk_user_author` int(11) NOT NULL,
  `fk_user_modif` int(11) DEFAULT NULL,
  `fk_user_valid` int(11) DEFAULT NULL,
  `fk_user_validator` int(11) DEFAULT NULL,
  `fk_user_approve` int(11) DEFAULT NULL,
  `fk_user_refuse` int(11) DEFAULT NULL,
  `fk_user_cancel` int(11) DEFAULT NULL,
  `fk_statut` int(11) NOT NULL,
  `fk_c_paiement` int(11) DEFAULT NULL,
  `paid` smallint(6) NOT NULL DEFAULT 0,
  `note_public` text DEFAULT NULL,
  `note_private` text DEFAULT NULL,
  `detail_refuse` varchar(255) DEFAULT NULL,
  `detail_cancel` varchar(255) DEFAULT NULL,
  `integration_compta` int(11) DEFAULT NULL,
  `fk_bank_account` int(11) DEFAULT NULL,
  `model_pdf` varchar(50) DEFAULT NULL,
  `fk_multicurrency` int(11) DEFAULT NULL,
  `multicurrency_code` varchar(255) DEFAULT NULL,
  `multicurrency_tx` double(24,8) DEFAULT 1.00000000,
  `multicurrency_total_ht` double(24,8) DEFAULT 0.00000000,
  `multicurrency_total_tva` double(24,8) DEFAULT 0.00000000,
  `multicurrency_total_ttc` double(24,8) DEFAULT 0.00000000,
  `import_key` varchar(14) DEFAULT NULL,
  `extraparams` varchar(255) DEFAULT NULL,
  PRIMARY KEY (`rowid`),
  UNIQUE KEY `idx_expensereport_uk_ref` (`ref`,`entity`),
  KEY `idx_expensereport_date_debut` (`date_debut`),
  KEY `idx_expensereport_date_fin` (`date_fin`),
  KEY `idx_expensereport_fk_statut` (`fk_statut`),
  KEY `idx_expensereport_fk_user_author` (`fk_user_author`),
  KEY `idx_expensereport_fk_user_valid` (`fk_user_valid`),
  KEY `idx_expensereport_fk_user_approve` (`fk_user_approve`),
  KEY `idx_expensereport_fk_refuse` (`fk_user_approve`)
) ENGINE=InnoDB AUTO_INCREMENT=2 DEFAULT CHARSET=utf8;

--
-- Dumping data for table `llxqa_expensereport`
--

INSERT INTO `llxqa_expensereport` VALUES (1,'(PROV1)',1,NULL,NULL,0.00000000,0.00000000,0.00000000,0.00000000,0.00000000,'2018-12-24','2018-12-29','2018-12-23 19:57:25',NULL,NULL,NULL,NULL,'2018-12-23 19:57:25',1,NULL,NULL,NULL,NULL,NULL,NULL,0,NULL,0,NULL,NULL,NULL,NULL,NULL,NULL,NULL,NULL,NULL,1.00000000,0.00000000,0.00000000,0.00000000,NULL,NULL);

--
-- Table structure for table `llxqa_expensereport_det`
--

CREATE TABLE `llxqa_expensereport_det` (
  `rowid` int(11) NOT NULL AUTO_INCREMENT,
  `fk_expensereport` int(11) NOT NULL,
  `docnumber` varchar(128) DEFAULT NULL,
  `fk_c_type_fees` int(11) NOT NULL,
  `fk_c_exp_tax_cat` int(11) DEFAULT NULL,
  `fk_projet` int(11) DEFAULT NULL,
  `comments` text NOT NULL,
  `product_type` int(11) DEFAULT -1,
  `qty` double NOT NULL,
  `subprice` double(24,8) NOT NULL DEFAULT 0.00000000,
  `value_unit` double(24,8) NOT NULL,
  `remise_percent` double DEFAULT NULL,
  `vat_src_code` varchar(10) DEFAULT '',
  `tva_tx` double(6,3) DEFAULT NULL,
  `localtax1_tx` double(6,3) DEFAULT 0.000,
  `localtax1_type` varchar(10) DEFAULT NULL,
  `localtax2_tx` double(6,3) DEFAULT 0.000,
  `localtax2_type` varchar(10) DEFAULT NULL,
  `total_ht` double(24,8) NOT NULL DEFAULT 0.00000000,
  `total_tva` double(24,8) NOT NULL DEFAULT 0.00000000,
  `total_localtax1` double(24,8) DEFAULT 0.00000000,
  `total_localtax2` double(24,8) DEFAULT 0.00000000,
  `total_ttc` double(24,8) NOT NULL DEFAULT 0.00000000,
  `date` date NOT NULL,
  `info_bits` int(11) DEFAULT 0,
  `special_code` int(11) DEFAULT 0,
  `fk_multicurrency` int(11) DEFAULT NULL,
  `multicurrency_code` varchar(255) DEFAULT NULL,
  `multicurrency_subprice` double(24,8) DEFAULT 0.00000000,
  `multicurrency_total_ht` double(24,8) DEFAULT 0.00000000,
  `multicurrency_total_tva` double(24,8) DEFAULT 0.00000000,
  `multicurrency_total_ttc` double(24,8) DEFAULT 0.00000000,
  `fk_facture` int(11) DEFAULT 0,
  `fk_code_ventilation` int(11) DEFAULT 0,
  `rang` int(11) DEFAULT 0,
  `import_key` varchar(14) DEFAULT NULL,
  `rule_warning_message` text DEFAULT NULL,
  `fk_ecm_files` int(11) DEFAULT NULL,
  PRIMARY KEY (`rowid`)
) ENGINE=InnoDB DEFAULT CHARSET=utf8;

--
-- Dumping data for table `llxqa_expensereport_det`
--


--
-- Table structure for table `llxqa_expensereport_extrafields`
--

CREATE TABLE `llxqa_expensereport_extrafields` (
  `rowid` int(11) NOT NULL AUTO_INCREMENT,
  `tms` timestamp NOT NULL DEFAULT current_timestamp() ON UPDATE current_timestamp(),
  `fk_object` int(11) NOT NULL,
  `import_key` varchar(14) DEFAULT NULL,
  PRIMARY KEY (`rowid`),
  KEY `idx_expensereport_extrafields` (`fk_object`)
) ENGINE=InnoDB DEFAULT CHARSET=utf8;

--
-- Dumping data for table `llxqa_expensereport_extrafields`
--


--
-- Table structure for table `llxqa_expensereport_ik`
--

CREATE TABLE `llxqa_expensereport_ik` (
  `rowid` int(11) NOT NULL AUTO_INCREMENT,
  `datec` datetime DEFAULT NULL,
  `tms` timestamp NOT NULL DEFAULT current_timestamp() ON UPDATE current_timestamp(),
  `fk_c_exp_tax_cat` int(11) NOT NULL DEFAULT 0,
  `fk_range` int(11) NOT NULL DEFAULT 0,
  `coef` double NOT NULL DEFAULT 0,
  `ikoffset` double NOT NULL DEFAULT 0,
  `active` int(11) DEFAULT 1,
  PRIMARY KEY (`rowid`)
) ENGINE=InnoDB AUTO_INCREMENT=16 DEFAULT CHARSET=utf8;

--
-- Dumping data for table `llxqa_expensereport_ik`
--

INSERT INTO `llxqa_expensereport_ik` VALUES (1,NULL,'2018-11-09 13:21:38',4,1,0.41,0,1),(2,NULL,'2018-11-09 13:21:38',4,2,0.244,824,1),(3,NULL,'2018-11-09 13:21:38',4,3,0.286,0,1),(4,NULL,'2018-11-09 13:21:38',5,4,0.493,0,1),(5,NULL,'2018-11-09 13:21:38',5,5,0.277,1082,1),(6,NULL,'2018-11-09 13:21:38',5,6,0.332,0,1),(7,NULL,'2018-11-09 13:21:38',6,7,0.543,0,1),(8,NULL,'2018-11-09 13:21:38',6,8,0.305,1180,1),(9,NULL,'2018-11-09 13:21:38',6,9,0.364,0,1),(10,NULL,'2018-11-09 13:21:38',7,10,0.568,0,1),(11,NULL,'2018-11-09 13:21:38',7,11,0.32,1244,1),(12,NULL,'2018-11-09 13:21:38',7,12,0.382,0,1),(13,NULL,'2018-11-09 13:21:38',8,13,0.595,0,1),(14,NULL,'2018-11-09 13:21:38',8,14,0.337,1288,1),(15,NULL,'2018-11-09 13:21:38',8,15,0.401,0,1);

--
-- Table structure for table `llxqa_expensereport_rules`
--

CREATE TABLE `llxqa_expensereport_rules` (
  `rowid` int(11) NOT NULL AUTO_INCREMENT,
  `datec` datetime DEFAULT NULL,
  `tms` timestamp NOT NULL DEFAULT current_timestamp() ON UPDATE current_timestamp(),
  `dates` datetime NOT NULL,
  `datee` datetime NOT NULL,
  `amount` double(24,8) NOT NULL,
  `restrictive` tinyint(4) NOT NULL,
  `fk_user` int(11) DEFAULT NULL,
  `fk_usergroup` int(11) DEFAULT NULL,
  `fk_c_type_fees` int(11) NOT NULL,
  `code_expense_rules_type` varchar(50) NOT NULL,
  `is_for_all` tinyint(4) DEFAULT 0,
  `entity` int(11) DEFAULT 1,
  PRIMARY KEY (`rowid`)
) ENGINE=InnoDB DEFAULT CHARSET=utf8;

--
-- Dumping data for table `llxqa_expensereport_rules`
--


--
-- Table structure for table `llxqa_export_compta`
--

CREATE TABLE `llxqa_export_compta` (
  `rowid` int(11) NOT NULL AUTO_INCREMENT,
  `ref` varchar(12) NOT NULL,
  `date_export` datetime NOT NULL,
  `fk_user` int(11) NOT NULL,
  `note` text DEFAULT NULL,
  PRIMARY KEY (`rowid`)
) ENGINE=InnoDB DEFAULT CHARSET=utf8;

--
-- Dumping data for table `llxqa_export_compta`
--


--
-- Table structure for table `llxqa_export_model`
--

CREATE TABLE `llxqa_export_model` (
  `rowid` int(11) NOT NULL AUTO_INCREMENT,
  `fk_user` int(11) NOT NULL DEFAULT 0,
  `label` varchar(50) NOT NULL,
  `type` varchar(20) NOT NULL,
  `field` text NOT NULL,
  `filter` text DEFAULT NULL,
  PRIMARY KEY (`rowid`),
  UNIQUE KEY `uk_export_model` (`label`,`type`)
) ENGINE=InnoDB DEFAULT CHARSET=utf8;

--
-- Dumping data for table `llxqa_export_model`
--


--
-- Table structure for table `llxqa_extrafields`
--

CREATE TABLE `llxqa_extrafields` (
  `rowid` int(11) NOT NULL AUTO_INCREMENT,
  `name` varchar(64) NOT NULL,
  `entity` int(11) NOT NULL DEFAULT 1,
  `elementtype` varchar(64) NOT NULL DEFAULT 'member',
  `label` varchar(255) NOT NULL,
  `type` varchar(8) DEFAULT NULL,
  `size` varchar(8) DEFAULT NULL,
  `fieldcomputed` text DEFAULT NULL,
  `fielddefault` varchar(255) DEFAULT NULL,
  `fieldunique` int(11) DEFAULT 0,
  `fieldrequired` int(11) DEFAULT 0,
  `perms` varchar(255) DEFAULT NULL,
  `enabled` varchar(255) DEFAULT NULL,
  `pos` int(11) DEFAULT 0,
  `alwayseditable` int(11) DEFAULT 0,
  `param` text DEFAULT NULL,
  `list` varchar(128) DEFAULT NULL,
  `totalizable` tinyint(1) DEFAULT 0,
  `langs` varchar(64) DEFAULT NULL,
  `fk_user_author` int(11) DEFAULT NULL,
  `fk_user_modif` int(11) DEFAULT NULL,
  `datec` datetime DEFAULT NULL,
  `tms` timestamp NOT NULL DEFAULT current_timestamp() ON UPDATE current_timestamp(),
  `help` text DEFAULT NULL,
  `printable` tinyint(1) DEFAULT 0,
  PRIMARY KEY (`rowid`),
  UNIQUE KEY `uk_extrafields_name` (`name`,`entity`,`elementtype`)
) ENGINE=InnoDB DEFAULT CHARSET=utf8;

--
-- Dumping data for table `llxqa_extrafields`
--


--
-- Table structure for table `llxqa_factory`
--

CREATE TABLE `llxqa_factory` (
  `rowid` int(11) NOT NULL AUTO_INCREMENT,
  `ref` varchar(30) NOT NULL,
  `fk_product` int(11) NOT NULL DEFAULT 0,
  `fk_entrepot` int(11) NOT NULL,
  `description` text DEFAULT NULL,
  `tms` timestamp NOT NULL DEFAULT current_timestamp() ON UPDATE current_timestamp(),
  `date_start_planned` datetime DEFAULT NULL,
  `date_start_made` datetime DEFAULT NULL,
  `date_end_planned` datetime DEFAULT NULL,
  `date_end_made` datetime DEFAULT NULL,
  `duration_planned` double DEFAULT NULL,
  `duration_made` double DEFAULT NULL,
  `qty_planned` double DEFAULT NULL,
  `qty_made` double DEFAULT NULL,
  `note_public` text DEFAULT NULL,
  `note_private` text DEFAULT NULL,
  `entity` int(11) NOT NULL DEFAULT 1,
  `fk_user_author` int(11) DEFAULT NULL,
  `fk_user_modif` int(11) DEFAULT NULL,
  `fk_user_valid` int(11) DEFAULT NULL,
  `fk_user_close` int(11) DEFAULT NULL,
  `model_pdf` varchar(255) DEFAULT NULL,
  `import_key` varchar(14) DEFAULT NULL,
  `extraparams` varchar(255) DEFAULT NULL,
  `fk_statut` smallint(6) DEFAULT 0,
  PRIMARY KEY (`rowid`)
) ENGINE=InnoDB AUTO_INCREMENT=11 DEFAULT CHARSET=latin1;

--
-- Dumping data for table `llxqa_factory`
--

INSERT INTO `llxqa_factory` VALUES (1,'OF1812-00001',1,1,'','2018-12-30 02:35:33','2018-12-17 00:00:00','2018-12-17 23:59:59','2018-12-21 00:00:00','2018-12-21 00:00:00',NULL,NULL,1200,1200,NULL,NULL,1,1,NULL,NULL,NULL,NULL,NULL,NULL,2),(2,'OF1812-00002',4,1,'','2018-12-30 02:34:02','2018-12-26 00:00:00','2018-12-26 23:59:59','2019-01-11 00:00:00','2019-01-11 00:00:00',NULL,NULL,1200,1200,NULL,NULL,1,1,NULL,NULL,NULL,NULL,NULL,NULL,2),(3,'OF1812-00003',1,1,'','2018-12-30 02:46:48','2018-12-12 00:00:00','2018-12-12 23:59:59','2018-12-21 00:00:00','2018-12-21 00:00:00',NULL,NULL,1200,1200,NULL,NULL,1,1,NULL,NULL,NULL,NULL,NULL,NULL,2),(4,'OF1812-00004',1,1,'','2018-12-30 02:52:17','2018-12-29 00:00:00','2018-12-12 23:59:59','2018-12-29 00:00:00','2018-12-29 00:00:00',NULL,NULL,1200,1200,NULL,NULL,1,1,NULL,NULL,NULL,NULL,NULL,NULL,2),(5,'OF1812-00005',1,1,'','2018-12-30 03:27:56','2018-12-12 00:00:00','2018-12-12 23:59:59','2018-12-21 00:00:00','2018-12-21 00:00:00',NULL,NULL,1200,1200,NULL,NULL,1,1,NULL,NULL,NULL,NULL,NULL,NULL,2),(6,'OF1812-00006',1,1,'','2018-12-30 03:35:24','2018-12-12 00:00:00','2018-12-12 23:59:59','2018-12-20 00:00:00','2018-12-20 00:00:00',NULL,NULL,1000,1000,NULL,NULL,1,1,NULL,NULL,NULL,NULL,NULL,NULL,2),(7,'OF1812-00007',4,1,'','2018-12-30 04:45:47','2018-12-12 00:00:00','2018-12-12 23:59:59','2018-12-21 00:00:00','2018-12-21 00:00:00',NULL,NULL,1000,1000,NULL,NULL,1,1,NULL,NULL,NULL,NULL,NULL,NULL,2),(8,'OF1812-00008',1,1,'','2018-12-30 04:33:33','2018-12-12 00:00:00','2018-12-21 23:59:59','2018-12-21 00:00:00','2018-12-21 00:00:00',NULL,NULL,1000,1000,NULL,NULL,1,1,NULL,NULL,NULL,NULL,NULL,NULL,2),(9,'OF1812-00009',4,1,'','2018-12-30 15:25:17','2018-12-26 00:00:00',NULL,'2019-01-11 00:00:00',NULL,NULL,NULL,1000,NULL,NULL,NULL,1,1,NULL,NULL,NULL,NULL,NULL,NULL,3),(10,'OF1812-00010',4,1,'','2018-12-30 16:55:17','2018-12-26 00:00:00','2018-12-27 23:59:59','2019-01-11 00:00:00','2019-01-11 00:00:00',NULL,NULL,1000,1000,NULL,NULL,1,1,NULL,NULL,NULL,NULL,NULL,NULL,2);

--
-- Table structure for table `llxqa_factory_categ_changeprice`
--

CREATE TABLE `llxqa_factory_categ_changeprice` (
  `rowid` int(11) NOT NULL AUTO_INCREMENT,
  `tms` timestamp NOT NULL DEFAULT current_timestamp() ON UPDATE current_timestamp(),
  `fk_categories` int(11) NOT NULL,
  `price_level` smallint(6) DEFAULT 0,
  `init_price` varchar(14) DEFAULT NULL,
  `computemode` varchar(14) DEFAULT NULL,
  `computevalue` double(24,8) DEFAULT 0.00000000,
  `multiplyby` varchar(14) DEFAULT NULL,
  `import_key` varchar(14) DEFAULT NULL,
  PRIMARY KEY (`rowid`)
) ENGINE=InnoDB DEFAULT CHARSET=latin1;

--
-- Dumping data for table `llxqa_factory_categ_changeprice`
--


--
-- Table structure for table `llxqa_factory_extrafields`
--

CREATE TABLE `llxqa_factory_extrafields` (
  `rowid` int(11) NOT NULL AUTO_INCREMENT,
  `tms` timestamp NOT NULL DEFAULT current_timestamp() ON UPDATE current_timestamp(),
  `fk_object` int(11) NOT NULL,
  `import_key` varchar(14) DEFAULT NULL,
  PRIMARY KEY (`rowid`),
  KEY `idx_factory_extrafields` (`fk_object`)
) ENGINE=InnoDB DEFAULT CHARSET=latin1;

--
-- Dumping data for table `llxqa_factory_extrafields`
--


--
-- Table structure for table `llxqa_factorydet`
--

CREATE TABLE `llxqa_factorydet` (
  `rowid` int(11) NOT NULL AUTO_INCREMENT,
  `fk_factory` int(11) NOT NULL DEFAULT 0,
  `fk_product` int(11) NOT NULL DEFAULT 0,
  `qty_unit` double DEFAULT NULL,
  `qty_planned` double DEFAULT NULL,
  `qty_used` double DEFAULT NULL,
  `qty_deleted` double DEFAULT NULL,
  `pmp` double(24,8) DEFAULT 0.00000000,
  `price` double(24,8) DEFAULT 0.00000000,
  `fk_mvtstockplanned` int(11) NOT NULL DEFAULT 0,
  `fk_mvtstockused` int(11) NOT NULL DEFAULT 0,
  `fk_mvtstockother` int(11) NOT NULL DEFAULT 0,
  `note_public` text DEFAULT NULL,
  `ordercomponent` int(11) NOT NULL DEFAULT 0,
  `globalqty` int(11) NOT NULL DEFAULT 0,
  `description` text DEFAULT NULL,
  PRIMARY KEY (`rowid`),
  UNIQUE KEY `uk_factorydet` (`fk_factory`,`fk_product`)
) ENGINE=InnoDB AUTO_INCREMENT=38 DEFAULT CHARSET=latin1;

--
-- Dumping data for table `llxqa_factorydet`
--

INSERT INTO `llxqa_factorydet` VALUES (1,1,20,0.125,0.125,0.125,0,0.00000000,0.00000000,22,0,0,NULL,0,1,''),(2,1,21,1,1,1,0,0.00000000,0.00000000,23,0,0,NULL,0,1,''),(3,1,18,0.25,0.25,0.25,0,0.00000000,0.00000000,24,0,0,NULL,0,1,''),(4,2,20,0.125,0.125,0.125,0,0.00000000,0.00000000,28,0,0,NULL,0,1,''),(5,2,19,2000,2000,2000,0,0.00000000,0.00000000,29,0,0,NULL,0,1,''),(6,2,18,0.25,0.25,0.25,0,0.00000000,0.00000000,30,0,0,NULL,0,1,''),(7,3,20,0.125,0.125,0.125,0,0.00000000,0.00000000,35,0,0,NULL,0,1,''),(8,3,21,1,1,1,0,0.00000000,0.00000000,36,0,0,NULL,0,1,''),(9,3,18,0.25,0.25,0.25,0,0.00000000,0.00000000,34,0,0,NULL,0,1,''),(10,4,20,0.125,0.125,0.125,0,0.00000000,0.00000000,42,0,0,NULL,0,1,''),(11,4,21,1,1,1,0,0.00000000,0.00000000,43,0,0,NULL,0,1,''),(12,4,18,0.25,0.25,0.25,0,0.00000000,0.00000000,41,0,0,NULL,0,1,''),(13,5,20,1,1200,1200,0,0.00000000,0.00000000,50,0,0,NULL,0,0,''),(14,5,21,1,1200,1200,0,0.00000000,0.00000000,51,0,0,NULL,0,0,''),(15,5,24,1,1200,1200,0,0.00000000,0.00000000,52,0,0,NULL,0,0,''),(16,5,18,0.25,300,300,0,0.00000000,0.00000000,49,0,0,NULL,0,0,''),(17,6,20,1,1000,1000,0,0.00000000,0.00000000,60,0,0,NULL,0,0,''),(18,6,21,1,1000,1000,0,0.00000000,0.00000000,61,0,0,NULL,0,0,''),(19,6,24,1,1000,1000,0,0.00000000,0.00000000,62,0,0,NULL,0,0,''),(20,6,18,0.25,250,250,0,0.00000000,0.00000000,59,0,0,NULL,0,0,''),(21,7,20,0.125,0.125,0.125,0,0.00000000,0.00000000,78,0,0,NULL,0,1,''),(22,7,19,1,1,1,0,0.00000000,0.00000000,77,0,0,NULL,0,1,''),(23,7,24,1,1,1,0,0.00000000,0.00000000,79,0,0,NULL,0,1,''),(24,7,18,0.25,0.25,0.25,0,0.00000000,0.00000000,76,0,0,NULL,0,1,''),(25,8,20,0.125,125,125,0,0.00000000,0.00000000,101,0,0,NULL,0,0,''),(26,8,21,1,1000,1000,0,0.00000000,0.00000000,102,0,0,NULL,0,0,''),(27,8,24,1,1000,1000,0,0.00000000,0.00000000,103,0,0,NULL,0,0,''),(28,8,18,0.25,250,250,0,0.00000000,0.00000000,100,0,0,NULL,0,0,''),(29,9,20,0.125,0.125,NULL,NULL,0.00000000,0.00000000,0,0,0,NULL,0,1,''),(30,9,19,1,1,NULL,NULL,0.00000000,0.00000000,0,0,0,NULL,0,1,''),(31,9,24,1,1,NULL,NULL,0.00000000,0.00000000,0,0,0,NULL,0,1,''),(32,9,18,0.25,0.25,NULL,NULL,0.00000000,0.00000000,0,0,0,NULL,0,1,''),(33,10,27,1,1,1,0,0.00000000,0.00000000,123,0,0,NULL,0,1,''),(34,10,19,1,1,1,0,739.00000000,1400.00000000,121,0,0,NULL,0,1,''),(35,10,25,0.033333333,0.033333333,0.033333333,0,0.00000000,0.00000000,0,0,0,NULL,0,1,''),(36,10,24,1,1,1,0,0.00000000,0.00000000,122,0,0,NULL,0,1,''),(37,10,18,0.25,0.25,0.25,0,3987.00000000,0.00000000,120,0,0,NULL,0,1,'');

--
-- Table structure for table `llxqa_facture`
--

CREATE TABLE `llxqa_facture` (
  `rowid` int(11) NOT NULL AUTO_INCREMENT,
  `ref` varchar(30) NOT NULL,
  `entity` int(11) NOT NULL DEFAULT 1,
  `ref_ext` varchar(255) DEFAULT NULL,
  `ref_int` varchar(255) DEFAULT NULL,
  `ref_client` varchar(255) DEFAULT NULL,
  `type` smallint(6) NOT NULL DEFAULT 0,
  `increment` varchar(10) DEFAULT NULL,
  `fk_soc` int(11) NOT NULL,
  `datec` datetime DEFAULT NULL,
  `datef` date DEFAULT NULL,
  `date_pointoftax` date DEFAULT NULL,
  `date_valid` date DEFAULT NULL,
  `date_closing` datetime DEFAULT NULL,
  `tms` timestamp NOT NULL DEFAULT current_timestamp() ON UPDATE current_timestamp(),
  `paye` smallint(6) NOT NULL DEFAULT 0,
  `amount` double(24,8) NOT NULL DEFAULT 0.00000000,
  `remise_percent` double DEFAULT 0,
  `remise_absolue` double DEFAULT 0,
  `remise` double DEFAULT 0,
  `close_code` varchar(16) DEFAULT NULL,
  `close_note` varchar(128) DEFAULT NULL,
  `tva` double(24,8) DEFAULT 0.00000000,
  `localtax1` double(24,8) DEFAULT 0.00000000,
  `localtax2` double(24,8) DEFAULT 0.00000000,
  `revenuestamp` double(24,8) DEFAULT 0.00000000,
  `total` double(24,8) DEFAULT 0.00000000,
  `total_ttc` double(24,8) DEFAULT 0.00000000,
  `fk_statut` smallint(6) NOT NULL DEFAULT 0,
  `fk_user_author` int(11) DEFAULT NULL,
  `fk_user_modif` int(11) DEFAULT NULL,
  `fk_user_valid` int(11) DEFAULT NULL,
  `fk_user_closing` int(11) DEFAULT NULL,
  `fk_fac_rec_source` int(11) DEFAULT NULL,
  `fk_facture_source` int(11) DEFAULT NULL,
  `fk_projet` int(11) DEFAULT NULL,
  `fk_account` int(11) DEFAULT NULL,
  `fk_currency` varchar(3) DEFAULT NULL,
  `fk_cond_reglement` int(11) NOT NULL DEFAULT 1,
  `fk_mode_reglement` int(11) DEFAULT NULL,
  `date_lim_reglement` date DEFAULT NULL,
  `note_private` text DEFAULT NULL,
  `note_public` text DEFAULT NULL,
  `model_pdf` varchar(255) DEFAULT NULL,
  `last_main_doc` varchar(255) DEFAULT NULL,
  `fk_incoterms` int(11) DEFAULT NULL,
  `location_incoterms` varchar(255) DEFAULT NULL,
  `situation_cycle_ref` smallint(6) DEFAULT NULL,
  `situation_counter` smallint(6) DEFAULT NULL,
  `situation_final` smallint(6) DEFAULT NULL,
  `retained_warranty` double DEFAULT NULL,
  `retained_warranty_date_limit` date DEFAULT NULL,
  `retained_warranty_fk_cond_reglement` int(11) DEFAULT NULL,
  `import_key` varchar(14) DEFAULT NULL,
  `extraparams` varchar(255) DEFAULT NULL,
  `fk_multicurrency` int(11) DEFAULT NULL,
  `multicurrency_code` varchar(255) DEFAULT NULL,
  `multicurrency_tx` double(24,8) DEFAULT 1.00000000,
  `multicurrency_total_ht` double(24,8) DEFAULT 0.00000000,
  `multicurrency_total_tva` double(24,8) DEFAULT 0.00000000,
  `multicurrency_total_ttc` double(24,8) DEFAULT 0.00000000,
  `module_source` varchar(32) DEFAULT NULL,
  `pos_source` varchar(32) DEFAULT NULL,
  PRIMARY KEY (`rowid`),
  UNIQUE KEY `uk_facture_ref` (`ref`,`entity`),
  KEY `idx_facture_fk_soc` (`fk_soc`),
  KEY `idx_facture_fk_user_author` (`fk_user_author`),
  KEY `idx_facture_fk_user_valid` (`fk_user_valid`),
  KEY `idx_facture_fk_facture_source` (`fk_facture_source`),
  KEY `idx_facture_fk_projet` (`fk_projet`),
  KEY `idx_facture_fk_account` (`fk_account`),
  KEY `idx_facture_fk_currency` (`fk_currency`),
  KEY `idx_facture_fk_statut` (`fk_statut`),
  CONSTRAINT `fk_facture_fk_facture_source` FOREIGN KEY (`fk_facture_source`) REFERENCES `llxqa_facture` (`rowid`),
  CONSTRAINT `fk_facture_fk_projet` FOREIGN KEY (`fk_projet`) REFERENCES `llxqa_projet` (`rowid`),
  CONSTRAINT `fk_facture_fk_soc` FOREIGN KEY (`fk_soc`) REFERENCES `llxqa_societe` (`rowid`),
  CONSTRAINT `fk_facture_fk_user_author` FOREIGN KEY (`fk_user_author`) REFERENCES `llxqa_user` (`rowid`),
  CONSTRAINT `fk_facture_fk_user_valid` FOREIGN KEY (`fk_user_valid`) REFERENCES `llxqa_user` (`rowid`)
) ENGINE=InnoDB AUTO_INCREMENT=65 DEFAULT CHARSET=utf8;

--
-- Dumping data for table `llxqa_facture`
--

INSERT INTO `llxqa_facture` VALUES (1,'FA1810-0002',1,NULL,NULL,NULL,0,NULL,85,'2018-11-23 18:09:26','2018-10-02',NULL,'2018-12-04',NULL,'2019-01-12 11:17:35',1,0.00000000,NULL,NULL,0,NULL,NULL,583629.00000000,0.00000000,0.00000000,0.00000000,5836280.00000000,6419921.00000000,2,2,NULL,2,NULL,NULL,NULL,NULL,NULL,NULL,13,0,'2019-01-02',NULL,NULL,'crabe','facture/FA1810-0002/FA1810-0002.pdf',0,'',NULL,NULL,0,NULL,NULL,NULL,NULL,NULL,1,'PYG',1.00000000,5836280.00000000,583628.00000000,6419908.00000000,NULL,NULL),(2,'FA1808-0001',1,NULL,NULL,NULL,0,NULL,85,'2018-12-03 19:36:30','2018-08-29',NULL,'2018-12-04',NULL,'2018-12-04 13:24:37',0,0.00000000,NULL,NULL,0,NULL,NULL,2560816.00000000,0.00000000,0.00000000,0.00000000,26508156.00000000,29068972.00000000,1,1,NULL,2,NULL,NULL,NULL,NULL,NULL,NULL,2,2,'2018-09-28',NULL,NULL,'crabe','facture/FA1808-0001/FA1808-0001.pdf',0,'',NULL,NULL,0,NULL,NULL,NULL,NULL,NULL,1,'PYG',1.00000000,26508156.00000000,2560816.00000000,29068972.00000000,NULL,NULL),(3,'FA1811-0003',1,NULL,NULL,NULL,0,NULL,85,'2018-12-04 12:52:28','2018-11-08',NULL,'2018-12-04',NULL,'2019-02-02 13:38:36',1,0.00000000,NULL,NULL,0,NULL,NULL,82800.00000000,0.00000000,0.00000000,0.00000000,828000.00000000,910800.00000000,2,2,NULL,2,NULL,NULL,NULL,NULL,NULL,NULL,13,2,'2019-02-08',NULL,NULL,'crabe','facture/FA1811-0003/FA1811-0003.pdf',0,'',NULL,NULL,0,NULL,NULL,NULL,NULL,NULL,1,'PYG',1.00000000,828000.00000000,82800.00000000,910800.00000000,NULL,NULL),(4,'FA1811-0004',1,NULL,NULL,NULL,0,NULL,83,'2018-12-04 13:29:40','2018-11-01',NULL,'2018-12-19',NULL,'2018-12-19 16:47:07',0,0.00000000,NULL,NULL,0,NULL,NULL,139800.00000000,0.00000000,0.00000000,0.00000000,1398000.00000000,1537800.00000000,1,2,NULL,2,NULL,NULL,NULL,NULL,NULL,NULL,13,0,'2019-01-30',NULL,NULL,'crabe','facture/FA1811-0004/FA1811-0004.pdf',0,'',NULL,NULL,0,NULL,NULL,NULL,NULL,NULL,1,'PYG',1.00000000,1398000.00000000,139800.00000000,1537800.00000000,NULL,NULL),(5,'FA1812-0005',1,NULL,NULL,NULL,0,NULL,80,'2018-12-18 18:08:41','2018-12-14',NULL,'2018-12-18',NULL,'2019-01-24 12:20:37',1,0.00000000,NULL,NULL,0,NULL,NULL,288000.00000000,0.00000000,0.00000000,0.00000000,3240000.00000000,3528000.00000000,2,2,NULL,2,NULL,NULL,NULL,NULL,NULL,NULL,2,7,'2019-01-13',NULL,NULL,'crabe','facture/FA1812-0005/FA1812-0005.pdf',0,'',NULL,NULL,0,NULL,NULL,NULL,NULL,NULL,1,'PYG',1.00000000,3240000.00000000,288000.00000000,3528000.00000000,NULL,NULL),(6,'FA1812-0006',1,NULL,NULL,NULL,0,NULL,81,'2018-12-18 18:10:06','2018-12-14',NULL,'2018-12-18',NULL,'2019-01-24 12:17:38',1,0.00000000,NULL,NULL,0,NULL,NULL,252000.00000000,0.00000000,0.00000000,0.00000000,2520000.00000000,2772000.00000000,2,2,NULL,2,NULL,NULL,NULL,NULL,NULL,NULL,2,7,'2019-01-13',NULL,NULL,'crabe','facture/FA1812-0006/FA1812-0006.pdf',0,'',NULL,NULL,0,NULL,NULL,NULL,NULL,NULL,1,'PYG',1.00000000,2520000.00000000,252000.00000000,2772000.00000000,NULL,NULL),(7,'FA1812-0007',1,NULL,NULL,NULL,0,NULL,81,'2018-12-21 15:36:00','2018-12-21',NULL,'2018-12-21',NULL,'2019-01-24 12:21:43',1,0.00000000,NULL,NULL,0,NULL,NULL,163200.00000000,0.00000000,0.00000000,0.00000000,1632000.00000000,1795200.00000000,2,2,NULL,2,NULL,NULL,NULL,NULL,NULL,NULL,2,7,'2019-01-20',NULL,NULL,'crabe','facture/FA1812-0007/FA1812-0007.pdf',0,'',NULL,NULL,0,NULL,NULL,NULL,NULL,NULL,1,'PYG',1.00000000,1632000.00000000,163200.00000000,1795200.00000000,NULL,NULL),(8,'FA1812-0008',1,NULL,NULL,NULL,0,NULL,80,'2018-12-21 15:39:54','2018-12-21',NULL,'2019-01-02',NULL,'2019-01-24 12:23:06',1,0.00000000,NULL,NULL,0,NULL,NULL,163200.00000000,0.00000000,0.00000000,0.00000000,1632000.00000000,1795200.00000000,2,2,NULL,1,NULL,NULL,NULL,NULL,NULL,NULL,2,0,'2019-01-20',NULL,NULL,'crabe','facture/FA1812-0008/FA1812-0008.pdf',0,'',NULL,NULL,0,NULL,NULL,NULL,NULL,NULL,1,'PYG',1.00000000,1632000.00000000,163200.00000000,1795200.00000000,NULL,NULL),(9,'FA1812-0009',1,NULL,NULL,NULL,0,NULL,83,'2019-01-04 12:18:39','2018-12-19',NULL,'2019-01-04',NULL,'2019-01-04 12:19:18',0,0.00000000,NULL,NULL,0,NULL,NULL,27200.00000000,0.00000000,0.00000000,0.00000000,272000.00000000,299200.00000000,1,2,NULL,2,NULL,NULL,NULL,NULL,NULL,NULL,4,0,'2019-02-17',NULL,NULL,'crabe','facture/FA1812-0009/FA1812-0009.pdf',0,'',NULL,NULL,0,NULL,NULL,NULL,NULL,NULL,1,'PYG',1.00000000,272000.00000000,27200.00000000,299200.00000000,NULL,NULL),(10,'FA1901-0010',1,NULL,NULL,NULL,0,NULL,82,'2019-01-24 11:47:10','2019-01-24',NULL,'2019-01-24',NULL,'2019-03-05 17:38:42',1,0.00000000,NULL,NULL,0,NULL,NULL,50400.00000000,0.00000000,0.00000000,0.00000000,504000.00000000,554400.00000000,2,2,NULL,2,NULL,NULL,NULL,NULL,NULL,NULL,2,7,'2019-02-23',NULL,NULL,'crabe','facture/FA1901-0010/FA1901-0010.pdf',0,'',NULL,NULL,0,NULL,NULL,NULL,NULL,NULL,1,'PYG',1.00000000,504000.00000000,50400.00000000,554400.00000000,NULL,NULL),(11,'FA1901-0011',1,NULL,NULL,NULL,0,NULL,80,'2019-01-24 12:09:57','2019-01-24',NULL,'2019-01-24',NULL,'2019-02-26 17:25:14',1,0.00000000,NULL,NULL,0,NULL,NULL,558720.00000000,0.00000000,0.00000000,0.00000000,5947200.00000000,6505920.00000000,2,2,NULL,2,NULL,NULL,NULL,NULL,NULL,NULL,2,7,'2019-02-23',NULL,NULL,'crabe','facture/FA1901-0011/FA1901-0011.pdf',0,'',NULL,NULL,0,NULL,NULL,NULL,NULL,NULL,1,'PYG',1.00000000,5947200.00000000,558720.00000000,6505920.00000000,NULL,NULL),(12,'FA1901-0012',1,NULL,NULL,NULL,0,NULL,81,'2019-01-24 12:12:34','2019-01-24',NULL,'2019-01-24',NULL,'2019-02-26 17:31:18',1,0.00000000,NULL,NULL,0,NULL,NULL,65280.00000000,0.00000000,0.00000000,0.00000000,652800.00000000,718080.00000000,2,2,NULL,2,NULL,NULL,NULL,NULL,NULL,NULL,2,0,'2019-02-23',NULL,NULL,'crabe','facture/FA1901-0012/FA1901-0012.pdf',0,'',NULL,NULL,0,NULL,NULL,NULL,NULL,NULL,1,'PYG',1.00000000,652800.00000000,65280.00000000,718080.00000000,NULL,NULL),(13,'FA1901-0013',1,NULL,NULL,NULL,0,NULL,81,'2019-01-24 12:14:03','2019-01-24',NULL,'2019-01-24',NULL,'2019-02-26 17:32:33',1,0.00000000,NULL,NULL,0,NULL,NULL,100800.00000000,0.00000000,0.00000000,0.00000000,1008000.00000000,1108800.00000000,2,2,NULL,2,NULL,NULL,NULL,NULL,NULL,NULL,2,0,'2019-02-23',NULL,NULL,'crabe','facture/FA1901-0013/FA1901-0013.pdf',0,'',NULL,NULL,0,NULL,NULL,NULL,NULL,NULL,1,'PYG',1.00000000,1008000.00000000,100800.00000000,1108800.00000000,NULL,NULL),(14,'FA1901-0014',1,NULL,NULL,NULL,0,NULL,101,'2019-01-24 12:33:48','2019-01-24',NULL,'2019-01-24','2020-06-17 18:28:49','2020-06-17 18:28:49',1,0.00000000,NULL,NULL,0,NULL,NULL,298680.00000000,0.00000000,0.00000000,0.00000000,3166800.00000000,3465480.00000000,2,2,NULL,2,2,NULL,NULL,NULL,NULL,NULL,4,0,'2019-03-25',NULL,NULL,'crabe','facture/FA1901-0014/FA1901-0014.pdf',0,'',NULL,NULL,0,NULL,NULL,NULL,NULL,NULL,1,'PYG',1.00000000,3166800.00000000,298680.00000000,3465480.00000000,NULL,NULL),(15,'FA1901-0015',1,NULL,NULL,NULL,0,NULL,109,'2019-01-31 13:08:47','2019-01-30',NULL,'2019-01-31',NULL,'2019-02-04 01:50:14',0,0.00000000,NULL,NULL,0,NULL,NULL,174540.00000000,0.00000000,0.00000000,0.00000000,1745400.00000000,1919940.00000000,1,2,NULL,NULL,NULL,NULL,NULL,NULL,NULL,NULL,6,0,'2019-03-31',NULL,NULL,'crabe','facture/FA1901-0015/FA1901-0015.pdf',0,'',NULL,NULL,0,NULL,NULL,NULL,NULL,NULL,1,'PYG',1.00000000,1745400.00000000,174540.00000000,1919940.00000000,NULL,NULL),(16,'FA1901-0016',1,NULL,NULL,NULL,0,NULL,99,'2019-01-31 13:12:23','2019-01-30',NULL,'2019-01-31','2020-09-01 12:55:40','2020-09-01 12:55:40',1,0.00000000,NULL,NULL,0,NULL,NULL,252880.00000000,0.00000000,0.00000000,0.00000000,2528800.00000000,2781680.00000000,2,2,NULL,NULL,2,NULL,NULL,NULL,NULL,NULL,6,0,'2019-03-31',NULL,NULL,'crabe','facture/FA1901-0016/FA1901-0016.pdf',0,'',NULL,NULL,0,NULL,NULL,NULL,NULL,NULL,1,'PYG',1.00000000,2528800.00000000,252880.00000000,2781680.00000000,NULL,NULL),(17,'FA1902-0017',1,NULL,NULL,NULL,0,NULL,94,'2019-02-07 16:36:52','2019-02-06',NULL,'2019-02-07',NULL,'2019-04-09 14:01:46',1,0.00000000,NULL,NULL,0,NULL,NULL,125280.00000000,0.00000000,0.00000000,0.00000000,1252800.00000000,1378080.00000000,2,2,NULL,2,NULL,NULL,NULL,NULL,NULL,NULL,2,0,'2019-03-08',NULL,NULL,'crabe','facture/FA1902-0017/FA1902-0017.pdf',0,'',NULL,NULL,0,NULL,NULL,NULL,NULL,NULL,1,'PYG',1.00000000,1252800.00000000,125280.00000000,1378080.00000000,NULL,NULL),(18,'FA1902-0018',1,NULL,NULL,NULL,0,NULL,94,'2019-02-07 18:44:05','2019-02-06',NULL,'2019-03-25',NULL,'2019-07-29 14:48:19',1,0.00000000,NULL,NULL,0,NULL,NULL,130560.00000000,0.00000000,0.00000000,0.00000000,1305600.00000000,1436160.00000000,2,2,NULL,2,NULL,NULL,NULL,NULL,NULL,NULL,2,0,'2019-03-08',NULL,NULL,'crabe','facture/FA1902-0018/FA1902-0018.pdf',0,'',NULL,NULL,0,NULL,NULL,NULL,NULL,NULL,1,'PYG',1.00000000,1305600.00000000,130560.00000000,1436160.00000000,NULL,NULL),(19,'FA1902-0019',1,NULL,NULL,NULL,0,NULL,147,'2019-02-08 13:25:26','2019-02-07',NULL,'2019-02-08',NULL,'2019-10-09 13:32:52',1,0.00000000,NULL,NULL,0,NULL,NULL,65280.00000000,0.00000000,0.00000000,0.00000000,652800.00000000,718080.00000000,2,2,NULL,2,NULL,NULL,NULL,NULL,NULL,NULL,2,0,'2019-03-09',NULL,NULL,'crabe','facture/FA1902-0019/FA1902-0019.pdf',0,'',NULL,NULL,0,NULL,NULL,NULL,NULL,NULL,1,'PYG',1.00000000,652800.00000000,65280.00000000,718080.00000000,NULL,NULL),(20,'FA1902-0020',1,NULL,NULL,NULL,0,NULL,144,'2019-02-11 13:37:53','2019-02-08',NULL,'2019-02-11',NULL,'2019-08-08 15:30:47',1,0.00000000,NULL,NULL,0,NULL,NULL,280080.00000000,0.00000000,0.00000000,0.00000000,2980800.00000000,3260880.00000000,2,2,NULL,2,NULL,NULL,NULL,NULL,NULL,NULL,2,0,'2019-03-10',NULL,NULL,'crabe','facture/FA1902-0020/FA1902-0020.pdf',0,'',NULL,NULL,0,NULL,NULL,NULL,NULL,NULL,1,'PYG',1.00000000,2980800.00000000,280080.00000000,3260880.00000000,NULL,NULL),(21,'FA1902-0021',1,NULL,NULL,NULL,0,NULL,101,'2019-02-12 12:58:24','2019-02-11',NULL,'2019-02-12','2020-06-17 18:28:49','2020-06-17 18:28:49',1,0.00000000,NULL,NULL,0,NULL,NULL,65280.00000000,0.00000000,0.00000000,0.00000000,652800.00000000,718080.00000000,2,2,NULL,2,2,NULL,NULL,NULL,NULL,NULL,2,0,'2019-03-13',NULL,NULL,'crabe','facture/FA1902-0021/FA1902-0021.pdf',0,'',NULL,NULL,0,NULL,NULL,NULL,NULL,NULL,1,'PYG',1.00000000,652800.00000000,65280.00000000,718080.00000000,NULL,NULL),(22,'FA1902-0022',1,NULL,NULL,NULL,0,NULL,101,'2019-02-19 18:26:21','2019-02-15',NULL,'2019-02-19',NULL,'2019-02-19 18:26:47',0,0.00000000,NULL,NULL,0,NULL,NULL,97920.00000000,0.00000000,0.00000000,0.00000000,979200.00000000,1077120.00000000,1,2,NULL,2,NULL,NULL,NULL,NULL,NULL,NULL,2,0,'2019-03-17',NULL,NULL,'crabe','facture/FA1902-0022/FA1902-0022.pdf',0,'',NULL,NULL,0,NULL,NULL,NULL,NULL,NULL,1,'PYG',1.00000000,979200.00000000,97920.00000000,1077120.00000000,NULL,NULL),(23,'FA1902-0023',1,NULL,NULL,NULL,0,NULL,81,'2019-02-22 16:49:36','2019-02-21',NULL,'2019-02-22',NULL,'2019-04-16 12:40:17',1,0.00000000,NULL,NULL,0,NULL,NULL,225480.00000000,0.00000000,0.00000000,0.00000000,2434800.00000000,2660280.00000000,2,2,NULL,2,NULL,NULL,NULL,NULL,NULL,NULL,2,0,'2019-03-23',NULL,NULL,'crabe','facture/FA1902-0023/FA1902-0023.pdf',0,'',NULL,NULL,0,NULL,NULL,NULL,NULL,NULL,1,'PYG',1.00000000,2434800.00000000,225480.00000000,2660280.00000000,NULL,NULL),(24,'FA1902-0024',1,NULL,NULL,NULL,0,NULL,80,'2019-02-22 16:54:05','2019-02-21',NULL,'2019-02-22',NULL,'2019-04-16 12:39:03',1,0.00000000,NULL,NULL,0,NULL,NULL,406200.00000000,0.00000000,0.00000000,0.00000000,4062000.00000000,4468200.00000000,2,2,NULL,2,NULL,NULL,NULL,NULL,NULL,NULL,2,0,'2019-03-23',NULL,NULL,'crabe','facture/FA1902-0024/FA1902-0024.pdf',0,'',NULL,NULL,0,NULL,NULL,NULL,NULL,NULL,1,'PYG',1.00000000,4062000.00000000,406200.00000000,4468200.00000000,NULL,NULL),(25,'FA1903-0025',1,NULL,NULL,NULL,0,NULL,82,'2019-03-05 17:36:59','2019-03-05',NULL,'2019-03-05',NULL,'2019-07-05 11:51:29',1,0.00000000,NULL,NULL,0,NULL,NULL,50400.00000000,0.00000000,0.00000000,0.00000000,504000.00000000,554400.00000000,2,2,NULL,2,NULL,NULL,NULL,NULL,NULL,NULL,2,0,'2019-04-04',NULL,NULL,'crabe','facture/FA1903-0025/FA1903-0025.pdf',0,'',NULL,NULL,0,NULL,NULL,NULL,NULL,NULL,1,'PYG',1.00000000,504000.00000000,50400.00000000,554400.00000000,NULL,NULL),(26,'FA1903-0026',1,NULL,NULL,NULL,0,NULL,81,'2019-03-25 12:40:27','2019-03-23',NULL,'2019-03-25',NULL,'2019-04-30 13:38:16',1,0.00000000,NULL,NULL,0,NULL,NULL,684720.00000000,0.00000000,0.00000000,0.00000000,6847200.00000000,7531920.00000000,2,2,NULL,2,NULL,NULL,NULL,NULL,NULL,NULL,2,0,'2019-04-22',NULL,NULL,'crabe','facture/FA1903-0026/FA1903-0026.pdf',0,'',NULL,NULL,0,NULL,NULL,NULL,NULL,NULL,1,'PYG',1.00000000,6847200.00000000,684720.00000000,7531920.00000000,NULL,NULL),(27,'FA1903-0028',1,NULL,NULL,NULL,0,NULL,93,'2019-03-29 15:54:05','2019-03-29',NULL,'2019-04-04',NULL,'2019-07-04 12:29:43',1,0.00000000,NULL,NULL,0,NULL,NULL,196080.00000000,0.00000000,0.00000000,0.00000000,2140800.00000000,2336880.00000000,2,2,NULL,2,NULL,NULL,NULL,NULL,NULL,NULL,2,0,'2019-04-28',NULL,NULL,'crabe','facture/FA1903-0028/FA1903-0028.pdf',0,'',NULL,NULL,0,NULL,NULL,NULL,NULL,NULL,1,'PYG',1.00000000,2140800.00000000,196080.00000000,2336880.00000000,NULL,NULL),(28,'FA1904-0027',1,NULL,NULL,NULL,0,NULL,164,'2019-04-02 16:55:25','2019-04-02',NULL,'2019-04-02',NULL,'2019-07-23 20:28:23',1,0.00000000,NULL,NULL,0,NULL,NULL,166080.00000000,0.00000000,0.00000000,0.00000000,1840800.00000000,2006880.00000000,2,2,NULL,2,NULL,NULL,NULL,NULL,NULL,NULL,2,0,'2019-05-02',NULL,NULL,'crabe','facture/FA1904-0027/FA1904-0027.pdf',0,'',NULL,NULL,0,NULL,NULL,NULL,NULL,NULL,1,'PYG',1.00000000,1840800.00000000,166080.00000000,2006880.00000000,NULL,NULL),(29,'FA1904-0029',1,NULL,NULL,NULL,0,NULL,80,'2019-04-04 15:06:14','2019-04-04',NULL,'2019-04-04',NULL,'2019-05-17 13:37:48',1,0.00000000,NULL,NULL,0,NULL,NULL,492960.00000000,0.00000000,0.00000000,0.00000000,5109600.00000000,5602560.00000000,2,2,NULL,2,NULL,NULL,NULL,NULL,NULL,NULL,2,0,'2019-05-04',NULL,NULL,'crabe','facture/FA1904-0029/FA1904-0029.pdf',0,'',NULL,NULL,0,NULL,NULL,NULL,NULL,NULL,1,'PYG',1.00000000,5109600.00000000,492960.00000000,5602560.00000000,NULL,NULL),(31,'FA1904-0030',1,NULL,NULL,NULL,0,NULL,170,'2019-04-26 14:10:16','2019-04-11',NULL,'2019-04-26',NULL,'2019-04-26 14:43:35',1,0.00000000,NULL,NULL,0,NULL,NULL,0.00000000,0.00000000,0.00000000,0.00000000,979200.00000000,979200.00000000,2,2,NULL,2,NULL,NULL,NULL,NULL,NULL,NULL,1,4,'2019-04-12',NULL,NULL,'crabe','facture/FA1904-0030/FA1904-0030.pdf',0,'',NULL,NULL,0,NULL,NULL,NULL,NULL,NULL,1,'PYG',1.00000000,979200.00000000,0.00000000,979200.00000000,NULL,NULL),(32,'FA1907-0031',1,NULL,NULL,NULL,0,NULL,82,'2019-07-04 12:48:35','2019-07-04',NULL,'2019-07-05',NULL,'2019-07-05 11:48:52',0,0.00000000,NULL,NULL,0,NULL,NULL,59400.00000000,0.00000000,0.00000000,0.00000000,774000.00000000,833400.00000000,1,2,NULL,2,NULL,NULL,NULL,NULL,NULL,NULL,6,7,'2019-07-05',NULL,NULL,'crabe','facture/FA1907-0031/FA1907-0031.pdf',0,'',NULL,NULL,0,NULL,NULL,NULL,NULL,NULL,1,'PYG',1.00000000,774000.00000000,59400.00000000,833400.00000000,NULL,NULL),(33,'FA1907-0032',1,NULL,NULL,NULL,0,NULL,81,'2019-07-05 13:45:47','2019-07-05',NULL,'2019-07-05',NULL,'2019-08-07 18:18:42',1,0.00000000,NULL,NULL,0,NULL,NULL,118800.00000000,0.00000000,0.00000000,0.00000000,1548000.00000000,1666800.00000000,2,2,NULL,2,NULL,NULL,NULL,NULL,NULL,NULL,2,2,'2019-08-04',NULL,NULL,'crabe','facture/FA1907-0032/FA1907-0032.pdf',0,'',NULL,NULL,0,NULL,NULL,NULL,NULL,NULL,1,'PYG',1.00000000,1548000.00000000,118800.00000000,1666800.00000000,NULL,NULL),(34,'FA1907-0033',1,NULL,NULL,NULL,0,NULL,100,'2019-07-18 12:45:33','2019-07-18',NULL,'2019-07-18','2020-06-23 12:28:18','2020-06-23 12:28:18',1,0.00000000,NULL,NULL,0,NULL,NULL,175440.00000000,0.00000000,0.00000000,0.00000000,1754400.00000000,1929840.00000000,2,2,NULL,2,2,NULL,NULL,NULL,NULL,NULL,2,0,'2019-08-17',NULL,NULL,'crabe','facture/FA1907-0033/FA1907-0033.pdf',0,'',NULL,NULL,0,NULL,NULL,NULL,NULL,NULL,1,'PYG',1.00000000,1754400.00000000,175440.00000000,1929840.00000000,NULL,NULL),(35,'FA1907-0034',1,NULL,NULL,NULL,0,NULL,80,'2019-07-18 12:49:46','2019-07-18',NULL,'2019-07-18',NULL,'2019-08-21 14:50:41',1,0.00000000,NULL,NULL,0,NULL,NULL,166080.00000000,0.00000000,0.00000000,0.00000000,1840800.00000000,2006880.00000000,2,2,NULL,2,NULL,NULL,NULL,NULL,NULL,NULL,2,0,'2019-08-17',NULL,NULL,'crabe','facture/FA1907-0034/FA1907-0034.pdf',0,'',NULL,NULL,0,NULL,NULL,NULL,NULL,NULL,1,'PYG',1.00000000,1840800.00000000,166080.00000000,2006880.00000000,NULL,NULL),(36,'FA1907-0035',1,NULL,NULL,NULL,0,NULL,81,'2019-07-18 12:54:30','2019-07-18',NULL,'2019-07-18',NULL,'2019-08-21 14:48:15',1,0.00000000,NULL,NULL,0,NULL,NULL,65280.00000000,0.00000000,0.00000000,0.00000000,652800.00000000,718080.00000000,2,2,NULL,2,NULL,NULL,NULL,NULL,NULL,NULL,2,0,'2019-08-17',NULL,NULL,'crabe','facture/FA1907-0035/FA1907-0035.pdf',0,'',NULL,NULL,0,NULL,NULL,NULL,NULL,NULL,1,'PYG',1.00000000,652800.00000000,65280.00000000,718080.00000000,NULL,NULL),(37,'AV1907-0001',1,NULL,NULL,NULL,2,NULL,144,'2019-07-18 12:56:21','2019-07-16',NULL,'2019-07-18',NULL,'2019-07-18 13:00:58',1,0.00000000,NULL,NULL,0,NULL,NULL,-108300.00000000,0.00000000,0.00000000,0.00000000,-1083000.00000000,-1191300.00000000,2,2,NULL,2,NULL,NULL,20,NULL,NULL,NULL,0,0,'2019-07-16',NULL,NULL,'crabe','facture/AV1907-0001/AV1907-0001.pdf',0,'',NULL,NULL,0,NULL,NULL,NULL,NULL,NULL,1,'PYG',1.00000000,1083000.00000000,108300.00000000,1191300.00000000,NULL,NULL),(38,'FA1907-0036',1,NULL,NULL,NULL,0,NULL,144,'2019-07-18 13:07:03','2019-07-18',NULL,'2019-07-18',NULL,'2019-07-18 13:07:21',0,0.00000000,NULL,NULL,0,NULL,NULL,133920.00000000,0.00000000,0.00000000,0.00000000,1699200.00000000,1833120.00000000,1,2,NULL,2,NULL,NULL,NULL,NULL,NULL,NULL,2,0,'2019-08-17',NULL,NULL,'crabe','facture/FA1907-0036/FA1907-0036.pdf',0,'',NULL,NULL,0,NULL,NULL,NULL,NULL,NULL,1,'PYG',1.00000000,1699200.00000000,133920.00000000,1833120.00000000,NULL,NULL),(40,'FA1908-0037',1,NULL,NULL,NULL,0,NULL,99,'2019-08-26 13:31:23','2019-08-26',NULL,'2019-08-26','2020-09-01 12:52:01','2020-09-01 12:52:01',1,0.00000000,NULL,NULL,0,NULL,NULL,167040.00000000,0.00000000,0.00000000,0.00000000,1670400.00000000,1837440.00000000,2,2,NULL,2,2,NULL,NULL,NULL,2,NULL,2,7,'2019-09-25',NULL,NULL,'crabe','facture/FA1908-0037/FA1908-0037.pdf',0,'',NULL,NULL,0,NULL,NULL,NULL,NULL,NULL,1,'PYG',1.00000000,1670400.00000000,167040.00000000,1837440.00000000,NULL,NULL),(41,'FA1909-0038',1,NULL,NULL,NULL,0,NULL,80,'2019-09-18 12:31:26','2019-09-18',NULL,'2019-09-18',NULL,'2019-10-28 14:45:05',1,0.00000000,NULL,NULL,0,NULL,NULL,178800.00000000,0.00000000,0.00000000,0.00000000,2148000.00000000,2326800.00000000,2,2,NULL,2,NULL,NULL,NULL,NULL,NULL,NULL,2,0,'2019-10-18',NULL,NULL,'crabe','facture/FA1909-0038/FA1909-0038.pdf',0,'',NULL,NULL,0,NULL,NULL,NULL,NULL,NULL,1,'PYG',1.00000000,2148000.00000000,178800.00000000,2326800.00000000,NULL,NULL),(42,'FA1909-0039',1,NULL,NULL,NULL,0,NULL,81,'2019-09-18 12:37:34','2019-09-18',NULL,'2019-09-18',NULL,'2019-12-17 13:17:46',1,0.00000000,NULL,NULL,0,NULL,NULL,119400.00000000,0.00000000,0.00000000,0.00000000,1374000.00000000,1493400.00000000,2,2,NULL,2,NULL,NULL,NULL,NULL,NULL,NULL,2,2,'2019-10-18',NULL,NULL,'crabe','facture/FA1909-0039/FA1909-0039.pdf',0,'',NULL,NULL,0,NULL,NULL,NULL,NULL,NULL,1,'PYG',1.00000000,1374000.00000000,119400.00000000,1493400.00000000,NULL,NULL),(43,'FA1910-0040',1,NULL,NULL,NULL,0,NULL,176,'2019-10-09 13:25:07','2019-10-07',NULL,'2019-10-09',NULL,'2019-10-09 13:25:34',0,0.00000000,NULL,NULL,0,NULL,NULL,0.00000000,0.00000000,0.00000000,0.00000000,134264384.00000000,134264384.00000000,1,2,NULL,2,NULL,NULL,NULL,NULL,NULL,NULL,15,2,'2020-10-01',NULL,NULL,'crabe','facture/FA1910-0040/FA1910-0040.pdf',0,'',NULL,NULL,0,NULL,NULL,NULL,NULL,NULL,3,'EUR',0.00014865,19959.00000000,0.00000000,19959.00000000,NULL,NULL),(44,'FA1910-0041',1,NULL,NULL,NULL,0,NULL,195,'2019-10-10 18:47:18','2019-10-10',NULL,'2019-10-10',NULL,'2019-10-30 12:30:08',1,0.00000000,NULL,NULL,0,NULL,NULL,504000.00000000,0.00000000,0.00000000,0.00000000,5040000.00000000,5544000.00000000,2,2,NULL,2,NULL,NULL,NULL,NULL,NULL,NULL,2,2,'2019-11-09',NULL,NULL,'crabe','facture/FA1910-0041/FA1910-0041.pdf',0,'',NULL,NULL,0,NULL,NULL,NULL,NULL,NULL,1,'PYG',1.00000000,5040000.00000000,504000.00000000,5544000.00000000,NULL,NULL),(45,'FA1909-0042',1,NULL,NULL,NULL,0,NULL,174,'2019-10-15 12:21:53','2019-09-25',NULL,'2019-10-15',NULL,'2019-12-17 13:29:35',1,0.00000000,NULL,NULL,0,NULL,NULL,0.00000000,0.00000000,0.00000000,0.00000000,52472400.00000000,52472400.00000000,2,2,NULL,2,NULL,NULL,NULL,NULL,NULL,NULL,16,2,'2019-10-25',NULL,NULL,'crabe','facture/FA1909-0042/FA1909-0042.pdf',0,'',NULL,NULL,0,NULL,NULL,NULL,NULL,NULL,3,'EUR',0.00014865,7800.00000000,0.00000000,7800.00000000,NULL,NULL),(46,'FA1910-0043',1,NULL,NULL,NULL,0,NULL,195,'2019-10-24 14:58:59','2019-10-24',NULL,'2019-10-24',NULL,'2019-10-30 12:30:09',1,0.00000000,NULL,NULL,0,NULL,NULL,396000.00000000,0.00000000,0.00000000,0.00000000,3960000.00000000,4356000.00000000,2,2,NULL,2,NULL,NULL,NULL,NULL,NULL,NULL,2,0,'2019-11-23',NULL,NULL,'crabe','facture/FA1910-0043/FA1910-0043.pdf',0,'',NULL,NULL,0,NULL,NULL,NULL,NULL,NULL,1,'PYG',1.00000000,3960000.00000000,396000.00000000,4356000.00000000,NULL,NULL),(47,'FA1912-0044',1,NULL,NULL,NULL,0,NULL,229,'2019-12-18 19:26:51','2019-12-18',NULL,'2019-12-19',NULL,'2019-12-19 14:15:30',0,0.00000000,NULL,NULL,0,NULL,NULL,50911.00000000,0.00000000,0.00000000,0.00000000,509089.00000000,560000.00000000,1,2,NULL,2,NULL,NULL,NULL,NULL,2,NULL,1,2,'2019-12-19',NULL,NULL,'crabe','facture/FA1912-0044/FA1912-0044.pdf',0,'',NULL,NULL,0,NULL,NULL,NULL,NULL,NULL,1,'PYG',1.00000000,509089.00000000,50911.00000000,560000.00000000,NULL,NULL),(48,'FA2001-0045',1,NULL,NULL,NULL,0,NULL,231,'2020-01-08 19:20:01','2020-01-08',NULL,'2020-01-08',NULL,'2020-01-09 12:53:53',1,0.00000000,NULL,NULL,0,NULL,NULL,17143.00000000,0.00000000,0.00000000,0.00000000,342852.00000000,359995.00000000,2,2,NULL,2,NULL,NULL,NULL,NULL,NULL,NULL,7,2,'2020-01-09',NULL,NULL,'crabe','facture/FA2001-0045/FA2001-0045.pdf',0,'',NULL,NULL,0,NULL,NULL,NULL,NULL,NULL,1,'PYG',1.00000000,342852.00000000,17143.00000000,359995.00000000,NULL,NULL),(49,'FA2001-0046',1,NULL,NULL,NULL,0,NULL,231,'2020-01-09 12:56:40','2020-01-09',NULL,'2020-01-09',NULL,'2020-01-09 13:00:25',1,0.00000000,NULL,NULL,0,NULL,NULL,20001.00000000,0.00000000,0.00000000,0.00000000,200002.00000000,220003.00000000,2,2,NULL,2,NULL,NULL,NULL,NULL,2,NULL,7,2,'2020-01-10',NULL,NULL,'crabe','facture/FA2001-0046/FA2001-0046.pdf',0,'',NULL,NULL,0,NULL,NULL,NULL,NULL,NULL,1,'PYG',1.00000000,200002.00000000,20001.00000000,220003.00000000,NULL,NULL),(50,'FA2001-0047',1,NULL,NULL,NULL,0,NULL,232,'2020-01-20 16:50:00','2020-01-20',NULL,'2020-01-20',NULL,'2020-01-31 16:26:08',1,0.00000000,NULL,NULL,0,NULL,NULL,208638.00000000,0.00000000,0.00000000,0.00000000,2086367.00000000,2295005.00000000,2,2,NULL,2,NULL,NULL,NULL,NULL,2,NULL,6,2,'2020-01-21',NULL,NULL,'crabe','facture/FA2001-0047/FA2001-0047.pdf',0,'',NULL,NULL,0,NULL,NULL,NULL,NULL,NULL,1,'PYG',1.00000000,2086367.00000000,208638.00000000,2295005.00000000,NULL,NULL),(51,'FA1911-0048',1,NULL,NULL,NULL,0,NULL,169,'2020-01-31 17:00:09','2019-11-20',NULL,'2020-01-31','2020-07-01 16:18:34','2020-07-01 16:18:34',1,0.00000000,NULL,NULL,0,NULL,NULL,18000.00000000,0.00000000,0.00000000,0.00000000,180000.00000000,198000.00000000,2,2,NULL,2,2,NULL,NULL,NULL,NULL,NULL,6,0,'2019-11-21',NULL,NULL,'crabe','facture/FA1911-0048/FA1911-0048.pdf',0,'',NULL,NULL,0,NULL,NULL,NULL,NULL,NULL,1,'PYG',1.00000000,180000.00000000,18000.00000000,198000.00000000,NULL,NULL),(52,'FA2001-0049',1,NULL,NULL,NULL,0,NULL,80,'2020-02-06 16:21:51','2020-01-30',NULL,'2020-02-06','2020-03-03 18:33:59','2020-03-03 18:33:59',1,0.00000000,NULL,NULL,0,NULL,NULL,178800.00000000,0.00000000,0.00000000,0.00000000,2148000.00000000,2326800.00000000,2,2,NULL,2,2,NULL,NULL,NULL,2,NULL,2,2,'2020-02-29',NULL,NULL,'crabe','facture/FA2001-0049/FA2001-0049.pdf',0,'',NULL,NULL,0,NULL,NULL,NULL,NULL,NULL,1,'PYG',1.00000000,2148000.00000000,178800.00000000,2326800.00000000,NULL,NULL),(53,'FA2003-0050',1,NULL,NULL,NULL,0,NULL,81,'2020-03-03 18:32:58','2020-03-03',NULL,'2020-03-03','2020-04-27 16:04:44','2020-04-27 16:04:44',1,0.00000000,NULL,NULL,0,NULL,NULL,549000.00000000,0.00000000,0.00000000,0.00000000,6030000.00000000,6579000.00000000,2,2,NULL,2,2,NULL,NULL,NULL,NULL,NULL,2,2,'2020-04-02',NULL,NULL,'crabe','facture/FA2003-0050/FA2003-0050.pdf',0,'',NULL,NULL,0,0,NULL,0,NULL,NULL,1,'PYG',1.00000000,6030000.00000000,549000.00000000,6579000.00000000,NULL,NULL),(54,'FA2005-0051',1,NULL,NULL,NULL,0,NULL,234,'2020-05-07 22:49:18','2020-05-08',NULL,'2020-05-07','2020-05-25 13:12:20','2020-05-25 13:12:20',1,0.00000000,NULL,NULL,0,NULL,NULL,0.00000000,0.00000000,0.00000000,0.00000000,960000.00000000,960000.00000000,2,2,NULL,2,2,NULL,NULL,NULL,2,NULL,6,2,'2020-05-09',NULL,NULL,'crabe','facture/FA2005-0051/FA2005-0051.pdf',0,'',NULL,NULL,0,0,NULL,0,NULL,NULL,1,'PYG',1.00000000,960000.00000000,0.00000000,960000.00000000,NULL,NULL),(55,'AV2006-0002',1,NULL,NULL,NULL,2,NULL,99,'2020-06-25 16:49:07','2020-06-25',NULL,'2020-06-25','2020-06-25 17:21:43','2020-06-25 17:21:43',1,0.00000000,NULL,NULL,0,NULL,NULL,-109760.00000000,0.00000000,0.00000000,0.00000000,-1097600.00000000,-1207360.00000000,2,2,NULL,2,2,NULL,16,NULL,NULL,NULL,0,0,'2020-06-25',NULL,NULL,'crabe','facture/AV2006-0002/AV2006-0002.pdf',0,'',NULL,NULL,0,0,NULL,0,NULL,NULL,1,'PYG',1.00000000,1097600.00000000,109760.00000000,1207360.00000000,NULL,NULL),(56,'FA2006-0052',1,NULL,NULL,NULL,0,NULL,80,'2020-06-25 17:24:40','2020-06-25',NULL,'2020-06-25','2020-09-09 20:10:11','2020-09-09 20:10:11',1,0.00000000,NULL,NULL,0,NULL,NULL,126000.00000000,0.00000000,0.00000000,0.00000000,2520000.00000000,2646000.00000000,2,2,NULL,2,2,NULL,NULL,NULL,2,NULL,2,2,'2020-07-25',NULL,NULL,'crabe','facture/FA2006-0052/FA2006-0052.pdf',0,'',NULL,NULL,0,0,NULL,0,NULL,NULL,1,'PYG',1.00000000,2520000.00000000,126000.00000000,2646000.00000000,NULL,NULL),(58,'FA2006-0053',1,NULL,NULL,NULL,0,NULL,236,'2020-07-02 20:53:04','2020-06-08',NULL,'2020-10-20',NULL,'2020-10-20 19:32:39',0,0.00000000,NULL,NULL,0,NULL,NULL,2666666.00000000,0.00000000,0.00000000,0.00000000,26666640.00000000,29333306.00000000,1,2,NULL,2,NULL,NULL,NULL,1,NULL,NULL,3,2,'2020-07-31',NULL,NULL,'crabe','facture/FA2006-0053/FA2006-0053.pdf',0,'',NULL,NULL,0,0,NULL,0,NULL,NULL,1,'PYG',1.00000000,26666640.00000000,2666666.00000000,29333306.00000000,NULL,NULL),(59,'FA2007-0054',1,NULL,NULL,NULL,0,NULL,237,'2020-07-06 13:21:33','2020-07-07',NULL,'2020-07-06',NULL,'2020-07-06 13:22:43',0,0.00000000,NULL,NULL,0,NULL,NULL,3012000.00000000,0.00000000,0.00000000,0.00000000,30120000.00000000,33132000.00000000,1,2,NULL,2,NULL,NULL,NULL,NULL,2,NULL,4,2,'2020-09-05',NULL,NULL,'crabe','facture/FA2007-0054/FA2007-0054.pdf',0,'',NULL,NULL,0,0,NULL,0,NULL,NULL,1,'PYG',1.00000000,30120000.00000000,3012000.00000000,33132000.00000000,NULL,NULL),(60,'(PROV60)',1,NULL,NULL,NULL,0,NULL,239,'2020-07-06 20:17:54','2020-07-06',NULL,NULL,NULL,'2020-07-06 20:17:54',0,0.00000000,NULL,NULL,0,NULL,NULL,28800.00000000,0.00000000,0.00000000,0.00000000,288000.00000000,316800.00000000,0,2,NULL,NULL,NULL,NULL,NULL,NULL,NULL,NULL,3,0,'2020-08-31',NULL,NULL,'crabe',NULL,0,'',NULL,NULL,0,0,NULL,0,NULL,NULL,1,'PYG',1.00000000,288000.00000000,28800.00000000,316800.00000000,NULL,NULL),(62,'FA2008-0055',1,NULL,NULL,NULL,0,NULL,240,'2020-08-19 12:39:07','2020-08-11',NULL,'2020-08-19','2020-08-19 12:40:16','2020-08-19 12:40:16',1,0.00000000,NULL,NULL,0,NULL,NULL,36000.00000000,0.00000000,0.00000000,0.00000000,4170000.00000000,4206000.00000000,2,2,NULL,2,2,NULL,NULL,NULL,2,NULL,6,2,'2020-08-12',NULL,NULL,'crabe','facture/FA2008-0055/FA2008-0055.pdf',0,'',NULL,NULL,0,0,NULL,0,NULL,NULL,1,'PYG',1.00000000,4170000.00000000,36000.00000000,4206000.00000000,NULL,NULL),(63,'FA2009-0056',1,NULL,NULL,NULL,0,NULL,237,'2020-09-15 17:22:58','2020-09-15',NULL,'2020-09-15',NULL,'2020-09-15 17:23:11',0,0.00000000,NULL,NULL,0,NULL,NULL,858000.00000000,0.00000000,0.00000000,0.00000000,8580000.00000000,9438000.00000000,1,2,NULL,2,NULL,NULL,NULL,NULL,NULL,NULL,4,2,'2020-11-14',NULL,NULL,'crabe','facture/FA2009-0056/FA2009-0056.pdf',0,'',NULL,NULL,0,0,NULL,0,NULL,NULL,1,'PYG',1.00000000,8580000.00000000,858000.00000000,9438000.00000000,NULL,NULL),(64,'FA2010-0057',1,NULL,NULL,NULL,0,NULL,237,'2020-10-20 19:23:26','2020-10-16',NULL,'2020-10-20',NULL,'2020-10-20 19:23:37',0,0.00000000,NULL,NULL,0,NULL,NULL,1689816.00000000,0.00000000,0.00000000,0.00000000,16898160.00000000,18587976.00000000,1,2,NULL,2,NULL,NULL,NULL,NULL,NULL,NULL,4,2,'2020-12-15',NULL,NULL,'crabe','facture/FA2010-0057/FA2010-0057.pdf',0,'',NULL,NULL,0,0,NULL,0,NULL,NULL,1,'PYG',1.00000000,16898160.00000000,1689816.00000000,18587976.00000000,NULL,NULL);

--
-- Table structure for table `llxqa_facture_extrafields`
--

CREATE TABLE `llxqa_facture_extrafields` (
  `rowid` int(11) NOT NULL AUTO_INCREMENT,
  `tms` timestamp NOT NULL DEFAULT current_timestamp() ON UPDATE current_timestamp(),
  `fk_object` int(11) NOT NULL,
  `import_key` varchar(14) DEFAULT NULL,
  PRIMARY KEY (`rowid`),
  KEY `idx_facture_extrafields` (`fk_object`)
) ENGINE=InnoDB DEFAULT CHARSET=utf8;

--
-- Dumping data for table `llxqa_facture_extrafields`
--


--
-- Table structure for table `llxqa_facture_fourn`
--

CREATE TABLE `llxqa_facture_fourn` (
  `rowid` int(11) NOT NULL AUTO_INCREMENT,
  `ref` varchar(180) NOT NULL,
  `ref_supplier` varchar(180) NOT NULL,
  `entity` int(11) NOT NULL DEFAULT 1,
  `ref_ext` varchar(255) DEFAULT NULL,
  `type` smallint(6) NOT NULL DEFAULT 0,
  `fk_soc` int(11) NOT NULL,
  `datec` datetime DEFAULT NULL,
  `datef` date DEFAULT NULL,
  `date_pointoftax` date DEFAULT NULL,
  `date_valid` date DEFAULT NULL,
  `tms` timestamp NOT NULL DEFAULT current_timestamp() ON UPDATE current_timestamp(),
  `libelle` varchar(255) DEFAULT NULL,
  `paye` smallint(6) NOT NULL DEFAULT 0,
  `amount` double(24,8) NOT NULL DEFAULT 0.00000000,
  `remise` double(24,8) DEFAULT 0.00000000,
  `close_code` varchar(16) DEFAULT NULL,
  `close_note` varchar(128) DEFAULT NULL,
  `tva` double(24,8) DEFAULT 0.00000000,
  `localtax1` double(24,8) DEFAULT 0.00000000,
  `localtax2` double(24,8) DEFAULT 0.00000000,
  `total_ht` double(24,8) DEFAULT 0.00000000,
  `total_tva` double(24,8) DEFAULT 0.00000000,
  `total_ttc` double(24,8) DEFAULT 0.00000000,
  `fk_statut` smallint(6) NOT NULL DEFAULT 0,
  `fk_user_author` int(11) DEFAULT NULL,
  `fk_user_modif` int(11) DEFAULT NULL,
  `fk_user_valid` int(11) DEFAULT NULL,
  `fk_facture_source` int(11) DEFAULT NULL,
  `fk_projet` int(11) DEFAULT NULL,
  `fk_account` int(11) DEFAULT NULL,
  `fk_cond_reglement` int(11) DEFAULT NULL,
  `fk_mode_reglement` int(11) DEFAULT NULL,
  `date_lim_reglement` date DEFAULT NULL,
  `note_private` text DEFAULT NULL,
  `note_public` text DEFAULT NULL,
  `fk_incoterms` int(11) DEFAULT NULL,
  `location_incoterms` varchar(255) DEFAULT NULL,
  `model_pdf` varchar(255) DEFAULT NULL,
  `last_main_doc` varchar(255) DEFAULT NULL,
  `import_key` varchar(14) DEFAULT NULL,
  `extraparams` varchar(255) DEFAULT NULL,
  `fk_multicurrency` int(11) DEFAULT NULL,
  `multicurrency_code` varchar(255) DEFAULT NULL,
  `multicurrency_tx` double(24,8) DEFAULT 1.00000000,
  `multicurrency_total_ht` double(24,8) DEFAULT 0.00000000,
  `multicurrency_total_tva` double(24,8) DEFAULT 0.00000000,
  `multicurrency_total_ttc` double(24,8) DEFAULT 0.00000000,
  PRIMARY KEY (`rowid`),
  UNIQUE KEY `uk_facture_fourn_ref` (`ref`,`entity`),
  UNIQUE KEY `uk_facture_fourn_ref_supplier` (`ref_supplier`,`fk_soc`,`entity`),
  KEY `idx_facture_fourn_date_lim_reglement` (`date_lim_reglement`),
  KEY `idx_facture_fourn_fk_soc` (`fk_soc`),
  KEY `idx_facture_fourn_fk_user_author` (`fk_user_author`),
  KEY `idx_facture_fourn_fk_user_valid` (`fk_user_valid`),
  KEY `idx_facture_fourn_fk_projet` (`fk_projet`),
  CONSTRAINT `fk_facture_fourn_fk_projet` FOREIGN KEY (`fk_projet`) REFERENCES `llxqa_projet` (`rowid`),
  CONSTRAINT `fk_facture_fourn_fk_soc` FOREIGN KEY (`fk_soc`) REFERENCES `llxqa_societe` (`rowid`),
  CONSTRAINT `fk_facture_fourn_fk_user_author` FOREIGN KEY (`fk_user_author`) REFERENCES `llxqa_user` (`rowid`),
  CONSTRAINT `fk_facture_fourn_fk_user_valid` FOREIGN KEY (`fk_user_valid`) REFERENCES `llxqa_user` (`rowid`)
) ENGINE=InnoDB AUTO_INCREMENT=11 DEFAULT CHARSET=utf8;

--
-- Dumping data for table `llxqa_facture_fourn`
--

INSERT INTO `llxqa_facture_fourn` VALUES (4,'SI1812-0001','Sugar Cacique',1,NULL,0,119,'2019-01-02 11:46:58','2018-12-21',NULL,'2019-01-02','2019-01-02 13:36:40','',1,0.00000000,0.00000000,NULL,NULL,0.00000000,0.00000000,0.00000000,863636.00000000,86375.00000000,950125.00000000,2,2,NULL,2,NULL,1,NULL,1,NULL,'2018-12-22','','',0,'',NULL,NULL,NULL,NULL,1,'PYG',1.00000000,863636.00000000,86364.00000000,950000.00000000),(5,'SI1812-0002','otisa',1,NULL,0,124,'2019-01-02 13:42:30','2018-12-12',NULL,'2019-01-02','2019-01-02 13:44:38','',1,0.00000000,0.00000000,NULL,NULL,0.00000000,0.00000000,0.00000000,5681250.00000000,568125.00000000,6249375.00000000,2,2,NULL,2,NULL,1,NULL,1,7,'2018-12-13','','',0,'',NULL,NULL,NULL,NULL,1,'PYG',1.00000000,5681250.00000000,568125.00000000,6249375.00000000),(6,'SI1812-0003','flavors',1,NULL,0,123,'2019-01-02 14:09:30','2018-12-12',NULL,'2019-01-02','2019-01-02 14:16:17','',1,0.00000000,0.00000000,NULL,NULL,0.00000000,0.00000000,0.00000000,10448000.00000000,1044800.00000000,11492800.00000000,2,2,NULL,2,NULL,1,NULL,8,2,'2018-12-13','','',0,'',NULL,NULL,NULL,NULL,1,'PYG',1.00000000,10448000.00000000,1044800.00000000,11492800.00000000),(7,'SI1811-0004','Lulu label',1,NULL,0,126,'2019-01-02 17:59:00','2018-11-27',NULL,'2019-01-02','2019-01-02 17:59:48','',1,0.00000000,0.00000000,NULL,NULL,0.00000000,0.00000000,0.00000000,2148520.00000000,214852.00000000,2363372.00000000,2,2,NULL,2,NULL,1,1,1,2,'2018-11-28','','',0,'',NULL,NULL,NULL,NULL,1,'PYG',1.00000000,2148520.00000000,214852.00000000,2363372.00000000),(9,'SI1901-0005','lululabel',1,NULL,0,126,'2019-02-05 19:57:08','2019-01-31',NULL,'2019-02-05','2019-02-05 20:02:02','',1,0.00000000,0.00000000,NULL,NULL,0.00000000,0.00000000,0.00000000,3333920.00000000,333392.00000000,3667312.00000000,2,2,NULL,2,NULL,1,NULL,1,7,'2019-02-01','','',0,'',NULL,NULL,NULL,NULL,1,'PYG',1.00000000,3333920.00000000,333392.00000000,3667312.00000000);

--
-- Table structure for table `llxqa_facture_fourn_det`
--

CREATE TABLE `llxqa_facture_fourn_det` (
  `rowid` int(11) NOT NULL AUTO_INCREMENT,
  `fk_facture_fourn` int(11) NOT NULL,
  `fk_parent_line` int(11) DEFAULT NULL,
  `fk_product` int(11) DEFAULT NULL,
  `ref` varchar(50) DEFAULT NULL,
  `label` varchar(255) DEFAULT NULL,
  `description` text DEFAULT NULL,
  `pu_ht` double(24,8) DEFAULT NULL,
  `pu_ttc` double(24,8) DEFAULT NULL,
  `qty` double DEFAULT NULL,
  `remise_percent` double DEFAULT 0,
  `vat_src_code` varchar(10) DEFAULT '',
  `tva_tx` double(6,3) DEFAULT NULL,
  `localtax1_tx` double(6,3) DEFAULT 0.000,
  `localtax1_type` varchar(10) DEFAULT NULL,
  `localtax2_tx` double(6,3) DEFAULT 0.000,
  `localtax2_type` varchar(10) DEFAULT NULL,
  `total_ht` double(24,8) DEFAULT NULL,
  `tva` double(24,8) DEFAULT NULL,
  `total_localtax1` double(24,8) DEFAULT 0.00000000,
  `total_localtax2` double(24,8) DEFAULT 0.00000000,
  `total_ttc` double(24,8) DEFAULT NULL,
  `product_type` int(11) DEFAULT 0,
  `date_start` datetime DEFAULT NULL,
  `date_end` datetime DEFAULT NULL,
  `info_bits` int(11) DEFAULT 0,
  `fk_code_ventilation` int(11) NOT NULL DEFAULT 0,
  `special_code` int(11) DEFAULT 0,
  `rang` int(11) DEFAULT 0,
  `import_key` varchar(14) DEFAULT NULL,
  `fk_unit` int(11) DEFAULT NULL,
  `fk_multicurrency` int(11) DEFAULT NULL,
  `multicurrency_code` varchar(255) DEFAULT NULL,
  `multicurrency_subprice` double(24,8) DEFAULT 0.00000000,
  `multicurrency_total_ht` double(24,8) DEFAULT 0.00000000,
  `multicurrency_total_tva` double(24,8) DEFAULT 0.00000000,
  `multicurrency_total_ttc` double(24,8) DEFAULT 0.00000000,
  PRIMARY KEY (`rowid`),
  KEY `idx_facture_fourn_det_fk_facture` (`fk_facture_fourn`),
  KEY `idx_facture_fourn_det_fk_product` (`fk_product`),
  KEY `idx_facture_fourn_det_fk_code_ventilation` (`fk_code_ventilation`),
  KEY `fk_facture_fourn_det_fk_unit` (`fk_unit`),
  CONSTRAINT `fk_facture_fourn_det_fk_facture` FOREIGN KEY (`fk_facture_fourn`) REFERENCES `llxqa_facture_fourn` (`rowid`),
  CONSTRAINT `fk_facture_fourn_det_fk_unit` FOREIGN KEY (`fk_unit`) REFERENCES `llxqa_c_units` (`rowid`)
) ENGINE=InnoDB AUTO_INCREMENT=24 DEFAULT CHARSET=utf8;

--
-- Dumping data for table `llxqa_facture_fourn_det`
--

INSERT INTO `llxqa_facture_fourn_det` VALUES (9,4,NULL,18,'sugar wht',NULL,'',3455.00000000,3800.00000000,250,0,'IVA',10.000,0.000,'0',0.000,'0',863636.00000000,86375.00000000,0.00000000,0.00000000,950125.00000000,0,NULL,NULL,0,0,0,1,NULL,NULL,1,'PYG',3455.00000000,863636.00000000,86364.00000000,950000.00000000),(10,5,NULL,18,'',NULL,'Sugar wht',4545.00000000,4999.50000000,250,0,'',10.000,0.000,'0',0.000,'0',1136250.00000000,113625.00000000,0.00000000,0.00000000,1249875.00000000,0,NULL,NULL,0,0,0,1,NULL,NULL,1,'PYG',4545.00000000,1136250.00000000,113625.00000000,1249875.00000000),(11,5,NULL,20,'',NULL,'old_alcohol_20%',4545.00000000,4999.50000000,1000,0,'',10.000,0.000,'0',0.000,'0',4545000.00000000,454500.00000000,0.00000000,0.00000000,4999500.00000000,0,NULL,NULL,0,0,0,2,NULL,NULL,1,'PYG',4545.00000000,4545000.00000000,454500.00000000,4999500.00000000),(16,6,NULL,19,'Aroma_Lemon_Lick',NULL,'',653.00000000,718.30000000,8000,0,'',10.000,0.000,'0',0.000,'0',5224000.00000000,522400.00000000,0.00000000,0.00000000,5746400.00000000,0,NULL,NULL,0,0,0,1,NULL,NULL,1,'PYG',653.00000000,5224000.00000000,522400.00000000,5746400.00000000),(17,6,NULL,21,'arAroma_Thron_of_Love Aroma Th',NULL,'',653.00000000,718.30000000,8000,0,'',10.000,0.000,'0',0.000,'0',5224000.00000000,522400.00000000,0.00000000,0.00000000,5746400.00000000,0,NULL,NULL,0,0,0,2,NULL,NULL,1,'PYG',653.00000000,5224000.00000000,522400.00000000,5746400.00000000),(18,7,NULL,29,'',NULL,'label lemon lick',418.00000000,459.80000000,2570,0,'',10.000,0.000,'0',0.000,'0',1074260.00000000,107426.00000000,0.00000000,0.00000000,1181686.00000000,0,NULL,NULL,0,0,0,1,NULL,NULL,1,'PYG',418.00000000,1074260.00000000,107426.00000000,1181686.00000000),(19,7,NULL,28,'',NULL,'Label thorn of love',418.00000000,459.80000000,2570,0,'',10.000,0.000,'0',0.000,'0',1074260.00000000,107426.00000000,0.00000000,0.00000000,1181686.00000000,0,NULL,NULL,0,0,0,3,NULL,NULL,1,'PYG',418.00000000,1074260.00000000,107426.00000000,1181686.00000000),(20,9,NULL,29,'',NULL,'label lemon lick',268.00000000,294.80000000,6220,0,'',10.000,0.000,'0',0.000,'0',1666960.00000000,166696.00000000,0.00000000,0.00000000,1833656.00000000,0,NULL,NULL,0,0,0,1,NULL,NULL,1,'PYG',268.00000000,1666960.00000000,166696.00000000,1833656.00000000),(21,9,NULL,28,'',NULL,'Label thorn of love',268.00000000,294.80000000,6220,0,'',10.000,0.000,'0',0.000,'0',1666960.00000000,166696.00000000,0.00000000,0.00000000,1833656.00000000,0,NULL,NULL,0,0,0,2,NULL,NULL,1,'PYG',268.00000000,1666960.00000000,166696.00000000,1833656.00000000);

--
-- Table structure for table `llxqa_facture_fourn_det_extrafields`
--

CREATE TABLE `llxqa_facture_fourn_det_extrafields` (
  `rowid` int(11) NOT NULL AUTO_INCREMENT,
  `tms` timestamp NOT NULL DEFAULT current_timestamp() ON UPDATE current_timestamp(),
  `fk_object` int(11) NOT NULL,
  `import_key` varchar(14) DEFAULT NULL,
  PRIMARY KEY (`rowid`),
  KEY `idx_facture_fourn_det_extrafields` (`fk_object`)
) ENGINE=InnoDB DEFAULT CHARSET=utf8;

--
-- Dumping data for table `llxqa_facture_fourn_det_extrafields`
--


--
-- Table structure for table `llxqa_facture_fourn_extrafields`
--

CREATE TABLE `llxqa_facture_fourn_extrafields` (
  `rowid` int(11) NOT NULL AUTO_INCREMENT,
  `tms` timestamp NOT NULL DEFAULT current_timestamp() ON UPDATE current_timestamp(),
  `fk_object` int(11) NOT NULL,
  `import_key` varchar(14) DEFAULT NULL,
  PRIMARY KEY (`rowid`),
  KEY `idx_facture_fourn_extrafields` (`fk_object`)
) ENGINE=InnoDB DEFAULT CHARSET=utf8;

--
-- Dumping data for table `llxqa_facture_fourn_extrafields`
--


--
-- Table structure for table `llxqa_facture_rec`
--

CREATE TABLE `llxqa_facture_rec` (
  `rowid` int(11) NOT NULL AUTO_INCREMENT,
  `titre` varchar(100) NOT NULL,
  `entity` int(11) NOT NULL DEFAULT 1,
  `fk_soc` int(11) NOT NULL,
  `datec` datetime DEFAULT NULL,
  `tms` timestamp NOT NULL DEFAULT current_timestamp() ON UPDATE current_timestamp(),
  `suspended` int(11) DEFAULT 0,
  `amount` double(24,8) NOT NULL DEFAULT 0.00000000,
  `remise` double DEFAULT 0,
  `remise_percent` double DEFAULT 0,
  `remise_absolue` double DEFAULT 0,
  `vat_src_code` varchar(10) DEFAULT '',
  `tva` double(24,8) DEFAULT 0.00000000,
  `localtax1` double(24,8) DEFAULT 0.00000000,
  `localtax2` double(24,8) DEFAULT 0.00000000,
  `revenuestamp` double(24,8) DEFAULT 0.00000000,
  `total` double(24,8) DEFAULT 0.00000000,
  `total_ttc` double(24,8) DEFAULT 0.00000000,
  `fk_user_author` int(11) DEFAULT NULL,
  `fk_user_modif` int(11) DEFAULT NULL,
  `fk_projet` int(11) DEFAULT NULL,
  `fk_cond_reglement` int(11) NOT NULL DEFAULT 1,
  `fk_mode_reglement` int(11) DEFAULT 0,
  `date_lim_reglement` date DEFAULT NULL,
  `fk_account` int(11) DEFAULT NULL,
  `note_private` text DEFAULT NULL,
  `note_public` text DEFAULT NULL,
  `modelpdf` varchar(255) DEFAULT NULL,
  `fk_multicurrency` int(11) DEFAULT NULL,
  `multicurrency_code` varchar(255) DEFAULT NULL,
  `multicurrency_tx` double(24,8) DEFAULT 1.00000000,
  `multicurrency_total_ht` double(24,8) DEFAULT 0.00000000,
  `multicurrency_total_tva` double(24,8) DEFAULT 0.00000000,
  `multicurrency_total_ttc` double(24,8) DEFAULT 0.00000000,
  `usenewprice` int(11) DEFAULT 0,
  `frequency` int(11) DEFAULT NULL,
  `unit_frequency` varchar(2) DEFAULT 'm',
  `date_when` datetime DEFAULT NULL,
  `date_last_gen` datetime DEFAULT NULL,
  `nb_gen_done` int(11) DEFAULT NULL,
  `nb_gen_max` int(11) DEFAULT NULL,
  `auto_validate` int(11) DEFAULT 0,
  `generate_pdf` int(11) DEFAULT 1,
  PRIMARY KEY (`rowid`),
  UNIQUE KEY `idx_facture_rec_uk_titre` (`titre`,`entity`),
  KEY `idx_facture_rec_fk_soc` (`fk_soc`),
  KEY `idx_facture_rec_fk_user_author` (`fk_user_author`),
  KEY `idx_facture_rec_fk_projet` (`fk_projet`),
  CONSTRAINT `fk_facture_rec_fk_projet` FOREIGN KEY (`fk_projet`) REFERENCES `llxqa_projet` (`rowid`),
  CONSTRAINT `fk_facture_rec_fk_soc` FOREIGN KEY (`fk_soc`) REFERENCES `llxqa_societe` (`rowid`),
  CONSTRAINT `fk_facture_rec_fk_user_author` FOREIGN KEY (`fk_user_author`) REFERENCES `llxqa_user` (`rowid`)
) ENGINE=InnoDB DEFAULT CHARSET=utf8;

--
-- Dumping data for table `llxqa_facture_rec`
--


--
-- Table structure for table `llxqa_facture_rec_extrafields`
--

CREATE TABLE `llxqa_facture_rec_extrafields` (
  `rowid` int(11) NOT NULL AUTO_INCREMENT,
  `tms` timestamp NOT NULL DEFAULT current_timestamp() ON UPDATE current_timestamp(),
  `fk_object` int(11) NOT NULL,
  `import_key` varchar(14) DEFAULT NULL,
  PRIMARY KEY (`rowid`),
  KEY `idx_facture_rec_extrafields` (`fk_object`)
) ENGINE=InnoDB DEFAULT CHARSET=utf8;

--
-- Dumping data for table `llxqa_facture_rec_extrafields`
--


--
-- Table structure for table `llxqa_facturedet`
--

CREATE TABLE `llxqa_facturedet` (
  `rowid` int(11) NOT NULL AUTO_INCREMENT,
  `fk_facture` int(11) NOT NULL,
  `fk_parent_line` int(11) DEFAULT NULL,
  `fk_product` int(11) DEFAULT NULL,
  `label` varchar(255) DEFAULT NULL,
  `description` text DEFAULT NULL,
  `vat_src_code` varchar(10) DEFAULT '',
  `tva_tx` double(6,3) DEFAULT NULL,
  `localtax1_tx` double(6,3) DEFAULT 0.000,
  `localtax1_type` varchar(10) DEFAULT NULL,
  `localtax2_tx` double(6,3) DEFAULT 0.000,
  `localtax2_type` varchar(10) DEFAULT NULL,
  `qty` double DEFAULT NULL,
  `remise_percent` double DEFAULT 0,
  `remise` double DEFAULT 0,
  `fk_remise_except` int(11) DEFAULT NULL,
  `subprice` double(24,8) DEFAULT NULL,
  `price` double(24,8) DEFAULT NULL,
  `total_ht` double(24,8) DEFAULT NULL,
  `total_tva` double(24,8) DEFAULT NULL,
  `total_localtax1` double(24,8) DEFAULT 0.00000000,
  `total_localtax2` double(24,8) DEFAULT 0.00000000,
  `total_ttc` double(24,8) DEFAULT NULL,
  `product_type` int(11) DEFAULT 0,
  `date_start` datetime DEFAULT NULL,
  `date_end` datetime DEFAULT NULL,
  `info_bits` int(11) DEFAULT 0,
  `buy_price_ht` double(24,8) DEFAULT 0.00000000,
  `fk_product_fournisseur_price` int(11) DEFAULT NULL,
  `fk_code_ventilation` int(11) NOT NULL DEFAULT 0,
  `special_code` int(11) DEFAULT 0,
  `rang` int(11) DEFAULT 0,
  `fk_contract_line` int(11) DEFAULT NULL,
  `import_key` varchar(14) DEFAULT NULL,
  `situation_percent` double DEFAULT 100,
  `fk_prev_id` int(11) DEFAULT NULL,
  `fk_unit` int(11) DEFAULT NULL,
  `fk_user_author` int(11) DEFAULT NULL,
  `fk_user_modif` int(11) DEFAULT NULL,
  `fk_multicurrency` int(11) DEFAULT NULL,
  `multicurrency_code` varchar(255) DEFAULT NULL,
  `multicurrency_subprice` double(24,8) DEFAULT 0.00000000,
  `multicurrency_total_ht` double(24,8) DEFAULT 0.00000000,
  `multicurrency_total_tva` double(24,8) DEFAULT 0.00000000,
  `multicurrency_total_ttc` double(24,8) DEFAULT 0.00000000,
  PRIMARY KEY (`rowid`),
  UNIQUE KEY `uk_fk_remise_except` (`fk_remise_except`,`fk_facture`),
  KEY `idx_facturedet_fk_facture` (`fk_facture`),
  KEY `idx_facturedet_fk_product` (`fk_product`),
  KEY `idx_facturedet_fk_code_ventilation` (`fk_code_ventilation`),
  KEY `fk_facturedet_fk_unit` (`fk_unit`),
  CONSTRAINT `fk_facturedet_fk_facture` FOREIGN KEY (`fk_facture`) REFERENCES `llxqa_facture` (`rowid`),
  CONSTRAINT `fk_facturedet_fk_unit` FOREIGN KEY (`fk_unit`) REFERENCES `llxqa_c_units` (`rowid`)
) ENGINE=InnoDB AUTO_INCREMENT=310 DEFAULT CHARSET=utf8;

--
-- Dumping data for table `llxqa_facturedet`
--

INSERT INTO `llxqa_facturedet` VALUES (1,1,NULL,15,NULL,'(Origin country: Paraguay)','IVA',10.000,0.000,'0',0.000,'0',55,0,0,NULL,50000.00000000,NULL,2750000.00000000,275000.00000000,0.00000000,0.00000000,3025000.00000000,0,NULL,NULL,0,0.00000000,NULL,0,0,1,NULL,NULL,100,NULL,NULL,2,2,1,'PYG',50000.00000000,2750000.00000000,275000.00000000,3025000.00000000),(16,1,NULL,9,NULL,'(Customs / Commodity / HS code: 2208.40.11 - Origin country: Paraguay)','IVA',10.000,0.000,'0',0.000,'0',12,0,0,NULL,91036.00000000,NULL,1092436.00000000,109243.00000000,0.00000000,0.00000000,1201675.00000000,0,NULL,NULL,0,0.00000000,NULL,0,0,4,NULL,NULL,100,NULL,NULL,2,2,1,'PYG',91036.00000000,1092436.00000000,109244.00000000,1201680.00000000),(17,1,NULL,10,NULL,'(Customs / Commodity / HS code: 2208.40.11 - Origin country: Paraguay)','IVA',10.000,0.000,'0',0.000,'0',12,0,0,NULL,55385.00000000,NULL,664615.00000000,66462.00000000,0.00000000,0.00000000,731082.00000000,0,NULL,NULL,0,0.00000000,NULL,0,0,3,NULL,NULL,100,NULL,NULL,2,2,1,'PYG',55385.00000000,664615.00000000,66461.00000000,731076.00000000),(18,1,NULL,8,NULL,'(Customs / Commodity / HS code: 2208.40.11 - Origin country: Paraguay)','IVA',10.000,0.000,'0',0.000,'0',24,0,0,NULL,55385.00000000,NULL,1329229.00000000,132924.00000000,0.00000000,0.00000000,1462164.00000000,0,NULL,NULL,0,0.00000000,NULL,0,0,5,NULL,NULL,100,NULL,NULL,2,2,1,'PYG',55385.00000000,1329229.00000000,132923.00000000,1462152.00000000),(20,1,NULL,15,NULL,'(Origin country: Paraguay)','IVA',10.000,0.000,'0',0.000,'0',5,0,0,NULL,0.00000000,NULL,0.00000000,0.00000000,0.00000000,0.00000000,0.00000000,0,NULL,NULL,0,0.00000000,NULL,0,0,2,NULL,NULL,100,NULL,NULL,2,2,1,'PYG',0.00000000,0.00000000,0.00000000,0.00000000),(22,2,NULL,10,NULL,'(Customs / Commodity / HS code: 2208.40.11 - Origin country: Paraguay)','IVA',10.000,0.000,'0',0.000,'0',112,0,0,NULL,55385.00000000,NULL,6203120.00000000,620312.00000000,0.00000000,0.00000000,6823432.00000000,0,NULL,NULL,0,0.00000000,NULL,0,0,1,NULL,NULL,100,NULL,NULL,1,1,1,'PYG',55385.00000000,6203120.00000000,620312.00000000,6823432.00000000),(23,2,NULL,9,NULL,'(Customs / Commodity / HS code: 2208.40.11 - Origin country: Paraguay)','IVA',10.000,0.000,'0',0.000,'0',95,0,0,NULL,91036.00000000,NULL,8648420.00000000,864842.00000000,0.00000000,0.00000000,9513262.00000000,0,NULL,NULL,0,0.00000000,NULL,0,0,2,NULL,NULL,100,NULL,NULL,1,1,1,'PYG',91036.00000000,8648420.00000000,864842.00000000,9513262.00000000),(24,2,NULL,8,NULL,'(Customs / Commodity / HS code: 2208.40.11 - Origin country: Paraguay)','IVA',10.000,0.000,'0',0.000,'0',147,0,0,NULL,55385.00000000,NULL,8141595.00000000,814160.00000000,0.00000000,0.00000000,8955755.00000000,0,NULL,NULL,0,0.00000000,NULL,0,0,3,NULL,NULL,100,NULL,NULL,1,1,1,'PYG',55385.00000000,8141595.00000000,814160.00000000,8955755.00000000),(25,2,NULL,7,NULL,'(Origin country: Paraguay)','IVA',10.000,0.000,'0',0.000,'0',77,0,0,NULL,22273.00000000,NULL,1715021.00000000,171502.00000000,0.00000000,0.00000000,1886523.00000000,0,NULL,NULL,0,0.00000000,NULL,0,0,4,NULL,NULL,100,NULL,NULL,1,1,1,'PYG',22273.00000000,1715021.00000000,171502.00000000,1886523.00000000),(26,2,NULL,16,NULL,'(Origin country: Paraguay)','IVA5',5.000,0.000,'0',0.000,'0',60,0,0,NULL,30000.00000000,NULL,1800000.00000000,90000.00000000,0.00000000,0.00000000,1890000.00000000,0,NULL,NULL,0,0.00000000,NULL,0,0,5,NULL,NULL,100,NULL,NULL,1,2,1,'PYG',30000.00000000,1800000.00000000,90000.00000000,1890000.00000000),(27,3,NULL,10,NULL,'(Customs / Commodity / HS code: 2208.40.11 - Origin country: Paraguay)','IVA',10.000,0.000,'0',0.000,'0',6,0,0,NULL,69000.00000000,NULL,414000.00000000,41400.00000000,0.00000000,0.00000000,455400.00000000,0,NULL,NULL,0,0.00000000,NULL,0,0,1,NULL,NULL,100,NULL,NULL,2,2,1,'PYG',69000.00000000,414000.00000000,41400.00000000,455400.00000000),(28,3,NULL,8,NULL,'(Customs / Commodity / HS code: 2208.40.11 - Origin country: Paraguay)','IVA',10.000,0.000,'0',0.000,'0',6,0,0,NULL,69000.00000000,NULL,414000.00000000,41400.00000000,0.00000000,0.00000000,455400.00000000,0,NULL,NULL,0,0.00000000,NULL,0,0,2,NULL,NULL,100,NULL,NULL,2,2,1,'PYG',69000.00000000,414000.00000000,41400.00000000,455400.00000000),(29,4,NULL,15,NULL,'(Origin country: Paraguay)','IVA',10.000,0.000,'0',0.000,'0',12,0,0,NULL,32000.00000000,NULL,384000.00000000,38400.00000000,0.00000000,0.00000000,422400.00000000,0,NULL,NULL,0,0.00000000,NULL,0,0,1,NULL,NULL,100,NULL,NULL,2,2,1,'PYG',32000.00000000,384000.00000000,38400.00000000,422400.00000000),(30,4,NULL,8,NULL,'(Customs / Commodity / HS code: 2208.40.11 - Origin country: Paraguay)','IVA',10.000,0.000,'0',0.000,'0',6,0,0,NULL,69000.00000000,NULL,414000.00000000,41400.00000000,0.00000000,0.00000000,455400.00000000,0,NULL,NULL,0,0.00000000,NULL,0,0,2,NULL,NULL,100,NULL,NULL,2,2,1,'PYG',69000.00000000,414000.00000000,41400.00000000,455400.00000000),(31,4,NULL,9,NULL,'(Customs / Commodity / HS code: 2208.40.11 - Origin country: Paraguay)','IVA',10.000,0.000,'0',0.000,'0',6,0,0,NULL,100000.00000000,NULL,600000.00000000,60000.00000000,0.00000000,0.00000000,660000.00000000,0,NULL,NULL,0,0.00000000,NULL,0,0,3,NULL,NULL,100,NULL,NULL,2,2,1,'PYG',100000.00000000,600000.00000000,60000.00000000,660000.00000000),(32,5,NULL,16,NULL,'(Origin country: Paraguay)','IVA',5.000,0.000,'0',0.000,'0',24,0,0,NULL,30000.00000000,NULL,720000.00000000,36000.00000000,0.00000000,0.00000000,756000.00000000,0,NULL,NULL,0,0.00000000,NULL,0,0,1,NULL,NULL,100,NULL,NULL,2,2,1,'PYG',30000.00000000,720000.00000000,36000.00000000,756000.00000000),(33,5,NULL,7,NULL,'(Origin country: Paraguay)','IVA',10.000,0.000,'0',0.000,'0',90,0,0,NULL,28000.00000000,NULL,2520000.00000000,252000.00000000,0.00000000,0.00000000,2772000.00000000,0,NULL,NULL,0,0.00000000,NULL,0,0,2,NULL,NULL,100,NULL,NULL,2,2,1,'PYG',28000.00000000,2520000.00000000,252000.00000000,2772000.00000000),(34,6,NULL,7,NULL,'(Origin country: Paraguay)','IVA',10.000,0.000,'0',0.000,'0',90,0,0,NULL,28000.00000000,NULL,2520000.00000000,252000.00000000,0.00000000,0.00000000,2772000.00000000,0,NULL,NULL,0,0.00000000,NULL,0,0,1,NULL,NULL,100,NULL,NULL,2,2,1,'PYG',28000.00000000,2520000.00000000,252000.00000000,2772000.00000000),(35,7,NULL,1,NULL,'(Customs / Commodity / HS code: 2208.70.10 - Origin country: Paraguay)','IVA',10.000,0.000,'0',0.000,'0',60,0,0,NULL,27200.00000000,NULL,1632000.00000000,163200.00000000,0.00000000,0.00000000,1795200.00000000,0,NULL,NULL,0,0.00000000,NULL,0,0,1,NULL,NULL,100,NULL,NULL,2,2,1,'PYG',27200.00000000,1632000.00000000,163200.00000000,1795200.00000000),(36,8,NULL,1,NULL,'(Customs / Commodity / HS code: 2208.70.10 - Origin country: Paraguay)','IVA',10.000,0.000,'0',0.000,'0',60,0,0,NULL,27200.00000000,NULL,1632000.00000000,163200.00000000,0.00000000,0.00000000,1795200.00000000,0,NULL,NULL,0,0.00000000,NULL,0,0,1,NULL,NULL,100,NULL,NULL,2,2,1,'PYG',27200.00000000,1632000.00000000,163200.00000000,1795200.00000000),(37,9,NULL,1,NULL,'(Customs / Commodity / HS code: 2208.70.10 - Origin country: Paraguay)','IVA',10.000,0.000,'0',0.000,'0',10,0,0,NULL,27200.00000000,NULL,272000.00000000,27200.00000000,0.00000000,0.00000000,299200.00000000,0,NULL,NULL,0,0.00000000,NULL,0,0,1,NULL,NULL,100,NULL,NULL,2,2,1,'PYG',27200.00000000,272000.00000000,27200.00000000,299200.00000000),(38,9,NULL,1,NULL,'(Customs / Commodity / HS code: 2208.70.10 - Origin country: Paraguay)&nbsp;<br />\r\nMuestra sin valor coercial','IVA',10.000,0.000,'0',0.000,'0',2,0,0,NULL,0.00000000,NULL,0.00000000,0.00000000,0.00000000,0.00000000,0.00000000,0,NULL,NULL,0,0.00000000,NULL,0,0,2,NULL,NULL,100,NULL,NULL,2,2,1,'PYG',0.00000000,0.00000000,0.00000000,0.00000000),(39,10,NULL,7,NULL,'(Origin country: Paraguay)','IVA',10.000,0.000,'0',0.000,'0',18,0,0,NULL,28000.00000000,NULL,504000.00000000,50400.00000000,0.00000000,0.00000000,554400.00000000,0,NULL,NULL,0,0.00000000,NULL,0,0,1,NULL,NULL,100,NULL,NULL,2,2,1,'PYG',28000.00000000,504000.00000000,50400.00000000,554400.00000000),(40,11,NULL,16,NULL,'(Origin country: Paraguay)','IVA',5.000,0.000,'0',0.000,'0',24,0,0,NULL,30000.00000000,NULL,720000.00000000,36000.00000000,0.00000000,0.00000000,756000.00000000,0,NULL,NULL,0,0.00000000,NULL,0,0,1,NULL,NULL,100,NULL,NULL,2,2,1,'PYG',30000.00000000,720000.00000000,36000.00000000,756000.00000000),(41,11,NULL,4,NULL,'(Customs / Commodity / HS code: 2208.70.10 - Origin country: Paraguay)','IVA',10.000,0.000,'0',0.000,'0',48,0,0,NULL,27200.00000000,NULL,1305600.00000000,130560.00000000,0.00000000,0.00000000,1436160.00000000,0,NULL,NULL,0,0.00000000,NULL,0,0,2,NULL,NULL,100,NULL,NULL,2,2,1,'PYG',27200.00000000,1305600.00000000,130560.00000000,1436160.00000000),(42,11,NULL,1,NULL,'(Customs / Commodity / HS code: 2208.70.10 - Origin country: Paraguay)','IVA',10.000,0.000,'0',0.000,'0',48,0,0,NULL,27200.00000000,NULL,1305600.00000000,130560.00000000,0.00000000,0.00000000,1436160.00000000,0,NULL,NULL,0,0.00000000,NULL,0,0,3,NULL,NULL,100,NULL,NULL,2,2,1,'PYG',27200.00000000,1305600.00000000,130560.00000000,1436160.00000000),(43,11,NULL,7,NULL,'(Origin country: Paraguay)','IVA',10.000,0.000,'0',0.000,'0',72,0,0,NULL,28000.00000000,NULL,2016000.00000000,201600.00000000,0.00000000,0.00000000,2217600.00000000,0,NULL,NULL,0,0.00000000,NULL,0,0,4,NULL,NULL,100,NULL,NULL,2,2,1,'PYG',28000.00000000,2016000.00000000,201600.00000000,2217600.00000000),(44,11,NULL,9,NULL,'(Customs / Commodity / HS code: 2208.40.11 - Origin country: Paraguay)','IVA',10.000,0.000,'0',0.000,'0',6,0,0,NULL,100000.00000000,NULL,600000.00000000,60000.00000000,0.00000000,0.00000000,660000.00000000,0,NULL,NULL,0,0.00000000,NULL,0,0,5,NULL,NULL,100,NULL,NULL,2,2,1,'PYG',100000.00000000,600000.00000000,60000.00000000,660000.00000000),(45,12,NULL,4,NULL,'(Customs / Commodity / HS code: 2208.70.10 - Origin country: Paraguay)','IVA',10.000,0.000,'0',0.000,'0',24,0,0,NULL,27200.00000000,NULL,652800.00000000,65280.00000000,0.00000000,0.00000000,718080.00000000,0,NULL,NULL,0,0.00000000,NULL,0,0,1,NULL,NULL,100,NULL,NULL,2,2,1,'PYG',27200.00000000,652800.00000000,65280.00000000,718080.00000000),(46,13,NULL,7,NULL,'(Origin country: Paraguay)','IVA',10.000,0.000,'0',0.000,'0',36,0,0,NULL,28000.00000000,NULL,1008000.00000000,100800.00000000,0.00000000,0.00000000,1108800.00000000,0,NULL,NULL,0,0.00000000,NULL,0,0,1,NULL,NULL,100,NULL,NULL,2,2,1,'PYG',28000.00000000,1008000.00000000,100800.00000000,1108800.00000000),(47,14,NULL,1,NULL,'(Customs / Commodity / HS code: 2208.70.10 - Origin country: Paraguay)','IVA',10.000,0.000,'0',0.000,'0',12,0,0,NULL,27200.00000000,NULL,326400.00000000,32640.00000000,0.00000000,0.00000000,359040.00000000,0,NULL,NULL,0,0.00000000,NULL,0,0,0,NULL,NULL,100,NULL,NULL,2,2,1,'PYG',27200.00000000,326400.00000000,32640.00000000,359040.00000000),(48,14,NULL,4,NULL,'(Customs / Commodity / HS code: 2208.70.10 - Origin country: Paraguay)','IVA',10.000,0.000,'0',0.000,'0',12,0,0,NULL,27200.00000000,NULL,326400.00000000,32640.00000000,0.00000000,0.00000000,359040.00000000,0,NULL,NULL,0,0.00000000,NULL,0,0,0,NULL,NULL,100,NULL,NULL,2,2,1,'PYG',27200.00000000,326400.00000000,32640.00000000,359040.00000000),(49,14,NULL,9,NULL,'(Customs / Commodity / HS code: 2208.40.11 - Origin country: Paraguay)','IVA',10.000,0.000,'0',0.000,'0',6,0,0,NULL,100000.00000000,NULL,600000.00000000,60000.00000000,0.00000000,0.00000000,660000.00000000,0,NULL,NULL,0,0.00000000,NULL,0,0,0,NULL,NULL,100,NULL,NULL,2,2,1,'PYG',100000.00000000,600000.00000000,60000.00000000,660000.00000000),(50,14,NULL,8,NULL,'(Customs / Commodity / HS code: 2208.40.11 - Origin country: Paraguay)','IVA',10.000,0.000,'0',0.000,'0',6,0,0,NULL,69000.00000000,NULL,414000.00000000,41400.00000000,0.00000000,0.00000000,455400.00000000,0,NULL,NULL,0,0.00000000,NULL,0,0,0,NULL,NULL,100,NULL,NULL,2,2,1,'PYG',69000.00000000,414000.00000000,41400.00000000,455400.00000000),(51,14,NULL,15,NULL,'(Origin country: Paraguay)','IVA',10.000,0.000,'0',0.000,'0',12,0,0,NULL,50000.00000000,NULL,600000.00000000,60000.00000000,0.00000000,0.00000000,660000.00000000,0,NULL,NULL,0,0.00000000,NULL,0,0,0,NULL,NULL,100,NULL,NULL,2,2,1,'PYG',50000.00000000,600000.00000000,60000.00000000,660000.00000000),(52,14,NULL,7,NULL,'(Origin country: Paraguay)','IVA',10.000,0.000,'0',0.000,'0',18,0,0,NULL,30000.00000000,NULL,540000.00000000,54000.00000000,0.00000000,0.00000000,594000.00000000,0,NULL,NULL,0,0.00000000,NULL,0,0,0,NULL,NULL,100,NULL,NULL,2,2,1,'PYG',30000.00000000,540000.00000000,54000.00000000,594000.00000000),(53,14,NULL,16,NULL,'(Origin country: Paraguay)','IVA5',5.000,0.000,'0',0.000,'0',12,0,0,NULL,30000.00000000,NULL,360000.00000000,18000.00000000,0.00000000,0.00000000,378000.00000000,0,NULL,NULL,0,0.00000000,NULL,0,0,0,NULL,NULL,100,NULL,NULL,2,2,1,'PYG',30000.00000000,360000.00000000,18000.00000000,378000.00000000),(54,15,NULL,4,NULL,'(Customs / Commodity / HS code: 2208.70.10 - Origin country: Paraguay)','IVA',10.000,0.000,'0',0.000,'0',6,0,0,NULL,27200.00000000,NULL,163200.00000000,16320.00000000,0.00000000,0.00000000,179520.00000000,0,NULL,NULL,0,0.00000000,NULL,0,0,1,NULL,NULL,100,NULL,NULL,2,2,1,'PYG',27200.00000000,163200.00000000,16320.00000000,179520.00000000),(55,15,NULL,1,NULL,'(Customs / Commodity / HS code: 2208.70.10 - Origin country: Paraguay)','IVA',10.000,0.000,'0',0.000,'0',6,0,0,NULL,27200.00000000,NULL,163200.00000000,16320.00000000,0.00000000,0.00000000,179520.00000000,0,NULL,NULL,0,0.00000000,NULL,0,0,2,NULL,NULL,100,NULL,NULL,2,2,1,'PYG',27200.00000000,163200.00000000,16320.00000000,179520.00000000),(56,15,NULL,15,NULL,'(Origin country: Paraguay)','IVA',10.000,0.000,'0',0.000,'0',6,0,0,NULL,50000.00000000,NULL,300000.00000000,30000.00000000,0.00000000,0.00000000,330000.00000000,0,NULL,NULL,0,0.00000000,NULL,0,0,3,NULL,NULL,100,NULL,NULL,2,2,1,'PYG',50000.00000000,300000.00000000,30000.00000000,330000.00000000),(57,15,NULL,14,NULL,'(Origin country: Paraguay)','IVA',10.000,0.000,'0',0.000,'0',6,0,0,NULL,102000.00000000,NULL,612000.00000000,61200.00000000,0.00000000,0.00000000,673200.00000000,0,NULL,NULL,0,0.00000000,NULL,0,0,4,NULL,NULL,100,NULL,NULL,2,2,1,'PYG',102000.00000000,612000.00000000,61200.00000000,673200.00000000),(58,15,NULL,8,NULL,'(Customs / Commodity / HS code: 2208.40.11 - Origin country: Paraguay)','IVA',10.000,0.000,'0',0.000,'0',3,0,0,NULL,69000.00000000,NULL,207000.00000000,20700.00000000,0.00000000,0.00000000,227700.00000000,0,NULL,NULL,0,0.00000000,NULL,0,0,5,NULL,NULL,100,NULL,NULL,2,2,1,'PYG',69000.00000000,207000.00000000,20700.00000000,227700.00000000),(59,15,NULL,9,NULL,'(Customs / Commodity / HS code: 2208.40.11 - Origin country: Paraguay)','IVA',10.000,0.000,'0',0.000,'0',3,0,0,NULL,100000.00000000,NULL,300000.00000000,30000.00000000,0.00000000,0.00000000,330000.00000000,0,NULL,NULL,0,0.00000000,NULL,0,0,6,NULL,NULL,100,NULL,NULL,2,2,1,'PYG',100000.00000000,300000.00000000,30000.00000000,330000.00000000),(60,16,NULL,4,NULL,'(Customs / Commodity / HS code: 2208.70.10 - Origin country: Paraguay)','IVA',10.000,0.000,'0',0.000,'0',12,0,0,NULL,27200.00000000,NULL,326400.00000000,32640.00000000,0.00000000,0.00000000,359040.00000000,0,NULL,NULL,0,0.00000000,NULL,0,0,1,NULL,NULL,100,NULL,NULL,2,2,1,'PYG',27200.00000000,326400.00000000,32640.00000000,359040.00000000),(61,16,NULL,1,NULL,'(Customs / Commodity / HS code: 2208.70.10 - Origin country: Paraguay)','IVA',10.000,0.000,'0',0.000,'0',12,0,0,NULL,27200.00000000,NULL,326400.00000000,32640.00000000,0.00000000,0.00000000,359040.00000000,0,NULL,NULL,0,0.00000000,NULL,0,0,2,NULL,NULL,100,NULL,NULL,2,2,1,'PYG',27200.00000000,326400.00000000,32640.00000000,359040.00000000),(62,16,NULL,8,NULL,'(Customs / Commodity / HS code: 2208.40.11 - Origin country: Paraguay)','IVA',10.000,0.000,'0',0.000,'0',6,0,0,NULL,69000.00000000,NULL,414000.00000000,41400.00000000,0.00000000,0.00000000,455400.00000000,0,NULL,NULL,0,0.00000000,NULL,0,0,3,NULL,NULL,100,NULL,NULL,2,2,1,'PYG',69000.00000000,414000.00000000,41400.00000000,455400.00000000),(63,16,NULL,9,NULL,'(Customs / Commodity / HS code: 2208.40.11 - Origin country: Paraguay)','IVA',10.000,0.000,'0',0.000,'0',6,0,0,NULL,100000.00000000,NULL,600000.00000000,60000.00000000,0.00000000,0.00000000,660000.00000000,0,NULL,NULL,0,0.00000000,NULL,0,0,4,NULL,NULL,100,NULL,NULL,2,2,1,'PYG',100000.00000000,600000.00000000,60000.00000000,660000.00000000),(64,16,NULL,14,NULL,'(Origin country: Paraguay)','IVA',10.000,0.000,'0',0.000,'0',6,0,0,NULL,102000.00000000,NULL,612000.00000000,61200.00000000,0.00000000,0.00000000,673200.00000000,0,NULL,NULL,0,0.00000000,NULL,0,0,5,NULL,NULL,100,NULL,NULL,2,2,1,'PYG',102000.00000000,612000.00000000,61200.00000000,673200.00000000),(65,16,NULL,15,NULL,'(Origin country: Paraguay)','IVA',10.000,0.000,'0',0.000,'0',5,0,0,NULL,50000.00000000,NULL,250000.00000000,25000.00000000,0.00000000,0.00000000,275000.00000000,0,NULL,NULL,0,0.00000000,NULL,0,0,6,NULL,NULL,100,NULL,NULL,2,2,1,'PYG',50000.00000000,250000.00000000,25000.00000000,275000.00000000),(66,17,NULL,4,NULL,'(Customs / Commodity / HS code: 2208.70.10 - Origin country: Paraguay)','IVA',10.000,0.000,'0',0.000,'0',12,0,0,NULL,27200.00000000,NULL,326400.00000000,32640.00000000,0.00000000,0.00000000,359040.00000000,0,NULL,NULL,0,0.00000000,NULL,0,0,1,NULL,NULL,100,NULL,NULL,2,2,1,'PYG',27200.00000000,326400.00000000,32640.00000000,359040.00000000),(67,17,NULL,1,NULL,'(Customs / Commodity / HS code: 2208.70.10 - Origin country: Paraguay)','IVA',10.000,0.000,'0',0.000,'0',12,0,0,NULL,27200.00000000,NULL,326400.00000000,32640.00000000,0.00000000,0.00000000,359040.00000000,0,NULL,NULL,0,0.00000000,NULL,0,0,2,NULL,NULL,100,NULL,NULL,2,2,1,'PYG',27200.00000000,326400.00000000,32640.00000000,359040.00000000),(68,17,NULL,9,NULL,'(Customs / Commodity / HS code: 2208.40.11 - Origin country: Paraguay)','IVA',10.000,0.000,'0',0.000,'0',6,0,0,NULL,100000.00000000,NULL,600000.00000000,60000.00000000,0.00000000,0.00000000,660000.00000000,0,NULL,NULL,0,0.00000000,NULL,0,0,3,NULL,NULL,100,NULL,NULL,2,2,1,'PYG',100000.00000000,600000.00000000,60000.00000000,660000.00000000),(69,18,NULL,4,NULL,'(Customs / Commodity / HS code: 2208.70.10 - Origin country: Paraguay)','IVA',10.000,0.000,'0',0.000,'0',36,0,0,NULL,27200.00000000,NULL,979200.00000000,97920.00000000,0.00000000,0.00000000,1077120.00000000,0,NULL,NULL,0,0.00000000,NULL,0,0,0,NULL,NULL,100,NULL,NULL,2,2,1,'PYG',27200.00000000,979200.00000000,97920.00000000,1077120.00000000),(70,18,NULL,1,NULL,'(Customs / Commodity / HS code: 2208.70.10 - Origin country: Paraguay)','IVA',10.000,0.000,'0',0.000,'0',12,0,0,NULL,27200.00000000,NULL,326400.00000000,32640.00000000,0.00000000,0.00000000,359040.00000000,0,NULL,NULL,0,0.00000000,NULL,0,0,0,NULL,NULL,100,NULL,NULL,2,2,1,'PYG',27200.00000000,326400.00000000,32640.00000000,359040.00000000),(71,19,NULL,4,NULL,'(Customs / Commodity / HS code: 2208.70.10 - Origin country: Paraguay)','IVA',10.000,0.000,'0',0.000,'0',12,0,0,NULL,27200.00000000,NULL,326400.00000000,32640.00000000,0.00000000,0.00000000,359040.00000000,0,NULL,NULL,0,0.00000000,NULL,0,0,1,NULL,NULL,100,NULL,NULL,2,2,1,'PYG',27200.00000000,326400.00000000,32640.00000000,359040.00000000),(72,19,NULL,1,NULL,'(Customs / Commodity / HS code: 2208.70.10 - Origin country: Paraguay)','IVA',10.000,0.000,'0',0.000,'0',12,0,0,NULL,27200.00000000,NULL,326400.00000000,32640.00000000,0.00000000,0.00000000,359040.00000000,0,NULL,NULL,0,0.00000000,NULL,0,0,2,NULL,NULL,100,NULL,NULL,2,2,1,'PYG',27200.00000000,326400.00000000,32640.00000000,359040.00000000),(73,20,NULL,4,NULL,'(Customs / Commodity / HS code: 2208.70.10 - Origin country: Paraguay)','IVA',10.000,0.000,'0',0.000,'0',12,0,0,NULL,27200.00000000,NULL,326400.00000000,32640.00000000,0.00000000,0.00000000,359040.00000000,0,NULL,NULL,0,0.00000000,NULL,0,0,1,NULL,NULL,100,NULL,NULL,2,2,1,'PYG',27200.00000000,326400.00000000,32640.00000000,359040.00000000),(74,20,NULL,1,NULL,'(Customs / Commodity / HS code: 2208.70.10 - Origin country: Paraguay)','IVA',10.000,0.000,'0',0.000,'0',12,0,0,NULL,27200.00000000,NULL,326400.00000000,32640.00000000,0.00000000,0.00000000,359040.00000000,0,NULL,NULL,0,0.00000000,NULL,0,0,2,NULL,NULL,100,NULL,NULL,2,2,1,'PYG',27200.00000000,326400.00000000,32640.00000000,359040.00000000),(75,20,NULL,8,NULL,'(Customs / Commodity / HS code: 2208.40.11 - Origin country: Paraguay)','IVA',10.000,0.000,'0',0.000,'0',6,0,0,NULL,69000.00000000,NULL,414000.00000000,41400.00000000,0.00000000,0.00000000,455400.00000000,0,NULL,NULL,0,0.00000000,NULL,0,0,3,NULL,NULL,100,NULL,NULL,2,2,1,'PYG',69000.00000000,414000.00000000,41400.00000000,455400.00000000),(76,20,NULL,10,NULL,'(Customs / Commodity / HS code: 2208.40.11 - Origin country: Paraguay)','IVA',10.000,0.000,'0',0.000,'0',6,0,0,NULL,69000.00000000,NULL,414000.00000000,41400.00000000,0.00000000,0.00000000,455400.00000000,0,NULL,NULL,0,0.00000000,NULL,0,0,4,NULL,NULL,100,NULL,NULL,2,2,1,'PYG',69000.00000000,414000.00000000,41400.00000000,455400.00000000),(77,20,NULL,9,NULL,'(Customs / Commodity / HS code: 2208.40.11 - Origin country: Paraguay)','IVA',10.000,0.000,'0',0.000,'0',6,0,0,NULL,100000.00000000,NULL,600000.00000000,60000.00000000,0.00000000,0.00000000,660000.00000000,0,NULL,NULL,0,0.00000000,NULL,0,0,5,NULL,NULL,100,NULL,NULL,2,2,1,'PYG',100000.00000000,600000.00000000,60000.00000000,660000.00000000),(78,20,NULL,7,NULL,'(Origin country: Paraguay)','IVA',10.000,0.000,'0',0.000,'0',18,0,0,NULL,30000.00000000,NULL,540000.00000000,54000.00000000,0.00000000,0.00000000,594000.00000000,0,NULL,NULL,0,0.00000000,NULL,0,0,6,NULL,NULL,100,NULL,NULL,2,2,1,'PYG',30000.00000000,540000.00000000,54000.00000000,594000.00000000),(79,20,NULL,16,NULL,'(Origin country: Paraguay)','IVA5',5.000,0.000,'0',0.000,'0',12,0,0,NULL,30000.00000000,NULL,360000.00000000,18000.00000000,0.00000000,0.00000000,378000.00000000,0,NULL,NULL,0,0.00000000,NULL,0,0,7,NULL,NULL,100,NULL,NULL,2,2,1,'PYG',30000.00000000,360000.00000000,18000.00000000,378000.00000000),(80,21,NULL,4,NULL,'(Customs / Commodity / HS code: 2208.70.10 - Origin country: Paraguay)','IVA',10.000,0.000,'0',0.000,'0',12,0,0,NULL,27200.00000000,NULL,326400.00000000,32640.00000000,0.00000000,0.00000000,359040.00000000,0,NULL,NULL,0,0.00000000,NULL,0,0,1,NULL,NULL,100,NULL,NULL,2,2,1,'PYG',27200.00000000,326400.00000000,32640.00000000,359040.00000000),(81,21,NULL,1,NULL,'(Customs / Commodity / HS code: 2208.70.10 - Origin country: Paraguay)','IVA',10.000,0.000,'0',0.000,'0',12,0,0,NULL,27200.00000000,NULL,326400.00000000,32640.00000000,0.00000000,0.00000000,359040.00000000,0,NULL,NULL,0,0.00000000,NULL,0,0,2,NULL,NULL,100,NULL,NULL,2,2,1,'PYG',27200.00000000,326400.00000000,32640.00000000,359040.00000000),(82,22,NULL,1,NULL,'(Customs / Commodity / HS code: 2208.70.10 - Origin country: Paraguay)','IVA',10.000,0.000,'0',0.000,'0',12,0,0,NULL,27200.00000000,NULL,326400.00000000,32640.00000000,0.00000000,0.00000000,359040.00000000,0,NULL,NULL,0,0.00000000,NULL,0,0,0,NULL,NULL,100,NULL,NULL,2,2,1,'PYG',27200.00000000,326400.00000000,32640.00000000,359040.00000000),(83,22,NULL,4,NULL,'(Customs / Commodity / HS code: 2208.70.10 - Origin country: Paraguay)','IVA',10.000,0.000,'0',0.000,'0',24,0,0,NULL,27200.00000000,NULL,652800.00000000,65280.00000000,0.00000000,0.00000000,718080.00000000,0,NULL,NULL,0,0.00000000,NULL,0,0,0,NULL,NULL,100,NULL,NULL,2,2,1,'PYG',27200.00000000,652800.00000000,65280.00000000,718080.00000000),(84,23,NULL,16,NULL,'(Origin country: Paraguay)','IVA5',5.000,0.000,'0',0.000,'0',12,0,0,NULL,30000.00000000,NULL,360000.00000000,18000.00000000,0.00000000,0.00000000,378000.00000000,0,NULL,NULL,0,0.00000000,NULL,0,0,1,NULL,NULL,100,NULL,NULL,2,2,1,'PYG',30000.00000000,360000.00000000,18000.00000000,378000.00000000),(85,23,NULL,4,NULL,'(Customs / Commodity / HS code: 2208.70.10 - Origin country: Paraguay)','IVA',10.000,0.000,'0',0.000,'0',24,0,0,NULL,27200.00000000,NULL,652800.00000000,65280.00000000,0.00000000,0.00000000,718080.00000000,0,NULL,NULL,0,0.00000000,NULL,0,0,2,NULL,NULL,100,NULL,NULL,2,2,1,'PYG',27200.00000000,652800.00000000,65280.00000000,718080.00000000),(86,23,NULL,7,NULL,'(Origin country: Paraguay)','IVA',10.000,0.000,'0',0.000,'0',36,0,0,NULL,28000.00000000,NULL,1008000.00000000,100800.00000000,0.00000000,0.00000000,1108800.00000000,0,NULL,NULL,0,0.00000000,NULL,0,0,3,NULL,NULL,100,NULL,NULL,2,2,1,'PYG',28000.00000000,1008000.00000000,100800.00000000,1108800.00000000),(87,23,NULL,8,NULL,'(Customs / Commodity / HS code: 2208.40.11 - Origin country: Paraguay)','IVA',10.000,0.000,'0',0.000,'0',6,0,0,NULL,69000.00000000,NULL,414000.00000000,41400.00000000,0.00000000,0.00000000,455400.00000000,0,NULL,NULL,0,0.00000000,NULL,0,0,4,NULL,NULL,100,NULL,NULL,2,2,1,'PYG',69000.00000000,414000.00000000,41400.00000000,455400.00000000),(88,24,NULL,4,NULL,'(Customs / Commodity / HS code: 2208.70.10 - Origin country: Paraguay)','IVA',10.000,0.000,'0',0.000,'0',36,0,0,NULL,27200.00000000,NULL,979200.00000000,97920.00000000,0.00000000,0.00000000,1077120.00000000,0,NULL,NULL,0,0.00000000,NULL,0,0,1,NULL,NULL,100,NULL,NULL,2,2,1,'PYG',27200.00000000,979200.00000000,97920.00000000,1077120.00000000),(89,24,NULL,1,NULL,'(Customs / Commodity / HS code: 2208.70.10 - Origin country: Paraguay)','IVA',10.000,0.000,'0',0.000,'0',24,0,0,NULL,27200.00000000,NULL,652800.00000000,65280.00000000,0.00000000,0.00000000,718080.00000000,0,NULL,NULL,0,0.00000000,NULL,0,0,2,NULL,NULL,100,NULL,NULL,2,2,1,'PYG',27200.00000000,652800.00000000,65280.00000000,718080.00000000),(90,24,NULL,7,NULL,'(Origin country: Paraguay)','IVA',10.000,0.000,'0',0.000,'0',72,0,0,NULL,28000.00000000,NULL,2016000.00000000,201600.00000000,0.00000000,0.00000000,2217600.00000000,0,NULL,NULL,0,0.00000000,NULL,0,0,3,NULL,NULL,100,NULL,NULL,2,2,1,'PYG',28000.00000000,2016000.00000000,201600.00000000,2217600.00000000),(91,24,NULL,10,NULL,'(Customs / Commodity / HS code: 2208.40.11 - Origin country: Paraguay)','IVA',10.000,0.000,'0',0.000,'0',3,0,0,NULL,69000.00000000,NULL,207000.00000000,20700.00000000,0.00000000,0.00000000,227700.00000000,0,NULL,NULL,0,0.00000000,NULL,0,0,4,NULL,NULL,100,NULL,NULL,2,2,1,'PYG',69000.00000000,207000.00000000,20700.00000000,227700.00000000),(92,24,NULL,8,NULL,'(Customs / Commodity / HS code: 2208.40.11 - Origin country: Paraguay)','IVA',10.000,0.000,'0',0.000,'0',3,0,0,NULL,69000.00000000,NULL,207000.00000000,20700.00000000,0.00000000,0.00000000,227700.00000000,0,NULL,NULL,0,0.00000000,NULL,0,0,5,NULL,NULL,100,NULL,NULL,2,2,1,'PYG',69000.00000000,207000.00000000,20700.00000000,227700.00000000),(93,25,NULL,7,NULL,'(Origin country: Paraguay)','IVA',10.000,0.000,'0',0.000,'0',18,0,0,NULL,28000.00000000,NULL,504000.00000000,50400.00000000,0.00000000,0.00000000,554400.00000000,0,NULL,NULL,0,0.00000000,NULL,0,0,1,NULL,NULL,100,NULL,NULL,2,2,1,'PYG',28000.00000000,504000.00000000,50400.00000000,554400.00000000),(94,26,NULL,4,NULL,'(Customs / Commodity / HS code: 2208.70.10 - Origin country: Paraguay)','IVA',10.000,0.000,'0',0.000,'0',36,0,0,NULL,27200.00000000,NULL,979200.00000000,97920.00000000,0.00000000,0.00000000,1077120.00000000,0,NULL,NULL,0,0.00000000,NULL,0,0,0,NULL,NULL,100,NULL,NULL,2,2,1,'PYG',27200.00000000,979200.00000000,97920.00000000,1077120.00000000),(95,26,NULL,7,NULL,'(Origin country: Paraguay)','IVA',10.000,0.000,'0',0.000,'0',180,0,0,NULL,28000.00000000,NULL,5040000.00000000,504000.00000000,0.00000000,0.00000000,5544000.00000000,0,NULL,NULL,0,0.00000000,NULL,0,0,0,NULL,NULL,100,NULL,NULL,2,2,1,'PYG',28000.00000000,5040000.00000000,504000.00000000,5544000.00000000),(96,26,NULL,8,NULL,'(Customs / Commodity / HS code: 2208.40.11 - Origin country: Paraguay)','IVA',10.000,0.000,'0',0.000,'0',12,0,0,NULL,69000.00000000,NULL,828000.00000000,82800.00000000,0.00000000,0.00000000,910800.00000000,0,NULL,NULL,0,0.00000000,NULL,0,0,0,NULL,NULL,100,NULL,NULL,2,2,1,'PYG',69000.00000000,828000.00000000,82800.00000000,910800.00000000),(97,27,NULL,16,NULL,'(Origin country: Paraguay)','IVA5',5.000,0.000,'0',0.000,'0',12,0,0,NULL,30000.00000000,NULL,360000.00000000,18000.00000000,0.00000000,0.00000000,378000.00000000,0,NULL,NULL,0,0.00000000,NULL,0,0,1,NULL,NULL,100,NULL,NULL,2,2,1,'PYG',30000.00000000,360000.00000000,18000.00000000,378000.00000000),(98,27,NULL,15,NULL,'(Origin country: Paraguay)','IVA',10.000,0.000,'0',0.000,'0',6,0,0,NULL,50000.00000000,NULL,300000.00000000,30000.00000000,0.00000000,0.00000000,330000.00000000,0,NULL,NULL,0,0.00000000,NULL,0,0,2,NULL,NULL,100,NULL,NULL,2,2,1,'PYG',50000.00000000,300000.00000000,30000.00000000,330000.00000000),(99,27,NULL,10,NULL,'(Customs / Commodity / HS code: 2208.40.11 - Origin country: Paraguay)','IVA',10.000,0.000,'0',0.000,'0',6,0,0,NULL,69000.00000000,NULL,414000.00000000,41400.00000000,0.00000000,0.00000000,455400.00000000,0,NULL,NULL,0,0.00000000,NULL,0,0,3,NULL,NULL,100,NULL,NULL,2,2,1,'PYG',69000.00000000,414000.00000000,41400.00000000,455400.00000000),(100,27,NULL,4,NULL,'(Customs / Commodity / HS code: 2208.70.10 - Origin country: Paraguay)','IVA',10.000,0.000,'0',0.000,'0',12,0,0,NULL,27200.00000000,NULL,326400.00000000,32640.00000000,0.00000000,0.00000000,359040.00000000,0,NULL,NULL,0,0.00000000,NULL,0,0,4,NULL,NULL,100,NULL,NULL,2,2,1,'PYG',27200.00000000,326400.00000000,32640.00000000,359040.00000000),(101,27,NULL,1,NULL,'(Customs / Commodity / HS code: 2208.70.10 - Origin country: Paraguay)','IVA',10.000,0.000,'0',0.000,'0',12,0,0,NULL,27200.00000000,NULL,326400.00000000,32640.00000000,0.00000000,0.00000000,359040.00000000,0,NULL,NULL,0,0.00000000,NULL,0,0,5,NULL,NULL,100,NULL,NULL,2,2,1,'PYG',27200.00000000,326400.00000000,32640.00000000,359040.00000000),(102,27,NULL,8,NULL,'(Customs / Commodity / HS code: 2208.40.11 - Origin country: Paraguay)','IVA',10.000,0.000,'0',0.000,'0',6,0,0,NULL,69000.00000000,NULL,414000.00000000,41400.00000000,0.00000000,0.00000000,455400.00000000,0,NULL,NULL,0,0.00000000,NULL,0,0,6,NULL,NULL,100,NULL,NULL,2,2,1,'PYG',69000.00000000,414000.00000000,41400.00000000,455400.00000000),(103,28,NULL,16,NULL,'(Origin country: Paraguay)','IVA5',5.000,0.000,'0',0.000,'0',12,0,0,NULL,30000.00000000,NULL,360000.00000000,18000.00000000,0.00000000,0.00000000,378000.00000000,0,NULL,NULL,0,0.00000000,NULL,0,0,1,NULL,NULL,100,NULL,NULL,2,2,1,'PYG',30000.00000000,360000.00000000,18000.00000000,378000.00000000),(104,28,NULL,10,NULL,'(Customs / Commodity / HS code: 2208.40.11 - Origin country: Paraguay)','IVA',10.000,0.000,'0',0.000,'0',6,0,0,NULL,69000.00000000,NULL,414000.00000000,41400.00000000,0.00000000,0.00000000,455400.00000000,0,NULL,NULL,0,0.00000000,NULL,0,0,2,NULL,NULL,100,NULL,NULL,2,2,1,'PYG',69000.00000000,414000.00000000,41400.00000000,455400.00000000),(105,28,NULL,4,NULL,'(Customs / Commodity / HS code: 2208.70.10 - Origin country: Paraguay)','IVA',10.000,0.000,'0',0.000,'0',12,0,0,NULL,27200.00000000,NULL,326400.00000000,32640.00000000,0.00000000,0.00000000,359040.00000000,0,NULL,NULL,0,0.00000000,NULL,0,0,3,NULL,NULL,100,NULL,NULL,2,2,1,'PYG',27200.00000000,326400.00000000,32640.00000000,359040.00000000),(106,28,NULL,1,NULL,'(Customs / Commodity / HS code: 2208.70.10 - Origin country: Paraguay)','IVA',10.000,0.000,'0',0.000,'0',12,0,0,NULL,27200.00000000,NULL,326400.00000000,32640.00000000,0.00000000,0.00000000,359040.00000000,0,NULL,NULL,0,0.00000000,NULL,0,0,4,NULL,NULL,100,NULL,NULL,2,2,1,'PYG',27200.00000000,326400.00000000,32640.00000000,359040.00000000),(107,28,NULL,8,NULL,'(Customs / Commodity / HS code: 2208.40.11 - Origin country: Paraguay)','IVA',10.000,0.000,'0',0.000,'0',6,0,0,NULL,69000.00000000,NULL,414000.00000000,41400.00000000,0.00000000,0.00000000,455400.00000000,0,NULL,NULL,0,0.00000000,NULL,0,0,5,NULL,NULL,100,NULL,NULL,2,2,1,'PYG',69000.00000000,414000.00000000,41400.00000000,455400.00000000),(108,29,NULL,16,NULL,'(Origin country: Paraguay)','IVA',5.000,0.000,'0',0.000,'0',12,0,0,NULL,30000.00000000,NULL,360000.00000000,18000.00000000,0.00000000,0.00000000,378000.00000000,0,NULL,NULL,0,0.00000000,NULL,0,0,1,NULL,NULL,100,NULL,NULL,2,2,1,'PYG',30000.00000000,360000.00000000,18000.00000000,378000.00000000),(109,29,NULL,4,NULL,'(Customs / Commodity / HS code: 2208.70.10 - Origin country: Paraguay)','IVA',10.000,0.000,'0',0.000,'0',24,0,0,NULL,27200.00000000,NULL,652800.00000000,65280.00000000,0.00000000,0.00000000,718080.00000000,0,NULL,NULL,0,0.00000000,NULL,0,0,2,NULL,NULL,100,NULL,NULL,2,2,1,'PYG',27200.00000000,652800.00000000,65280.00000000,718080.00000000),(110,29,NULL,1,NULL,'(Customs / Commodity / HS code: 2208.70.10 - Origin country: Paraguay)','IVA',10.000,0.000,'0',0.000,'0',24,0,0,NULL,27200.00000000,NULL,652800.00000000,65280.00000000,0.00000000,0.00000000,718080.00000000,0,NULL,NULL,0,0.00000000,NULL,0,0,3,NULL,NULL,100,NULL,NULL,2,2,1,'PYG',27200.00000000,652800.00000000,65280.00000000,718080.00000000),(111,29,NULL,7,NULL,'(Origin country: Paraguay)','IVA',10.000,0.000,'0',0.000,'0',72,0,0,NULL,28000.00000000,NULL,2016000.00000000,201600.00000000,0.00000000,0.00000000,2217600.00000000,0,NULL,NULL,0,0.00000000,NULL,0,0,4,NULL,NULL,100,NULL,NULL,2,2,1,'PYG',28000.00000000,2016000.00000000,201600.00000000,2217600.00000000),(112,29,NULL,9,NULL,'(Customs / Commodity / HS code: 2208.40.11 - Origin country: Paraguay)','IVA',10.000,0.000,'0',0.000,'0',6,0,0,NULL,100000.00000000,NULL,600000.00000000,60000.00000000,0.00000000,0.00000000,660000.00000000,0,NULL,NULL,0,0.00000000,NULL,0,0,5,NULL,NULL,100,NULL,NULL,2,2,1,'PYG',100000.00000000,600000.00000000,60000.00000000,660000.00000000),(113,29,NULL,10,NULL,'(Customs / Commodity / HS code: 2208.40.11 - Origin country: Paraguay)','IVA',10.000,0.000,'0',0.000,'0',6,0,0,NULL,69000.00000000,NULL,414000.00000000,41400.00000000,0.00000000,0.00000000,455400.00000000,0,NULL,NULL,0,0.00000000,NULL,0,0,6,NULL,NULL,100,NULL,NULL,2,2,1,'PYG',69000.00000000,414000.00000000,41400.00000000,455400.00000000),(114,29,NULL,8,NULL,'(Customs / Commodity / HS code: 2208.40.11 - Origin country: Paraguay)','IVA',10.000,0.000,'0',0.000,'0',6,0,0,NULL,69000.00000000,NULL,414000.00000000,41400.00000000,0.00000000,0.00000000,455400.00000000,0,NULL,NULL,0,0.00000000,NULL,0,0,7,NULL,NULL,100,NULL,NULL,2,2,1,'PYG',69000.00000000,414000.00000000,41400.00000000,455400.00000000),(119,31,NULL,1,NULL,'(Customs / Commodity / HS code: 2208.70.10 - Origin country: Paraguay)','none',0.000,0.000,'0',0.000,'0',12,0,0,NULL,27200.00000000,NULL,326400.00000000,0.00000000,0.00000000,0.00000000,326400.00000000,0,NULL,NULL,0,0.00000000,NULL,0,0,1,NULL,NULL,100,NULL,NULL,2,2,1,'PYG',27200.00000000,326400.00000000,0.00000000,326400.00000000),(120,31,NULL,4,NULL,'(Customs / Commodity / HS code: 2208.70.10 - Origin country: Paraguay)','none',0.000,0.000,'0',0.000,'0',24,0,0,NULL,27200.00000000,NULL,652800.00000000,0.00000000,0.00000000,0.00000000,652800.00000000,0,NULL,NULL,0,0.00000000,NULL,0,0,2,NULL,NULL,100,NULL,NULL,2,2,1,'PYG',27200.00000000,652800.00000000,0.00000000,652800.00000000),(121,32,NULL,8,NULL,'(Customs / Commodity / HS code: 2208.40.11 - Origin country: Paraguay)','IVA',10.000,0.000,'0',0.000,'0',6,0,0,NULL,69000.00000000,NULL,414000.00000000,41400.00000000,0.00000000,0.00000000,455400.00000000,0,NULL,NULL,0,0.00000000,NULL,0,0,1,NULL,NULL,100,NULL,NULL,2,2,1,'PYG',69000.00000000,414000.00000000,41400.00000000,455400.00000000),(122,32,NULL,16,NULL,'(Origin country: Paraguay)','IVA',5.000,0.000,'0',0.000,'0',12,0,0,NULL,30000.00000000,NULL,360000.00000000,18000.00000000,0.00000000,0.00000000,378000.00000000,0,NULL,NULL,0,0.00000000,NULL,0,0,2,NULL,NULL,100,NULL,NULL,2,2,1,'PYG',30000.00000000,360000.00000000,18000.00000000,378000.00000000),(123,32,NULL,16,NULL,'(Origin country: Paraguay)<br />\r\nCambio por producto vencido','none',0.000,0.000,'0',0.000,'0',3,0,0,NULL,0.00000000,NULL,0.00000000,0.00000000,0.00000000,0.00000000,0.00000000,0,NULL,NULL,0,0.00000000,NULL,0,0,3,NULL,NULL,100,NULL,NULL,2,2,1,'PYG',0.00000000,0.00000000,0.00000000,0.00000000),(124,33,NULL,16,NULL,'(Origin country: Paraguay)','IVA5',5.000,0.000,'0',0.000,'0',24,0,0,NULL,30000.00000000,NULL,720000.00000000,36000.00000000,0.00000000,0.00000000,756000.00000000,0,NULL,NULL,0,0.00000000,NULL,0,0,1,NULL,NULL,100,NULL,NULL,2,2,1,'PYG',30000.00000000,720000.00000000,36000.00000000,756000.00000000),(125,33,NULL,10,NULL,'(Customs / Commodity / HS code: 2208.40.11 - Origin country: Paraguay)','IVA',10.000,0.000,'0',0.000,'0',6,0,0,NULL,69000.00000000,NULL,414000.00000000,41400.00000000,0.00000000,0.00000000,455400.00000000,0,NULL,NULL,0,0.00000000,NULL,0,0,2,NULL,NULL,100,NULL,NULL,2,2,1,'PYG',69000.00000000,414000.00000000,41400.00000000,455400.00000000),(126,33,NULL,8,NULL,'(Customs / Commodity / HS code: 2208.40.11 - Origin country: Paraguay)','IVA',10.000,0.000,'0',0.000,'0',6,0,0,NULL,69000.00000000,NULL,414000.00000000,41400.00000000,0.00000000,0.00000000,455400.00000000,0,NULL,NULL,0,0.00000000,NULL,0,0,3,NULL,NULL,100,NULL,NULL,2,2,1,'PYG',69000.00000000,414000.00000000,41400.00000000,455400.00000000),(127,34,NULL,9,NULL,'(Customs / Commodity / HS code: 2208.40.11 - Origin country: Paraguay)','IVA',10.000,0.000,'0',0.000,'0',6,0,0,NULL,100000.00000000,NULL,600000.00000000,60000.00000000,0.00000000,0.00000000,660000.00000000,0,NULL,NULL,0,0.00000000,NULL,0,0,1,NULL,NULL,100,NULL,NULL,2,2,1,'PYG',100000.00000000,600000.00000000,60000.00000000,660000.00000000),(128,34,NULL,10,NULL,'(Customs / Commodity / HS code: 2208.40.11 - Origin country: Paraguay)','IVA',10.000,0.000,'0',0.000,'0',6,0,0,NULL,69000.00000000,NULL,414000.00000000,41400.00000000,0.00000000,0.00000000,455400.00000000,0,NULL,NULL,0,0.00000000,NULL,0,0,2,NULL,NULL,100,NULL,NULL,2,2,1,'PYG',69000.00000000,414000.00000000,41400.00000000,455400.00000000),(129,34,NULL,8,NULL,'(Customs / Commodity / HS code: 2208.40.11 - Origin country: Paraguay)','IVA',10.000,0.000,'0',0.000,'0',6,0,0,NULL,69000.00000000,NULL,414000.00000000,41400.00000000,0.00000000,0.00000000,455400.00000000,0,NULL,NULL,0,0.00000000,NULL,0,0,3,NULL,NULL,100,NULL,NULL,2,2,1,'PYG',69000.00000000,414000.00000000,41400.00000000,455400.00000000),(130,34,NULL,2,NULL,'(Customs / Commodity / HS code: 2208.70.10 - Origin country: Paraguay)','IVA',10.000,0.000,'0',0.000,'0',3,0,0,NULL,27200.00000000,NULL,81600.00000000,8160.00000000,0.00000000,0.00000000,89760.00000000,0,NULL,NULL,0,0.00000000,NULL,0,0,4,NULL,NULL,100,NULL,NULL,2,2,1,'PYG',27200.00000000,81600.00000000,8160.00000000,89760.00000000),(131,34,NULL,3,NULL,'(Customs / Commodity / HS code: 2208.70.10 - Origin country: Paraguay)','IVA',10.000,0.000,'0',0.000,'0',3,0,0,NULL,27200.00000000,NULL,81600.00000000,8160.00000000,0.00000000,0.00000000,89760.00000000,0,NULL,NULL,0,0.00000000,NULL,0,0,5,NULL,NULL,100,NULL,NULL,2,2,1,'PYG',27200.00000000,81600.00000000,8160.00000000,89760.00000000),(132,34,NULL,4,NULL,'(Customs / Commodity / HS code: 2208.70.10 - Origin country: Paraguay)','IVA',10.000,0.000,'0',0.000,'0',3,0,0,NULL,27200.00000000,NULL,81600.00000000,8160.00000000,0.00000000,0.00000000,89760.00000000,0,NULL,NULL,0,0.00000000,NULL,0,0,6,NULL,NULL,100,NULL,NULL,2,2,1,'PYG',27200.00000000,81600.00000000,8160.00000000,89760.00000000),(133,34,NULL,1,NULL,'(Customs / Commodity / HS code: 2208.70.10 - Origin country: Paraguay)','IVA',10.000,0.000,'0',0.000,'0',3,0,0,NULL,27200.00000000,NULL,81600.00000000,8160.00000000,0.00000000,0.00000000,89760.00000000,0,NULL,NULL,0,0.00000000,NULL,0,0,7,NULL,NULL,100,NULL,NULL,2,2,1,'PYG',27200.00000000,81600.00000000,8160.00000000,89760.00000000),(134,34,NULL,4,NULL,'(Customs / Commodity / HS code: 2208.70.10 - Origin country: Paraguay)<br />\r\nMuestra','IVA',10.000,0.000,'0',0.000,'0',3,0,0,NULL,0.00000000,NULL,0.00000000,0.00000000,0.00000000,0.00000000,0.00000000,0,NULL,NULL,0,0.00000000,NULL,0,0,8,NULL,NULL,100,NULL,NULL,2,2,1,'PYG',0.00000000,0.00000000,0.00000000,0.00000000),(135,34,NULL,2,NULL,'Muestra<br />\r\n(Customs / Commodity / HS code: 2208.70.10 - Origin country: Paraguay)','IVA',10.000,0.000,'0',0.000,'0',3,0,0,NULL,0.00000000,NULL,0.00000000,0.00000000,0.00000000,0.00000000,0.00000000,0,NULL,NULL,0,0.00000000,NULL,0,0,9,NULL,NULL,100,NULL,NULL,2,2,1,'PYG',0.00000000,0.00000000,0.00000000,0.00000000),(136,34,NULL,3,NULL,'<br />\r\n(Customs / Commodity / HS code: 2208.70.10 - Origin country: Paraguay)<br />\r\nCambio por aceite','IVA',10.000,0.000,'0',0.000,'0',3,0,0,NULL,0.00000000,NULL,0.00000000,0.00000000,0.00000000,0.00000000,0.00000000,0,NULL,NULL,0,0.00000000,NULL,0,0,10,NULL,NULL,100,NULL,NULL,2,2,1,'PYG',0.00000000,0.00000000,0.00000000,0.00000000),(137,34,NULL,1,NULL,'(Customs / Commodity / HS code: 2208.70.10 - Origin country: Paraguay)<br />\r\nCambio por aceite','IVA',10.000,0.000,'0',0.000,'0',3,0,0,NULL,0.00000000,NULL,0.00000000,0.00000000,0.00000000,0.00000000,0.00000000,0,NULL,NULL,0,0.00000000,NULL,0,0,11,NULL,NULL,100,NULL,NULL,2,2,1,'PYG',0.00000000,0.00000000,0.00000000,0.00000000),(138,35,NULL,16,NULL,'(Origin country: Paraguay)','IVA',5.000,0.000,'0',0.000,'0',12,0,0,NULL,30000.00000000,NULL,360000.00000000,18000.00000000,0.00000000,0.00000000,378000.00000000,0,NULL,NULL,0,0.00000000,NULL,0,0,1,NULL,NULL,100,NULL,NULL,2,2,1,'PYG',30000.00000000,360000.00000000,18000.00000000,378000.00000000),(139,35,NULL,2,NULL,'(Customs / Commodity / HS code: 2208.70.10 - Origin country: Paraguay)','IVA',10.000,0.000,'0',0.000,'0',12,0,0,NULL,27200.00000000,NULL,326400.00000000,32640.00000000,0.00000000,0.00000000,359040.00000000,0,NULL,NULL,0,0.00000000,NULL,0,0,2,NULL,NULL,100,NULL,NULL,2,2,1,'PYG',27200.00000000,326400.00000000,32640.00000000,359040.00000000),(140,35,NULL,3,NULL,'(Customs / Commodity / HS code: 2208.70.10 - Origin country: Paraguay)','IVA',10.000,0.000,'0',0.000,'0',12,0,0,NULL,27200.00000000,NULL,326400.00000000,32640.00000000,0.00000000,0.00000000,359040.00000000,0,NULL,NULL,0,0.00000000,NULL,0,0,3,NULL,NULL,100,NULL,NULL,2,2,1,'PYG',27200.00000000,326400.00000000,32640.00000000,359040.00000000),(141,35,NULL,10,NULL,'(Customs / Commodity / HS code: 2208.40.11 - Origin country: Paraguay)','IVA',10.000,0.000,'0',0.000,'0',6,0,0,NULL,69000.00000000,NULL,414000.00000000,41400.00000000,0.00000000,0.00000000,455400.00000000,0,NULL,NULL,0,0.00000000,NULL,0,0,4,NULL,NULL,100,NULL,NULL,2,2,1,'PYG',69000.00000000,414000.00000000,41400.00000000,455400.00000000),(142,35,NULL,8,NULL,'(Customs / Commodity / HS code: 2208.40.11 - Origin country: Paraguay)','IVA',10.000,0.000,'0',0.000,'0',6,0,0,NULL,69000.00000000,NULL,414000.00000000,41400.00000000,0.00000000,0.00000000,455400.00000000,0,NULL,NULL,0,0.00000000,NULL,0,0,5,NULL,NULL,100,NULL,NULL,2,2,1,'PYG',69000.00000000,414000.00000000,41400.00000000,455400.00000000),(143,36,NULL,2,NULL,'(Customs / Commodity / HS code: 2208.70.10 - Origin country: Paraguay)','IVA',10.000,0.000,'0',0.000,'0',12,0,0,NULL,27200.00000000,NULL,326400.00000000,32640.00000000,0.00000000,0.00000000,359040.00000000,0,NULL,NULL,0,0.00000000,NULL,0,0,1,NULL,NULL,100,NULL,NULL,2,2,1,'PYG',27200.00000000,326400.00000000,32640.00000000,359040.00000000),(144,36,NULL,3,NULL,'(Customs / Commodity / HS code: 2208.70.10 - Origin country: Paraguay)','IVA',10.000,0.000,'0',0.000,'0',12,0,0,NULL,27200.00000000,NULL,326400.00000000,32640.00000000,0.00000000,0.00000000,359040.00000000,0,NULL,NULL,0,0.00000000,NULL,0,0,2,NULL,NULL,100,NULL,NULL,2,2,1,'PYG',27200.00000000,326400.00000000,32640.00000000,359040.00000000),(145,37,NULL,9,NULL,'(Customs / Commodity / HS code: 2208.40.11 - Origin country: Paraguay)','IVA',10.000,0.000,'0',0.000,'0',6,0,0,NULL,-100000.00000000,NULL,-600000.00000000,-60000.00000000,0.00000000,0.00000000,-660000.00000000,0,NULL,NULL,0,0.00000000,NULL,0,0,1,NULL,NULL,100,NULL,NULL,2,2,1,'PYG',100000.00000000,600000.00000000,60000.00000000,660000.00000000),(146,37,NULL,10,NULL,'(Customs / Commodity / HS code: 2208.40.11 - Origin country: Paraguay)','IVA',10.000,0.000,'0',0.000,'0',2,0,0,NULL,-69000.00000000,NULL,-138000.00000000,-13800.00000000,0.00000000,0.00000000,-151800.00000000,0,NULL,NULL,0,0.00000000,NULL,0,0,2,NULL,NULL,100,NULL,NULL,2,2,1,'PYG',69000.00000000,138000.00000000,13800.00000000,151800.00000000),(147,37,NULL,8,NULL,'(Customs / Commodity / HS code: 2208.40.11 - Origin country: Paraguay)','IVA',10.000,0.000,'0',0.000,'0',5,0,0,NULL,-69000.00000000,NULL,-345000.00000000,-34500.00000000,0.00000000,0.00000000,-379500.00000000,0,NULL,NULL,0,0.00000000,NULL,0,0,3,NULL,NULL,100,NULL,NULL,2,2,1,'PYG',69000.00000000,345000.00000000,34500.00000000,379500.00000000),(148,38,NULL,16,NULL,'(Origin country: Paraguay)','IVA5',5.000,0.000,'0',0.000,'0',24,0,0,NULL,30000.00000000,NULL,720000.00000000,36000.00000000,0.00000000,0.00000000,756000.00000000,0,NULL,NULL,0,0.00000000,NULL,0,0,1,NULL,NULL,100,NULL,NULL,2,2,1,'PYG',30000.00000000,720000.00000000,36000.00000000,756000.00000000),(149,38,NULL,1,NULL,'(Customs / Commodity / HS code: 2208.70.10 - Origin country: Paraguay)','IVA',10.000,0.000,'0',0.000,'0',12,0,0,NULL,27200.00000000,NULL,326400.00000000,32640.00000000,0.00000000,0.00000000,359040.00000000,0,NULL,NULL,0,0.00000000,NULL,0,0,2,NULL,NULL,100,NULL,NULL,2,2,1,'PYG',27200.00000000,326400.00000000,32640.00000000,359040.00000000),(150,38,NULL,2,NULL,'(Customs / Commodity / HS code: 2208.70.10 - Origin country: Paraguay)','IVA',10.000,0.000,'0',0.000,'0',12,0,0,NULL,27200.00000000,NULL,326400.00000000,32640.00000000,0.00000000,0.00000000,359040.00000000,0,NULL,NULL,0,0.00000000,NULL,0,0,3,NULL,NULL,100,NULL,NULL,2,2,1,'PYG',27200.00000000,326400.00000000,32640.00000000,359040.00000000),(151,38,NULL,3,NULL,'(Customs / Commodity / HS code: 2208.70.10 - Origin country: Paraguay)','IVA',10.000,0.000,'0',0.000,'0',12,0,0,NULL,27200.00000000,NULL,326400.00000000,32640.00000000,0.00000000,0.00000000,359040.00000000,0,NULL,NULL,0,0.00000000,NULL,0,0,4,NULL,NULL,100,NULL,NULL,2,2,1,'PYG',27200.00000000,326400.00000000,32640.00000000,359040.00000000),(158,40,NULL,30,NULL,'(Customs / Commodity / HS code: 2208.40.11 - Origin country: Paraguay)','IVA',10.000,0.000,'0',0.000,'0',6,0,0,NULL,60000.00000000,NULL,360000.00000000,36000.00000000,0.00000000,0.00000000,396000.00000000,0,NULL,NULL,0,0.00000000,NULL,0,0,1,NULL,NULL,100,NULL,NULL,2,2,1,'PYG',60000.00000000,360000.00000000,36000.00000000,396000.00000000),(159,40,NULL,31,NULL,'(Customs / Commodity / HS code: 2208.40.11 - Origin country: Paraguay)','IVA',10.000,0.000,'0',0.000,'0',6,0,0,NULL,95000.00000000,NULL,570000.00000000,57000.00000000,0.00000000,0.00000000,627000.00000000,0,NULL,NULL,0,0.00000000,NULL,0,0,2,NULL,NULL,100,NULL,NULL,2,2,1,'PYG',95000.00000000,570000.00000000,57000.00000000,627000.00000000),(160,40,NULL,2,NULL,'(Customs / Commodity / HS code: 2208.70.10 - Origin country: Paraguay)','IVA',10.000,0.000,'0',0.000,'0',6,0,0,NULL,27200.00000000,NULL,163200.00000000,16320.00000000,0.00000000,0.00000000,179520.00000000,0,NULL,NULL,0,0.00000000,NULL,0,0,3,NULL,NULL,100,NULL,NULL,2,2,1,'PYG',27200.00000000,163200.00000000,16320.00000000,179520.00000000),(161,40,NULL,3,NULL,'(Customs / Commodity / HS code: 2208.70.10 - Origin country: Paraguay)','IVA',10.000,0.000,'0',0.000,'0',6,0,0,NULL,27200.00000000,NULL,163200.00000000,16320.00000000,0.00000000,0.00000000,179520.00000000,0,NULL,NULL,0,0.00000000,NULL,0,0,4,NULL,NULL,100,NULL,NULL,2,2,1,'PYG',27200.00000000,163200.00000000,16320.00000000,179520.00000000),(162,40,NULL,8,NULL,'(Customs / Commodity / HS code: 2208.40.11 - Origin country: Paraguay)','IVA',10.000,0.000,'0',0.000,'0',6,0,0,NULL,69000.00000000,NULL,414000.00000000,41400.00000000,0.00000000,0.00000000,455400.00000000,0,NULL,NULL,0,0.00000000,NULL,0,0,5,NULL,NULL,100,NULL,NULL,2,2,1,'PYG',69000.00000000,414000.00000000,41400.00000000,455400.00000000),(163,41,NULL,16,NULL,'(Origin country: Paraguay)','IVA',5.000,0.000,'0',0.000,'0',24,0,0,NULL,30000.00000000,NULL,720000.00000000,36000.00000000,0.00000000,0.00000000,756000.00000000,0,NULL,NULL,0,0.00000000,NULL,0,0,1,NULL,NULL,100,NULL,NULL,2,2,1,'PYG',30000.00000000,720000.00000000,36000.00000000,756000.00000000),(164,41,NULL,9,NULL,'(Customs / Commodity / HS code: 2208.40.11 - Origin country: Paraguay)','IVA',10.000,0.000,'0',0.000,'0',6,0,0,NULL,100000.00000000,NULL,600000.00000000,60000.00000000,0.00000000,0.00000000,660000.00000000,0,NULL,NULL,0,0.00000000,NULL,0,0,2,NULL,NULL,100,NULL,NULL,2,2,1,'PYG',100000.00000000,600000.00000000,60000.00000000,660000.00000000),(165,41,NULL,10,NULL,'(Customs / Commodity / HS code: 2208.40.11 - Origin country: Paraguay)','IVA',10.000,0.000,'0',0.000,'0',6,0,0,NULL,69000.00000000,NULL,414000.00000000,41400.00000000,0.00000000,0.00000000,455400.00000000,0,NULL,NULL,0,0.00000000,NULL,0,0,3,NULL,NULL,100,NULL,NULL,2,2,1,'PYG',69000.00000000,414000.00000000,41400.00000000,455400.00000000),(166,41,NULL,8,NULL,'(Customs / Commodity / HS code: 2208.40.11 - Origin country: Paraguay)','IVA',10.000,0.000,'0',0.000,'0',6,0,0,NULL,69000.00000000,NULL,414000.00000000,41400.00000000,0.00000000,0.00000000,455400.00000000,0,NULL,NULL,0,0.00000000,NULL,0,0,4,NULL,NULL,100,NULL,NULL,2,2,1,'PYG',69000.00000000,414000.00000000,41400.00000000,455400.00000000),(167,42,NULL,9,NULL,'(Customs / Commodity / HS code: 2208.40.11 - Origin country: Paraguay)','IVA',10.000,0.000,'0',0.000,'0',6,0,0,NULL,100000.00000000,NULL,600000.00000000,60000.00000000,0.00000000,0.00000000,660000.00000000,0,NULL,NULL,0,0.00000000,NULL,0,0,1,NULL,NULL,100,NULL,NULL,2,2,1,'PYG',100000.00000000,600000.00000000,60000.00000000,660000.00000000),(168,42,NULL,8,NULL,'(Customs / Commodity / HS code: 2208.40.11 - Origin country: Paraguay)','IVA',10.000,0.000,'0',0.000,'0',6,0,0,NULL,69000.00000000,NULL,414000.00000000,41400.00000000,0.00000000,0.00000000,455400.00000000,0,NULL,NULL,0,0.00000000,NULL,0,0,2,NULL,NULL,100,NULL,NULL,2,2,1,'PYG',69000.00000000,414000.00000000,41400.00000000,455400.00000000),(169,42,NULL,16,NULL,'(Origin country: Paraguay)','IVA5',5.000,0.000,'0',0.000,'0',12,0,0,NULL,30000.00000000,NULL,360000.00000000,18000.00000000,0.00000000,0.00000000,378000.00000000,0,NULL,NULL,0,0.00000000,NULL,0,0,3,NULL,NULL,100,NULL,NULL,2,2,1,'PYG',30000.00000000,360000.00000000,18000.00000000,378000.00000000),(170,43,NULL,30,NULL,'(Customs / Commodity / HS code: 2208.40.11 - Origin country: Paraguay)','none',0.000,0.000,'0',0.000,'0',1440,0,0,NULL,16818.00000000,NULL,24217963.00000000,0.00000000,0.00000000,0.00000000,24217963.00000000,0,NULL,NULL,0,0.00000000,NULL,0,0,1,NULL,NULL,100,NULL,NULL,2,2,3,'EUR',3.00000000,3600.00000000,0.00000000,3600.00000000),(171,43,NULL,14,NULL,'(Origin country: Paraguay)','none',0.000,0.000,'0',0.000,'0',1800,0,0,NULL,26909.00000000,NULL,48435930.00000000,0.00000000,0.00000000,0.00000000,48435930.00000000,0,NULL,NULL,0,0.00000000,NULL,0,0,2,NULL,NULL,100,NULL,NULL,2,2,3,'EUR',4.00000000,7200.00000000,0.00000000,7200.00000000),(172,43,NULL,31,NULL,'(Customs / Commodity / HS code: 2208.40.11 - Origin country: Paraguay)','none',0.000,0.000,'0',0.000,'0',720,0,0,NULL,26909.00000000,NULL,19374372.00000000,0.00000000,0.00000000,0.00000000,19374372.00000000,0,NULL,NULL,0,0.00000000,NULL,0,0,3,NULL,NULL,100,NULL,NULL,2,2,3,'EUR',4.00000000,2880.00000000,0.00000000,2880.00000000),(173,43,NULL,11,NULL,'(Customs / Commodity / HS code: 2208.40.11 - Origin country: Paraguay)','none',0.000,0.000,'0',0.000,'0',1440,0,0,NULL,20182.00000000,NULL,29061547.00000000,0.00000000,0.00000000,0.00000000,29061547.00000000,0,NULL,NULL,0,0.00000000,NULL,0,0,4,NULL,NULL,100,NULL,NULL,2,2,3,'EUR',3.00000000,4320.00000000,0.00000000,4320.00000000),(174,43,NULL,2,NULL,'(Customs / Commodity / HS code: 2208.70.10 - Origin country: Paraguay)','none',0.000,0.000,'0',0.000,'0',660,0,0,NULL,5382.00000000,NULL,3551968.00000000,0.00000000,0.00000000,0.00000000,3551968.00000000,0,NULL,NULL,0,0.00000000,NULL,0,0,5,NULL,NULL,100,NULL,NULL,2,2,3,'EUR',1.00000000,528.00000000,0.00000000,528.00000000),(175,43,NULL,4,NULL,'(Customs / Commodity / HS code: 2208.70.10 - Origin country: Paraguay)','none',0.000,0.000,'0',0.000,'0',612,0,0,NULL,5382.00000000,NULL,3293643.00000000,0.00000000,0.00000000,0.00000000,3293643.00000000,0,NULL,NULL,0,0.00000000,NULL,0,0,6,NULL,NULL,100,NULL,NULL,2,2,3,'EUR',1.00000000,490.00000000,0.00000000,490.00000000),(176,43,NULL,3,NULL,'(Customs / Commodity / HS code: 2208.70.10 - Origin country: Paraguay)','none',0.000,0.000,'0',0.000,'0',612,0,0,NULL,5382.00000000,NULL,3293643.00000000,0.00000000,0.00000000,0.00000000,3293643.00000000,0,NULL,NULL,0,0.00000000,NULL,0,0,7,NULL,NULL,100,NULL,NULL,2,2,3,'EUR',1.00000000,490.00000000,0.00000000,490.00000000),(177,43,NULL,1,NULL,'(Customs / Commodity / HS code: 2208.70.10 - Origin country: Paraguay)','none',0.000,0.000,'0',0.000,'0',564,0,0,NULL,5382.00000000,NULL,3035318.00000000,0.00000000,0.00000000,0.00000000,3035318.00000000,0,NULL,NULL,0,0.00000000,NULL,0,0,8,NULL,NULL,100,NULL,NULL,2,2,3,'EUR',1.00000000,451.00000000,0.00000000,451.00000000),(178,44,NULL,NULL,NULL,'Sabores de la Yerba Rum','IVA',10.000,0.000,'0',0.000,'0',84,0,0,NULL,60000.00000000,NULL,5040000.00000000,504000.00000000,0.00000000,0.00000000,5544000.00000000,0,NULL,NULL,0,0.00000000,NULL,0,0,1,NULL,NULL,100,NULL,NULL,2,2,1,'PYG',60000.00000000,5040000.00000000,504000.00000000,5544000.00000000),(179,45,NULL,NULL,NULL,'BOTTLES OF: Marianne de Paraguay Cask Strength Rum / 750ml /&nbsp;46% Alc. by Vol. / 6 bottles per case / HTS# is 2208.40.4000 / TTB Label No.&nbsp;19178001001315 / Barcode: 4260109412623','none',0.000,0.000,'0',0.000,'0',600,0,0,NULL,87454.00000000,NULL,52472400.00000000,0.00000000,0.00000000,0.00000000,52472400.00000000,0,NULL,NULL,0,0.00000000,NULL,0,0,1,NULL,NULL,100,NULL,NULL,2,2,3,'EUR',13.00000000,7800.00000000,0.00000000,7800.00000000),(180,46,NULL,NULL,NULL,'Sabores de la Yerba Rum','IVA',10.000,0.000,'0',0.000,'0',66,0,0,NULL,60000.00000000,NULL,3960000.00000000,396000.00000000,0.00000000,0.00000000,4356000.00000000,0,NULL,NULL,0,0.00000000,NULL,0,0,1,NULL,NULL,100,NULL,NULL,2,2,1,'PYG',60000.00000000,3960000.00000000,396000.00000000,4356000.00000000),(188,47,NULL,2,NULL,'(Customs / Commodity / HS code: 2208.70.10 - Origin country: Paraguay)','IVA',10.000,0.000,'0',0.000,'0',3,0,0,NULL,18182.00000000,NULL,54545.00000000,5455.00000000,0.00000000,0.00000000,60000.00000000,0,NULL,NULL,0,0.00000000,NULL,0,0,8,NULL,NULL,100,NULL,NULL,2,2,1,'PYG',18182.00000000,54545.00000000,5455.00000000,60000.00000000),(189,47,NULL,3,NULL,'(Customs / Commodity / HS code: 2208.70.10 - Origin country: Paraguay)','IVA',10.000,0.000,'0',0.000,'0',3,0,0,NULL,18182.00000000,NULL,54545.00000000,5455.00000000,0.00000000,0.00000000,60000.00000000,0,NULL,NULL,0,0.00000000,NULL,0,0,9,NULL,NULL,100,NULL,NULL,2,2,1,'PYG',18182.00000000,54545.00000000,5455.00000000,60000.00000000),(190,47,NULL,4,NULL,'(Customs / Commodity / HS code: 2208.70.10 - Origin country: Paraguay)','IVA',10.000,0.000,'0',0.000,'0',3,0,0,NULL,18182.00000000,NULL,54545.00000000,5455.00000000,0.00000000,0.00000000,60000.00000000,0,NULL,NULL,0,0.00000000,NULL,0,0,10,NULL,NULL,100,NULL,NULL,2,2,1,'PYG',18182.00000000,54545.00000000,5455.00000000,60000.00000000),(191,47,NULL,1,NULL,'(Customs / Commodity / HS code: 2208.70.10 - Origin country: Paraguay)','IVA',10.000,0.000,'0',0.000,'0',3,0,0,NULL,18182.00000000,NULL,54545.00000000,5455.00000000,0.00000000,0.00000000,60000.00000000,0,NULL,NULL,0,0.00000000,NULL,0,0,11,NULL,NULL,100,NULL,NULL,2,2,1,'PYG',18182.00000000,54545.00000000,5455.00000000,60000.00000000),(192,47,NULL,30,NULL,'(Customs / Commodity / HS code: 2208.40.11 - Origin country: Paraguay)','IVA',10.000,0.000,'0',0.000,'0',1,0,0,NULL,81818.00000000,NULL,81818.00000000,8182.00000000,0.00000000,0.00000000,90000.00000000,0,NULL,NULL,0,0.00000000,NULL,0,0,12,NULL,NULL,100,NULL,NULL,2,2,1,'PYG',81818.00000000,81818.00000000,8182.00000000,90000.00000000),(194,47,NULL,10,NULL,'(Customs / Commodity / HS code: 2208.40.11 - Origin country: Paraguay)','IVA',10.000,0.000,'0',0.000,'0',1,0,0,NULL,90909.00000000,NULL,90909.00000000,9091.00000000,0.00000000,0.00000000,100000.00000000,0,NULL,NULL,0,0.00000000,NULL,0,0,14,NULL,NULL,100,NULL,NULL,2,2,1,'PYG',90909.00000000,90909.00000000,9091.00000000,100000.00000000),(195,47,NULL,8,NULL,'(Customs / Commodity / HS code: 2208.40.11 - Origin country: Paraguay)','IVA',10.000,0.000,'0',0.000,'0',1,0,0,NULL,118182.00000000,NULL,118182.00000000,11818.00000000,0.00000000,0.00000000,130000.00000000,0,NULL,NULL,0,0.00000000,NULL,0,0,15,NULL,NULL,100,NULL,NULL,2,2,1,'PYG',118182.00000000,118182.00000000,11818.00000000,130000.00000000),(196,48,NULL,16,NULL,'(Origin country: Paraguay)','IVA5',5.000,0.000,'0',0.000,'0',12,0,0,NULL,28571.00000000,NULL,342852.00000000,17143.00000000,0.00000000,0.00000000,359995.00000000,0,NULL,NULL,0,0.00000000,NULL,0,0,1,NULL,NULL,100,NULL,NULL,2,2,1,'PYG',28571.00000000,342852.00000000,17143.00000000,359995.00000000),(197,49,NULL,2,NULL,'(Customs / Commodity / HS code: 2208.70.10 - Origin country: Paraguay)','IVA',10.000,0.000,'0',0.000,'0',3,0,0,NULL,18182.00000000,NULL,54546.00000000,5455.00000000,0.00000000,0.00000000,60001.00000000,0,NULL,NULL,0,0.00000000,NULL,0,0,1,NULL,NULL,100,NULL,NULL,2,2,1,'PYG',18182.00000000,54546.00000000,5455.00000000,60001.00000000),(198,49,NULL,4,NULL,'(Customs / Commodity / HS code: 2208.70.10 - Origin country: Paraguay)','IVA',10.000,0.000,'0',0.000,'0',3,0,0,NULL,18182.00000000,NULL,54546.00000000,5455.00000000,0.00000000,0.00000000,60001.00000000,0,NULL,NULL,0,0.00000000,NULL,0,0,2,NULL,NULL,100,NULL,NULL,2,2,1,'PYG',18182.00000000,54546.00000000,5455.00000000,60001.00000000),(199,49,NULL,1,NULL,'(Customs / Commodity / HS code: 2208.70.10 - Origin country: Paraguay)','IVA',10.000,0.000,'0',0.000,'0',3,0,0,NULL,18182.00000000,NULL,54546.00000000,5455.00000000,0.00000000,0.00000000,60001.00000000,0,NULL,NULL,0,0.00000000,NULL,0,0,3,NULL,NULL,100,NULL,NULL,2,2,1,'PYG',18182.00000000,54546.00000000,5455.00000000,60001.00000000),(200,49,NULL,3,NULL,'(Customs / Commodity / HS code: 2208.70.10 - Origin country: Paraguay)','IVA',10.000,0.000,'0',0.000,'0',2,0,0,NULL,18182.00000000,NULL,36364.00000000,3636.00000000,0.00000000,0.00000000,40000.00000000,0,NULL,NULL,0,0.00000000,NULL,0,0,4,NULL,NULL,100,NULL,NULL,2,2,1,'PYG',18182.00000000,36364.00000000,3636.00000000,40000.00000000),(201,49,NULL,3,NULL,'(Customs / Commodity / HS code: 2208.70.10 - Origin country: Paraguay)<br />\r\nMuestra sin valor comercial','IVA',10.000,0.000,'0',0.000,'0',1,0,0,NULL,0.00000000,NULL,0.00000000,0.00000000,0.00000000,0.00000000,0.00000000,0,NULL,NULL,0,0.00000000,NULL,0,0,5,NULL,NULL,100,NULL,NULL,2,2,1,'PYG',0.00000000,0.00000000,0.00000000,0.00000000),(202,50,NULL,8,NULL,'(Customs / Commodity / HS code: 2208.40.11 - Origin country: Paraguay)','IVA',10.000,0.000,'0',0.000,'0',3,0,0,NULL,118182.00000000,NULL,354546.00000000,35455.00000000,0.00000000,0.00000000,390001.00000000,0,NULL,NULL,0,0.00000000,NULL,0,0,1,NULL,NULL,100,NULL,NULL,2,2,1,'PYG',118182.00000000,354546.00000000,35455.00000000,390001.00000000),(203,50,NULL,31,NULL,'(Customs / Commodity / HS code: 2208.40.11 - Origin country: Paraguay)','IVA',10.000,0.000,'0',0.000,'0',1,0,0,NULL,154545.00000000,NULL,154545.00000000,15455.00000000,0.00000000,0.00000000,170000.00000000,0,NULL,NULL,0,0.00000000,NULL,0,0,2,NULL,NULL,100,NULL,NULL,2,2,1,'PYG',154545.00000000,154545.00000000,15455.00000000,170000.00000000),(204,50,NULL,10,NULL,'(Customs / Commodity / HS code: 2208.40.11 - Origin country: Paraguay)','IVA',10.000,0.000,'0',0.000,'0',3,0,0,NULL,90909.00000000,NULL,272727.00000000,27273.00000000,0.00000000,0.00000000,300000.00000000,0,NULL,NULL,0,0.00000000,NULL,0,0,3,NULL,NULL,100,NULL,NULL,2,2,1,'PYG',90909.00000000,272727.00000000,27273.00000000,300000.00000000),(205,50,NULL,30,NULL,'(Customs / Commodity / HS code: 2208.40.11 - Origin country: Paraguay)','IVA',10.000,0.000,'0',0.000,'0',3,0,0,NULL,81818.00000000,NULL,245454.00000000,24545.00000000,0.00000000,0.00000000,269999.00000000,0,NULL,NULL,0,0.00000000,NULL,0,0,4,NULL,NULL,100,NULL,NULL,2,2,1,'PYG',81818.00000000,245454.00000000,24545.00000000,269999.00000000),(206,50,NULL,14,NULL,'(Origin country: Paraguay)','IVA',10.000,0.000,'0',0.000,'0',3,0,0,NULL,90909.00000000,NULL,272727.00000000,27273.00000000,0.00000000,0.00000000,300000.00000000,0,NULL,NULL,0,0.00000000,NULL,0,0,5,NULL,NULL,100,NULL,NULL,2,2,1,'PYG',90909.00000000,272727.00000000,27273.00000000,300000.00000000),(207,50,NULL,2,NULL,'(Customs / Commodity / HS code: 2208.70.10 - Origin country: Paraguay)','IVA',10.000,0.000,'0',0.000,'0',3,0,0,NULL,18182.00000000,NULL,54546.00000000,5455.00000000,0.00000000,0.00000000,60001.00000000,0,NULL,NULL,0,0.00000000,NULL,0,0,6,NULL,NULL,100,NULL,NULL,2,2,1,'PYG',18182.00000000,54546.00000000,5455.00000000,60001.00000000),(208,50,NULL,4,NULL,'(Customs / Commodity / HS code: 2208.70.10 - Origin country: Paraguay)','IVA',10.000,0.000,'0',0.000,'0',6,0,0,NULL,18182.00000000,NULL,109092.00000000,10909.00000000,0.00000000,0.00000000,120001.00000000,0,NULL,NULL,0,0.00000000,NULL,0,0,7,NULL,NULL,100,NULL,NULL,2,2,1,'PYG',18182.00000000,109092.00000000,10909.00000000,120001.00000000),(209,50,NULL,1,NULL,'(Customs / Commodity / HS code: 2208.70.10 - Origin country: Paraguay)','IVA',10.000,0.000,'0',0.000,'0',6,0,0,NULL,18182.00000000,NULL,109092.00000000,10909.00000000,0.00000000,0.00000000,120001.00000000,0,NULL,NULL,0,0.00000000,NULL,0,0,8,NULL,NULL,100,NULL,NULL,2,2,1,'PYG',18182.00000000,109092.00000000,10909.00000000,120001.00000000),(210,50,NULL,3,NULL,'(Customs / Commodity / HS code: 2208.70.10 - Origin country: Paraguay)','IVA',10.000,0.000,'0',0.000,'0',6,0,0,NULL,18182.00000000,NULL,109092.00000000,10909.00000000,0.00000000,0.00000000,120001.00000000,0,NULL,NULL,0,0.00000000,NULL,0,0,9,NULL,NULL,100,NULL,NULL,2,2,1,'PYG',18182.00000000,109092.00000000,10909.00000000,120001.00000000),(211,50,NULL,9,NULL,'(Customs / Commodity / HS code: 2208.40.11 - Origin country: Paraguay)','IVA',10.000,0.000,'0',0.000,'0',3,0,0,NULL,118182.00000000,NULL,354546.00000000,35455.00000000,0.00000000,0.00000000,390001.00000000,0,NULL,NULL,0,0.00000000,NULL,0,0,10,NULL,NULL,100,NULL,NULL,2,2,1,'PYG',118182.00000000,354546.00000000,35455.00000000,390001.00000000),(212,50,NULL,15,NULL,'(Origin country: Paraguay)','IVA',10.000,0.000,'0',0.000,'0',1,0,0,NULL,50000.00000000,NULL,50000.00000000,5000.00000000,0.00000000,0.00000000,55000.00000000,0,NULL,NULL,0,0.00000000,NULL,0,0,11,NULL,NULL,100,NULL,NULL,2,2,1,'PYG',50000.00000000,50000.00000000,5000.00000000,55000.00000000),(213,50,NULL,15,NULL,'(Origin country: Paraguay)<br />\r\nMuestra sin valor comercial','IVA',10.000,0.000,'0',0.000,'0',1,0,0,NULL,0.00000000,NULL,0.00000000,0.00000000,0.00000000,0.00000000,0.00000000,0,NULL,NULL,0,0.00000000,NULL,0,0,12,NULL,NULL,100,NULL,NULL,2,2,1,'PYG',0.00000000,0.00000000,0.00000000,0.00000000),(214,50,NULL,2,NULL,'(Customs / Commodity / HS code: 2208.70.10 - Origin country: Paraguay)<br />\r\nMuestra sin valor comercial','IVA',10.000,0.000,'0',0.000,'0',1,0,0,NULL,0.00000000,NULL,0.00000000,0.00000000,0.00000000,0.00000000,0.00000000,0,NULL,NULL,0,0.00000000,NULL,0,0,13,NULL,NULL,100,NULL,NULL,2,2,1,'PYG',0.00000000,0.00000000,0.00000000,0.00000000),(215,50,NULL,4,NULL,'(Customs / Commodity / HS code: 2208.70.10 - Origin country: Paraguay)<br />\r\nMuestra sin valor comercial','IVA',10.000,0.000,'0',0.000,'0',1,0,0,NULL,0.00000000,NULL,0.00000000,0.00000000,0.00000000,0.00000000,0.00000000,0,NULL,NULL,0,0.00000000,NULL,0,0,14,NULL,NULL,100,NULL,NULL,2,2,1,'PYG',0.00000000,0.00000000,0.00000000,0.00000000),(216,50,NULL,3,NULL,'(Customs / Commodity / HS code: 2208.70.10 - Origin country: Paraguay)<br />\r\nMuestra sin valor comercial','IVA',10.000,0.000,'0',0.000,'0',1,0,0,NULL,0.00000000,NULL,0.00000000,0.00000000,0.00000000,0.00000000,0.00000000,0,NULL,NULL,0,0.00000000,NULL,0,0,15,NULL,NULL,100,NULL,NULL,2,2,1,'PYG',0.00000000,0.00000000,0.00000000,0.00000000),(217,50,NULL,1,NULL,'(Customs / Commodity / HS code: 2208.70.10 - Origin country: Paraguay)<br />\r\nMuestra sin valor comercial','IVA',10.000,0.000,'0',0.000,'0',1,0,0,NULL,0.00000000,NULL,0.00000000,0.00000000,0.00000000,0.00000000,0.00000000,0,NULL,NULL,0,0.00000000,NULL,0,0,17,NULL,NULL,100,NULL,NULL,2,2,1,'PYG',0.00000000,0.00000000,0.00000000,0.00000000),(218,50,NULL,16,NULL,'(Origin country: Paraguay)<br />\r\nMuestra sin valor comercial','IVA5',5.000,0.000,'0',0.000,'0',1,0,0,NULL,0.00000000,NULL,0.00000000,0.00000000,0.00000000,0.00000000,0.00000000,0,NULL,NULL,0,0.00000000,NULL,0,0,18,NULL,NULL,100,NULL,NULL,2,2,1,'PYG',0.00000000,0.00000000,0.00000000,0.00000000),(219,50,NULL,37,NULL,'estimado - pago a destino','none',0.000,0.000,'0',0.000,'0',1,0,0,NULL,0.00000000,NULL,0.00000000,0.00000000,0.00000000,0.00000000,0.00000000,1,NULL,NULL,0,0.00000000,NULL,0,0,19,NULL,NULL,100,NULL,NULL,2,2,1,'PYG',0.00000000,0.00000000,0.00000000,0.00000000),(220,51,NULL,4,NULL,'(Customs / Commodity / HS code: 2208.70.10 - Origin country: Paraguay)','IVA',10.000,0.000,'0',0.000,'0',3,0,0,NULL,15000.00000000,NULL,45000.00000000,4500.00000000,0.00000000,0.00000000,49500.00000000,0,NULL,NULL,0,0.00000000,NULL,0,0,1,NULL,NULL,100,NULL,NULL,2,2,1,'PYG',15000.00000000,45000.00000000,4500.00000000,49500.00000000),(221,51,NULL,1,NULL,'(Customs / Commodity / HS code: 2208.70.10 - Origin country: Paraguay)','IVA',10.000,0.000,'0',0.000,'0',3,0,0,NULL,15000.00000000,NULL,45000.00000000,4500.00000000,0.00000000,0.00000000,49500.00000000,0,NULL,NULL,0,0.00000000,NULL,0,0,2,NULL,NULL,100,NULL,NULL,2,2,1,'PYG',15000.00000000,45000.00000000,4500.00000000,49500.00000000),(222,51,NULL,2,NULL,'(Customs / Commodity / HS code: 2208.70.10 - Origin country: Paraguay)','IVA',10.000,0.000,'0',0.000,'0',3,0,0,NULL,15000.00000000,NULL,45000.00000000,4500.00000000,0.00000000,0.00000000,49500.00000000,0,NULL,NULL,0,0.00000000,NULL,0,0,3,NULL,NULL,100,NULL,NULL,2,2,1,'PYG',15000.00000000,45000.00000000,4500.00000000,49500.00000000),(223,51,NULL,3,NULL,'(Customs / Commodity / HS code: 2208.70.10 - Origin country: Paraguay)','IVA',10.000,0.000,'0',0.000,'0',3,0,0,NULL,15000.00000000,NULL,45000.00000000,4500.00000000,0.00000000,0.00000000,49500.00000000,0,NULL,NULL,0,0.00000000,NULL,0,0,4,NULL,NULL,100,NULL,NULL,2,2,1,'PYG',15000.00000000,45000.00000000,4500.00000000,49500.00000000),(224,52,NULL,9,NULL,'(Customs / Commodity / HS code: 2208.40.11 - Origin country: Paraguay)','IVA',10.000,0.000,'0',0.000,'0',6,0,0,NULL,100000.00000000,NULL,600000.00000000,60000.00000000,0.00000000,0.00000000,660000.00000000,0,NULL,NULL,0,0.00000000,NULL,0,0,1,NULL,NULL,100,NULL,NULL,2,2,1,'PYG',100000.00000000,600000.00000000,60000.00000000,660000.00000000),(225,52,NULL,10,NULL,'(Customs / Commodity / HS code: 2208.40.11 - Origin country: Paraguay)','IVA',10.000,0.000,'0',0.000,'0',6,0,0,NULL,69000.00000000,NULL,414000.00000000,41400.00000000,0.00000000,0.00000000,455400.00000000,0,NULL,NULL,0,0.00000000,NULL,0,0,2,NULL,NULL,100,NULL,NULL,2,2,1,'PYG',69000.00000000,414000.00000000,41400.00000000,455400.00000000),(226,52,NULL,8,NULL,'(Customs / Commodity / HS code: 2208.40.11 - Origin country: Paraguay)','IVA',10.000,0.000,'0',0.000,'0',6,0,0,NULL,69000.00000000,NULL,414000.00000000,41400.00000000,0.00000000,0.00000000,455400.00000000,0,NULL,NULL,0,0.00000000,NULL,0,0,3,NULL,NULL,100,NULL,NULL,2,2,1,'PYG',69000.00000000,414000.00000000,41400.00000000,455400.00000000),(227,52,NULL,16,NULL,'(Origin country: Paraguay)','IVA5',5.000,0.000,'0',0.000,'0',24,0,0,NULL,30000.00000000,NULL,720000.00000000,36000.00000000,0.00000000,0.00000000,756000.00000000,0,NULL,NULL,0,0.00000000,NULL,0,0,4,NULL,NULL,100,NULL,NULL,2,2,1,'PYG',30000.00000000,720000.00000000,36000.00000000,756000.00000000),(228,53,NULL,16,NULL,'(Pa&iacute;s de origen: Paraguay)','IVA5',5.000,0.000,'0',0.000,'0',36,0,0,NULL,30000.00000000,NULL,1080000.00000000,54000.00000000,0.00000000,0.00000000,1134000.00000000,0,NULL,NULL,0,0.00000000,NULL,0,0,1,NULL,NULL,100,NULL,NULL,2,2,1,'PYG',30000.00000000,1080000.00000000,54000.00000000,1134000.00000000),(229,53,NULL,9,NULL,'(Customs / Commodity / HS code: 2208.40.11 - Origin country: Paraguay)','IVA',10.000,0.000,'0',0.000,'0',18,0,0,NULL,137500.00000000,NULL,2475000.00000000,247500.00000000,0.00000000,0.00000000,2722500.00000000,0,NULL,NULL,0,0.00000000,NULL,0,0,2,NULL,NULL,100,NULL,NULL,2,2,1,'PYG',137500.00000000,2475000.00000000,247500.00000000,2722500.00000000),(230,53,NULL,10,NULL,'(Customs / Commodity / HS code: 2208.40.11 - Origin country: Paraguay)','IVA',10.000,0.000,'0',0.000,'0',18,0,0,NULL,137500.00000000,NULL,2475000.00000000,247500.00000000,0.00000000,0.00000000,2722500.00000000,0,NULL,NULL,0,0.00000000,NULL,0,0,3,NULL,NULL,100,NULL,NULL,2,2,1,'PYG',137500.00000000,2475000.00000000,247500.00000000,2722500.00000000),(231,54,NULL,31,NULL,'(Customs / Commodity / HS code: 2208.40.11 - Origin country: Paraguay)','none',0.000,0.000,'0',0.000,'0',1,0,0,NULL,170000.00000000,NULL,170000.00000000,0.00000000,0.00000000,0.00000000,170000.00000000,0,NULL,NULL,0,0.00000000,NULL,0,0,1,NULL,NULL,100,NULL,NULL,2,2,1,'PYG',170000.00000000,170000.00000000,0.00000000,170000.00000000),(232,54,NULL,8,NULL,'(Customs / Commodity / HS code: 2208.40.11 - Origin country: Paraguay)','none',0.000,0.000,'0',0.000,'0',1,0,0,NULL,120000.00000000,NULL,120000.00000000,0.00000000,0.00000000,0.00000000,120000.00000000,0,NULL,NULL,0,0.00000000,NULL,0,0,2,NULL,NULL,100,NULL,NULL,2,2,1,'PYG',120000.00000000,120000.00000000,0.00000000,120000.00000000),(233,54,NULL,9,NULL,'(Customs / Commodity / HS code: 2208.40.11 - Origin country: Paraguay)','none',0.000,0.000,'0',0.000,'0',1,0,0,NULL,110000.00000000,NULL,110000.00000000,0.00000000,0.00000000,0.00000000,110000.00000000,0,NULL,NULL,0,0.00000000,NULL,0,0,3,NULL,NULL,100,NULL,NULL,2,2,1,'PYG',110000.00000000,110000.00000000,0.00000000,110000.00000000),(234,54,NULL,10,NULL,'(Customs / Commodity / HS code: 2208.40.11 - Origin country: Paraguay)','none',0.000,0.000,'0',0.000,'0',1,0,0,NULL,110000.00000000,NULL,110000.00000000,0.00000000,0.00000000,0.00000000,110000.00000000,0,NULL,NULL,0,0.00000000,NULL,0,0,4,NULL,NULL,100,NULL,NULL,2,2,1,'PYG',110000.00000000,110000.00000000,0.00000000,110000.00000000),(235,54,NULL,30,NULL,'(Customs / Commodity / HS code: 2208.40.11 - Origin country: Paraguay)','none',0.000,0.000,'0',0.000,'0',1,0,0,NULL,90000.00000000,NULL,90000.00000000,0.00000000,0.00000000,0.00000000,90000.00000000,0,NULL,NULL,0,0.00000000,NULL,0,0,5,NULL,NULL,100,NULL,NULL,2,2,1,'PYG',90000.00000000,90000.00000000,0.00000000,90000.00000000),(236,54,NULL,NULL,NULL,'Sabores de la Yerba - KCH.','none',0.000,0.000,'0',0.000,'0',1,0,0,NULL,120000.00000000,NULL,120000.00000000,0.00000000,0.00000000,0.00000000,120000.00000000,0,NULL,NULL,0,0.00000000,NULL,0,0,6,NULL,NULL,100,NULL,NULL,2,2,1,'PYG',120000.00000000,120000.00000000,0.00000000,120000.00000000),(237,54,NULL,2,NULL,'(Customs / Commodity / HS code: 2208.70.10 - Origin country: Paraguay)','none',0.000,0.000,'0',0.000,'0',3,0,0,NULL,20000.00000000,NULL,60000.00000000,0.00000000,0.00000000,0.00000000,60000.00000000,0,NULL,NULL,0,0.00000000,NULL,0,0,7,NULL,NULL,100,NULL,NULL,2,2,1,'PYG',20000.00000000,60000.00000000,0.00000000,60000.00000000),(238,54,NULL,3,NULL,'(Customs / Commodity / HS code: 2208.70.10 - Origin country: Paraguay)','none',0.000,0.000,'0',0.000,'0',3,0,0,NULL,20000.00000000,NULL,60000.00000000,0.00000000,0.00000000,0.00000000,60000.00000000,0,NULL,NULL,0,0.00000000,NULL,0,0,8,NULL,NULL,100,NULL,NULL,2,2,1,'PYG',20000.00000000,60000.00000000,0.00000000,60000.00000000),(239,54,NULL,1,NULL,'(Customs / Commodity / HS code: 2208.70.10 - Origin country: Paraguay)','none',0.000,0.000,'0',0.000,'0',3,0,0,NULL,20000.00000000,NULL,60000.00000000,0.00000000,0.00000000,0.00000000,60000.00000000,0,NULL,NULL,0,0.00000000,NULL,0,0,9,NULL,NULL,100,NULL,NULL,2,2,1,'PYG',20000.00000000,60000.00000000,0.00000000,60000.00000000),(240,54,NULL,4,NULL,'(Customs / Commodity / HS code: 2208.70.10 - Origin country: Paraguay)','none',0.000,0.000,'0',0.000,'0',3,0,0,NULL,20000.00000000,NULL,60000.00000000,0.00000000,0.00000000,0.00000000,60000.00000000,0,NULL,NULL,0,0.00000000,NULL,0,0,10,NULL,NULL,100,NULL,NULL,2,2,1,'PYG',20000.00000000,60000.00000000,0.00000000,60000.00000000),(241,54,NULL,15,NULL,'Muestra Gratis<br />\r\n(Origin country: Paraguay)','none',0.000,0.000,'0',0.000,'0',1,0,0,NULL,0.00000000,NULL,0.00000000,0.00000000,0.00000000,0.00000000,0.00000000,0,NULL,NULL,0,0.00000000,NULL,0,0,11,NULL,NULL,100,NULL,NULL,2,2,1,'PYG',0.00000000,0.00000000,0.00000000,0.00000000),(242,55,NULL,1,NULL,'(Customs / Commodity / HS code: 2208.70.10 - Origin country: Paraguay)','IVA',10.000,0.000,'0',0.000,'0',11,0,0,NULL,-27200.00000000,NULL,-299200.00000000,-29920.00000000,0.00000000,0.00000000,-329120.00000000,0,NULL,NULL,0,0.00000000,NULL,0,0,1,NULL,NULL,100,NULL,NULL,2,2,1,'PYG',27200.00000000,299200.00000000,29920.00000000,329120.00000000),(243,55,NULL,4,NULL,'(Customs / Commodity / HS code: 2208.70.10 - Origin country: Paraguay)','IVA',10.000,0.000,'0',0.000,'0',10,0,0,NULL,-27200.00000000,NULL,-272000.00000000,-27200.00000000,0.00000000,0.00000000,-299200.00000000,0,NULL,NULL,0,0.00000000,NULL,0,0,2,NULL,NULL,100,NULL,NULL,2,2,1,'PYG',27200.00000000,272000.00000000,27200.00000000,299200.00000000),(244,55,NULL,2,NULL,'(Customs / Commodity / HS code: 2208.70.10 - Origin country: Paraguay)','IVA',10.000,0.000,'0',0.000,'0',6,0,0,NULL,-27200.00000000,NULL,-163200.00000000,-16320.00000000,0.00000000,0.00000000,-179520.00000000,0,NULL,NULL,0,0.00000000,NULL,0,0,3,NULL,NULL,100,NULL,NULL,2,2,1,'PYG',27200.00000000,163200.00000000,16320.00000000,179520.00000000),(245,55,NULL,3,NULL,'(Customs / Commodity / HS code: 2208.70.10 - Origin country: Paraguay)','IVA',10.000,0.000,'0',0.000,'0',6,0,0,NULL,-27200.00000000,NULL,-163200.00000000,-16320.00000000,0.00000000,0.00000000,-179520.00000000,0,NULL,NULL,0,0.00000000,NULL,0,0,4,NULL,NULL,100,NULL,NULL,2,2,1,'PYG',27200.00000000,163200.00000000,16320.00000000,179520.00000000),(246,55,NULL,15,NULL,'(Origin country: Paraguay)','IVA',10.000,0.000,'0',0.000,'0',4,0,0,NULL,-50000.00000000,NULL,-200000.00000000,-20000.00000000,0.00000000,0.00000000,-220000.00000000,0,NULL,NULL,0,0.00000000,NULL,0,0,5,NULL,NULL,100,NULL,NULL,2,2,1,'PYG',50000.00000000,200000.00000000,20000.00000000,220000.00000000),(247,56,NULL,16,NULL,'(Origin country: Paraguay)','IVA5',5.000,0.000,'0',0.000,'0',84,0,0,NULL,30000.00000000,NULL,2520000.00000000,126000.00000000,0.00000000,0.00000000,2646000.00000000,0,NULL,NULL,0,0.00000000,NULL,0,0,1,NULL,NULL,100,NULL,NULL,2,2,1,'PYG',30000.00000000,2520000.00000000,126000.00000000,2646000.00000000),(248,58,NULL,9,NULL,'(Customs / Commodity / HS code: 2208.40.11 - Origin country: Paraguay)','IVA',10.000,0.000,'0',0.000,'0',24,0,0,NULL,137500.00000000,NULL,3300000.00000000,330000.00000000,0.00000000,0.00000000,3630000.00000000,0,NULL,NULL,0,0.00000000,NULL,0,0,1,NULL,NULL,100,NULL,NULL,2,2,1,'PYG',137500.00000000,3300000.00000000,330000.00000000,3630000.00000000),(249,58,NULL,10,NULL,'(Customs / Commodity / HS code: 2208.40.11 - Origin country: Paraguay)','IVA',10.000,0.000,'0',0.000,'0',24,0,0,NULL,137500.00000000,NULL,3300000.00000000,330000.00000000,0.00000000,0.00000000,3630000.00000000,0,NULL,NULL,0,0.00000000,NULL,0,0,2,NULL,NULL,100,NULL,NULL,2,2,1,'PYG',137500.00000000,3300000.00000000,330000.00000000,3630000.00000000),(250,58,NULL,30,NULL,'(Customs / Commodity / HS code: 2208.40.11 - Origin country: Paraguay)','IVA',10.000,0.000,'0',0.000,'0',24,0,0,NULL,112500.00000000,NULL,2700000.00000000,270000.00000000,0.00000000,0.00000000,2970000.00000000,0,NULL,NULL,0,0.00000000,NULL,0,0,3,NULL,NULL,100,NULL,NULL,2,2,1,'PYG',112500.00000000,2700000.00000000,270000.00000000,2970000.00000000),(251,58,NULL,8,NULL,'(Customs / Commodity / HS code: 2208.40.11 - Origin country: Paraguay)','IVA',10.000,0.000,'0',0.000,'0',24,0,0,NULL,150000.00000000,NULL,3600000.00000000,360000.00000000,0.00000000,0.00000000,3960000.00000000,0,NULL,NULL,0,0.00000000,NULL,0,0,4,NULL,NULL,100,NULL,NULL,2,2,1,'PYG',150000.00000000,3600000.00000000,360000.00000000,3960000.00000000),(252,58,NULL,31,NULL,'(Customs / Commodity / HS code: 2208.40.11 - Origin country: Paraguay)','IVA',10.000,0.000,'0',0.000,'0',24,0,0,NULL,212500.00000000,NULL,5100000.00000000,510000.00000000,0.00000000,0.00000000,5610000.00000000,0,NULL,NULL,0,0.00000000,NULL,0,0,5,NULL,NULL,100,NULL,NULL,2,2,1,'PYG',212500.00000000,5100000.00000000,510000.00000000,5610000.00000000),(253,58,NULL,38,NULL,'(Customs / Commodity / HS code: 2208.40.11 - Origin country: Paraguay)','IVA',10.000,0.000,'0',0.000,'0',24,0,0,NULL,137500.00000000,NULL,3300000.00000000,330000.00000000,0.00000000,0.00000000,3630000.00000000,0,NULL,NULL,0,0.00000000,NULL,0,0,6,NULL,NULL,100,NULL,NULL,2,2,1,'PYG',137500.00000000,3300000.00000000,330000.00000000,3630000.00000000),(254,58,NULL,15,NULL,'(Origin country: Paraguay)','IVA',10.000,0.000,'0',0.000,'0',24,0,0,NULL,37500.00000000,NULL,900000.00000000,90000.00000000,0.00000000,0.00000000,990000.00000000,0,NULL,NULL,0,0.00000000,NULL,0,0,7,NULL,NULL,100,NULL,NULL,2,2,1,'PYG',37500.00000000,900000.00000000,90000.00000000,990000.00000000),(255,58,NULL,14,NULL,'(Origin country: Paraguay)','IVA',10.000,0.000,'0',0.000,'0',12,0,0,NULL,90625.00000000,NULL,1087500.00000000,108750.00000000,0.00000000,0.00000000,1196250.00000000,0,NULL,NULL,0,0.00000000,NULL,0,0,8,NULL,NULL,100,NULL,NULL,2,2,1,'PYG',90625.00000000,1087500.00000000,108750.00000000,1196250.00000000),(256,58,NULL,2,NULL,'(Customs / Commodity / HS code: 2208.70.10 - Origin country: Paraguay)','IVA',10.000,0.000,'0',0.000,'0',45,0,0,NULL,18773.00000000,NULL,844785.00000000,84479.00000000,0.00000000,0.00000000,929264.00000000,0,NULL,NULL,0,0.00000000,NULL,0,0,9,NULL,NULL,100,NULL,NULL,2,2,1,'PYG',18773.00000000,844785.00000000,84479.00000000,929264.00000000),(257,58,NULL,3,NULL,'(Customs / Commodity / HS code: 2208.70.10 - Origin country: Paraguay)','IVA',10.000,0.000,'0',0.000,'0',45,0,0,NULL,18773.00000000,NULL,844785.00000000,84479.00000000,0.00000000,0.00000000,929264.00000000,0,NULL,NULL,0,0.00000000,NULL,0,0,10,NULL,NULL,100,NULL,NULL,2,2,1,'PYG',18773.00000000,844785.00000000,84479.00000000,929264.00000000),(258,58,NULL,4,NULL,'(Customs / Commodity / HS code: 2208.70.10 - Origin country: Paraguay)','IVA',10.000,0.000,'0',0.000,'0',45,0,0,NULL,18773.00000000,NULL,844785.00000000,84479.00000000,0.00000000,0.00000000,929264.00000000,0,NULL,NULL,0,0.00000000,NULL,0,0,11,NULL,NULL,100,NULL,NULL,2,2,1,'PYG',18773.00000000,844785.00000000,84479.00000000,929264.00000000),(259,58,NULL,1,NULL,'(Customs / Commodity / HS code: 2208.70.10 - Origin country: Paraguay)','IVA',10.000,0.000,'0',0.000,'0',45,0,0,NULL,18773.00000000,NULL,844785.00000000,84479.00000000,0.00000000,0.00000000,929264.00000000,0,NULL,NULL,0,0.00000000,NULL,0,0,12,NULL,NULL,100,NULL,NULL,2,2,1,'PYG',18773.00000000,844785.00000000,84479.00000000,929264.00000000),(260,58,NULL,9,NULL,'(Customs / Commodity / HS code: 2208.40.11 - Origin country: Paraguay)','IVA',10.000,0.000,'0',0.000,'0',1,0,0,NULL,0.00000000,NULL,0.00000000,0.00000000,0.00000000,0.00000000,0.00000000,0,NULL,NULL,0,0.00000000,NULL,0,0,13,NULL,NULL,100,NULL,NULL,2,2,1,'PYG',0.00000000,0.00000000,0.00000000,0.00000000),(261,58,NULL,10,NULL,'(Customs / Commodity / HS code: 2208.40.11 - Origin country: Paraguay)','IVA',10.000,0.000,'0',0.000,'0',1,0,0,NULL,0.00000000,NULL,0.00000000,0.00000000,0.00000000,0.00000000,0.00000000,0,NULL,NULL,0,0.00000000,NULL,0,0,14,NULL,NULL,100,NULL,NULL,2,2,1,'PYG',0.00000000,0.00000000,0.00000000,0.00000000),(262,58,NULL,30,NULL,'(Customs / Commodity / HS code: 2208.40.11 - Origin country: Paraguay)','IVA',10.000,0.000,'0',0.000,'0',1,0,0,NULL,0.00000000,NULL,0.00000000,0.00000000,0.00000000,0.00000000,0.00000000,0,NULL,NULL,0,0.00000000,NULL,0,0,15,NULL,NULL,100,NULL,NULL,2,2,1,'PYG',0.00000000,0.00000000,0.00000000,0.00000000),(263,58,NULL,8,NULL,'(Customs / Commodity / HS code: 2208.40.11 - Origin country: Paraguay)','IVA',10.000,0.000,'0',0.000,'0',1,0,0,NULL,0.00000000,NULL,0.00000000,0.00000000,0.00000000,0.00000000,0.00000000,0,NULL,NULL,0,0.00000000,NULL,0,0,16,NULL,NULL,100,NULL,NULL,2,2,1,'PYG',0.00000000,0.00000000,0.00000000,0.00000000),(264,58,NULL,31,NULL,'(Customs / Commodity / HS code: 2208.40.11 - Origin country: Paraguay)','IVA',10.000,0.000,'0',0.000,'0',1,0,0,NULL,0.00000000,NULL,0.00000000,0.00000000,0.00000000,0.00000000,0.00000000,0,NULL,NULL,0,0.00000000,NULL,0,0,17,NULL,NULL,100,NULL,NULL,2,2,1,'PYG',0.00000000,0.00000000,0.00000000,0.00000000),(265,58,NULL,38,NULL,'(Customs / Commodity / HS code: 2208.40.11 - Origin country: Paraguay)','IVA',10.000,0.000,'0',0.000,'0',1,0,0,NULL,0.00000000,NULL,0.00000000,0.00000000,0.00000000,0.00000000,0.00000000,0,NULL,NULL,0,0.00000000,NULL,0,0,18,NULL,NULL,100,NULL,NULL,2,2,1,'PYG',0.00000000,0.00000000,0.00000000,0.00000000),(266,58,NULL,15,NULL,'(Origin country: Paraguay)','IVA',10.000,0.000,'0',0.000,'0',1,0,0,NULL,0.00000000,NULL,0.00000000,0.00000000,0.00000000,0.00000000,0.00000000,0,NULL,NULL,0,0.00000000,NULL,0,0,19,NULL,NULL,100,NULL,NULL,2,2,1,'PYG',0.00000000,0.00000000,0.00000000,0.00000000),(267,58,NULL,14,NULL,'(Origin country: Paraguay)','IVA',10.000,0.000,'0',0.000,'0',1,0,0,NULL,0.00000000,NULL,0.00000000,0.00000000,0.00000000,0.00000000,0.00000000,0,NULL,NULL,0,0.00000000,NULL,0,0,20,NULL,NULL,100,NULL,NULL,2,2,1,'PYG',0.00000000,0.00000000,0.00000000,0.00000000),(268,58,NULL,2,NULL,'(Customs / Commodity / HS code: 2208.70.10 - Origin country: Paraguay)','IVA',10.000,0.000,'0',0.000,'0',6,0,0,NULL,0.00000000,NULL,0.00000000,0.00000000,0.00000000,0.00000000,0.00000000,0,NULL,NULL,0,0.00000000,NULL,0,0,21,NULL,NULL,100,NULL,NULL,2,2,1,'PYG',0.00000000,0.00000000,0.00000000,0.00000000),(269,58,NULL,4,NULL,'(Customs / Commodity / HS code: 2208.70.10 - Origin country: Paraguay)','IVA',10.000,0.000,'0',0.000,'0',6,0,0,NULL,0.00000000,NULL,0.00000000,0.00000000,0.00000000,0.00000000,0.00000000,0,NULL,NULL,0,0.00000000,NULL,0,0,22,NULL,NULL,100,NULL,NULL,2,2,1,'PYG',0.00000000,0.00000000,0.00000000,0.00000000),(270,58,NULL,3,NULL,'(Customs / Commodity / HS code: 2208.70.10 - Origin country: Paraguay)','IVA',10.000,0.000,'0',0.000,'0',6,0,0,NULL,0.00000000,NULL,0.00000000,0.00000000,0.00000000,0.00000000,0.00000000,0,NULL,NULL,0,0.00000000,NULL,0,0,23,NULL,NULL,100,NULL,NULL,2,2,1,'PYG',0.00000000,0.00000000,0.00000000,0.00000000),(271,58,NULL,1,NULL,'(Customs / Commodity / HS code: 2208.70.10 - Origin country: Paraguay)','IVA',10.000,0.000,'0',0.000,'0',6,0,0,NULL,0.00000000,NULL,0.00000000,0.00000000,0.00000000,0.00000000,0.00000000,0,NULL,NULL,0,0.00000000,NULL,0,0,24,NULL,NULL,100,NULL,NULL,2,2,1,'PYG',0.00000000,0.00000000,0.00000000,0.00000000),(272,59,NULL,2,NULL,'(Customs / Commodity / HS code: 2208.70.10 - Origin country: Paraguay)','IVA',10.000,0.000,'0',0.000,'0',408,50,0,NULL,15000.00000000,NULL,3060000.00000000,306000.00000000,0.00000000,0.00000000,3366000.00000000,0,NULL,NULL,0,0.00000000,NULL,0,0,1,NULL,NULL,100,NULL,NULL,2,2,1,'PYG',15000.00000000,3060000.00000000,306000.00000000,3366000.00000000),(273,59,NULL,3,NULL,'(Customs / Commodity / HS code: 2208.70.10 - Origin country: Paraguay)','IVA',10.000,0.000,'0',0.000,'0',408,50,0,NULL,15000.00000000,NULL,3060000.00000000,306000.00000000,0.00000000,0.00000000,3366000.00000000,0,NULL,NULL,0,0.00000000,NULL,0,0,2,NULL,NULL,100,NULL,NULL,2,2,1,'PYG',15000.00000000,3060000.00000000,306000.00000000,3366000.00000000),(274,59,NULL,4,NULL,'(Customs / Commodity / HS code: 2208.70.10 - Origin country: Paraguay)','IVA',10.000,0.000,'0',0.000,'0',408,50,0,NULL,15000.00000000,NULL,3060000.00000000,306000.00000000,0.00000000,0.00000000,3366000.00000000,0,NULL,NULL,0,0.00000000,NULL,0,0,3,NULL,NULL,100,NULL,NULL,2,2,1,'PYG',15000.00000000,3060000.00000000,306000.00000000,3366000.00000000),(275,59,NULL,1,NULL,'(Customs / Commodity / HS code: 2208.70.10 - Origin country: Paraguay)','IVA',10.000,0.000,'0',0.000,'0',408,50,0,NULL,15000.00000000,NULL,3060000.00000000,306000.00000000,0.00000000,0.00000000,3366000.00000000,0,NULL,NULL,0,0.00000000,NULL,0,0,4,NULL,NULL,100,NULL,NULL,2,2,1,'PYG',15000.00000000,3060000.00000000,306000.00000000,3366000.00000000),(276,59,NULL,10,NULL,'(Customs / Commodity / HS code: 2208.40.11 - Origin country: Paraguay)','IVA',10.000,0.000,'0',0.000,'0',36,0,0,NULL,110000.00000000,NULL,3960000.00000000,396000.00000000,0.00000000,0.00000000,4356000.00000000,0,NULL,NULL,0,0.00000000,NULL,0,0,5,NULL,NULL,100,NULL,NULL,2,2,1,'PYG',110000.00000000,3960000.00000000,396000.00000000,4356000.00000000),(277,59,NULL,9,NULL,'(Customs / Commodity / HS code: 2208.40.11 - Origin country: Paraguay)','IVA',10.000,0.000,'0',0.000,'0',48,0,0,NULL,110000.00000000,NULL,5280000.00000000,528000.00000000,0.00000000,0.00000000,5808000.00000000,0,NULL,NULL,0,0.00000000,NULL,0,0,6,NULL,NULL,100,NULL,NULL,2,2,1,'PYG',110000.00000000,5280000.00000000,528000.00000000,5808000.00000000),(278,59,NULL,8,NULL,'(Customs / Commodity / HS code: 2208.40.11 - Origin country: Paraguay)','IVA',10.000,0.000,'0',0.000,'0',72,0,0,NULL,120000.00000000,NULL,8640000.00000000,864000.00000000,0.00000000,0.00000000,9504000.00000000,0,NULL,NULL,0,0.00000000,NULL,0,0,7,NULL,NULL,100,NULL,NULL,2,2,1,'PYG',120000.00000000,8640000.00000000,864000.00000000,9504000.00000000),(279,60,NULL,4,NULL,'(Customs / Commodity / HS code: 2208.70.10 - Origin country: Paraguay)','IVA',10.000,0.000,'0',0.000,'0',12,0,0,NULL,12000.00000000,NULL,144000.00000000,14400.00000000,0.00000000,0.00000000,158400.00000000,0,NULL,NULL,0,0.00000000,NULL,0,0,1,NULL,NULL,100,NULL,NULL,2,2,1,'PYG',12000.00000000,144000.00000000,14400.00000000,158400.00000000),(280,60,NULL,1,NULL,'(Customs / Commodity / HS code: 2208.70.10 - Origin country: Paraguay)','IVA',10.000,0.000,'0',0.000,'0',12,0,0,NULL,12000.00000000,NULL,144000.00000000,14400.00000000,0.00000000,0.00000000,158400.00000000,0,NULL,NULL,0,0.00000000,NULL,0,0,2,NULL,NULL,100,NULL,NULL,2,2,1,'PYG',12000.00000000,144000.00000000,14400.00000000,158400.00000000),(290,62,NULL,9,NULL,'(Customs / Commodity / HS code: 2208.40.11 - Origin country: Paraguay)','none',0.000,0.000,'0',0.000,'0',6,0,0,NULL,110000.00000000,NULL,660000.00000000,0.00000000,0.00000000,0.00000000,660000.00000000,0,NULL,NULL,0,0.00000000,NULL,0,0,1,NULL,NULL,100,NULL,NULL,2,2,1,'PYG',110000.00000000,660000.00000000,0.00000000,660000.00000000),(291,62,NULL,10,NULL,'(Customs / Commodity / HS code: 2208.40.11 - Origin country: Paraguay)','none',0.000,0.000,'0',0.000,'0',6,0,0,NULL,110000.00000000,NULL,660000.00000000,0.00000000,0.00000000,0.00000000,660000.00000000,0,NULL,NULL,0,0.00000000,NULL,0,0,2,NULL,NULL,100,NULL,NULL,2,2,1,'PYG',110000.00000000,660000.00000000,0.00000000,660000.00000000),(292,62,NULL,8,NULL,'(Customs / Commodity / HS code: 2208.40.11 - Origin country: Paraguay)','none',0.000,0.000,'0',0.000,'0',6,0,0,NULL,120000.00000000,NULL,720000.00000000,0.00000000,0.00000000,0.00000000,720000.00000000,0,NULL,NULL,0,0.00000000,NULL,0,0,3,NULL,NULL,100,NULL,NULL,2,2,1,'PYG',120000.00000000,720000.00000000,0.00000000,720000.00000000),(293,62,NULL,30,NULL,'(Customs / Commodity / HS code: 2208.40.11 - Origin country: Paraguay)','none',0.000,0.000,'0',0.000,'0',9,0,0,NULL,90000.00000000,NULL,810000.00000000,0.00000000,0.00000000,0.00000000,810000.00000000,0,NULL,NULL,0,0.00000000,NULL,0,0,4,NULL,NULL,100,NULL,NULL,2,2,1,'PYG',90000.00000000,810000.00000000,0.00000000,810000.00000000),(294,62,NULL,2,NULL,'(Customs / Commodity / HS code: 2208.70.10 - Origin country: Paraguay)','none',0.000,0.000,'0',0.000,'0',12,0,0,NULL,20000.00000000,NULL,240000.00000000,0.00000000,0.00000000,0.00000000,240000.00000000,0,NULL,NULL,0,0.00000000,NULL,0,0,5,NULL,NULL,100,NULL,NULL,2,2,1,'PYG',20000.00000000,240000.00000000,0.00000000,240000.00000000),(295,62,NULL,4,NULL,'(Customs / Commodity / HS code: 2208.70.10 - Origin country: Paraguay)','none',0.000,0.000,'0',0.000,'0',12,0,0,NULL,20000.00000000,NULL,240000.00000000,0.00000000,0.00000000,0.00000000,240000.00000000,0,NULL,NULL,0,0.00000000,NULL,0,0,6,NULL,NULL,100,NULL,NULL,2,2,1,'PYG',20000.00000000,240000.00000000,0.00000000,240000.00000000),(296,62,NULL,3,NULL,'(Customs / Commodity / HS code: 2208.70.10 - Origin country: Paraguay)','none',0.000,0.000,'0',0.000,'0',12,0,0,NULL,20000.00000000,NULL,240000.00000000,0.00000000,0.00000000,0.00000000,240000.00000000,0,NULL,NULL,0,0.00000000,NULL,0,0,7,NULL,NULL,100,NULL,NULL,2,2,1,'PYG',20000.00000000,240000.00000000,0.00000000,240000.00000000),(297,62,NULL,1,NULL,'(Customs / Commodity / HS code: 2208.70.10 - Origin country: Paraguay)','none',0.000,0.000,'0',0.000,'0',12,0,0,NULL,20000.00000000,NULL,240000.00000000,0.00000000,0.00000000,0.00000000,240000.00000000,0,NULL,NULL,0,0.00000000,NULL,0,0,8,NULL,NULL,100,NULL,NULL,2,2,1,'PYG',20000.00000000,240000.00000000,0.00000000,240000.00000000),(298,62,NULL,38,NULL,'(Customs / Commodity / HS code: 2208.40.11 - Origin country: Paraguay)','IVA',10.000,0.000,'0',0.000,'0',3,0,0,NULL,120000.00000000,NULL,360000.00000000,36000.00000000,0.00000000,0.00000000,396000.00000000,0,NULL,NULL,0,0.00000000,NULL,0,0,9,NULL,NULL,100,NULL,NULL,2,2,1,'PYG',120000.00000000,360000.00000000,36000.00000000,396000.00000000),(299,63,NULL,4,NULL,'(Customs / Commodity / HS code: 2208.70.10 - Origin country: Paraguay)','IVA',10.000,0.000,'0',0.000,'0',60,0,0,NULL,15000.00000000,NULL,900000.00000000,90000.00000000,0.00000000,0.00000000,990000.00000000,0,NULL,NULL,0,0.00000000,NULL,0,0,1,NULL,NULL,100,NULL,NULL,2,2,1,'PYG',15000.00000000,900000.00000000,90000.00000000,990000.00000000),(300,63,NULL,3,NULL,'(Customs / Commodity / HS code: 2208.70.10 - Origin country: Paraguay)','IVA',10.000,0.000,'0',0.000,'0',60,0,0,NULL,15000.00000000,NULL,900000.00000000,90000.00000000,0.00000000,0.00000000,990000.00000000,0,NULL,NULL,0,0.00000000,NULL,0,0,2,NULL,NULL,100,NULL,NULL,2,2,1,'PYG',15000.00000000,900000.00000000,90000.00000000,990000.00000000),(301,63,NULL,9,NULL,'(Customs / Commodity / HS code: 2208.40.11 - Origin country: Paraguay)','IVA',10.000,0.000,'0',0.000,'0',6,0,0,NULL,110000.00000000,NULL,660000.00000000,66000.00000000,0.00000000,0.00000000,726000.00000000,0,NULL,NULL,0,0.00000000,NULL,0,0,3,NULL,NULL,100,NULL,NULL,2,2,1,'PYG',110000.00000000,660000.00000000,66000.00000000,726000.00000000),(302,63,NULL,10,NULL,'(Customs / Commodity / HS code: 2208.40.11 - Origin country: Paraguay)','IVA',10.000,0.000,'0',0.000,'0',36,0,0,NULL,110000.00000000,NULL,3960000.00000000,396000.00000000,0.00000000,0.00000000,4356000.00000000,0,NULL,NULL,0,0.00000000,NULL,0,0,4,NULL,NULL,100,NULL,NULL,2,2,1,'PYG',110000.00000000,3960000.00000000,396000.00000000,4356000.00000000),(303,63,NULL,8,NULL,'(Customs / Commodity / HS code: 2208.40.11 - Origin country: Paraguay)','IVA',10.000,0.000,'0',0.000,'0',18,0,0,NULL,120000.00000000,NULL,2160000.00000000,216000.00000000,0.00000000,0.00000000,2376000.00000000,0,NULL,NULL,0,0.00000000,NULL,0,0,5,NULL,NULL,100,NULL,NULL,2,2,1,'PYG',120000.00000000,2160000.00000000,216000.00000000,2376000.00000000),(304,64,NULL,10,NULL,'(Customs / Commodity / HS code: 2208.40.11 - Origin country: Paraguay)','IVA',10.000,0.000,'0',0.000,'0',60,0,0,NULL,110000.00000000,NULL,6600000.00000000,660000.00000000,0.00000000,0.00000000,7260000.00000000,0,NULL,NULL,0,0.00000000,NULL,0,0,1,NULL,NULL,100,NULL,NULL,2,2,1,'PYG',110000.00000000,6600000.00000000,660000.00000000,7260000.00000000),(305,64,NULL,8,NULL,'(Customs / Commodity / HS code: 2208.40.11 - Origin country: Paraguay)','IVA',10.000,0.000,'0',0.000,'0',18,0,0,NULL,120000.00000000,NULL,2160000.00000000,216000.00000000,0.00000000,0.00000000,2376000.00000000,0,NULL,NULL,0,0.00000000,NULL,0,0,2,NULL,NULL,100,NULL,NULL,2,2,1,'PYG',120000.00000000,2160000.00000000,216000.00000000,2376000.00000000),(306,64,NULL,1,NULL,'(Customs / Commodity / HS code: 2208.70.10 - Origin country: Paraguay)','IVA',10.000,0.000,'0',0.000,'0',60,0,0,NULL,15000.00000000,NULL,900000.00000000,90000.00000000,0.00000000,0.00000000,990000.00000000,0,NULL,NULL,0,0.00000000,NULL,0,0,3,NULL,NULL,100,NULL,NULL,2,2,1,'PYG',15000.00000000,900000.00000000,90000.00000000,990000.00000000),(307,64,NULL,4,NULL,'(Customs / Commodity / HS code: 2208.70.10 - Origin country: Paraguay)','IVA',10.000,0.000,'0',0.000,'0',84,0,0,NULL,15000.00000000,NULL,1260000.00000000,126000.00000000,0.00000000,0.00000000,1386000.00000000,0,NULL,NULL,0,0.00000000,NULL,0,0,4,NULL,NULL,100,NULL,NULL,2,2,1,'PYG',15000.00000000,1260000.00000000,126000.00000000,1386000.00000000),(308,64,NULL,3,NULL,'(Customs / Commodity / HS code: 2208.70.10 - Origin country: Paraguay)','IVA',10.000,0.000,'0',0.000,'0',144,0,0,NULL,15000.00000000,NULL,2160000.00000000,216000.00000000,0.00000000,0.00000000,2376000.00000000,0,NULL,NULL,0,0.00000000,NULL,0,0,5,NULL,NULL,100,NULL,NULL,2,2,1,'PYG',15000.00000000,2160000.00000000,216000.00000000,2376000.00000000),(309,64,NULL,15,NULL,'(Origin country: Paraguay)','IVA',10.000,0.000,'0',0.000,'0',120,0,0,NULL,31818.00000000,NULL,3818160.00000000,381816.00000000,0.00000000,0.00000000,4199976.00000000,0,NULL,NULL,0,0.00000000,NULL,0,0,6,NULL,NULL,100,NULL,NULL,2,2,1,'PYG',31818.00000000,3818160.00000000,381816.00000000,4199976.00000000);

--
