-- Table structure for table `llxqa_facturedet_extrafields`
--

CREATE TABLE `llxqa_facturedet_extrafields` (
  `rowid` int(11) NOT NULL AUTO_INCREMENT,
  `tms` timestamp NOT NULL DEFAULT current_timestamp() ON UPDATE current_timestamp(),
  `fk_object` int(11) NOT NULL,
  `import_key` varchar(14) DEFAULT NULL,
  PRIMARY KEY (`rowid`),
  KEY `idx_facturedet_extrafields` (`fk_object`)
) ENGINE=InnoDB DEFAULT CHARSET=utf8;

--
-- Dumping data for table `llxqa_facturedet_extrafields`
--


--
-- Table structure for table `llxqa_facturedet_rec`
--

CREATE TABLE `llxqa_facturedet_rec` (
  `rowid` int(11) NOT NULL AUTO_INCREMENT,
  `fk_facture` int(11) NOT NULL,
  `fk_parent_line` int(11) DEFAULT NULL,
  `fk_product` int(11) DEFAULT NULL,
  `product_type` int(11) DEFAULT 0,
  `label` varchar(255) DEFAULT NULL,
  `description` text DEFAULT NULL,
  `vat_src_code` varchar(10) DEFAULT '',
  `tva_tx` double(6,3) DEFAULT NULL,
  `localtax1_tx` double(6,3) DEFAULT 0.000,
  `localtax1_type` varchar(10) DEFAULT NULL,
  `localtax2_tx` double(6,3) DEFAULT 0.000,
  `localtax2_type` varchar(10) DEFAULT NULL,
  `qty` double DEFAULT NULL,
  `remise_percent` double DEFAULT 0,
  `remise` double DEFAULT 0,
  `subprice` double(24,8) DEFAULT NULL,
  `price` double(24,8) DEFAULT NULL,
  `total_ht` double(24,8) DEFAULT NULL,
  `total_tva` double(24,8) DEFAULT NULL,
  `total_localtax1` double(24,8) DEFAULT 0.00000000,
  `total_localtax2` double(24,8) DEFAULT 0.00000000,
  `total_ttc` double(24,8) DEFAULT NULL,
  `date_start_fill` int(11) DEFAULT 0,
  `date_end_fill` int(11) DEFAULT 0,
  `info_bits` int(11) DEFAULT 0,
  `special_code` int(10) unsigned DEFAULT 0,
  `rang` int(11) DEFAULT 0,
  `fk_contract_line` int(11) DEFAULT NULL,
  `fk_unit` int(11) DEFAULT NULL,
  `import_key` varchar(14) DEFAULT NULL,
  `fk_multicurrency` int(11) DEFAULT NULL,
  `multicurrency_code` varchar(255) DEFAULT NULL,
  `multicurrency_subprice` double(24,8) DEFAULT 0.00000000,
  `multicurrency_total_ht` double(24,8) DEFAULT 0.00000000,
  `multicurrency_total_tva` double(24,8) DEFAULT 0.00000000,
  `multicurrency_total_ttc` double(24,8) DEFAULT 0.00000000,
  `buy_price_ht` double(24,8) DEFAULT 0.00000000,
  `fk_product_fournisseur_price` int(11) DEFAULT NULL,
  `fk_user_author` int(11) DEFAULT NULL,
  `fk_user_modif` int(11) DEFAULT NULL,
  PRIMARY KEY (`rowid`),
  KEY `fk_facturedet_rec_fk_unit` (`fk_unit`),
  CONSTRAINT `fk_facturedet_rec_fk_unit` FOREIGN KEY (`fk_unit`) REFERENCES `llxqa_c_units` (`rowid`)
) ENGINE=InnoDB DEFAULT CHARSET=utf8;

--
-- Dumping data for table `llxqa_facturedet_rec`
--


--
-- Table structure for table `llxqa_facturedet_rec_extrafields`
--

CREATE TABLE `llxqa_facturedet_rec_extrafields` (
  `rowid` int(11) NOT NULL AUTO_INCREMENT,
  `tms` timestamp NOT NULL DEFAULT current_timestamp() ON UPDATE current_timestamp(),
  `fk_object` int(11) NOT NULL,
  `import_key` varchar(14) DEFAULT NULL,
  PRIMARY KEY (`rowid`),
  KEY `idx_facturedet_rec_extrafields` (`fk_object`)
) ENGINE=InnoDB DEFAULT CHARSET=utf8;

--
-- Dumping data for table `llxqa_facturedet_rec_extrafields`
--


--
-- Table structure for table `llxqa_fichinter`
--

CREATE TABLE `llxqa_fichinter` (
  `rowid` int(11) NOT NULL AUTO_INCREMENT,
  `fk_soc` int(11) NOT NULL,
  `fk_projet` int(11) DEFAULT 0,
  `fk_contrat` int(11) DEFAULT 0,
  `ref` varchar(30) NOT NULL,
  `ref_ext` varchar(255) DEFAULT NULL,
  `entity` int(11) NOT NULL DEFAULT 1,
  `tms` timestamp NOT NULL DEFAULT current_timestamp() ON UPDATE current_timestamp(),
  `datec` datetime DEFAULT NULL,
  `date_valid` datetime DEFAULT NULL,
  `datei` date DEFAULT NULL,
  `fk_user_author` int(11) DEFAULT NULL,
  `fk_user_modif` int(11) DEFAULT NULL,
  `fk_user_valid` int(11) DEFAULT NULL,
  `fk_statut` smallint(6) DEFAULT 0,
  `dateo` date DEFAULT NULL,
  `datee` date DEFAULT NULL,
  `datet` date DEFAULT NULL,
  `duree` double DEFAULT NULL,
  `description` text DEFAULT NULL,
  `note_private` text DEFAULT NULL,
  `note_public` text DEFAULT NULL,
  `model_pdf` varchar(255) DEFAULT NULL,
  `last_main_doc` varchar(255) DEFAULT NULL,
  `import_key` varchar(14) DEFAULT NULL,
  `extraparams` varchar(255) DEFAULT NULL,
  PRIMARY KEY (`rowid`),
  UNIQUE KEY `uk_fichinter_ref` (`ref`,`entity`),
  KEY `idx_fichinter_fk_soc` (`fk_soc`),
  CONSTRAINT `fk_fichinter_fk_soc` FOREIGN KEY (`fk_soc`) REFERENCES `llxqa_societe` (`rowid`)
) ENGINE=InnoDB DEFAULT CHARSET=utf8;

--
-- Dumping data for table `llxqa_fichinter`
--


--
-- Table structure for table `llxqa_fichinter_extrafields`
--

CREATE TABLE `llxqa_fichinter_extrafields` (
  `rowid` int(11) NOT NULL AUTO_INCREMENT,
  `tms` timestamp NOT NULL DEFAULT current_timestamp() ON UPDATE current_timestamp(),
  `fk_object` int(11) NOT NULL,
  `import_key` varchar(14) DEFAULT NULL,
  PRIMARY KEY (`rowid`),
  KEY `idx_ficheinter_extrafields` (`fk_object`)
) ENGINE=InnoDB DEFAULT CHARSET=utf8;

--
-- Dumping data for table `llxqa_fichinter_extrafields`
--


--
-- Table structure for table `llxqa_fichinter_rec`
--

CREATE TABLE `llxqa_fichinter_rec` (
  `rowid` int(11) NOT NULL AUTO_INCREMENT,
  `titre` varchar(50) NOT NULL,
  `entity` int(11) NOT NULL DEFAULT 1,
  `fk_soc` int(11) DEFAULT NULL,
  `datec` datetime DEFAULT NULL,
  `fk_contrat` int(11) DEFAULT 0,
  `fk_user_author` int(11) DEFAULT NULL,
  `fk_projet` int(11) DEFAULT NULL,
  `duree` double DEFAULT NULL,
  `description` text DEFAULT NULL,
  `modelpdf` varchar(50) DEFAULT NULL,
  `note_private` text DEFAULT NULL,
  `note_public` text DEFAULT NULL,
  `frequency` int(11) DEFAULT NULL,
  `unit_frequency` varchar(2) DEFAULT 'm',
  `date_when` datetime DEFAULT NULL,
  `date_last_gen` datetime DEFAULT NULL,
  `nb_gen_done` int(11) DEFAULT NULL,
  `nb_gen_max` int(11) DEFAULT NULL,
  `auto_validate` int(11) DEFAULT NULL,
  PRIMARY KEY (`rowid`),
  UNIQUE KEY `idx_fichinter_rec_uk_titre` (`titre`,`entity`),
  KEY `idx_fichinter_rec_fk_soc` (`fk_soc`),
  KEY `idx_fichinter_rec_fk_user_author` (`fk_user_author`),
  KEY `idx_fichinter_rec_fk_projet` (`fk_projet`),
  CONSTRAINT `fk_fichinter_rec_fk_projet` FOREIGN KEY (`fk_projet`) REFERENCES `llxqa_projet` (`rowid`),
  CONSTRAINT `fk_fichinter_rec_fk_user_author` FOREIGN KEY (`fk_user_author`) REFERENCES `llxqa_user` (`rowid`)
) ENGINE=InnoDB DEFAULT CHARSET=latin1;

--
-- Dumping data for table `llxqa_fichinter_rec`
--


--
-- Table structure for table `llxqa_fichinterdet`
--

CREATE TABLE `llxqa_fichinterdet` (
  `rowid` int(11) NOT NULL AUTO_INCREMENT,
  `fk_fichinter` int(11) DEFAULT NULL,
  `fk_parent_line` int(11) DEFAULT NULL,
  `date` datetime DEFAULT NULL,
  `description` text DEFAULT NULL,
  `duree` int(11) DEFAULT NULL,
  `rang` int(11) DEFAULT 0,
  PRIMARY KEY (`rowid`),
  KEY `idx_fichinterdet_fk_fichinter` (`fk_fichinter`),
  CONSTRAINT `fk_fichinterdet_fk_fichinter` FOREIGN KEY (`fk_fichinter`) REFERENCES `llxqa_fichinter` (`rowid`)
) ENGINE=InnoDB DEFAULT CHARSET=utf8;

--
-- Dumping data for table `llxqa_fichinterdet`
--


--
-- Table structure for table `llxqa_fichinterdet_extrafields`
--

CREATE TABLE `llxqa_fichinterdet_extrafields` (
  `rowid` int(11) NOT NULL AUTO_INCREMENT,
  `tms` timestamp NOT NULL DEFAULT current_timestamp() ON UPDATE current_timestamp(),
  `fk_object` int(11) NOT NULL,
  `import_key` varchar(14) DEFAULT NULL,
  PRIMARY KEY (`rowid`),
  KEY `idx_ficheinterdet_extrafields` (`fk_object`)
) ENGINE=InnoDB DEFAULT CHARSET=utf8;

--
-- Dumping data for table `llxqa_fichinterdet_extrafields`
--


--
-- Table structure for table `llxqa_fichinterdet_rec`
--

CREATE TABLE `llxqa_fichinterdet_rec` (
  `rowid` int(11) NOT NULL AUTO_INCREMENT,
  `fk_fichinter` int(11) NOT NULL,
  `date` datetime DEFAULT NULL,
  `description` text DEFAULT NULL,
  `duree` int(11) DEFAULT NULL,
  `rang` int(11) DEFAULT 0,
  `total_ht` double(24,8) DEFAULT NULL,
  `subprice` double(24,8) DEFAULT NULL,
  `fk_parent_line` int(11) DEFAULT NULL,
  `fk_product` int(11) DEFAULT NULL,
  `label` varchar(255) DEFAULT NULL,
  `tva_tx` double(6,3) DEFAULT NULL,
  `localtax1_tx` double(6,3) DEFAULT 0.000,
  `localtax1_type` varchar(1) DEFAULT NULL,
  `localtax2_tx` double(6,3) DEFAULT 0.000,
  `localtax2_type` varchar(1) DEFAULT NULL,
  `qty` double DEFAULT NULL,
  `remise_percent` double DEFAULT 0,
  `remise` double DEFAULT 0,
  `fk_remise_except` int(11) DEFAULT NULL,
  `price` double(24,8) DEFAULT NULL,
  `total_tva` double(24,8) DEFAULT NULL,
  `total_localtax1` double(24,8) DEFAULT 0.00000000,
  `total_localtax2` double(24,8) DEFAULT 0.00000000,
  `total_ttc` double(24,8) DEFAULT NULL,
  `product_type` int(11) DEFAULT 0,
  `date_start` datetime DEFAULT NULL,
  `date_end` datetime DEFAULT NULL,
  `info_bits` int(11) DEFAULT 0,
  `buy_price_ht` double(24,8) DEFAULT 0.00000000,
  `fk_product_fournisseur_price` int(11) DEFAULT NULL,
  `fk_code_ventilation` int(11) NOT NULL DEFAULT 0,
  `fk_export_commpta` int(11) NOT NULL DEFAULT 0,
  `special_code` int(10) unsigned DEFAULT 0,
  `fk_unit` int(11) DEFAULT NULL,
  `import_key` varchar(14) DEFAULT NULL,
  PRIMARY KEY (`rowid`)
) ENGINE=InnoDB DEFAULT CHARSET=latin1;

--
-- Dumping data for table `llxqa_fichinterdet_rec`
--


--
-- Table structure for table `llxqa_holiday`
--

CREATE TABLE `llxqa_holiday` (
  `rowid` int(11) NOT NULL AUTO_INCREMENT,
  `ref` varchar(30) NOT NULL,
  `ref_ext` varchar(255) DEFAULT NULL,
  `entity` int(11) NOT NULL DEFAULT 1,
  `fk_user` int(11) NOT NULL,
  `fk_user_create` int(11) DEFAULT NULL,
  `fk_user_modif` int(11) DEFAULT NULL,
  `fk_type` int(11) NOT NULL,
  `date_create` datetime NOT NULL,
  `description` varchar(255) NOT NULL,
  `date_debut` date NOT NULL,
  `date_fin` date NOT NULL,
  `halfday` int(11) DEFAULT 0,
  `statut` int(11) NOT NULL DEFAULT 1,
  `fk_validator` int(11) NOT NULL,
  `date_valid` datetime DEFAULT NULL,
  `fk_user_valid` int(11) DEFAULT NULL,
  `date_refuse` datetime DEFAULT NULL,
  `fk_user_refuse` int(11) DEFAULT NULL,
  `date_cancel` datetime DEFAULT NULL,
  `fk_user_cancel` int(11) DEFAULT NULL,
  `detail_refuse` varchar(250) DEFAULT NULL,
  `note_private` text DEFAULT NULL,
  `note_public` text DEFAULT NULL,
  `tms` timestamp NOT NULL DEFAULT current_timestamp() ON UPDATE current_timestamp(),
  `import_key` varchar(14) DEFAULT NULL,
  `extraparams` varchar(255) DEFAULT NULL,
  PRIMARY KEY (`rowid`),
  KEY `idx_holiday_entity` (`entity`),
  KEY `idx_holiday_fk_user` (`fk_user`),
  KEY `idx_holiday_fk_user_create` (`fk_user_create`),
  KEY `idx_holiday_date_create` (`date_create`),
  KEY `idx_holiday_date_debut` (`date_debut`),
  KEY `idx_holiday_date_fin` (`date_fin`),
  KEY `idx_holiday_fk_validator` (`fk_validator`)
) ENGINE=InnoDB DEFAULT CHARSET=utf8;

--
-- Dumping data for table `llxqa_holiday`
--


--
-- Table structure for table `llxqa_holiday_config`
--

CREATE TABLE `llxqa_holiday_config` (
  `rowid` int(11) NOT NULL AUTO_INCREMENT,
  `name` varchar(128) NOT NULL,
  `value` text DEFAULT NULL,
  PRIMARY KEY (`rowid`),
  UNIQUE KEY `idx_holiday_config` (`name`)
) ENGINE=InnoDB AUTO_INCREMENT=2 DEFAULT CHARSET=utf8;

--
-- Dumping data for table `llxqa_holiday_config`
--

INSERT INTO `llxqa_holiday_config` VALUES (1,'lastUpdate',NULL);

--
-- Table structure for table `llxqa_holiday_extrafields`
--

CREATE TABLE `llxqa_holiday_extrafields` (
  `rowid` int(11) NOT NULL AUTO_INCREMENT,
  `tms` timestamp NOT NULL DEFAULT current_timestamp() ON UPDATE current_timestamp(),
  `fk_object` int(11) NOT NULL,
  `import_key` varchar(14) DEFAULT NULL,
  PRIMARY KEY (`rowid`),
  KEY `idx_holiday_extrafields` (`fk_object`)
) ENGINE=InnoDB DEFAULT CHARSET=latin1;

--
-- Dumping data for table `llxqa_holiday_extrafields`
--


--
-- Table structure for table `llxqa_holiday_logs`
--

CREATE TABLE `llxqa_holiday_logs` (
  `rowid` int(11) NOT NULL AUTO_INCREMENT,
  `date_action` datetime NOT NULL,
  `fk_user_action` int(11) NOT NULL,
  `fk_user_update` int(11) NOT NULL,
  `fk_type` int(11) NOT NULL,
  `type_action` varchar(255) NOT NULL,
  `prev_solde` varchar(255) NOT NULL,
  `new_solde` varchar(255) NOT NULL,
  PRIMARY KEY (`rowid`)
) ENGINE=InnoDB DEFAULT CHARSET=utf8;

--
-- Dumping data for table `llxqa_holiday_logs`
--


--
-- Table structure for table `llxqa_holiday_users`
--

CREATE TABLE `llxqa_holiday_users` (
  `fk_user` int(11) NOT NULL,
  `fk_type` int(11) NOT NULL,
  `nb_holiday` double NOT NULL DEFAULT 0,
  UNIQUE KEY `uk_holiday_users` (`fk_user`,`fk_type`,`nb_holiday`)
) ENGINE=InnoDB DEFAULT CHARSET=utf8;

--
-- Dumping data for table `llxqa_holiday_users`
--


--
-- Table structure for table `llxqa_import_model`
--

CREATE TABLE `llxqa_import_model` (
  `rowid` int(11) NOT NULL AUTO_INCREMENT,
  `fk_user` int(11) NOT NULL DEFAULT 0,
  `label` varchar(50) NOT NULL,
  `type` varchar(50) NOT NULL,
  `field` text NOT NULL,
  PRIMARY KEY (`rowid`),
  UNIQUE KEY `uk_import_model` (`label`,`type`)
) ENGINE=InnoDB DEFAULT CHARSET=utf8;

--
-- Dumping data for table `llxqa_import_model`
--


--
-- Table structure for table `llxqa_inventory`
--

CREATE TABLE `llxqa_inventory` (
  `rowid` int(11) NOT NULL AUTO_INCREMENT,
  `entity` int(11) DEFAULT 0,
  `ref` varchar(48) DEFAULT NULL,
  `date_creation` datetime DEFAULT NULL,
  `tms` timestamp NOT NULL DEFAULT current_timestamp() ON UPDATE current_timestamp(),
  `fk_user_creat` int(11) DEFAULT NULL,
  `fk_user_modif` int(11) DEFAULT NULL,
  `fk_user_valid` int(11) DEFAULT NULL,
  `fk_warehouse` int(11) DEFAULT NULL,
  `fk_product` int(11) DEFAULT NULL,
  `status` int(11) DEFAULT 0,
  `title` varchar(255) NOT NULL,
  `date_inventory` datetime DEFAULT NULL,
  `date_validation` datetime DEFAULT NULL,
  `import_key` varchar(14) DEFAULT NULL,
  PRIMARY KEY (`rowid`),
  UNIQUE KEY `uk_inventory_ref` (`ref`,`entity`),
  KEY `idx_inventory_tms` (`tms`),
  KEY `idx_inventory_date_creation` (`date_creation`)
) ENGINE=InnoDB DEFAULT CHARSET=utf8;

--
-- Dumping data for table `llxqa_inventory`
--


--
-- Table structure for table `llxqa_inventorydet`
--

CREATE TABLE `llxqa_inventorydet` (
  `rowid` int(11) NOT NULL AUTO_INCREMENT,
  `datec` datetime DEFAULT NULL,
  `tms` timestamp NOT NULL DEFAULT current_timestamp() ON UPDATE current_timestamp(),
  `fk_inventory` int(11) DEFAULT 0,
  `fk_warehouse` int(11) DEFAULT 0,
  `fk_product` int(11) DEFAULT 0,
  `batch` varchar(30) DEFAULT NULL,
  `qty_view` double DEFAULT NULL,
  `qty_stock` double DEFAULT NULL,
  `qty_regulated` double DEFAULT NULL,
  PRIMARY KEY (`rowid`),
  KEY `idx_inventorydet_tms` (`tms`),
  KEY `idx_inventorydet_datec` (`datec`),
  KEY `idx_inventorydet_fk_inventory` (`fk_inventory`)
) ENGINE=InnoDB DEFAULT CHARSET=utf8;

--
-- Dumping data for table `llxqa_inventorydet`
--


--
-- Table structure for table `llxqa_links`
--

CREATE TABLE `llxqa_links` (
  `rowid` int(11) NOT NULL AUTO_INCREMENT,
  `entity` int(11) NOT NULL DEFAULT 1,
  `datea` datetime NOT NULL,
  `url` varchar(255) NOT NULL,
  `label` varchar(255) NOT NULL,
  `objecttype` varchar(255) NOT NULL,
  `objectid` int(11) NOT NULL,
  PRIMARY KEY (`rowid`),
  UNIQUE KEY `uk_links` (`objectid`,`label`)
) ENGINE=InnoDB DEFAULT CHARSET=utf8;

--
-- Dumping data for table `llxqa_links`
--


--
-- Table structure for table `llxqa_livraison`
--

CREATE TABLE `llxqa_livraison` (
  `rowid` int(11) NOT NULL AUTO_INCREMENT,
  `tms` timestamp NOT NULL DEFAULT current_timestamp() ON UPDATE current_timestamp(),
  `ref` varchar(30) NOT NULL,
  `entity` int(11) NOT NULL DEFAULT 1,
  `fk_soc` int(11) NOT NULL,
  `ref_ext` varchar(255) DEFAULT NULL,
  `ref_int` varchar(255) DEFAULT NULL,
  `ref_customer` varchar(255) DEFAULT NULL,
  `date_creation` datetime DEFAULT NULL,
  `fk_user_author` int(11) DEFAULT NULL,
  `date_valid` datetime DEFAULT NULL,
  `fk_user_valid` int(11) DEFAULT NULL,
  `date_delivery` datetime DEFAULT NULL,
  `fk_address` int(11) DEFAULT NULL,
  `fk_statut` smallint(6) DEFAULT 0,
  `total_ht` double(24,8) DEFAULT 0.00000000,
  `note_private` text DEFAULT NULL,
  `note_public` text DEFAULT NULL,
  `model_pdf` varchar(255) DEFAULT NULL,
  `last_main_doc` varchar(255) DEFAULT NULL,
  `fk_incoterms` int(11) DEFAULT NULL,
  `location_incoterms` varchar(255) DEFAULT NULL,
  `import_key` varchar(14) DEFAULT NULL,
  `extraparams` varchar(255) DEFAULT NULL,
  PRIMARY KEY (`rowid`),
  UNIQUE KEY `idx_livraison_uk_ref` (`ref`,`entity`),
  KEY `idx_livraison_fk_soc` (`fk_soc`),
  KEY `idx_livraison_fk_user_author` (`fk_user_author`),
  KEY `idx_livraison_fk_user_valid` (`fk_user_valid`),
  CONSTRAINT `fk_livraison_fk_soc` FOREIGN KEY (`fk_soc`) REFERENCES `llxqa_societe` (`rowid`),
  CONSTRAINT `fk_livraison_fk_user_author` FOREIGN KEY (`fk_user_author`) REFERENCES `llxqa_user` (`rowid`),
  CONSTRAINT `fk_livraison_fk_user_valid` FOREIGN KEY (`fk_user_valid`) REFERENCES `llxqa_user` (`rowid`)
) ENGINE=InnoDB DEFAULT CHARSET=utf8;

--
-- Dumping data for table `llxqa_livraison`
--


--
-- Table structure for table `llxqa_livraison_extrafields`
--

CREATE TABLE `llxqa_livraison_extrafields` (
  `rowid` int(11) NOT NULL AUTO_INCREMENT,
  `tms` timestamp NOT NULL DEFAULT current_timestamp() ON UPDATE current_timestamp(),
  `fk_object` int(11) NOT NULL,
  `import_key` varchar(14) DEFAULT NULL,
  PRIMARY KEY (`rowid`),
  KEY `idx_livraison_extrafields` (`fk_object`)
) ENGINE=InnoDB DEFAULT CHARSET=utf8;

--
-- Dumping data for table `llxqa_livraison_extrafields`
--


--
-- Table structure for table `llxqa_livraisondet`
--

CREATE TABLE `llxqa_livraisondet` (
  `rowid` int(11) NOT NULL AUTO_INCREMENT,
  `fk_livraison` int(11) DEFAULT NULL,
  `fk_origin_line` int(11) DEFAULT NULL,
  `fk_product` int(11) DEFAULT NULL,
  `description` text DEFAULT NULL,
  `qty` double DEFAULT NULL,
  `subprice` double(24,8) DEFAULT 0.00000000,
  `total_ht` double(24,8) DEFAULT 0.00000000,
  `rang` int(11) DEFAULT 0,
  PRIMARY KEY (`rowid`),
  KEY `idx_livraisondet_fk_expedition` (`fk_livraison`),
  CONSTRAINT `fk_livraisondet_fk_livraison` FOREIGN KEY (`fk_livraison`) REFERENCES `llxqa_livraison` (`rowid`)
) ENGINE=InnoDB DEFAULT CHARSET=utf8;

--
-- Dumping data for table `llxqa_livraisondet`
--


--
-- Table structure for table `llxqa_livraisondet_extrafields`
--

CREATE TABLE `llxqa_livraisondet_extrafields` (
  `rowid` int(11) NOT NULL AUTO_INCREMENT,
  `tms` timestamp NOT NULL DEFAULT current_timestamp() ON UPDATE current_timestamp(),
  `fk_object` int(11) NOT NULL,
  `import_key` varchar(14) DEFAULT NULL,
  PRIMARY KEY (`rowid`),
  KEY `idx_livraisondet_extrafields` (`fk_object`)
) ENGINE=InnoDB DEFAULT CHARSET=utf8;

--
-- Dumping data for table `llxqa_livraisondet_extrafields`
--


--
-- Table structure for table `llxqa_loan`
--

CREATE TABLE `llxqa_loan` (
  `rowid` int(11) NOT NULL AUTO_INCREMENT,
  `entity` int(11) NOT NULL DEFAULT 1,
  `datec` datetime DEFAULT NULL,
  `tms` timestamp NOT NULL DEFAULT current_timestamp() ON UPDATE current_timestamp(),
  `label` varchar(80) NOT NULL,
  `fk_bank` int(11) DEFAULT NULL,
  `capital` double(24,8) NOT NULL DEFAULT 0.00000000,
  `datestart` date DEFAULT NULL,
  `dateend` date DEFAULT NULL,
  `nbterm` double DEFAULT NULL,
  `rate` double NOT NULL,
  `note_private` text DEFAULT NULL,
  `note_public` text DEFAULT NULL,
  `capital_position` double(24,8) DEFAULT 0.00000000,
  `date_position` date DEFAULT NULL,
  `paid` smallint(6) NOT NULL DEFAULT 0,
  `accountancy_account_capital` varchar(32) DEFAULT NULL,
  `accountancy_account_insurance` varchar(32) DEFAULT NULL,
  `accountancy_account_interest` varchar(32) DEFAULT NULL,
  `fk_projet` int(11) DEFAULT NULL,
  `fk_user_author` int(11) DEFAULT NULL,
  `fk_user_modif` int(11) DEFAULT NULL,
  `active` tinyint(4) NOT NULL DEFAULT 1,
  `insurance_amount` double(24,8) DEFAULT 0.00000000,
  PRIMARY KEY (`rowid`)
) ENGINE=InnoDB DEFAULT CHARSET=utf8;

--
-- Dumping data for table `llxqa_loan`
--


--
-- Table structure for table `llxqa_loan_schedule`
--

CREATE TABLE `llxqa_loan_schedule` (
  `rowid` int(11) NOT NULL AUTO_INCREMENT,
  `fk_loan` int(11) DEFAULT NULL,
  `datec` datetime DEFAULT NULL,
  `tms` timestamp NOT NULL DEFAULT current_timestamp() ON UPDATE current_timestamp(),
  `datep` datetime DEFAULT NULL,
  `amount_capital` double(24,8) DEFAULT 0.00000000,
  `amount_insurance` double(24,8) DEFAULT 0.00000000,
  `amount_interest` double(24,8) DEFAULT 0.00000000,
  `fk_typepayment` int(11) NOT NULL,
  `num_payment` varchar(50) DEFAULT NULL,
  `note_private` text DEFAULT NULL,
  `note_public` text DEFAULT NULL,
  `fk_bank` int(11) NOT NULL,
  `fk_user_creat` int(11) DEFAULT NULL,
  `fk_user_modif` int(11) DEFAULT NULL,
  PRIMARY KEY (`rowid`)
) ENGINE=InnoDB DEFAULT CHARSET=utf8;

--
-- Dumping data for table `llxqa_loan_schedule`
--


--
-- Table structure for table `llxqa_localtax`
--

CREATE TABLE `llxqa_localtax` (
  `rowid` int(11) NOT NULL AUTO_INCREMENT,
  `entity` int(11) NOT NULL DEFAULT 1,
  `localtaxtype` tinyint(4) DEFAULT NULL,
  `tms` timestamp NOT NULL DEFAULT current_timestamp() ON UPDATE current_timestamp(),
  `datep` date DEFAULT NULL,
  `datev` date DEFAULT NULL,
  `amount` double DEFAULT NULL,
  `label` varchar(255) DEFAULT NULL,
  `note` text DEFAULT NULL,
  `fk_bank` int(11) DEFAULT NULL,
  `fk_user_creat` int(11) DEFAULT NULL,
  `fk_user_modif` int(11) DEFAULT NULL,
  PRIMARY KEY (`rowid`)
) ENGINE=InnoDB DEFAULT CHARSET=utf8;

--
-- Dumping data for table `llxqa_localtax`
--


--
-- Table structure for table `llxqa_mailing`
--

CREATE TABLE `llxqa_mailing` (
  `rowid` int(11) NOT NULL AUTO_INCREMENT,
  `statut` smallint(6) DEFAULT 0,
  `titre` varchar(128) DEFAULT NULL,
  `entity` int(11) NOT NULL DEFAULT 1,
  `sujet` varchar(128) DEFAULT NULL,
  `body` mediumtext DEFAULT NULL,
  `bgcolor` varchar(8) DEFAULT NULL,
  `bgimage` varchar(255) DEFAULT NULL,
  `cible` varchar(60) DEFAULT NULL,
  `nbemail` int(11) DEFAULT NULL,
  `email_from` varchar(160) DEFAULT NULL,
  `email_replyto` varchar(160) DEFAULT NULL,
  `email_errorsto` varchar(160) DEFAULT NULL,
  `tag` varchar(128) DEFAULT NULL,
  `date_creat` datetime DEFAULT NULL,
  `date_valid` datetime DEFAULT NULL,
  `date_appro` datetime DEFAULT NULL,
  `date_envoi` datetime DEFAULT NULL,
  `fk_user_creat` int(11) DEFAULT NULL,
  `fk_user_valid` int(11) DEFAULT NULL,
  `fk_user_appro` int(11) DEFAULT NULL,
  `extraparams` varchar(255) DEFAULT NULL,
  `joined_file1` varchar(255) DEFAULT NULL,
  `joined_file2` varchar(255) DEFAULT NULL,
  `joined_file3` varchar(255) DEFAULT NULL,
  `joined_file4` varchar(255) DEFAULT NULL,
  `tms` timestamp NOT NULL DEFAULT current_timestamp() ON UPDATE current_timestamp(),
  PRIMARY KEY (`rowid`)
) ENGINE=InnoDB DEFAULT CHARSET=utf8;

--
-- Dumping data for table `llxqa_mailing`
--


--
-- Table structure for table `llxqa_mailing_cibles`
--

CREATE TABLE `llxqa_mailing_cibles` (
  `rowid` int(11) NOT NULL AUTO_INCREMENT,
  `fk_mailing` int(11) NOT NULL,
  `fk_contact` int(11) NOT NULL,
  `lastname` varchar(160) DEFAULT NULL,
  `firstname` varchar(160) DEFAULT NULL,
  `email` varchar(160) NOT NULL,
  `other` varchar(255) DEFAULT NULL,
  `tag` varchar(128) DEFAULT NULL,
  `statut` smallint(6) NOT NULL DEFAULT 0,
  `source_url` varchar(255) DEFAULT NULL,
  `source_id` int(11) DEFAULT NULL,
  `source_type` varchar(16) DEFAULT NULL,
  `date_envoi` datetime DEFAULT NULL,
  `error_text` varchar(255) DEFAULT NULL,
  `tms` timestamp NOT NULL DEFAULT current_timestamp() ON UPDATE current_timestamp(),
  PRIMARY KEY (`rowid`),
  UNIQUE KEY `uk_mailing_cibles` (`fk_mailing`,`email`),
  KEY `idx_mailing_cibles_email` (`email`)
) ENGINE=InnoDB DEFAULT CHARSET=utf8;

--
-- Dumping data for table `llxqa_mailing_cibles`
--


--
-- Table structure for table `llxqa_mailing_unsubscribe`
--

CREATE TABLE `llxqa_mailing_unsubscribe` (
  `rowid` int(11) NOT NULL AUTO_INCREMENT,
  `entity` int(11) NOT NULL DEFAULT 1,
  `email` varchar(255) DEFAULT NULL,
  `unsubscribegroup` varchar(128) DEFAULT '',
  `ip` varchar(128) DEFAULT NULL,
  `date_creat` datetime DEFAULT NULL,
  `tms` timestamp NOT NULL DEFAULT current_timestamp() ON UPDATE current_timestamp(),
  PRIMARY KEY (`rowid`),
  UNIQUE KEY `uk_mailing_unsubscribe` (`email`,`entity`,`unsubscribegroup`)
) ENGINE=InnoDB DEFAULT CHARSET=latin1;

--
-- Dumping data for table `llxqa_mailing_unsubscribe`
--


--
-- Table structure for table `llxqa_menu`
--

CREATE TABLE `llxqa_menu` (
  `rowid` int(11) NOT NULL AUTO_INCREMENT,
  `menu_handler` varchar(16) NOT NULL,
  `entity` int(11) NOT NULL DEFAULT 1,
  `module` varchar(64) DEFAULT NULL,
  `type` varchar(4) NOT NULL,
  `mainmenu` varchar(100) NOT NULL,
  `leftmenu` varchar(100) DEFAULT NULL,
  `fk_menu` int(11) NOT NULL,
  `fk_mainmenu` varchar(100) DEFAULT NULL,
  `fk_leftmenu` varchar(100) DEFAULT NULL,
  `position` int(11) NOT NULL,
  `url` varchar(255) NOT NULL,
  `target` varchar(100) DEFAULT NULL,
  `titre` varchar(255) NOT NULL,
  `langs` varchar(100) DEFAULT NULL,
  `level` smallint(6) DEFAULT NULL,
  `perms` text DEFAULT NULL,
  `enabled` varchar(255) DEFAULT '1',
  `usertype` int(11) NOT NULL DEFAULT 0,
  `tms` timestamp NOT NULL DEFAULT current_timestamp() ON UPDATE current_timestamp(),
  PRIMARY KEY (`rowid`),
  UNIQUE KEY `idx_menu_uk_menu` (`menu_handler`,`fk_menu`,`position`,`url`,`entity`),
  KEY `idx_menu_menuhandler_type` (`menu_handler`,`type`)
) ENGINE=InnoDB AUTO_INCREMENT=164 DEFAULT CHARSET=utf8;

--
-- Dumping data for table `llxqa_menu`
--

INSERT INTO `llxqa_menu` VALUES (18,'all',1,'resource','left','tools','resource',-1,'tools',NULL,100,'/resource/list.php','','MenuResourceIndex','resource',NULL,'$user->rights->resource->read','1',0,'2018-12-23 20:00:23'),(19,'all',1,'resource','left','tools','resource_add',-1,'tools','resource',101,'/resource/card.php?action=create','','MenuResourceAdd','resource',NULL,'$user->rights->resource->write','1',0,'2018-12-23 20:00:23'),(20,'all',1,'resource','left','tools','resource_list',-1,'tools','resource',102,'/resource/list.php','','List','resource',NULL,'$user->rights->resource->read','1',0,'2018-12-23 20:00:23'),(21,'all',1,'factory','left','products','factory',-1,'products',NULL,110,'/factory/index.php?leftmenu=factory','','Factory','factory@factory',NULL,'1','1',2,'2018-12-29 19:18:58'),(22,'all',1,'factory','left','',NULL,-1,'products','factory',110,'/factory/list.php','','List','factory@factory',NULL,'1','1',2,'2018-12-29 19:18:58'),(23,'all',1,'factory','left','',NULL,-1,'products','factory',110,'/factory/declinaison.php','','Declinaison','factory@factory',NULL,'1','1',2,'2018-12-29 19:18:58'),(147,'all',1,'agenda','top','agenda',NULL,0,NULL,NULL,86,'/comm/action/index.php','','TMenuAgenda','agenda',NULL,'$user->rights->agenda->myactions->read','$conf->agenda->enabled',2,'2020-06-13 19:52:54'),(148,'all',1,'agenda','left','agenda',NULL,147,NULL,NULL,100,'/comm/action/index.php?mainmenu=agenda&amp;leftmenu=agenda','','Actions','agenda',NULL,'$user->rights->agenda->myactions->read','$conf->agenda->enabled',2,'2020-06-13 19:52:54'),(149,'all',1,'agenda','left','agenda',NULL,148,NULL,NULL,101,'/comm/action/card.php?mainmenu=agenda&amp;leftmenu=agenda&amp;action=create','','NewAction','commercial',NULL,'($user->rights->agenda->myactions->create||$user->rights->agenda->allactions->create)','$conf->agenda->enabled',2,'2020-06-13 19:52:54'),(150,'all',1,'agenda','left','agenda',NULL,148,NULL,NULL,140,'/comm/action/index.php?action=default&amp;mainmenu=agenda&amp;leftmenu=agenda','','Calendar','agenda',NULL,'$user->rights->agenda->myactions->read','$conf->agenda->enabled',2,'2020-06-13 19:52:54'),(151,'all',1,'agenda','left','agenda',NULL,150,NULL,NULL,141,'/comm/action/index.php?action=default&amp;mainmenu=agenda&amp;leftmenu=agenda&amp;status=todo&amp;filter=mine','','MenuToDoMyActions','agenda',NULL,'$user->rights->agenda->myactions->read','$conf->agenda->enabled',2,'2020-06-13 19:52:54'),(152,'all',1,'agenda','left','agenda',NULL,150,NULL,NULL,142,'/comm/action/index.php?action=default&amp;mainmenu=agenda&amp;leftmenu=agenda&amp;status=done&amp;filter=mine','','MenuDoneMyActions','agenda',NULL,'$user->rights->agenda->myactions->read','$conf->agenda->enabled',2,'2020-06-13 19:52:54'),(153,'all',1,'agenda','left','agenda',NULL,150,NULL,NULL,143,'/comm/action/index.php?action=default&amp;mainmenu=agenda&amp;leftmenu=agenda&amp;status=todo&amp;filtert=-1','','MenuToDoActions','agenda',NULL,'$user->rights->agenda->allactions->read','$user->rights->agenda->allactions->read',2,'2020-06-13 19:52:54'),(154,'all',1,'agenda','left','agenda',NULL,150,NULL,NULL,144,'/comm/action/index.php?action=default&amp;mainmenu=agenda&amp;leftmenu=agenda&amp;status=done&amp;filtert=-1','','MenuDoneActions','agenda',NULL,'$user->rights->agenda->allactions->read','$user->rights->agenda->allactions->read',2,'2020-06-13 19:52:54'),(155,'all',1,'agenda','left','agenda',NULL,148,NULL,NULL,110,'/comm/action/list.php?mainmenu=agenda&amp;leftmenu=agenda','','List','agenda',NULL,'$user->rights->agenda->myactions->read','$conf->agenda->enabled',2,'2020-06-13 19:52:54'),(156,'all',1,'agenda','left','agenda',NULL,155,NULL,NULL,111,'/comm/action/list.php?mainmenu=agenda&amp;leftmenu=agenda&amp;status=todo&amp;filter=mine','','MenuToDoMyActions','agenda',NULL,'$user->rights->agenda->myactions->read','$conf->agenda->enabled',2,'2020-06-13 19:52:54'),(157,'all',1,'agenda','left','agenda',NULL,155,NULL,NULL,112,'/comm/action/list.php?mainmenu=agenda&amp;leftmenu=agenda&amp;status=done&amp;filter=mine','','MenuDoneMyActions','agenda',NULL,'$user->rights->agenda->myactions->read','$conf->agenda->enabled',2,'2020-06-13 19:52:54'),(158,'all',1,'agenda','left','agenda',NULL,155,NULL,NULL,113,'/comm/action/list.php?mainmenu=agenda&amp;leftmenu=agenda&amp;status=todo&amp;filtert=-1','','MenuToDoActions','agenda',NULL,'$user->rights->agenda->allactions->read','$user->rights->agenda->allactions->read',2,'2020-06-13 19:52:54'),(159,'all',1,'agenda','left','agenda',NULL,155,NULL,NULL,114,'/comm/action/list.php?mainmenu=agenda&amp;leftmenu=agenda&amp;status=done&amp;filtert=-1','','MenuDoneActions','agenda',NULL,'$user->rights->agenda->allactions->read','$user->rights->agenda->allactions->read',2,'2020-06-13 19:52:54'),(160,'all',1,'agenda','left','agenda',NULL,148,NULL,NULL,160,'/comm/action/rapport/index.php?mainmenu=agenda&amp;leftmenu=agenda','','Reportings','agenda',NULL,'$user->rights->agenda->allactions->read','$conf->agenda->enabled',2,'2020-06-13 19:52:54'),(161,'all',1,'barcode','left','tools','barcodeprint',-1,'tools',NULL,200,'/barcode/printsheet.php?mainmenu=tools&leftmenu=barcodeprint','','BarCodePrintsheet','products',NULL,'($conf->global->MAIN_USE_ADVANCED_PERMS && $user->rights->barcode->lire_advance) || (! $conf->global->MAIN_USE_ADVANCED_PERMS)','$conf->barcode->enabled',2,'2020-06-13 19:52:54'),(162,'all',1,'barcode','left','home',NULL,-1,'home','admintools',300,'/barcode/codeinit.php?mainmenu=home&leftmenu=admintools','','MassBarcodeInit','products',NULL,'($conf->global->MAIN_USE_ADVANCED_PERMS && $user->rights->barcode->creer_advance) || (! $conf->global->MAIN_USE_ADVANCED_PERMS)','$conf->barcode->enabled && preg_match(\'/^(admintools|all)/\',$leftmenu)',0,'2020-06-13 19:52:54'),(163,'all',1,'cron','left','home',NULL,-1,'home','admintools',200,'/cron/list.php?leftmenu=admintools','','CronList','cron',NULL,'$user->rights->cron->read','$conf->cron->enabled && preg_match(\'/^(admintools|all)/\', $leftmenu)',2,'2020-06-13 19:52:54');

--
-- Table structure for table `llxqa_mrp_mo`
--

CREATE TABLE `llxqa_mrp_mo` (
  `rowid` int(11) NOT NULL AUTO_INCREMENT,
  `ref` varchar(128) NOT NULL DEFAULT '(PROV)',
  `entity` int(11) NOT NULL DEFAULT 1,
  `label` varchar(255) DEFAULT NULL,
  `qty` double NOT NULL,
  `fk_warehouse` int(11) DEFAULT NULL,
  `fk_soc` int(11) DEFAULT NULL,
  `note_public` text DEFAULT NULL,
  `note_private` text DEFAULT NULL,
  `date_creation` datetime NOT NULL,
  `date_valid` datetime DEFAULT NULL,
  `tms` timestamp NOT NULL DEFAULT current_timestamp() ON UPDATE current_timestamp(),
  `fk_user_creat` int(11) NOT NULL,
  `fk_user_modif` int(11) DEFAULT NULL,
  `fk_user_valid` int(11) DEFAULT NULL,
  `model_pdf` varchar(255) DEFAULT NULL,
  `import_key` varchar(14) DEFAULT NULL,
  `status` int(11) NOT NULL,
  `fk_product` int(11) NOT NULL,
  `date_start_planned` datetime DEFAULT NULL,
  `date_end_planned` datetime DEFAULT NULL,
  `fk_bom` int(11) DEFAULT NULL,
  `fk_project` int(11) DEFAULT NULL,
  PRIMARY KEY (`rowid`),
  KEY `idx_mrp_mo_ref` (`ref`),
  KEY `idx_mrp_mo_entity` (`entity`),
  KEY `idx_mrp_mo_fk_soc` (`fk_soc`),
  KEY `fk_mrp_mo_fk_user_creat` (`fk_user_creat`),
  KEY `idx_mrp_mo_status` (`status`),
  KEY `idx_mrp_mo_fk_product` (`fk_product`),
  KEY `idx_mrp_mo_date_start_planned` (`date_start_planned`),
  KEY `idx_mrp_mo_date_end_planned` (`date_end_planned`),
  KEY `idx_mrp_mo_fk_bom` (`fk_bom`),
  KEY `idx_mrp_mo_fk_project` (`fk_project`),
  CONSTRAINT `fk_mrp_mo_fk_user_creat` FOREIGN KEY (`fk_user_creat`) REFERENCES `llxqa_user` (`rowid`)
) ENGINE=InnoDB DEFAULT CHARSET=latin1;

--
-- Dumping data for table `llxqa_mrp_mo`
--


--
-- Table structure for table `llxqa_mrp_mo_extrafields`
--

CREATE TABLE `llxqa_mrp_mo_extrafields` (
  `rowid` int(11) NOT NULL AUTO_INCREMENT,
  `tms` timestamp NOT NULL DEFAULT current_timestamp() ON UPDATE current_timestamp(),
  `fk_object` int(11) NOT NULL,
  `import_key` varchar(14) DEFAULT NULL,
  PRIMARY KEY (`rowid`),
  KEY `idx_fk_object` (`fk_object`)
) ENGINE=InnoDB DEFAULT CHARSET=latin1;

--
-- Dumping data for table `llxqa_mrp_mo_extrafields`
--


--
-- Table structure for table `llxqa_mrp_production`
--

CREATE TABLE `llxqa_mrp_production` (
  `rowid` int(11) NOT NULL AUTO_INCREMENT,
  `fk_mo` int(11) NOT NULL,
  `position` int(11) NOT NULL DEFAULT 0,
  `fk_product` int(11) NOT NULL,
  `fk_warehouse` int(11) DEFAULT NULL,
  `qty` double NOT NULL DEFAULT 1,
  `qty_frozen` smallint(6) DEFAULT 0,
  `disable_stock_change` smallint(6) DEFAULT 0,
  `batch` varchar(30) DEFAULT NULL,
  `role` varchar(10) DEFAULT NULL,
  `fk_mrp_production` int(11) DEFAULT NULL,
  `fk_stock_movement` int(11) DEFAULT NULL,
  `date_creation` datetime NOT NULL,
  `tms` timestamp NOT NULL DEFAULT current_timestamp() ON UPDATE current_timestamp(),
  `fk_user_creat` int(11) NOT NULL,
  `fk_user_modif` int(11) DEFAULT NULL,
  `import_key` varchar(14) DEFAULT NULL,
  PRIMARY KEY (`rowid`),
  KEY `fk_mrp_production_product` (`fk_product`),
  KEY `fk_mrp_production_stock_movement` (`fk_stock_movement`),
  KEY `idx_mrp_production_fk_mo` (`fk_mo`),
  CONSTRAINT `fk_mrp_production_mo` FOREIGN KEY (`fk_mo`) REFERENCES `llxqa_mrp_mo` (`rowid`),
  CONSTRAINT `fk_mrp_production_product` FOREIGN KEY (`fk_product`) REFERENCES `llxqa_product` (`rowid`),
  CONSTRAINT `fk_mrp_production_stock_movement` FOREIGN KEY (`fk_stock_movement`) REFERENCES `llxqa_stock_mouvement` (`rowid`)
) ENGINE=InnoDB DEFAULT CHARSET=latin1;

--
-- Dumping data for table `llxqa_mrp_production`
--


--
-- Table structure for table `llxqa_multicurrency`
--

CREATE TABLE `llxqa_multicurrency` (
  `rowid` int(11) NOT NULL AUTO_INCREMENT,
  `date_create` datetime DEFAULT NULL,
  `code` varchar(255) DEFAULT NULL,
  `name` varchar(255) DEFAULT NULL,
  `entity` int(11) DEFAULT 1,
  `fk_user` int(11) DEFAULT NULL,
  PRIMARY KEY (`rowid`)
) ENGINE=InnoDB AUTO_INCREMENT=5 DEFAULT CHARSET=utf8;

--
-- Dumping data for table `llxqa_multicurrency`
--

INSERT INTO `llxqa_multicurrency` VALUES (1,'2018-11-10 16:07:50','PYG','Paraguay Guarani (Gs)',1,1),(2,'2018-11-12 14:25:08','USD','US Dollars ($)',1,1),(3,'2018-12-09 16:20:52','EUR','Euros (€)',1,1),(4,'2018-12-23 19:52:38','BRL','Brazil Real (R$)',1,1);

--
-- Table structure for table `llxqa_multicurrency_rate`
--

CREATE TABLE `llxqa_multicurrency_rate` (
  `rowid` int(11) NOT NULL AUTO_INCREMENT,
  `date_sync` datetime DEFAULT NULL,
  `rate` double NOT NULL DEFAULT 0,
  `fk_multicurrency` int(11) NOT NULL,
  `entity` int(11) DEFAULT 1,
  PRIMARY KEY (`rowid`)
) ENGINE=InnoDB AUTO_INCREMENT=10 DEFAULT CHARSET=utf8;

--
-- Dumping data for table `llxqa_multicurrency_rate`
--

INSERT INTO `llxqa_multicurrency_rate` VALUES (1,'2018-11-10 16:07:50',1,1,1),(2,'2018-11-12 14:25:08',5.912,2,1),(3,'2018-11-12 14:25:59',5912,2,1),(4,'2018-11-12 14:28:32',1691475,2,1),(5,'2018-11-12 14:29:01',0.0001691475,2,1),(6,'2018-12-09 16:20:52',0.0001486547,3,1),(7,'2018-12-09 16:21:20',0.0001692334,2,1),(8,'2018-12-09 16:21:21',0.0001486547,3,1),(9,'2018-12-23 19:52:38',0.0006590003,4,1);

--
-- Table structure for table `llxqa_notify`
--

CREATE TABLE `llxqa_notify` (
  `rowid` int(11) NOT NULL AUTO_INCREMENT,
  `tms` timestamp NOT NULL DEFAULT current_timestamp() ON UPDATE current_timestamp(),
  `daten` datetime DEFAULT NULL,
  `fk_action` int(11) NOT NULL,
  `fk_soc` int(11) DEFAULT NULL,
  `fk_contact` int(11) DEFAULT NULL,
  `fk_user` int(11) DEFAULT NULL,
  `type` varchar(16) DEFAULT 'email',
  `type_target` varchar(16) DEFAULT NULL,
  `objet_type` varchar(24) NOT NULL,
  `objet_id` int(11) NOT NULL,
  `email` varchar(255) DEFAULT NULL,
  PRIMARY KEY (`rowid`)
) ENGINE=InnoDB DEFAULT CHARSET=utf8;

--
-- Dumping data for table `llxqa_notify`
--


--
-- Table structure for table `llxqa_notify_def`
--

CREATE TABLE `llxqa_notify_def` (
  `rowid` int(11) NOT NULL AUTO_INCREMENT,
  `tms` timestamp NOT NULL DEFAULT current_timestamp() ON UPDATE current_timestamp(),
  `datec` date DEFAULT NULL,
  `fk_action` int(11) NOT NULL,
  `fk_soc` int(11) DEFAULT NULL,
  `fk_contact` int(11) DEFAULT NULL,
  `fk_user` int(11) DEFAULT NULL,
  `type` varchar(16) DEFAULT 'email',
  PRIMARY KEY (`rowid`)
) ENGINE=InnoDB DEFAULT CHARSET=utf8;

--
-- Dumping data for table `llxqa_notify_def`
--


--
-- Table structure for table `llxqa_notify_def_object`
--

CREATE TABLE `llxqa_notify_def_object` (
  `id` int(11) NOT NULL AUTO_INCREMENT,
  `entity` int(11) NOT NULL DEFAULT 1,
  `objet_type` varchar(16) DEFAULT NULL,
  `objet_id` int(11) NOT NULL,
  `type_notif` varchar(16) DEFAULT 'browser',
  `date_notif` datetime DEFAULT NULL,
  `user_id` int(11) DEFAULT NULL,
  `moreparam` varchar(255) DEFAULT NULL,
  PRIMARY KEY (`id`)
) ENGINE=InnoDB DEFAULT CHARSET=utf8;

--
-- Dumping data for table `llxqa_notify_def_object`
--


--
-- Table structure for table `llxqa_oauth_state`
--

CREATE TABLE `llxqa_oauth_state` (
  `rowid` int(11) NOT NULL AUTO_INCREMENT,
  `service` varchar(36) DEFAULT NULL,
  `state` varchar(128) DEFAULT NULL,
  `fk_user` int(11) DEFAULT NULL,
  `fk_adherent` int(11) DEFAULT NULL,
  `entity` int(11) DEFAULT 1,
  PRIMARY KEY (`rowid`)
) ENGINE=InnoDB DEFAULT CHARSET=utf8;

--
-- Dumping data for table `llxqa_oauth_state`
--


--
-- Table structure for table `llxqa_oauth_token`
--

CREATE TABLE `llxqa_oauth_token` (
  `rowid` int(11) NOT NULL AUTO_INCREMENT,
  `service` varchar(36) DEFAULT NULL,
  `token` text DEFAULT NULL,
  `fk_soc` int(11) DEFAULT NULL,
  `tokenstring` text DEFAULT NULL,
  `fk_user` int(11) DEFAULT NULL,
  `fk_adherent` int(11) DEFAULT NULL,
  `entity` int(11) DEFAULT 1,
  PRIMARY KEY (`rowid`)
) ENGINE=InnoDB DEFAULT CHARSET=utf8;

--
-- Dumping data for table `llxqa_oauth_token`
--


--
-- Table structure for table `llxqa_onlinesignature`
--

CREATE TABLE `llxqa_onlinesignature` (
  `rowid` int(11) NOT NULL AUTO_INCREMENT,
  `entity` int(11) NOT NULL DEFAULT 1,
  `object_type` varchar(32) NOT NULL,
  `object_id` int(11) NOT NULL,
  `datec` datetime NOT NULL,
  `tms` timestamp NOT NULL DEFAULT current_timestamp() ON UPDATE current_timestamp(),
  `name` varchar(255) NOT NULL,
  `ip` varchar(128) DEFAULT NULL,
  `pathoffile` varchar(255) DEFAULT NULL,
  PRIMARY KEY (`rowid`)
) ENGINE=InnoDB DEFAULT CHARSET=utf8;

--
-- Dumping data for table `llxqa_onlinesignature`
--


--
-- Table structure for table `llxqa_opensurvey_comments`
--

CREATE TABLE `llxqa_opensurvey_comments` (
  `id_comment` int(10) unsigned NOT NULL AUTO_INCREMENT,
  `id_sondage` char(16) NOT NULL,
  `comment` text NOT NULL,
  `tms` timestamp NOT NULL DEFAULT current_timestamp() ON UPDATE current_timestamp(),
  `usercomment` text DEFAULT NULL,
  PRIMARY KEY (`id_comment`),
  KEY `idx_id_comment` (`id_comment`),
  KEY `idx_id_sondage` (`id_sondage`)
) ENGINE=InnoDB DEFAULT CHARSET=utf8;

--
-- Dumping data for table `llxqa_opensurvey_comments`
--


--
-- Table structure for table `llxqa_opensurvey_formquestions`
--

CREATE TABLE `llxqa_opensurvey_formquestions` (
  `rowid` int(11) NOT NULL AUTO_INCREMENT,
  `id_sondage` varchar(16) DEFAULT NULL,
  `question` text DEFAULT NULL,
  `available_answers` text DEFAULT NULL,
  PRIMARY KEY (`rowid`)
) ENGINE=InnoDB DEFAULT CHARSET=utf8;

--
-- Dumping data for table `llxqa_opensurvey_formquestions`
--


--
-- Table structure for table `llxqa_opensurvey_sondage`
--

CREATE TABLE `llxqa_opensurvey_sondage` (
  `id_sondage` varchar(16) NOT NULL,
  `entity` int(11) NOT NULL DEFAULT 1,
  `commentaires` text DEFAULT NULL,
  `mail_admin` varchar(128) DEFAULT NULL,
  `nom_admin` varchar(64) DEFAULT NULL,
  `fk_user_creat` int(11) NOT NULL,
  `titre` text NOT NULL,
  `date_fin` datetime DEFAULT NULL,
  `status` int(11) DEFAULT 1,
  `format` varchar(2) NOT NULL,
  `mailsonde` tinyint(4) NOT NULL DEFAULT 0,
  `allow_comments` tinyint(4) NOT NULL DEFAULT 1,
  `allow_spy` tinyint(4) NOT NULL DEFAULT 1,
  `tms` timestamp NOT NULL DEFAULT current_timestamp() ON UPDATE current_timestamp(),
  `sujet` text DEFAULT NULL,
  PRIMARY KEY (`id_sondage`),
  KEY `idx_date_fin` (`date_fin`)
) ENGINE=InnoDB DEFAULT CHARSET=utf8;

--
-- Dumping data for table `llxqa_opensurvey_sondage`
--


--
-- Table structure for table `llxqa_opensurvey_user_formanswers`
--

CREATE TABLE `llxqa_opensurvey_user_formanswers` (
  `fk_user_survey` int(11) NOT NULL,
  `fk_question` int(11) NOT NULL,
  `reponses` text DEFAULT NULL
) ENGINE=InnoDB DEFAULT CHARSET=utf8;

--
-- Dumping data for table `llxqa_opensurvey_user_formanswers`
--


--
-- Table structure for table `llxqa_opensurvey_user_studs`
--

CREATE TABLE `llxqa_opensurvey_user_studs` (
  `id_users` int(11) NOT NULL AUTO_INCREMENT,
  `nom` varchar(64) NOT NULL,
  `id_sondage` varchar(16) NOT NULL,
  `reponses` varchar(100) NOT NULL,
  `tms` timestamp NOT NULL DEFAULT current_timestamp() ON UPDATE current_timestamp(),
  PRIMARY KEY (`id_users`),
  KEY `idx_opensurvey_user_studs_id_users` (`id_users`),
  KEY `idx_opensurvey_user_studs_nom` (`nom`),
  KEY `idx_opensurvey_user_studs_id_sondage` (`id_sondage`)
) ENGINE=InnoDB DEFAULT CHARSET=utf8;

--
-- Dumping data for table `llxqa_opensurvey_user_studs`
--


--
-- Table structure for table `llxqa_overwrite_trans`
--

CREATE TABLE `llxqa_overwrite_trans` (
  `rowid` int(11) NOT NULL AUTO_INCREMENT,
  `entity` int(11) NOT NULL DEFAULT 1,
  `lang` varchar(5) DEFAULT NULL,
  `transkey` varchar(128) DEFAULT NULL,
  `transvalue` text DEFAULT NULL,
  PRIMARY KEY (`rowid`),
  UNIQUE KEY `uk_overwrite_trans` (`lang`,`transkey`)
) ENGINE=InnoDB DEFAULT CHARSET=utf8;

--
-- Dumping data for table `llxqa_overwrite_trans`
--


--
-- Table structure for table `llxqa_paiement`
--

CREATE TABLE `llxqa_paiement` (
  `rowid` int(11) NOT NULL AUTO_INCREMENT,
  `ref` varchar(30) NOT NULL,
  `entity` int(11) NOT NULL DEFAULT 1,
  `datec` datetime DEFAULT NULL,
  `tms` timestamp NOT NULL DEFAULT current_timestamp() ON UPDATE current_timestamp(),
  `datep` datetime DEFAULT NULL,
  `amount` double(24,8) DEFAULT 0.00000000,
  `multicurrency_amount` double(24,8) DEFAULT 0.00000000,
  `fk_paiement` int(11) NOT NULL,
  `num_paiement` varchar(50) DEFAULT NULL,
  `note` text DEFAULT NULL,
  `fk_bank` int(11) NOT NULL DEFAULT 0,
  `fk_user_creat` int(11) DEFAULT NULL,
  `fk_user_modif` int(11) DEFAULT NULL,
  `statut` smallint(6) NOT NULL DEFAULT 0,
  `fk_export_compta` int(11) NOT NULL DEFAULT 0,
  `ext_payment_id` varchar(128) DEFAULT NULL,
  `ext_payment_site` varchar(128) DEFAULT NULL,
  PRIMARY KEY (`rowid`)
) ENGINE=InnoDB AUTO_INCREMENT=48 DEFAULT CHARSET=utf8;

--
-- Dumping data for table `llxqa_paiement`
--

INSERT INTO `llxqa_paiement` VALUES (1,'PAY1812-0001',1,'2018-12-24 18:11:39','2018-12-24 18:11:40','2018-12-20 12:00:00',15000000.00000000,15000000.00000000,2,'','',3,1,NULL,0,0,NULL,NULL),(2,'PAY1901-0002',1,'2019-01-12 11:17:35','2019-01-12 11:17:35','2019-01-11 12:00:00',6419921.00000000,6419921.00000000,2,'','',8,1,NULL,0,0,NULL,NULL),(3,'PAY1901-0003',1,'2019-01-24 12:17:38','2019-01-24 12:17:39','2019-01-23 12:00:00',2772000.00000000,2772000.00000000,7,'3457664','',9,2,NULL,0,0,NULL,NULL),(4,'PAY1901-0004',1,'2019-01-24 12:20:37','2019-01-24 12:20:37','2019-01-23 12:00:00',3528000.00000000,3528000.00000000,7,'3457664','',10,2,NULL,0,0,NULL,NULL),(5,'PAY1901-0005',1,'2019-01-24 12:21:43','2019-01-24 12:21:44','2019-01-23 12:00:00',1795200.00000000,1795200.00000000,7,'3457664','',11,2,NULL,0,0,NULL,NULL),(6,'PAY1901-0006',1,'2019-01-24 12:23:06','2019-01-24 12:23:06','2019-01-23 12:00:00',1795200.00000000,1795200.00000000,7,'3457344','',12,2,NULL,0,0,NULL,NULL),(7,'PAY1902-0007',1,'2019-02-02 13:38:36','2019-02-02 13:38:37','2019-02-01 12:00:00',910800.00000000,910800.00000000,2,'','',13,1,NULL,0,0,NULL,NULL),(8,'PAY1902-0008',1,'2019-02-26 17:25:14','2019-02-26 17:25:15','2019-02-22 12:00:00',6505920.00000000,6505920.00000000,7,'2101013032','',16,2,NULL,0,0,NULL,NULL),(9,'PAY1902-0009',1,'2019-02-26 17:31:18','2019-02-26 17:31:18','2019-02-22 12:00:00',718080.00000000,718080.00000000,7,'2101046598','',17,2,NULL,0,0,NULL,NULL),(10,'PAY1902-0010',1,'2019-02-26 17:32:33','2019-02-26 17:32:34','2019-02-22 12:00:00',1108800.00000000,1108800.00000000,7,'2101046598','',18,2,NULL,0,0,NULL,NULL),(11,'PAY1903-0011',1,'2019-03-05 17:38:42','2019-03-05 17:38:42','2019-03-05 12:00:00',554400.00000000,554400.00000000,7,'6802394','',19,2,NULL,0,0,NULL,NULL),(12,'PAY1904-0012',1,'2019-04-09 14:01:46','2019-04-09 14:01:47','2019-04-08 12:00:00',1378080.00000000,1378080.00000000,7,'4907591','',20,2,NULL,0,0,NULL,NULL),(13,'PAY1904-0013',1,'2019-04-16 12:39:03','2019-04-16 12:39:04','2019-04-15 12:00:00',4468200.00000000,4468200.00000000,2,'','',21,2,NULL,0,0,NULL,NULL),(14,'PAY1904-0014',1,'2019-04-16 12:40:17','2019-04-16 12:40:17','2019-04-15 12:00:00',2660280.00000000,2660280.00000000,2,'','',22,2,NULL,0,0,NULL,NULL),(15,'PAY1904-0015',1,'2019-04-26 14:43:35','2019-04-26 14:43:36','2019-04-11 12:00:00',979200.00000000,979200.00000000,4,'','',23,2,NULL,0,0,NULL,NULL),(16,'PAY1904-0016',1,'2019-04-30 13:38:16','2019-04-30 13:38:17','2019-04-29 12:00:00',7531920.00000000,7531920.00000000,2,'7326504','',24,2,NULL,0,0,NULL,NULL),(17,'PAY1905-0017',1,'2019-05-17 13:37:48','2019-05-17 13:37:48','2019-05-13 12:00:00',5602560.00000000,5602560.00000000,2,'8751437','',25,2,NULL,0,0,NULL,NULL),(18,'PAY1907-0018',1,'2019-07-04 12:29:43','2019-07-04 12:29:44','2019-07-03 12:00:00',2336880.00000000,2336880.00000000,4,'','',26,2,NULL,0,0,NULL,NULL),(19,'PAY1907-0019',1,'2019-07-05 11:51:29','2019-07-05 11:51:29','2019-07-03 12:00:00',554400.00000000,554400.00000000,7,'7648819','',27,2,NULL,0,0,NULL,NULL),(20,'PAY1907-0020',1,'2019-07-23 20:28:23','2019-07-23 20:28:23','2019-07-23 12:00:00',2006880.00000000,2006880.00000000,4,'','',29,2,NULL,0,0,NULL,NULL),(21,'PAY1907-0021',1,'2019-07-29 14:48:19','2019-07-29 14:48:19','2019-07-26 12:00:00',1436160.00000000,1436160.00000000,2,'','',30,2,NULL,0,0,NULL,NULL),(22,'PAY1908-0022',1,'2019-08-07 18:18:42','2019-08-07 18:18:43','2019-08-05 12:00:00',1666800.00000000,1666800.00000000,2,'','',31,2,NULL,0,0,NULL,NULL),(23,'PAY1908-0023',1,'2019-08-08 15:30:47','2019-08-08 15:30:48','2019-08-07 12:00:00',2069580.00000000,2069580.00000000,2,'','',32,2,NULL,0,0,NULL,NULL),(24,'PAY1908-0024',1,'2019-08-21 14:48:15','2019-08-21 14:48:15','2019-08-19 12:00:00',718080.00000000,718080.00000000,2,'','',33,2,NULL,0,0,NULL,NULL),(25,'PAY1908-0025',1,'2019-08-21 14:50:41','2019-08-21 14:50:41','2019-08-19 12:00:00',2006880.00000000,2006880.00000000,2,'','',34,2,NULL,0,0,NULL,NULL),(26,'PAY1909-0026',1,'2019-10-09 13:32:52','2019-10-09 13:32:53','2019-09-26 12:00:00',718080.00000000,718080.00000000,7,'','',35,2,NULL,0,0,NULL,NULL),(27,'PAY1910-0027',1,'2019-10-15 12:31:46','2019-10-15 12:31:47','2019-10-07 12:00:00',26236125.12613522,3900.00000000,2,'GNCL9SRLP','',36,2,NULL,0,0,NULL,NULL),(28,'PAY1910-0028',1,'2019-10-28 14:45:05','2019-10-28 14:45:06','2019-10-28 12:00:00',2326800.00000000,2326800.00000000,2,'','',37,2,NULL,0,0,NULL,NULL),(29,'PAY1910-0029',1,'2019-10-30 12:30:08','2019-10-30 12:30:09','2019-10-28 12:00:00',9900000.00000000,9900000.00000000,2,'','',38,2,NULL,0,0,NULL,NULL),(30,'PAY1911-0030',1,'2019-12-17 13:17:46','2019-12-17 13:17:47','2019-11-11 12:00:00',1493400.00000000,1493400.00000000,2,'','',39,2,NULL,0,0,NULL,NULL),(31,'PAY1911-0031',1,'2019-12-17 13:29:35','2019-12-17 13:29:36','2019-11-13 12:00:00',26236275.00000000,3900.02227875,2,'','',40,2,NULL,0,0,NULL,NULL),(32,'PAY2001-0032',1,'2020-01-08 19:23:45','2020-01-08 19:23:45','2020-01-08 12:00:00',360000.00000000,360000.00000000,2,'803270','',41,2,NULL,0,0,NULL,NULL),(34,'PAY2001-0033',1,'2020-01-09 13:00:25','2020-01-09 13:00:25','2020-01-09 12:00:00',220003.00000000,220003.00000000,2,'','',43,2,NULL,0,0,NULL,NULL),(35,'PAY2001-0034',1,'2020-01-09 13:00:36','2020-01-09 13:00:37','2020-01-09 12:00:00',220003.00000000,220003.00000000,2,'','',44,2,NULL,0,0,NULL,NULL),(36,'PAY2001-0035',1,'2020-01-31 16:26:08','2020-01-31 16:26:09','2020-01-23 12:00:00',2295005.00000000,2295005.00000000,2,'','',45,2,NULL,0,0,NULL,NULL),(37,'PAY2002-0036',1,'2020-02-24 19:32:41','2020-02-24 19:32:41','2020-02-24 12:00:00',1000000.00000000,1000000.00000000,4,'','',46,2,NULL,0,0,NULL,NULL),(38,'PAY2003-0037',1,'2020-03-03 18:33:59','2020-03-03 18:33:59','2020-03-02 12:00:00',2326800.00000000,2326800.00000000,2,'','',47,2,NULL,0,0,NULL,NULL),(39,'PAY2004-0038',1,'2020-04-27 16:04:44','2020-04-27 16:04:44','2020-04-14 12:00:00',6579000.00000000,6579000.00000000,2,'','',48,2,NULL,0,0,NULL,NULL),(40,'PAY2005-0039',1,'2020-05-25 13:12:20','2020-05-25 13:12:21','2020-05-19 12:00:00',960000.00000000,960000.00000000,2,'','',49,2,NULL,0,0,NULL,NULL),(41,'PAY2003-0040',1,'2020-06-17 18:28:49','2020-06-17 18:28:50','2020-03-11 12:00:00',4183560.00000000,4183560.00000000,7,'','',50,2,NULL,0,0,NULL,NULL),(42,'PAY2006-0041',1,'2020-06-23 12:28:18','2020-06-23 12:28:18','2020-06-22 12:00:00',1929840.00000000,1929840.00000000,2,'','',51,2,NULL,0,0,NULL,NULL),(43,'PAY2006-0042',1,'2020-07-01 16:18:34','2020-07-01 16:18:34','2020-06-19 12:00:00',198000.00000000,198000.00000000,4,'','',52,2,NULL,0,0,NULL,NULL),(44,'PAY2008-0043',1,'2020-08-19 12:40:16','2020-08-19 12:40:17','2020-08-18 12:00:00',4206000.00000000,4206000.00000000,2,'','',53,2,NULL,0,0,NULL,NULL),(45,'PAY2008-0044',1,'2020-09-01 12:52:01','2020-09-01 12:52:01','2020-08-31 12:00:00',1837440.00000000,1837440.00000000,7,'','',54,2,NULL,0,0,NULL,NULL),(46,'PAY2007-0045',1,'2020-09-01 12:55:40','2020-09-01 12:55:40','2020-07-25 12:00:00',1574320.00000000,1574320.00000000,2,'','',55,2,NULL,0,0,NULL,NULL),(47,'PAY2007-0046',1,'2020-09-09 20:10:11','2020-09-09 20:10:12','2020-07-30 12:00:00',2646000.00000000,2646000.00000000,2,'','',56,2,NULL,0,0,NULL,NULL);

--
-- Table structure for table `llxqa_paiement_facture`
--

CREATE TABLE `llxqa_paiement_facture` (
  `rowid` int(11) NOT NULL AUTO_INCREMENT,
  `fk_paiement` int(11) DEFAULT NULL,
  `fk_facture` int(11) DEFAULT NULL,
  `amount` double(24,8) DEFAULT 0.00000000,
  `multicurrency_code` varchar(255) DEFAULT NULL,
  `multicurrency_tx` double(24,8) DEFAULT 1.00000000,
  `multicurrency_amount` double(24,8) DEFAULT 0.00000000,
  PRIMARY KEY (`rowid`),
  UNIQUE KEY `uk_paiement_facture` (`fk_paiement`,`fk_facture`),
  KEY `idx_paiement_facture_fk_facture` (`fk_facture`),
  KEY `idx_paiement_facture_fk_paiement` (`fk_paiement`),
  CONSTRAINT `fk_paiement_facture_fk_facture` FOREIGN KEY (`fk_facture`) REFERENCES `llxqa_facture` (`rowid`),
  CONSTRAINT `fk_paiement_facture_fk_paiement` FOREIGN KEY (`fk_paiement`) REFERENCES `llxqa_paiement` (`rowid`)
) ENGINE=InnoDB AUTO_INCREMENT=50 DEFAULT CHARSET=utf8;

--
-- Dumping data for table `llxqa_paiement_facture`
--

INSERT INTO `llxqa_paiement_facture` VALUES (1,1,2,15000000.00000000,NULL,1.00000000,15000000.00000000),(2,2,1,6419921.00000000,NULL,1.00000000,6419921.00000000),(3,3,6,2772000.00000000,NULL,1.00000000,2772000.00000000),(4,4,5,3528000.00000000,NULL,1.00000000,3528000.00000000),(5,5,7,1795200.00000000,NULL,1.00000000,1795200.00000000),(6,6,8,1795200.00000000,NULL,1.00000000,1795200.00000000),(7,7,3,910800.00000000,NULL,1.00000000,910800.00000000),(8,8,11,6505920.00000000,NULL,1.00000000,6505920.00000000),(9,9,12,718080.00000000,NULL,1.00000000,718080.00000000),(10,10,13,1108800.00000000,NULL,1.00000000,1108800.00000000),(11,11,10,554400.00000000,NULL,1.00000000,554400.00000000),(12,12,17,1378080.00000000,NULL,1.00000000,1378080.00000000),(13,13,24,4468200.00000000,NULL,1.00000000,4468200.00000000),(14,14,23,2660280.00000000,NULL,1.00000000,2660280.00000000),(15,15,31,979200.00000000,NULL,1.00000000,979200.00000000),(16,16,26,7531920.00000000,NULL,1.00000000,7531920.00000000),(17,17,29,5602560.00000000,NULL,1.00000000,5602560.00000000),(18,18,27,2336880.00000000,NULL,1.00000000,2336880.00000000),(19,19,25,554400.00000000,NULL,1.00000000,554400.00000000),(20,20,28,2006880.00000000,NULL,1.00000000,2006880.00000000),(21,21,18,1436160.00000000,NULL,1.00000000,1436160.00000000),(22,22,33,1666800.00000000,NULL,1.00000000,1666800.00000000),(23,23,20,2069580.00000000,NULL,1.00000000,2069580.00000000),(24,24,36,718080.00000000,NULL,1.00000000,718080.00000000),(25,25,35,2006880.00000000,NULL,1.00000000,2006880.00000000),(26,26,19,718080.00000000,NULL,1.00000000,718080.00000000),(27,27,45,26236125.00000000,NULL,1.00000000,3900.00000000),(28,28,41,2326800.00000000,NULL,1.00000000,2326800.00000000),(29,29,44,5544000.00000000,NULL,1.00000000,5544000.00000000),(30,29,46,4356000.00000000,NULL,1.00000000,4356000.00000000),(31,30,42,1493400.00000000,NULL,1.00000000,1493400.00000000),(32,31,45,26236275.00000000,NULL,1.00000000,3900.00000000),(33,32,48,360000.00000000,NULL,1.00000000,360000.00000000),(35,34,49,220003.00000000,NULL,1.00000000,220003.00000000),(36,35,49,220003.00000000,NULL,1.00000000,220003.00000000),(37,36,50,2295005.00000000,NULL,1.00000000,2295005.00000000),(38,37,4,1000000.00000000,NULL,1.00000000,1000000.00000000),(39,38,52,2326800.00000000,NULL,1.00000000,2326800.00000000),(40,39,53,6579000.00000000,NULL,1.00000000,6579000.00000000),(41,40,54,960000.00000000,NULL,1.00000000,960000.00000000),(42,41,14,3465480.00000000,NULL,1.00000000,3465480.00000000),(43,41,21,718080.00000000,NULL,1.00000000,718080.00000000),(44,42,34,1929840.00000000,NULL,1.00000000,1929840.00000000),(45,43,51,198000.00000000,NULL,1.00000000,198000.00000000),(46,44,62,4206000.00000000,NULL,1.00000000,4206000.00000000),(47,45,40,1837440.00000000,NULL,1.00000000,1837440.00000000),(48,46,16,1574320.00000000,NULL,1.00000000,1574320.00000000),(49,47,56,2646000.00000000,NULL,1.00000000,2646000.00000000);

--
-- Table structure for table `llxqa_paiementcharge`
--

CREATE TABLE `llxqa_paiementcharge` (
  `rowid` int(11) NOT NULL AUTO_INCREMENT,
  `fk_charge` int(11) DEFAULT NULL,
  `datec` datetime DEFAULT NULL,
  `tms` timestamp NOT NULL DEFAULT current_timestamp() ON UPDATE current_timestamp(),
  `datep` datetime DEFAULT NULL,
  `amount` double(24,8) DEFAULT 0.00000000,
  `fk_typepaiement` int(11) NOT NULL,
  `num_paiement` varchar(50) DEFAULT NULL,
  `note` text DEFAULT NULL,
  `fk_bank` int(11) NOT NULL,
  `fk_user_creat` int(11) DEFAULT NULL,
  `fk_user_modif` int(11) DEFAULT NULL,
  PRIMARY KEY (`rowid`)
) ENGINE=InnoDB DEFAULT CHARSET=utf8;

--
-- Dumping data for table `llxqa_paiementcharge`
--


--
-- Table structure for table `llxqa_paiementfourn`
--

CREATE TABLE `llxqa_paiementfourn` (
  `rowid` int(11) NOT NULL AUTO_INCREMENT,
  `ref` varchar(30) DEFAULT NULL,
  `entity` int(11) DEFAULT 1,
  `tms` timestamp NOT NULL DEFAULT current_timestamp() ON UPDATE current_timestamp(),
  `datec` datetime DEFAULT NULL,
  `datep` datetime DEFAULT NULL,
  `amount` double(24,8) DEFAULT 0.00000000,
  `multicurrency_amount` double(24,8) DEFAULT 0.00000000,
  `fk_user_author` int(11) DEFAULT NULL,
  `fk_user_modif` int(11) DEFAULT NULL,
  `fk_paiement` int(11) NOT NULL,
  `num_paiement` varchar(50) DEFAULT NULL,
  `note` text DEFAULT NULL,
  `fk_bank` int(11) NOT NULL,
  `statut` smallint(6) NOT NULL DEFAULT 0,
  `model_pdf` varchar(255) DEFAULT NULL,
  PRIMARY KEY (`rowid`)
) ENGINE=InnoDB AUTO_INCREMENT=7 DEFAULT CHARSET=utf8;

--
-- Dumping data for table `llxqa_paiementfourn`
--

INSERT INTO `llxqa_paiementfourn` VALUES (1,'SPAY1812-0001',1,'2019-01-02 13:36:40','2019-01-02 13:36:40','2018-12-21 12:00:00',950125.00000000,950125.00000000,2,NULL,4,'','',4,0,NULL),(2,'SPAY1812-0002',1,'2019-01-02 13:44:38','2019-01-02 13:44:38','2018-12-12 12:00:00',6249375.00000000,6249375.00000000,2,NULL,7,'','',5,0,NULL),(3,'SPAY1812-0003',1,'2019-01-02 14:16:17','2019-01-02 14:16:17','2018-12-12 12:00:00',11492800.00000000,11492800.00000000,2,NULL,2,'','',6,0,NULL),(4,'SPAY1811-0004',1,'2019-01-02 17:59:48','2019-01-02 17:59:47','2018-11-27 12:00:00',2363372.00000000,2363372.00000000,2,NULL,2,'','',7,0,NULL),(5,'SPAY1901-0005',1,'2019-02-05 20:01:23','2019-02-05 20:01:23','2019-01-29 12:00:00',1750000.00000000,1750000.00000000,2,NULL,2,'','',14,0,NULL),(6,'SPAY1901-0006',1,'2019-02-05 20:02:02','2019-02-05 20:02:02','2019-01-31 12:00:00',1917312.00000000,1917312.00000000,2,NULL,7,'','',15,0,NULL);

--
-- Table structure for table `llxqa_paiementfourn_facturefourn`
--

CREATE TABLE `llxqa_paiementfourn_facturefourn` (
  `rowid` int(11) NOT NULL AUTO_INCREMENT,
  `fk_paiementfourn` int(11) DEFAULT NULL,
  `fk_facturefourn` int(11) DEFAULT NULL,
  `amount` double(24,8) DEFAULT 0.00000000,
  `multicurrency_code` varchar(255) DEFAULT NULL,
  `multicurrency_tx` double(24,8) DEFAULT 1.00000000,
  `multicurrency_amount` double(24,8) DEFAULT 0.00000000,
  PRIMARY KEY (`rowid`),
  UNIQUE KEY `uk_paiementfourn_facturefourn` (`fk_paiementfourn`,`fk_facturefourn`),
  KEY `idx_paiementfourn_facturefourn_fk_facture` (`fk_facturefourn`),
  KEY `idx_paiementfourn_facturefourn_fk_paiement` (`fk_paiementfourn`)
) ENGINE=InnoDB AUTO_INCREMENT=7 DEFAULT CHARSET=utf8;

--
-- Dumping data for table `llxqa_paiementfourn_facturefourn`
--

INSERT INTO `llxqa_paiementfourn_facturefourn` VALUES (1,1,4,950125.00000000,NULL,1.00000000,950125.00000000),(2,2,5,6249375.00000000,NULL,1.00000000,6249375.00000000),(3,3,6,11492800.00000000,NULL,1.00000000,11492800.00000000),(4,4,7,2363372.00000000,NULL,1.00000000,2363372.00000000),(5,5,9,1750000.00000000,NULL,1.00000000,1750000.00000000),(6,6,9,1917312.00000000,NULL,1.00000000,1917312.00000000);

--
-- Table structure for table `llxqa_payment_donation`
--

CREATE TABLE `llxqa_payment_donation` (
  `rowid` int(11) NOT NULL AUTO_INCREMENT,
  `fk_donation` int(11) DEFAULT NULL,
  `datec` datetime DEFAULT NULL,
  `tms` timestamp NOT NULL DEFAULT current_timestamp() ON UPDATE current_timestamp(),
  `datep` datetime DEFAULT NULL,
  `amount` double(24,8) DEFAULT 0.00000000,
  `fk_typepayment` int(11) NOT NULL,
  `num_payment` varchar(50) DEFAULT NULL,
  `note` text DEFAULT NULL,
  `fk_bank` int(11) NOT NULL,
  `fk_user_creat` int(11) DEFAULT NULL,
  `fk_user_modif` int(11) DEFAULT NULL,
  PRIMARY KEY (`rowid`)
) ENGINE=InnoDB DEFAULT CHARSET=utf8;

--
-- Dumping data for table `llxqa_payment_donation`
--


--
-- Table structure for table `llxqa_payment_expensereport`
--

CREATE TABLE `llxqa_payment_expensereport` (
  `rowid` int(11) NOT NULL AUTO_INCREMENT,
  `fk_expensereport` int(11) DEFAULT NULL,
  `datec` datetime DEFAULT NULL,
  `tms` timestamp NOT NULL DEFAULT current_timestamp() ON UPDATE current_timestamp(),
  `datep` datetime DEFAULT NULL,
  `amount` double(24,8) DEFAULT 0.00000000,
  `fk_typepayment` int(11) NOT NULL,
  `num_payment` varchar(50) DEFAULT NULL,
  `note` text DEFAULT NULL,
  `fk_bank` int(11) NOT NULL,
  `fk_user_creat` int(11) DEFAULT NULL,
  `fk_user_modif` int(11) DEFAULT NULL,
  PRIMARY KEY (`rowid`)
) ENGINE=InnoDB DEFAULT CHARSET=utf8;

--
-- Dumping data for table `llxqa_payment_expensereport`
--


--
-- Table structure for table `llxqa_payment_loan`
--

CREATE TABLE `llxqa_payment_loan` (
  `rowid` int(11) NOT NULL AUTO_INCREMENT,
  `fk_loan` int(11) DEFAULT NULL,
  `datec` datetime DEFAULT NULL,
  `tms` timestamp NOT NULL DEFAULT current_timestamp() ON UPDATE current_timestamp(),
  `datep` datetime DEFAULT NULL,
  `amount_capital` double(24,8) DEFAULT 0.00000000,
  `amount_insurance` double(24,8) DEFAULT 0.00000000,
  `amount_interest` double(24,8) DEFAULT 0.00000000,
  `fk_typepayment` int(11) NOT NULL,
  `num_payment` varchar(50) DEFAULT NULL,
  `note_private` text DEFAULT NULL,
  `note_public` text DEFAULT NULL,
  `fk_bank` int(11) NOT NULL,
  `fk_user_creat` int(11) DEFAULT NULL,
  `fk_user_modif` int(11) DEFAULT NULL,
  PRIMARY KEY (`rowid`)
) ENGINE=InnoDB DEFAULT CHARSET=utf8;

--
-- Dumping data for table `llxqa_payment_loan`
--


--
-- Table structure for table `llxqa_payment_salary`
--

CREATE TABLE `llxqa_payment_salary` (
  `rowid` int(11) NOT NULL AUTO_INCREMENT,
  `ref` varchar(30) DEFAULT NULL,
  `tms` timestamp NOT NULL DEFAULT current_timestamp() ON UPDATE current_timestamp(),
  `datec` datetime DEFAULT NULL,
  `fk_user` int(11) NOT NULL,
  `datep` date DEFAULT NULL,
  `datev` date DEFAULT NULL,
  `salary` double(24,8) DEFAULT NULL,
  `amount` double(24,8) NOT NULL DEFAULT 0.00000000,
  `fk_projet` int(11) DEFAULT NULL,
  `fk_typepayment` int(11) NOT NULL,
  `num_payment` varchar(50) DEFAULT NULL,
  `label` varchar(255) DEFAULT NULL,
  `datesp` date DEFAULT NULL,
  `dateep` date DEFAULT NULL,
  `entity` int(11) NOT NULL DEFAULT 1,
  `note` text DEFAULT NULL,
  `fk_bank` int(11) DEFAULT NULL,
  `fk_user_author` int(11) DEFAULT NULL,
  `fk_user_modif` int(11) DEFAULT NULL,
  PRIMARY KEY (`rowid`),
  KEY `idx_payment_salary_ref` (`num_payment`),
  KEY `idx_payment_salary_user` (`fk_user`,`entity`),
  KEY `idx_payment_salary_datep` (`datep`),
  KEY `idx_payment_salary_datesp` (`datesp`),
  KEY `idx_payment_salary_dateep` (`dateep`),
  CONSTRAINT `fk_payment_salary_user` FOREIGN KEY (`fk_user`) REFERENCES `llxqa_user` (`rowid`)
) ENGINE=InnoDB DEFAULT CHARSET=utf8;

--
-- Dumping data for table `llxqa_payment_salary`
--


--
-- Table structure for table `llxqa_payment_salary_extrafields`
--

CREATE TABLE `llxqa_payment_salary_extrafields` (
  `rowid` int(11) NOT NULL AUTO_INCREMENT,
  `tms` timestamp NOT NULL DEFAULT current_timestamp() ON UPDATE current_timestamp(),
  `fk_object` int(11) NOT NULL,
  `import_key` varchar(14) DEFAULT NULL,
  PRIMARY KEY (`rowid`),
  KEY `idx_payment_salary_extrafields` (`fk_object`)
) ENGINE=InnoDB DEFAULT CHARSET=latin1;

--
-- Dumping data for table `llxqa_payment_salary_extrafields`
--


--
-- Table structure for table `llxqa_payment_various`
--

CREATE TABLE `llxqa_payment_various` (
  `rowid` int(11) NOT NULL AUTO_INCREMENT,
  `ref` varchar(30) DEFAULT NULL,
  `num_payment` varchar(50) DEFAULT NULL,
  `label` varchar(255) DEFAULT NULL,
  `tms` timestamp NOT NULL DEFAULT current_timestamp() ON UPDATE current_timestamp(),
  `datec` datetime DEFAULT NULL,
  `datep` date DEFAULT NULL,
  `datev` date DEFAULT NULL,
  `sens` smallint(6) NOT NULL DEFAULT 0,
  `amount` double(24,8) NOT NULL DEFAULT 0.00000000,
  `fk_typepayment` int(11) NOT NULL,
  `accountancy_code` varchar(32) DEFAULT NULL,
  `fk_projet` int(11) DEFAULT NULL,
  `entity` int(11) NOT NULL DEFAULT 1,
  `note` text DEFAULT NULL,
  `fk_bank` int(11) DEFAULT NULL,
  `fk_user_author` int(11) DEFAULT NULL,
  `fk_user_modif` int(11) DEFAULT NULL,
  `subledger_account` varchar(32) DEFAULT NULL,
  PRIMARY KEY (`rowid`)
) ENGINE=InnoDB DEFAULT CHARSET=utf8;

--
-- Dumping data for table `llxqa_payment_various`
--


--
-- Table structure for table `llxqa_pos_cash_fence`
--

CREATE TABLE `llxqa_pos_cash_fence` (
  `rowid` int(11) NOT NULL AUTO_INCREMENT,
  `entity` int(11) NOT NULL DEFAULT 1,
  `ref` varchar(64) DEFAULT NULL,
  `label` varchar(255) DEFAULT NULL,
  `opening` double(24,8) DEFAULT 0.00000000,
  `cash` double(24,8) DEFAULT 0.00000000,
  `card` double(24,8) DEFAULT 0.00000000,
  `cheque` double(24,8) DEFAULT 0.00000000,
  `status` int(11) DEFAULT NULL,
  `date_creation` datetime NOT NULL,
  `date_valid` datetime DEFAULT NULL,
  `day_close` int(11) DEFAULT NULL,
  `month_close` int(11) DEFAULT NULL,
  `year_close` int(11) DEFAULT NULL,
  `posmodule` varchar(30) DEFAULT NULL,
  `posnumber` varchar(30) DEFAULT NULL,
  `fk_user_creat` int(11) DEFAULT NULL,
  `fk_user_valid` int(11) DEFAULT NULL,
  `tms` timestamp NOT NULL DEFAULT current_timestamp() ON UPDATE current_timestamp(),
  `import_key` varchar(14) DEFAULT NULL,
  PRIMARY KEY (`rowid`)
) ENGINE=InnoDB DEFAULT CHARSET=latin1;

--
-- Dumping data for table `llxqa_pos_cash_fence`
--


--
-- Table structure for table `llxqa_prelevement_bons`
--

CREATE TABLE `llxqa_prelevement_bons` (
  `rowid` int(11) NOT NULL AUTO_INCREMENT,
  `ref` varchar(12) DEFAULT NULL,
  `entity` int(11) NOT NULL DEFAULT 1,
  `datec` datetime DEFAULT NULL,
  `amount` double(24,8) DEFAULT 0.00000000,
  `statut` smallint(6) DEFAULT 0,
  `credite` smallint(6) DEFAULT 0,
  `note` text DEFAULT NULL,
  `date_trans` datetime DEFAULT NULL,
  `method_trans` smallint(6) DEFAULT NULL,
  `fk_user_trans` int(11) DEFAULT NULL,
  `date_credit` datetime DEFAULT NULL,
  `fk_user_credit` int(11) DEFAULT NULL,
  PRIMARY KEY (`rowid`),
  UNIQUE KEY `uk_prelevement_bons_ref` (`ref`,`entity`)
) ENGINE=InnoDB DEFAULT CHARSET=utf8;

--
-- Dumping data for table `llxqa_prelevement_bons`
--


--
-- Table structure for table `llxqa_prelevement_facture`
--

CREATE TABLE `llxqa_prelevement_facture` (
  `rowid` int(11) NOT NULL AUTO_INCREMENT,
  `fk_facture` int(11) NOT NULL,
  `fk_prelevement_lignes` int(11) NOT NULL,
  PRIMARY KEY (`rowid`),
  KEY `idx_prelevement_facture_fk_prelevement_lignes` (`fk_prelevement_lignes`),
  CONSTRAINT `fk_prelevement_facture_fk_prelevement_lignes` FOREIGN KEY (`fk_prelevement_lignes`) REFERENCES `llxqa_prelevement_lignes` (`rowid`)
) ENGINE=InnoDB DEFAULT CHARSET=utf8;

--
-- Dumping data for table `llxqa_prelevement_facture`
--


--
-- Table structure for table `llxqa_prelevement_facture_demande`
--

CREATE TABLE `llxqa_prelevement_facture_demande` (
  `rowid` int(11) NOT NULL AUTO_INCREMENT,
  `fk_facture` int(11) NOT NULL,
  `amount` double(24,8) NOT NULL,
  `date_demande` datetime NOT NULL,
  `traite` smallint(6) DEFAULT 0,
  `date_traite` datetime DEFAULT NULL,
  `fk_prelevement_bons` int(11) DEFAULT NULL,
  `fk_user_demande` int(11) NOT NULL,
  `code_banque` varchar(128) DEFAULT NULL,
  `code_guichet` varchar(6) DEFAULT NULL,
  `number` varchar(255) DEFAULT NULL,
  `cle_rib` varchar(5) DEFAULT NULL,
  `entity` int(11) DEFAULT NULL,
  `sourcetype` varchar(32) DEFAULT NULL,
  `ext_payment_id` varchar(128) DEFAULT NULL,
  `ext_payment_site` varchar(128) DEFAULT NULL,
  PRIMARY KEY (`rowid`)
) ENGINE=InnoDB DEFAULT CHARSET=utf8;

--
-- Dumping data for table `llxqa_prelevement_facture_demande`
--


--
-- Table structure for table `llxqa_prelevement_lignes`
--

CREATE TABLE `llxqa_prelevement_lignes` (
  `rowid` int(11) NOT NULL AUTO_INCREMENT,
  `fk_prelevement_bons` int(11) DEFAULT NULL,
  `fk_soc` int(11) NOT NULL,
  `statut` smallint(6) DEFAULT 0,
  `client_nom` varchar(255) DEFAULT NULL,
  `amount` double(24,8) DEFAULT 0.00000000,
  `code_banque` varchar(128) DEFAULT NULL,
  `code_guichet` varchar(6) DEFAULT NULL,
  `number` varchar(255) DEFAULT NULL,
  `cle_rib` varchar(5) DEFAULT NULL,
  `note` text DEFAULT NULL,
  PRIMARY KEY (`rowid`),
  KEY `idx_prelevement_lignes_fk_prelevement_bons` (`fk_prelevement_bons`),
  CONSTRAINT `fk_prelevement_lignes_fk_prelevement_bons` FOREIGN KEY (`fk_prelevement_bons`) REFERENCES `llxqa_prelevement_bons` (`rowid`)
) ENGINE=InnoDB DEFAULT CHARSET=utf8;

--
-- Dumping data for table `llxqa_prelevement_lignes`
--


--
-- Table structure for table `llxqa_prelevement_rejet`
--

CREATE TABLE `llxqa_prelevement_rejet` (
  `rowid` int(11) NOT NULL AUTO_INCREMENT,
  `fk_prelevement_lignes` int(11) DEFAULT NULL,
  `date_rejet` datetime DEFAULT NULL,
  `motif` int(11) DEFAULT NULL,
  `date_creation` datetime DEFAULT NULL,
  `fk_user_creation` int(11) DEFAULT NULL,
  `note` text DEFAULT NULL,
  `afacturer` tinyint(4) DEFAULT 0,
  `fk_facture` int(11) DEFAULT NULL,
  PRIMARY KEY (`rowid`)
) ENGINE=InnoDB DEFAULT CHARSET=utf8;

--
-- Dumping data for table `llxqa_prelevement_rejet`
--


--
-- Table structure for table `llxqa_printing`
--

CREATE TABLE `llxqa_printing` (
  `rowid` int(11) NOT NULL AUTO_INCREMENT,
  `tms` timestamp NOT NULL DEFAULT current_timestamp() ON UPDATE current_timestamp(),
  `datec` datetime DEFAULT NULL,
  `printer_name` text NOT NULL,
  `printer_location` text NOT NULL,
  `printer_id` varchar(255) NOT NULL,
  `copy` int(11) NOT NULL DEFAULT 1,
  `module` varchar(16) NOT NULL,
  `driver` varchar(16) NOT NULL,
  `userid` int(11) DEFAULT NULL,
  PRIMARY KEY (`rowid`)
) ENGINE=InnoDB DEFAULT CHARSET=utf8;

--
-- Dumping data for table `llxqa_printing`
--


--
-- Table structure for table `llxqa_product`
--

CREATE TABLE `llxqa_product` (
  `rowid` int(11) NOT NULL AUTO_INCREMENT,
  `ref` varchar(128) NOT NULL,
  `entity` int(11) NOT NULL DEFAULT 1,
  `ref_ext` varchar(128) DEFAULT NULL,
  `datec` datetime DEFAULT NULL,
  `tms` timestamp NOT NULL DEFAULT current_timestamp() ON UPDATE current_timestamp(),
  `fk_parent` int(11) DEFAULT 0,
  `label` varchar(255) NOT NULL,
  `description` text DEFAULT NULL,
  `note_public` text DEFAULT NULL,
  `note` text DEFAULT NULL,
  `customcode` varchar(32) DEFAULT NULL,
  `fk_country` int(11) DEFAULT NULL,
  `price` double(24,8) DEFAULT 0.00000000,
  `price_ttc` double(24,8) DEFAULT 0.00000000,
  `price_min` double(24,8) DEFAULT 0.00000000,
  `price_min_ttc` double(24,8) DEFAULT 0.00000000,
  `price_base_type` varchar(3) DEFAULT 'HT',
  `cost_price` double(24,8) DEFAULT NULL,
  `default_vat_code` varchar(10) DEFAULT NULL,
  `tva_tx` double(6,3) DEFAULT NULL,
  `recuperableonly` int(11) NOT NULL DEFAULT 0,
  `localtax1_tx` double(6,3) DEFAULT 0.000,
  `localtax1_type` varchar(10) NOT NULL DEFAULT '0',
  `localtax2_tx` double(6,3) DEFAULT 0.000,
  `localtax2_type` varchar(10) NOT NULL DEFAULT '0',
  `fk_user_author` int(11) DEFAULT NULL,
  `fk_user_modif` int(11) DEFAULT NULL,
  `tosell` tinyint(4) DEFAULT 1,
  `tobuy` tinyint(4) DEFAULT 1,
  `onportal` tinyint(4) DEFAULT 0,
  `tobatch` tinyint(4) NOT NULL DEFAULT 0,
  `fk_product_type` int(11) DEFAULT 0,
  `duration` varchar(6) DEFAULT NULL,
  `seuil_stock_alerte` int(11) DEFAULT NULL,
  `url` varchar(255) DEFAULT NULL,
  `barcode` varchar(180) DEFAULT NULL,
  `fk_barcode_type` int(11) DEFAULT NULL,
  `accountancy_code_sell` varchar(32) DEFAULT NULL,
  `accountancy_code_sell_intra` varchar(32) DEFAULT NULL,
  `accountancy_code_sell_export` varchar(32) DEFAULT NULL,
  `accountancy_code_buy` varchar(32) DEFAULT NULL,
  `partnumber` varchar(32) DEFAULT NULL,
  `weight` float DEFAULT NULL,
  `weight_units` tinyint(4) DEFAULT NULL,
  `length` float DEFAULT NULL,
  `length_units` tinyint(4) DEFAULT NULL,
  `width` float DEFAULT NULL,
  `width_units` tinyint(4) DEFAULT NULL,
  `height` float DEFAULT NULL,
  `height_units` tinyint(4) DEFAULT NULL,
  `surface` float DEFAULT NULL,
  `surface_units` tinyint(4) DEFAULT NULL,
  `volume` float DEFAULT NULL,
  `volume_units` tinyint(4) DEFAULT NULL,
  `stock` double DEFAULT NULL,
  `pmp` double(24,8) NOT NULL DEFAULT 0.00000000,
  `fifo` double(24,8) DEFAULT NULL,
  `lifo` double(24,8) DEFAULT NULL,
  `fk_default_warehouse` int(11) DEFAULT NULL,
  `canvas` varchar(32) DEFAULT NULL,
  `finished` tinyint(4) DEFAULT NULL,
  `hidden` tinyint(4) DEFAULT 0,
  `import_key` varchar(14) DEFAULT NULL,
  `model_pdf` varchar(255) DEFAULT NULL,
  `fk_price_expression` int(11) DEFAULT NULL,
  `desiredstock` int(11) DEFAULT 0,
  `fk_unit` int(11) DEFAULT NULL,
  `price_autogen` tinyint(4) DEFAULT 0,
  `fk_project` int(11) DEFAULT NULL,
  `net_measure` float DEFAULT NULL,
  `net_measure_units` tinyint(4) DEFAULT NULL,
  PRIMARY KEY (`rowid`),
  UNIQUE KEY `uk_product_ref` (`ref`,`entity`),
  UNIQUE KEY `uk_product_barcode` (`barcode`,`fk_barcode_type`,`entity`),
  KEY `idx_product_label` (`label`),
  KEY `idx_product_barcode` (`barcode`),
  KEY `idx_product_import_key` (`import_key`),
  KEY `idx_product_seuil_stock_alerte` (`seuil_stock_alerte`),
  KEY `idx_product_fk_country` (`fk_country`),
  KEY `idx_product_fk_user_author` (`fk_user_author`),
  KEY `idx_product_fk_barcode_type` (`fk_barcode_type`),
  KEY `fk_product_fk_unit` (`fk_unit`),
  KEY `fk_product_default_warehouse` (`fk_default_warehouse`),
  KEY `idx_product_fk_project` (`fk_project`),
  CONSTRAINT `fk_product_barcode_type` FOREIGN KEY (`fk_barcode_type`) REFERENCES `llxqa_c_barcode_type` (`rowid`),
  CONSTRAINT `fk_product_default_warehouse` FOREIGN KEY (`fk_default_warehouse`) REFERENCES `llxqa_entrepot` (`rowid`),
  CONSTRAINT `fk_product_fk_country` FOREIGN KEY (`fk_country`) REFERENCES `llxqa_c_country` (`rowid`),
  CONSTRAINT `fk_product_fk_unit` FOREIGN KEY (`fk_unit`) REFERENCES `llxqa_c_units` (`rowid`)
) ENGINE=InnoDB AUTO_INCREMENT=59 DEFAULT CHARSET=utf8;

--
-- Dumping data for table `llxqa_product`
--

INSERT INTO `llxqa_product` VALUES (1,'Lulu_Moonshine_-_Thorn_of_Love',1,NULL,'2018-11-12 19:04:31','2020-10-20 19:22:09',0,'Lulu Moonshine - Thorn of Love','',NULL,'','2208.70.10',180,18773.00000000,20650.00000000,0.00000000,0.00000000,'TTC',6500.00000000,'IVA',10.000,0,0.000,'0',0.000,'0',2,2,1,0,0,1,0,'',2000,NULL,'4260109412708',2,'','','','',NULL,NULL,0,NULL,0,NULL,0,NULL,0,NULL,0,500,-6,4610,1736.00000000,NULL,NULL,1,'',1,0,NULL,NULL,NULL,4000,NULL,0,NULL,NULL,NULL),(2,'Lulu_Moonshine_-_Chocolate_Lust',1,NULL,'2018-11-12 19:11:56','2020-08-19 12:44:06',0,'Lulu Moonshine - Chocolate Lust','',NULL,'','2208.70.10',180,18773.00000000,20650.00000000,0.00000000,0.00000000,'TTC',6500.00000000,'IVA',10.000,0,0.000,'0',0.000,'0',2,2,1,0,0,1,0,'',NULL,NULL,'4260109412654',2,'','','','',NULL,NULL,0,NULL,0,NULL,0,NULL,0,NULL,0,500,-6,2436,0.00000000,NULL,NULL,1,'',1,0,NULL,NULL,NULL,NULL,NULL,0,NULL,NULL,NULL),(3,'Lulu_Moonshine_-_Strawberry_Nights',1,NULL,'2018-11-12 19:16:13','2020-10-20 19:22:09',0,'Lulu Moonshine - Strawberry Nights','',NULL,'','2208.70.10',180,18773.00000000,20650.00000000,0.00000000,0.00000000,'TTC',6500.00000000,'IVA',10.000,0,0.000,'0',0.000,'0',2,2,1,0,0,1,0,'',NULL,NULL,'4260109412647',2,'','','','',NULL,NULL,0,NULL,0,NULL,0,NULL,0,NULL,0,500,-6,2580,0.00000000,NULL,NULL,1,'',1,0,NULL,NULL,NULL,NULL,NULL,0,NULL,NULL,NULL),(4,'Lulu_Moonshine_-_Lemon_Lick',1,NULL,'2018-11-12 19:20:26','2020-10-20 19:22:09',0,'Lulu Moonshine - Lemon Lick','',NULL,'','2208.70.10',180,18773.00000000,20650.00000000,0.00000000,0.00000000,'TTC',6500.00000000,'IVA',10.000,0,0.000,'0',0.000,'0',2,2,1,0,0,1,0,'',1000,NULL,'4260109412678',2,'','','','',NULL,0.956,0,NULL,0,NULL,0,NULL,0,NULL,0,500,-6,4321,2.00000000,NULL,NULL,1,'',1,0,NULL,NULL,NULL,4000,NULL,0,NULL,NULL,NULL),(6,'Lulu_Moonshine_-_Gold_Pleasure',1,NULL,'2018-11-12 19:27:53','2018-12-30 16:42:03',0,'Lulu Moonshine - Gold Pleasure','',NULL,'','2208.70.10',180,25000.00000000,27500.00000000,0.00000000,0.00000000,'HT',6800.00000000,'IVA',10.000,0,0.000,'0',0.000,'0',2,1,1,1,0,0,0,'',NULL,NULL,'4260109412692',2,'','','','',NULL,NULL,0,NULL,0,NULL,NULL,NULL,NULL,NULL,0,500,-6,NULL,0.00000000,NULL,NULL,1,'',1,0,NULL,NULL,NULL,1200,NULL,0,NULL,NULL,NULL),(7,'Tahini_320_gr.',1,NULL,'2018-11-12 19:48:55','2020-07-06 16:04:57',0,'Timm\'s Tahini','',NULL,'','',180,30000.00000000,33000.00000000,0.00000000,0.00000000,'HT',12500.00000000,'IVA',10.000,0,0.000,'0',0.000,'0',2,2,1,0,0,0,0,'',NULL,NULL,'4260109412609',2,'','','','',NULL,535,-3,NULL,0,NULL,NULL,NULL,NULL,NULL,0,NULL,0,0,0.00000000,NULL,NULL,1,'',1,0,NULL,NULL,NULL,NULL,NULL,0,NULL,NULL,NULL),(8,'Marianne_750_ml',1,NULL,'2018-11-12 19:55:35','2020-10-20 19:22:09',0,'Marianne de Paraguay 40 % 750 ml','',NULL,'','2208.40.11',180,150000.00000000,165000.00000000,0.00000000,0.00000000,'TTC',22000.00000000,'IVA',10.000,0,0.000,'0',0.000,'0',2,2,1,0,0,0,0,'',NULL,NULL,'4260109412586',2,'','','','',NULL,1.512,0,NULL,0,NULL,0,NULL,0,NULL,0,750,-6,318,0.00000000,NULL,NULL,1,'',1,0,NULL,NULL,NULL,NULL,NULL,0,NULL,NULL,NULL),(9,'Agricole_750_ml',1,NULL,'2018-11-12 19:58:54','2020-09-15 17:22:12',0,'Jules Verne Rhum Agricole 750 ml','',NULL,'','2208.40.11',180,137500.00000000,151250.00000000,0.00000000,0.00000000,'TTC',26000.00000000,'IVA',10.000,0,0.000,'0',0.000,'0',2,2,1,0,0,0,0,'',NULL,NULL,'4260109412517',2,'','','','',NULL,1.521,0,NULL,0,NULL,0,NULL,0,NULL,0,750,-6,0,0.00000000,NULL,NULL,1,'',1,0,NULL,NULL,NULL,NULL,NULL,0,NULL,NULL,NULL),(10,'Gold_750_ml',1,NULL,'2018-11-12 20:00:45','2020-10-20 19:22:09',0,'Jules Verne Rum Gold 750 ml','',NULL,'','2208.40.11',180,137500.00000000,151250.00000000,0.00000000,0.00000000,'TTC',22000.00000000,'IVA',10.000,0,0.000,'0',0.000,'0',2,2,1,0,0,1,0,'',NULL,NULL,'4260109412531',2,'','','','',NULL,1.512,0,NULL,0,NULL,0,NULL,0,NULL,0,750,-6,684,0.00000000,NULL,NULL,1,'',1,0,NULL,NULL,NULL,NULL,NULL,0,NULL,NULL,NULL),(11,'Marianne_700_ml',1,NULL,'2018-11-12 20:03:14','2020-09-10 19:13:20',0,'Marianne de Paraguay 40% 700 ml','',NULL,'','2208.40.11',180,0.00000000,0.00000000,0.00000000,0.00000000,'HT',22000.00000000,'IVA',10.000,0,0.000,'0',0.000,'0',2,2,1,0,0,1,0,'',NULL,NULL,'4260109412579',2,'','','','',NULL,1.465,0,NULL,0,NULL,0,NULL,0,NULL,0,700,-6,2929,0.00000000,NULL,NULL,1,'',1,0,NULL,NULL,NULL,NULL,NULL,0,NULL,NULL,NULL),(12,'Gold_700_ml',1,NULL,'2018-11-12 20:04:54','2020-09-28 12:43:21',0,'Jules Verne Rum Gold 700 ml','',NULL,'','2208.40.11',180,0.00000000,0.00000000,0.00000000,0.00000000,'HT',22000.00000000,'IVA',10.000,0,0.000,'0',0.000,'0',2,2,1,0,0,0,0,'',NULL,NULL,'4260109412548',2,'','','','',NULL,1486,-3,9.4,0,9.4,0,23.5,0,88.36,0,700,0,96,0.00000000,NULL,NULL,1,'',1,0,NULL,NULL,NULL,NULL,NULL,0,NULL,NULL,NULL),(13,'Agricole_700_ml',1,NULL,'2018-11-12 20:06:45','2020-06-19 16:26:42',0,'Jules Verne Rhum Agricole 700 ml','',NULL,'','2208.40.11',180,0.00000000,0.00000000,0.00000000,0.00000000,'HT',26000.00000000,'IVA',10.000,0,0.000,'0',0.000,'0',2,2,1,0,0,0,0,'',NULL,NULL,'4260109412524',2,'','','','',NULL,1486,-3,NULL,0,NULL,0,NULL,0,NULL,0,700,0,NULL,0.00000000,NULL,NULL,1,'',1,0,NULL,NULL,NULL,NULL,NULL,0,NULL,NULL,NULL),(14,'Mango_Tropstler',1,NULL,'2018-11-13 12:38:00','2020-06-19 16:40:46',0,'Mango Tropstler','',NULL,'','',180,122344.00000000,134578.00000000,0.00000000,0.00000000,'HT',32000.00000000,'IVA',10.000,0,0.000,'0',0.000,'0',2,2,1,0,0,1,0,'',NULL,NULL,'4260109412739',2,'','','','',NULL,NULL,0,NULL,0,NULL,0,NULL,0,NULL,0,500,-6,1848,0.00000000,NULL,NULL,1,'',1,0,NULL,NULL,NULL,NULL,NULL,0,NULL,NULL,NULL),(15,'Bierschnaps',1,NULL,'2018-11-13 12:39:27','2020-10-20 19:22:09',0,'Bierschnaps','',NULL,'','',180,53636.00000000,59000.00000000,0.00000000,0.00000000,'TTC',14000.00000000,'IVA',10.000,0,0.000,'0',0.000,'0',2,2,1,0,0,0,0,'',NULL,NULL,'4260109412715',2,'','','','',NULL,NULL,0,NULL,0,NULL,0,NULL,0,NULL,0,500,-6,288,0.00000000,NULL,NULL,1,'',1,0,NULL,NULL,NULL,NULL,NULL,0,NULL,NULL,NULL),(16,'Sesame_oil',1,NULL,'2018-11-23 16:05:56','2020-07-06 16:08:17',0,'Sesame oil','',NULL,'','',180,0.00000000,0.00000000,0.00000000,0.00000000,'HT',14000.00000000,'IVA5',5.000,0,0.000,'0',0.000,'0',2,2,1,0,0,0,0,'',NULL,NULL,'4260109412500',2,'','','','',NULL,NULL,0,NULL,0,NULL,NULL,NULL,NULL,NULL,0,500,-6,0,0.00000000,NULL,NULL,1,'',1,0,NULL,NULL,NULL,NULL,NULL,0,NULL,NULL,NULL),(17,'pallet_wood_export',1,NULL,'2018-12-18 13:10:59','2018-12-18 13:10:59',0,'pallet wood export','',NULL,'','',180,54091.00000000,59500.00000000,0.00000000,0.00000000,'TTC',NULL,'IVA',10.000,0,0.000,'0',0.000,'0',1,1,0,1,0,0,0,'',NULL,NULL,NULL,NULL,'','','','',NULL,NULL,0,100,0,120,NULL,NULL,NULL,1.2,0,NULL,0,NULL,0.00000000,NULL,NULL,1,'',1,0,NULL,NULL,NULL,NULL,NULL,0,NULL,NULL,NULL),(18,'sugar_wht',1,NULL,'2018-12-29 23:10:03','2018-12-30 16:56:52',0,'Sugar wht','',NULL,'','',180,0.00000000,0.00000000,0.00000000,0.00000000,'HT',NULL,'IVA',10.000,0,0.000,'0',0.000,'0',1,1,0,1,0,0,0,'',NULL,NULL,NULL,NULL,'','','','',NULL,1,0,NULL,0,NULL,NULL,NULL,NULL,NULL,0,NULL,0,0,3987.00000000,NULL,NULL,1,'',0,0,NULL,NULL,NULL,NULL,NULL,0,NULL,NULL,NULL),(19,'Aroma_Lemon_Lick',1,NULL,'2018-12-29 23:15:33','2018-12-30 16:54:56',0,'Aroma_Lemon_Lick','',NULL,'','',56,0.00000000,0.00000000,0.00000000,0.00000000,'HT',NULL,'IVA',10.000,0,0.000,'0',0.000,'0',1,1,0,1,0,0,0,'',NULL,NULL,NULL,NULL,'','','','',NULL,NULL,0,NULL,0,NULL,NULL,NULL,NULL,NULL,0,500,-9,7999,739.00000000,NULL,NULL,1,'',0,0,NULL,NULL,NULL,NULL,NULL,0,NULL,NULL,NULL),(20,'old_alcohol_20%',1,NULL,'2018-12-29 23:23:18','2018-12-30 16:33:12',0,'old_alcohol_20%','',NULL,'','',180,625.00000000,688.00000000,0.00000000,0.00000000,'HT',NULL,'IVA',10.000,0,0.000,'0',0.000,'0',1,1,1,1,0,0,0,'',NULL,NULL,NULL,NULL,'','','','',NULL,NULL,0,NULL,0,NULL,NULL,NULL,NULL,NULL,0,500,-6,0,4545.00000000,NULL,NULL,1,'',0,0,NULL,NULL,NULL,4000,NULL,0,NULL,NULL,NULL),(21,'Aroma_Thron_of_Love',1,NULL,'2018-12-29 23:32:28','2019-01-02 11:26:08',0,'Aroma Thron_of_Love','',NULL,'','',56,0.00000000,0.00000000,0.00000000,0.00000000,'HT',NULL,'IVA',10.000,0,0.000,'0',0.000,'0',1,2,0,1,0,0,0,'',NULL,NULL,NULL,NULL,'','','','',NULL,NULL,0,NULL,0,NULL,NULL,NULL,NULL,NULL,0,1000,-3,7000,739.00000000,NULL,NULL,1,'',0,0,NULL,NULL,NULL,NULL,NULL,0,NULL,NULL,NULL),(22,'Aroma_Strawberry_Nights',1,NULL,'2018-12-29 23:41:41','2018-12-29 23:41:41',0,'Aroma Strawberry Nights','',NULL,'','',56,1400.00000000,1540.00000000,1400.00000000,1540.00000000,'HT',NULL,'IVA',10.000,0,0.000,'0',0.000,'0',1,1,0,1,0,0,0,'',NULL,NULL,NULL,NULL,'','','','',NULL,NULL,0,NULL,0,NULL,NULL,NULL,NULL,NULL,0,1000,-6,NULL,0.00000000,NULL,NULL,1,'',0,0,NULL,NULL,NULL,NULL,NULL,0,NULL,NULL,NULL),(23,'Aroma_Chocolate_Lust',1,NULL,'2018-12-29 23:43:43','2020-06-19 16:28:01',0,'Aroma Chocolate Lust','',NULL,'','',56,1400.00000000,1540.00000000,1400.00000000,1540.00000000,'HT',NULL,'IVA',10.000,0,0.000,'0',0.000,'0',1,2,0,1,0,0,0,'',NULL,NULL,NULL,NULL,'','','','',NULL,NULL,0,NULL,0,NULL,0,NULL,0,NULL,0,1000,-6,NULL,0.00000000,NULL,NULL,1,'',0,0,NULL,NULL,NULL,NULL,NULL,0,NULL,NULL,NULL),(24,'flip_top_bottle',1,NULL,'2018-12-30 03:06:33','2020-07-03 12:57:09',0,'flip top bottle','',NULL,'','',NULL,0.00000000,0.00000000,0.00000000,0.00000000,'HT',NULL,'IVA',10.000,0,0.000,'0',0.000,'0',1,1,0,1,0,0,0,'',NULL,NULL,NULL,NULL,'','','','',NULL,NULL,0,NULL,0,NULL,NULL,NULL,NULL,NULL,0,500,-6,2328,0.00000000,NULL,NULL,1,'',0,0,NULL,NULL,NULL,NULL,NULL,0,NULL,NULL,NULL),(25,'factory_worker_p_hr',1,NULL,'2018-12-30 15:43:47','2018-12-30 15:51:19',0,'factory worker p/hr','',NULL,'','',NULL,30000.00000000,33000.00000000,0.00000000,0.00000000,'HT',20000.00000000,'IVA',10.000,0,0.000,'0',0.000,'0',1,1,1,1,0,0,1,'h',NULL,NULL,NULL,NULL,'','','','',NULL,NULL,NULL,NULL,NULL,NULL,NULL,NULL,NULL,NULL,NULL,NULL,NULL,NULL,0.00000000,NULL,NULL,NULL,'',0,0,NULL,NULL,NULL,NULL,NULL,0,NULL,NULL,NULL),(26,'alcohol_1000ml_-_95%',1,NULL,'2018-12-30 16:05:40','2018-12-30 16:37:13',0,'alcohol 1000ml - 95%','',NULL,'','',180,0.00000000,0.00000000,0.00000000,0.00000000,'HT',NULL,'IVA',10.000,0,0.000,'0',0.000,'0',1,1,0,1,0,0,0,'',NULL,NULL,NULL,NULL,'','','','',NULL,NULL,0,NULL,0,NULL,NULL,NULL,NULL,NULL,0,1000,-3,0,0.00000000,NULL,NULL,1,'',0,0,NULL,NULL,NULL,NULL,NULL,0,NULL,NULL,NULL),(27,'alcohol_500ml_20%',1,NULL,'2018-12-30 16:23:14','2018-12-30 16:54:56',0,'alcohol_500ml_20%','',NULL,'','',180,0.00000000,0.00000000,0.00000000,0.00000000,'HT',NULL,'IVA',10.000,0,0.000,'0',0.000,'0',1,1,0,0,0,0,0,'',NULL,NULL,NULL,NULL,'','','','',NULL,NULL,0,NULL,0,NULL,NULL,NULL,NULL,NULL,0,500,-6,6999,0.00000000,NULL,NULL,1,'',1,0,NULL,NULL,NULL,NULL,NULL,0,NULL,NULL,NULL),(28,'Label_Thorn_of_love',1,NULL,'2019-01-02 16:46:23','2019-01-02 16:46:23',0,'Label thorn of love','',NULL,'','',180,0.00000000,0.00000000,0.00000000,0.00000000,'HT',NULL,'IVA',10.000,0,0.000,'0',0.000,'0',2,2,0,1,0,0,0,'',NULL,NULL,NULL,NULL,'','','','',NULL,NULL,0,NULL,0,NULL,NULL,NULL,NULL,NULL,0,NULL,0,NULL,0.00000000,NULL,NULL,1,'',0,0,NULL,NULL,NULL,NULL,NULL,0,NULL,NULL,NULL),(29,'Label_Lemon_Lick',1,NULL,'2019-01-02 16:48:26','2020-01-31 11:16:51',0,'label lemon lick','',NULL,'','',NULL,0.00000000,0.00000000,0.00000000,0.00000000,'HT',NULL,'IVA',10.000,0,0.000,'0',0.000,'0',2,1,0,1,0,0,0,'',NULL,NULL,NULL,NULL,'','','','',NULL,NULL,0,NULL,0,NULL,NULL,NULL,NULL,NULL,0,NULL,0,NULL,0.00000000,NULL,NULL,1,'',NULL,0,NULL,NULL,NULL,NULL,NULL,0,NULL,NULL,NULL),(30,'Armadillo_french_oak_700_ml',1,NULL,'2019-07-24 18:24:29','2020-08-19 12:44:06',0,'Armadillo - pure single rum - french oak 700 ml','',NULL,'','2208.40.11',180,112500.00000000,123750.00000000,0.00000000,0.00000000,'TTC',NULL,'IVA',10.000,0,0.000,'0',0.000,'0',2,2,1,0,0,1,0,'',NULL,NULL,'4260109412562',2,'','','','',NULL,1.465,0,NULL,0,NULL,0,NULL,0,NULL,0,700,0,23,0.00000000,NULL,NULL,1,'',1,0,NULL,NULL,NULL,NULL,NULL,0,NULL,NULL,NULL),(31,'Marianne_54%',1,NULL,'2019-07-24 19:33:20','2020-08-13 16:07:10',0,'Marianne de Paraguay Cask Strenght 54% 700 ml','',NULL,'','2208.40.11',180,212500.00000000,233750.00000000,0.00000000,0.00000000,'TTC',NULL,'IVA',10.000,0,0.000,'0',0.000,'0',2,2,1,0,0,0,0,'',NULL,NULL,NULL,NULL,'','','','',NULL,NULL,0,NULL,0,NULL,0,NULL,0,NULL,0,700,-6,1440,131.00000000,NULL,NULL,1,'',1,0,NULL,NULL,NULL,NULL,NULL,0,NULL,NULL,NULL),(32,'Juniper_Berries',1,NULL,'2019-07-29 20:04:07','2019-07-29 20:04:07',0,'Juniper Berries','Juniper Berries',NULL,'','',NULL,0.00000000,0.00000000,0.00000000,0.00000000,'HT',NULL,'IVA',10.000,0,0.000,'0',0.000,'0',1,1,0,1,0,0,0,'',NULL,NULL,NULL,NULL,'','','','',NULL,NULL,0,NULL,0,NULL,NULL,NULL,NULL,NULL,0,NULL,0,NULL,0.00000000,NULL,NULL,NULL,'',NULL,0,NULL,NULL,NULL,NULL,NULL,0,NULL,NULL,NULL),(33,'20x20cm_3μ_filter_sheet',1,NULL,'2019-11-11 15:52:31','2019-11-11 18:18:59',0,'20 x 20 cm 3 μ filter sheet','Rover pompe &quot;8&quot;&nbsp;',NULL,'','',NULL,0.00000000,0.00000000,0.00000000,0.00000000,'HT',NULL,'IVA',10.000,0,0.000,'0',0.000,'0',2,2,0,1,0,0,0,'',NULL,NULL,NULL,NULL,'','','','',NULL,NULL,6,20,21,20,21,0.5,21,400,10,200,11,NULL,0.00000000,NULL,NULL,1,'',NULL,0,NULL,NULL,NULL,NULL,NULL,0,NULL,NULL,NULL),(34,'20x20cm_1.5μ_filter_sheet',1,NULL,'2019-11-11 15:54:56','2019-11-11 18:19:32',0,'20x20cm_1.5μ_filter_sheet','Rover pompe &quot;12&quot;',NULL,'','',NULL,0.00000000,0.00000000,0.00000000,0.00000000,'HT',NULL,'IVA',10.000,0,0.000,'0',0.000,'0',2,2,0,1,0,0,0,'',NULL,NULL,NULL,NULL,'','','','',NULL,NULL,6,20,21,20,21,0.5,21,400,10,200,NULL,NULL,0.00000000,NULL,NULL,NULL,'',NULL,0,NULL,NULL,NULL,NULL,NULL,0,NULL,NULL,NULL),(35,'20x20cm_25μ_filter_sheet',1,NULL,'2019-11-11 15:57:23','2019-11-11 18:18:21',0,'20 x 20 cm 25 μ filter sheet','Rover pompe &quot;0&quot;',NULL,'','',NULL,0.00000000,0.00000000,0.00000000,0.00000000,'HT',NULL,'IVA',10.000,0,0.000,'0',0.000,'0',2,2,0,1,0,0,0,'',NULL,NULL,NULL,NULL,'','','','',NULL,NULL,6,20,21,20,21,0.5,21,400,10,200,NULL,NULL,0.00000000,NULL,NULL,NULL,'',NULL,0,NULL,NULL,NULL,NULL,NULL,0,NULL,NULL,NULL),(36,'20x20cm_0.9μ_filter_sheet',1,NULL,'2019-11-11 18:13:02','2019-11-11 18:17:26',0,'20 x 20 cm 0,9 μ filter sheet','Rover pompe &quot;16&quot;',NULL,'','',NULL,0.00000000,0.00000000,0.00000000,0.00000000,'HT',NULL,'IVA',10.000,0,0.000,'0',0.000,'0',2,2,0,1,0,0,0,'',NULL,NULL,NULL,NULL,'','','','',NULL,NULL,6,20,21,20,21,0.5,21,400,NULL,NULL,11,NULL,0.00000000,NULL,NULL,NULL,'',NULL,0,NULL,NULL,NULL,NULL,NULL,0,NULL,NULL,NULL),(37,'envio_national',1,NULL,'2020-01-14 16:11:03','2020-01-14 16:11:03',0,'envio national','',NULL,'','',NULL,0.00000000,0.00000000,0.00000000,0.00000000,'',NULL,'none',0.000,0,0.000,'0',0.000,'0',1,1,1,1,0,0,1,'s',NULL,NULL,NULL,NULL,'','','','',NULL,NULL,NULL,NULL,NULL,NULL,NULL,NULL,NULL,NULL,NULL,NULL,NULL,NULL,0.00000000,NULL,NULL,NULL,'',0,0,NULL,NULL,NULL,NULL,NULL,0,NULL,NULL,NULL),(38,'Kchiporro_Py_40%',1,NULL,'2020-06-03 18:03:51','2020-08-19 12:44:06',0,'Marianne de Paraguay - KCH - Kchiporro Py 40%','',NULL,'','2208.40.11',180,185000.00000000,203500.00000000,0.00000000,0.00000000,'HT',NULL,'IVA',10.000,0,0.000,'0',0.000,'0',1,2,1,0,0,0,0,'',NULL,NULL,'4260109412807',2,'','','','',NULL,1550,0,9.5,0,9.5,0,22,0,90.25,0,NULL,0,1,0.00000000,NULL,NULL,1,'',1,0,NULL,NULL,NULL,NULL,NULL,0,NULL,NULL,NULL),(39,'750_ml_Bottle',1,NULL,'2020-06-19 15:53:42','2020-06-23 14:22:42',0,'750 ml Bottle','',NULL,'','',3,0.00000000,0.00000000,0.00000000,0.00000000,'',NULL,'IVA',10.000,0,0.000,'0',0.000,'0',2,2,0,1,0,0,0,'',NULL,NULL,NULL,NULL,'','','','',NULL,NULL,0,NULL,0,NULL,0,NULL,0,NULL,0,NULL,0,2754,0.00000000,NULL,NULL,1,'',NULL,0,NULL,NULL,NULL,0,NULL,0,NULL,NULL,NULL),(40,'700_ml_bottle',1,NULL,'2020-06-19 16:05:59','2020-09-09 20:00:00',0,'700 ml bottle','',NULL,'','',3,0.00000000,0.00000000,0.00000000,0.00000000,'',NULL,'IVA',10.000,0,0.000,'0',0.000,'0',2,2,0,1,0,0,0,'',NULL,NULL,NULL,NULL,'','','','',NULL,NULL,0,NULL,0,NULL,0,NULL,0,NULL,0,NULL,0,6352,0.00000000,NULL,NULL,1,'',NULL,0,NULL,NULL,NULL,0,NULL,0,NULL,NULL,NULL),(41,'500_ml_milk_bottle',1,NULL,'2020-06-19 16:18:25','2020-07-03 12:23:00',0,'500 ml milk bottle','',NULL,'','',117,0.00000000,0.00000000,0.00000000,0.00000000,'',NULL,'IVA',10.000,0,0.000,'0',0.000,'0',2,2,0,1,0,0,0,'',NULL,NULL,NULL,NULL,'','','','',NULL,NULL,0,NULL,0,NULL,0,NULL,0,NULL,0,NULL,0,14252,0.00000000,NULL,NULL,1,'',0,0,NULL,NULL,NULL,0,NULL,0,NULL,NULL,NULL),(42,'cork',1,NULL,'2020-06-19 16:19:36','2020-09-09 20:00:00',0,'Cork','',NULL,'','',25,0.00000000,0.00000000,0.00000000,0.00000000,'',NULL,'IVA',10.000,0,0.000,'0',0.000,'0',2,2,0,1,0,0,0,'',NULL,NULL,NULL,NULL,'','','','',NULL,NULL,0,NULL,0,NULL,0,NULL,0,NULL,0,NULL,0,5170,0.00000000,NULL,NULL,1,'',0,0,NULL,NULL,NULL,0,NULL,0,NULL,NULL,NULL),(43,'Shrink_top_plastic_01',1,NULL,'2020-06-19 16:22:31','2020-09-09 20:00:00',0,'Shrink top plastic for rum','',NULL,'','',11,0.00000000,0.00000000,0.00000000,0.00000000,'',NULL,'IVA',10.000,0,0.000,'0',0.000,'0',2,2,0,1,0,0,0,'',NULL,NULL,NULL,NULL,'','','','',NULL,NULL,0,NULL,0,NULL,0,NULL,0,NULL,0,NULL,0,30170,20.00000000,NULL,NULL,1,'',NULL,0,NULL,NULL,NULL,0,NULL,0,NULL,NULL,NULL),(44,'Shrink_top_plastic_02',1,NULL,'2020-06-19 16:23:45','2020-06-19 16:23:45',0,'Shrink top plastic for milk bottle','',NULL,'','',NULL,0.00000000,0.00000000,0.00000000,0.00000000,'',NULL,'IVA',10.000,0,0.000,'0',0.000,'0',2,2,0,1,0,0,0,'',NULL,NULL,NULL,NULL,'','','','',NULL,NULL,0,NULL,0,NULL,0,NULL,0,NULL,0,NULL,0,NULL,0.00000000,NULL,NULL,1,'',NULL,0,NULL,NULL,NULL,0,NULL,0,NULL,NULL,NULL),(45,'cardboard_box_01',1,NULL,'2020-06-19 16:43:17','2020-09-09 20:00:00',0,'Cardboard box 6x700ml','',NULL,'','',180,0.00000000,0.00000000,0.00000000,0.00000000,'',NULL,'IVA',10.000,0,0.000,'0',0.000,'0',2,2,0,1,0,0,0,'',NULL,NULL,NULL,NULL,'','','','',NULL,NULL,0,NULL,0,NULL,0,NULL,0,NULL,0,NULL,0,108.33333722000003,0.00000000,NULL,NULL,1,'',0,0,NULL,NULL,NULL,0,NULL,0,NULL,NULL,NULL),(46,'cardboard_box_02',1,NULL,'2020-06-19 16:44:01','2020-06-19 16:44:01',0,'Cardboard box 6x750ml','',NULL,'','',180,0.00000000,0.00000000,0.00000000,0.00000000,'',NULL,'IVA',10.000,0,0.000,'0',0.000,'0',2,2,0,1,0,0,0,'',NULL,NULL,NULL,NULL,'','','','',NULL,NULL,0,NULL,0,NULL,0,NULL,0,NULL,0,NULL,0,NULL,0.00000000,NULL,NULL,1,'',NULL,0,NULL,NULL,NULL,0,NULL,0,NULL,NULL,NULL),(47,'cardboard_box_03',1,NULL,'2020-06-19 16:44:45','2020-06-23 19:48:50',0,'Cardboard box 12x500ml','For 500 ml milk bottles',NULL,'','',180,0.00000000,0.00000000,0.00000000,0.00000000,'',NULL,'IVA',10.000,0,0.000,'0',0.000,'0',2,2,0,1,0,0,0,'',NULL,NULL,NULL,NULL,'','','','',NULL,NULL,0,NULL,0,NULL,0,NULL,0,NULL,0,NULL,0,1696,0.00000000,NULL,NULL,1,'',NULL,0,NULL,NULL,NULL,0,NULL,0,NULL,NULL,NULL),(48,'Label_Marianne_40%_700_ml',1,NULL,'2020-06-23 12:55:53','2020-09-09 20:00:00',0,'Label Marianne 40% 700 ml','',NULL,'','',180,0.00000000,0.00000000,0.00000000,0.00000000,'',NULL,'IVA',10.000,0,0.000,'0',0.000,'0',2,2,0,1,0,0,0,'',NULL,NULL,NULL,NULL,'','','','',NULL,NULL,0,NULL,0,NULL,0,NULL,0,NULL,0,NULL,0,902.833335286,565.00000000,NULL,NULL,1,'',0,0,NULL,NULL,NULL,0,NULL,0,NULL,NULL,NULL),(49,'back_label_marianne_40%_700_ml',1,NULL,'2020-06-23 12:58:10','2020-09-09 20:00:00',0,'back label marianne 40% 700 ml','',NULL,'','',180,0.00000000,0.00000000,0.00000000,0.00000000,'',NULL,'IVA',10.000,0,0.000,'0',0.000,'0',2,2,0,1,0,0,0,'',NULL,NULL,NULL,NULL,'','','','',NULL,NULL,0,NULL,0,NULL,0,NULL,0,NULL,0,NULL,0,672.833335286,95.00000000,NULL,NULL,1,'',0,0,NULL,NULL,NULL,0,NULL,0,NULL,NULL,NULL),(50,'lote_neckband_sticker',1,NULL,'2020-06-23 13:04:43','2020-09-09 20:00:00',0,'lote neckband sticker','',NULL,'','',180,0.00000000,0.00000000,0.00000000,0.00000000,'',NULL,'IVA',10.000,0,0.000,'0',0.000,'0',2,2,0,1,0,0,0,'',NULL,NULL,NULL,NULL,'','','','',NULL,NULL,0,NULL,0,NULL,0,NULL,0,NULL,0,NULL,0,27170,40.00000000,NULL,NULL,1,'',0,0,NULL,NULL,NULL,0,NULL,0,NULL,NULL,NULL),(51,'Label_Marianne_54%_700_ml',1,NULL,'2020-06-23 13:24:46','2020-08-13 16:07:10',0,'Label Marianne 54% 700 ml','',NULL,'','',180,0.00000000,0.00000000,0.00000000,0.00000000,'',NULL,'IVA',10.000,0,0.000,'0',0.000,'0',2,2,0,1,0,0,0,'',NULL,NULL,NULL,NULL,'','','','',NULL,NULL,0,NULL,0,NULL,0,NULL,0,NULL,0,NULL,0,419.99999995200005,0.00000000,NULL,NULL,1,'',0,0,NULL,NULL,NULL,0,NULL,0,NULL,NULL,NULL),(52,'back_label_marianne_54%_700_ml',1,NULL,'2020-06-23 13:25:51','2020-08-13 16:07:10',0,'back label marianne 54% 700 ml','',NULL,'','',180,0.00000000,0.00000000,0.00000000,0.00000000,'',NULL,'IVA',10.000,0,0.000,'0',0.000,'0',2,2,0,1,0,0,0,'',NULL,NULL,NULL,NULL,'','','','',NULL,NULL,0,NULL,0,NULL,0,NULL,0,NULL,0,NULL,0,1419.999999952,95.00000000,NULL,NULL,1,'',0,0,NULL,NULL,NULL,0,NULL,0,NULL,NULL,NULL),(53,'200_ml_milk_bottle',1,NULL,'2020-06-23 19:22:35','2020-06-23 19:25:05',0,'200 ml milk bottle','',NULL,'','',117,0.00000000,0.00000000,0.00000000,0.00000000,'',NULL,'IVA',10.000,0,0.000,'0',0.000,'0',2,2,0,1,0,0,0,'',NULL,NULL,NULL,NULL,'','','','',NULL,NULL,0,NULL,0,NULL,0,NULL,0,NULL,0,NULL,0,4224,0.00000000,NULL,NULL,1,'',NULL,0,NULL,NULL,NULL,0,NULL,0,NULL,NULL,NULL),(54,'390_ml_Jar',1,NULL,'2020-07-03 12:58:40','2020-09-10 19:16:56',0,'390 ml Jar','',NULL,'','',3,0.00000000,0.00000000,0.00000000,0.00000000,'',NULL,'IVA',10.000,0,0.000,'0',0.000,'0',2,2,1,1,0,0,0,'',NULL,NULL,NULL,NULL,'','','','',NULL,NULL,0,NULL,0,NULL,0,NULL,0,NULL,0,NULL,0,1188,0.00000000,NULL,NULL,1,'',NULL,0,NULL,NULL,NULL,0,NULL,0,NULL,NULL,NULL),(55,'back_label_armadillo_700_ml',1,NULL,'2020-07-30 20:27:49','2020-09-09 19:16:48',0,'back label armadillo 700 ml','',NULL,'','',180,0.00000000,0.00000000,0.00000000,0.00000000,'',NULL,'IVA',10.000,0,0.000,'0',0.000,'0',2,2,0,1,0,0,0,'',NULL,NULL,NULL,NULL,'','','','',NULL,NULL,0,NULL,0,NULL,0,NULL,0,NULL,0,NULL,0,1915.4999999513,95.00000000,NULL,NULL,1,'',0,0,NULL,NULL,NULL,0,NULL,0,NULL,NULL,NULL),(56,'Label_Armadillo_spiced_rum_700_ml',1,NULL,'2020-07-30 20:31:08','2020-09-09 19:16:48',0,'Label Armadillo spiced rum 700 ml','',NULL,'','',180,0.00000000,0.00000000,0.00000000,0.00000000,'',NULL,'IVA',10.000,0,0.000,'0',0.000,'0',2,2,0,1,0,0,0,'',NULL,NULL,NULL,NULL,'','','','',NULL,NULL,0,NULL,0,NULL,0,NULL,0,NULL,0,NULL,0,1865.4999999513,380.00000000,NULL,NULL,1,'',0,0,NULL,NULL,NULL,0,NULL,0,NULL,NULL,NULL),(57,'Armadillo_Spiced_Rum_700_ml',1,NULL,'2020-07-30 20:42:55','2020-09-09 19:16:48',0,'Armadillo Spiced Rum 700 ml','',NULL,'','2208.40.11',180,0.00000000,0.00000000,0.00000000,0.00000000,'',NULL,'IVA',10.000,0,0.000,'0',0.000,'0',2,2,1,0,0,0,0,'',NULL,NULL,'4260109412593',2,'','','','',NULL,1.465,0,NULL,0,NULL,0,NULL,0,NULL,0,700,-6,1461,614.00000000,NULL,NULL,1,'',1,0,NULL,NULL,NULL,0,NULL,0,NULL,NULL,NULL),(58,'Label_armadillo_french_oak_700_ml',1,NULL,'2020-07-30 20:51:08','2020-07-30 20:51:08',0,'Label armadillo french oak 700 ml','',NULL,'','',180,0.00000000,0.00000000,0.00000000,0.00000000,'',NULL,'IVA',10.000,0,0.000,'0',0.000,'0',2,2,0,1,0,0,0,'',NULL,NULL,NULL,NULL,'','','','',NULL,NULL,0,NULL,0,NULL,0,NULL,0,NULL,0,NULL,0,NULL,0.00000000,NULL,NULL,1,'',0,0,NULL,NULL,NULL,0,NULL,0,NULL,NULL,NULL);

--
-- Table structure for table `llxqa_product_association`
--

CREATE TABLE `llxqa_product_association` (
  `rowid` int(11) NOT NULL AUTO_INCREMENT,
  `fk_product_pere` int(11) NOT NULL DEFAULT 0,
  `fk_product_fils` int(11) NOT NULL DEFAULT 0,
  `qty` double DEFAULT NULL,
  `incdec` int(11) DEFAULT 1,
  PRIMARY KEY (`rowid`),
  UNIQUE KEY `uk_product_association` (`fk_product_pere`,`fk_product_fils`),
  KEY `idx_product_association_fils` (`fk_product_fils`)
) ENGINE=InnoDB DEFAULT CHARSET=utf8;

--
-- Dumping data for table `llxqa_product_association`
--


--
-- Table structure for table `llxqa_product_attribute`
--

CREATE TABLE `llxqa_product_attribute` (
  `rowid` int(11) NOT NULL AUTO_INCREMENT,
  `ref` varchar(255) NOT NULL,
  `label` varchar(255) NOT NULL,
  `rang` int(11) NOT NULL DEFAULT 0,
  `entity` int(11) NOT NULL DEFAULT 1,
  PRIMARY KEY (`rowid`),
  UNIQUE KEY `uk_product_attribute_ref` (`ref`)
) ENGINE=InnoDB DEFAULT CHARSET=utf8;

--
-- Dumping data for table `llxqa_product_attribute`
--


--
-- Table structure for table `llxqa_product_attribute_combination`
--

CREATE TABLE `llxqa_product_attribute_combination` (
  `rowid` int(11) NOT NULL AUTO_INCREMENT,
  `fk_product_parent` int(11) NOT NULL,
  `fk_product_child` int(11) NOT NULL,
  `variation_price` float NOT NULL,
  `variation_price_percentage` int(11) DEFAULT NULL,
  `variation_weight` float NOT NULL,
  `entity` int(11) NOT NULL DEFAULT 1,
  PRIMARY KEY (`rowid`),
  KEY `idx_product_att_com_product_parent` (`fk_product_parent`),
  KEY `idx_product_att_com_product_child` (`fk_product_child`)
) ENGINE=InnoDB DEFAULT CHARSET=utf8;

--
-- Dumping data for table `llxqa_product_attribute_combination`
--


--
-- Table structure for table `llxqa_product_attribute_combination2val`
--

CREATE TABLE `llxqa_product_attribute_combination2val` (
  `rowid` int(11) NOT NULL AUTO_INCREMENT,
  `fk_prod_combination` int(11) NOT NULL,
  `fk_prod_attr` int(11) NOT NULL,
  `fk_prod_attr_val` int(11) NOT NULL,
  PRIMARY KEY (`rowid`)
) ENGINE=InnoDB DEFAULT CHARSET=utf8;

--
-- Dumping data for table `llxqa_product_attribute_combination2val`
--


--
-- Table structure for table `llxqa_product_attribute_value`
--

CREATE TABLE `llxqa_product_attribute_value` (
  `rowid` int(11) NOT NULL AUTO_INCREMENT,
  `fk_product_attribute` int(11) NOT NULL,
  `ref` varchar(180) DEFAULT NULL,
  `value` varchar(255) DEFAULT NULL,
  `entity` int(11) NOT NULL DEFAULT 1,
  PRIMARY KEY (`rowid`),
  UNIQUE KEY `uk_product_attribute_value` (`fk_product_attribute`,`ref`)
) ENGINE=InnoDB DEFAULT CHARSET=utf8;

--
-- Dumping data for table `llxqa_product_attribute_value`
--


--
-- Table structure for table `llxqa_product_batch`
--

CREATE TABLE `llxqa_product_batch` (
  `rowid` int(11) NOT NULL AUTO_INCREMENT,
  `tms` timestamp NOT NULL DEFAULT current_timestamp() ON UPDATE current_timestamp(),
  `fk_product_stock` int(11) NOT NULL,
  `eatby` datetime DEFAULT NULL,
  `sellby` datetime DEFAULT NULL,
  `batch` varchar(30) NOT NULL,
  `qty` double NOT NULL DEFAULT 0,
  `import_key` varchar(14) DEFAULT NULL,
  PRIMARY KEY (`rowid`),
  UNIQUE KEY `uk_product_batch` (`fk_product_stock`,`batch`),
  KEY `idx_fk_product_stock` (`fk_product_stock`),
  KEY `idx_batch` (`batch`),
  CONSTRAINT `fk_product_batch_fk_product_stock` FOREIGN KEY (`fk_product_stock`) REFERENCES `llxqa_product_stock` (`rowid`)
) ENGINE=InnoDB AUTO_INCREMENT=20 DEFAULT CHARSET=utf8;

--
-- Dumping data for table `llxqa_product_batch`
--

INSERT INTO `llxqa_product_batch` VALUES (1,'2018-12-19 14:09:57',1,NULL,NULL,'MT1812/01',1848,NULL),(2,'2020-06-26 12:48:46',2,NULL,NULL,'LL-TL-1812-01',897,NULL),(3,'2018-12-29 20:42:59',3,NULL,NULL,'LL-LL-18-12-01',1200,NULL),(6,'2020-10-20 19:22:09',19,NULL,NULL,'001',66,NULL),(7,'2020-07-01 16:07:42',3,NULL,NULL,'000000',-203,NULL),(8,'2020-10-20 19:22:09',3,NULL,NULL,'Milk bottles',2221,NULL),(9,'2020-10-20 19:22:09',32,NULL,NULL,'Milk bottles',672,NULL),(10,'2020-07-01 16:24:12',32,NULL,NULL,'Flip top bottles',1908,NULL),(11,'2020-07-01 16:59:21',33,NULL,NULL,'Flip top bottles',1836,NULL),(12,'2020-08-19 12:44:06',33,NULL,NULL,'Milk bottles',600,NULL),(13,'2020-07-01 17:01:31',3,NULL,NULL,'001',-2389,NULL),(14,'2020-07-06 20:17:22',3,NULL,NULL,'Flip top bottles',3492,NULL),(15,'2020-07-01 17:05:59',2,NULL,NULL,'001',-997,NULL),(16,'2020-07-06 20:17:22',2,NULL,NULL,'Flip top bottles',3600,NULL),(17,'2020-10-20 19:22:09',2,NULL,NULL,'Milk bottles',1010,NULL),(18,'2020-08-19 12:44:06',37,NULL,NULL,'AD1905/01',23,NULL),(19,'2020-09-10 19:13:20',44,NULL,NULL,'MP2008/01',2929,NULL);

--
-- Table structure for table `llxqa_product_customer_price`
--

CREATE TABLE `llxqa_product_customer_price` (
  `rowid` int(11) NOT NULL AUTO_INCREMENT,
  `entity` int(11) NOT NULL DEFAULT 1,
  `datec` datetime DEFAULT NULL,
  `tms` timestamp NOT NULL DEFAULT current_timestamp() ON UPDATE current_timestamp(),
  `fk_product` int(11) NOT NULL,
  `fk_soc` int(11) NOT NULL,
  `price` double(24,8) DEFAULT 0.00000000,
  `price_ttc` double(24,8) DEFAULT 0.00000000,
  `price_min` double(24,8) DEFAULT 0.00000000,
  `price_min_ttc` double(24,8) DEFAULT 0.00000000,
  `price_base_type` varchar(3) DEFAULT 'HT',
  `default_vat_code` varchar(10) DEFAULT NULL,
  `tva_tx` double(6,3) DEFAULT NULL,
  `recuperableonly` int(11) NOT NULL DEFAULT 0,
  `localtax1_tx` double(6,3) DEFAULT 0.000,
  `localtax1_type` varchar(10) NOT NULL DEFAULT '0',
  `localtax2_tx` double(6,3) DEFAULT 0.000,
  `localtax2_type` varchar(10) NOT NULL DEFAULT '0',
  `fk_user` int(11) DEFAULT NULL,
  `import_key` varchar(14) DEFAULT NULL,
  PRIMARY KEY (`rowid`),
  UNIQUE KEY `uk_customer_price_fk_product_fk_soc` (`fk_product`,`fk_soc`),
  KEY `idx_product_customer_price_fk_user` (`fk_user`),
  KEY `idx_product_customer_price_fk_soc` (`fk_soc`),
  CONSTRAINT `fk_product_customer_price_fk_product` FOREIGN KEY (`fk_product`) REFERENCES `llxqa_product` (`rowid`),
  CONSTRAINT `fk_product_customer_price_fk_soc` FOREIGN KEY (`fk_soc`) REFERENCES `llxqa_societe` (`rowid`),
  CONSTRAINT `fk_product_customer_price_fk_user` FOREIGN KEY (`fk_user`) REFERENCES `llxqa_user` (`rowid`)
) ENGINE=InnoDB AUTO_INCREMENT=41 DEFAULT CHARSET=utf8;

--
-- Dumping data for table `llxqa_product_customer_price`
--

INSERT INTO `llxqa_product_customer_price` VALUES (4,1,'2018-11-23 16:01:51','2018-11-23 16:01:51',15,85,50000.00000000,55000.00000000,0.00000000,0.00000000,'HT','IVA',10.000,0,0.000,'0',0.000,'0',2,NULL),(7,1,'2018-11-23 16:32:06','2018-11-23 16:32:06',9,80,100000.00000000,110000.00000000,0.00000000,0.00000000,'HT','IVA',10.000,0,0.000,'0',0.000,'0',2,NULL),(8,1,'2018-11-23 16:32:38','2018-11-23 16:32:38',10,80,69000.00000000,75900.00000000,0.00000000,0.00000000,'HT','IVA',10.000,0,0.000,'0',0.000,'0',2,NULL),(9,1,'2018-11-23 16:33:17','2018-11-23 16:33:17',8,80,69000.00000000,75900.00000000,0.00000000,0.00000000,'HT','IVA',10.000,0,0.000,'0',0.000,'0',2,NULL),(10,1,'2018-11-23 16:33:56','2018-11-23 16:33:56',7,80,28000.00000000,30800.00000000,0.00000000,0.00000000,'HT','IVA',10.000,0,0.000,'0',0.000,'0',2,NULL),(11,1,'2018-11-23 16:34:32','2018-11-23 16:34:21',16,80,30000.00000000,31500.00000000,0.00000000,0.00000000,'HT','IVA',5.000,0,0.000,'0',0.000,'0',2,NULL),(12,1,'2018-11-23 16:46:36','2018-11-23 16:46:36',9,81,100000.00000000,110000.00000000,0.00000000,0.00000000,'HT','IVA',10.000,0,0.000,'0',0.000,'0',2,NULL),(13,1,'2018-11-23 16:46:57','2018-11-23 16:46:57',10,81,69000.00000000,75900.00000000,0.00000000,0.00000000,'HT','IVA',10.000,0,0.000,'0',0.000,'0',2,NULL),(14,1,'2018-11-23 16:47:15','2018-11-23 16:47:15',8,81,69000.00000000,75900.00000000,0.00000000,0.00000000,'HT','IVA',10.000,0,0.000,'0',0.000,'0',2,NULL),(15,1,'2018-11-23 16:48:27','2018-11-23 16:48:27',7,81,28000.00000000,30800.00000000,0.00000000,0.00000000,'HT','IVA',10.000,0,0.000,'0',0.000,'0',2,NULL),(16,1,'2018-11-23 16:49:00','2018-11-23 16:49:00',16,81,30000.00000000,31500.00000000,0.00000000,0.00000000,'HT','IVA5',5.000,0,0.000,'0',0.000,'0',2,NULL),(17,1,'2018-11-23 17:18:11','2018-11-23 17:18:11',8,83,69000.00000000,75900.00000000,0.00000000,0.00000000,'HT','IVA',10.000,0,0.000,'0',0.000,'0',2,NULL),(18,1,'2018-11-23 17:32:55','2018-11-23 17:32:55',10,83,69000.00000000,75900.00000000,0.00000000,0.00000000,'HT','IVA',10.000,0,0.000,'0',0.000,'0',2,NULL),(19,1,'2018-11-23 17:34:00','2018-11-23 17:34:00',9,83,100000.00000000,110000.00000000,0.00000000,0.00000000,'HT','IVA',10.000,0,0.000,'0',0.000,'0',2,NULL),(20,1,'2018-11-23 17:34:17','2018-11-23 17:34:17',15,83,60000.00000000,66000.00000000,0.00000000,0.00000000,'HT','IVA',10.000,0,0.000,'0',0.000,'0',2,NULL),(21,1,'2018-11-23 17:35:42','2018-11-23 17:35:42',7,82,28000.00000000,30800.00000000,0.00000000,0.00000000,'HT','IVA',10.000,0,0.000,'0',0.000,'0',2,NULL),(22,1,'2018-11-23 17:43:14','2018-11-23 17:36:38',16,82,30000.00000000,31500.00000000,0.00000000,0.00000000,'HT','IVA',5.000,0,0.000,'0',0.000,'0',2,NULL),(23,1,'2018-11-23 17:43:47','2018-11-23 17:43:47',9,82,100000.00000000,110000.00000000,0.00000000,0.00000000,'HT','IVA',10.000,0,0.000,'0',0.000,'0',2,NULL),(24,1,'2018-11-23 17:44:38','2018-11-23 17:44:38',10,82,69000.00000000,75900.00000000,0.00000000,0.00000000,'HT','IVA',10.000,0,0.000,'0',0.000,'0',2,NULL),(25,1,'2018-11-23 17:44:51','2018-11-23 17:44:51',8,82,69000.00000000,75900.00000000,0.00000000,0.00000000,'HT','IVA',10.000,0,0.000,'0',0.000,'0',2,NULL),(26,1,'2018-12-07 21:21:17','2018-12-07 21:21:17',8,111,14.00000000,15.00000000,0.00000000,0.00000000,'HT','IVA',10.000,0,0.000,'0',0.000,'0',1,NULL),(28,1,'2019-04-05 20:03:20','2019-04-05 20:03:20',4,165,22200.00000000,22200.00000000,0.00000000,0.00000000,'TTC','none',0.000,0,0.000,'0',0.000,'0',2,NULL),(29,1,'2019-04-05 20:03:55','2019-04-05 20:03:55',1,165,22200.00000000,22200.00000000,0.00000000,0.00000000,'TTC','none',0.000,0,0.000,'0',0.000,'0',2,NULL),(30,1,'2019-04-05 20:04:21','2019-04-05 20:04:21',8,165,78000.00000000,78000.00000000,0.00000000,0.00000000,'TTC','none',0.000,0,0.000,'0',0.000,'0',2,NULL),(31,1,'2019-04-05 20:04:48','2019-04-05 20:04:48',10,165,70000.00000000,70000.00000000,0.00000000,0.00000000,'TTC','none',0.000,0,0.000,'0',0.000,'0',2,NULL),(32,1,'2019-04-05 20:07:27','2019-04-05 20:07:27',15,165,40000.00000000,40000.00000000,0.00000000,0.00000000,'TTC','none',0.000,0,0.000,'0',0.000,'0',2,NULL),(33,1,'2019-04-09 13:45:49','2019-04-09 13:45:49',4,167,22200.00000000,22200.00000000,0.00000000,0.00000000,'HT','none',0.000,0,0.000,'0',0.000,'0',2,NULL),(34,1,'2019-04-09 13:46:24','2019-04-09 13:46:24',1,167,22200.00000000,22200.00000000,0.00000000,0.00000000,'HT','none',0.000,0,0.000,'0',0.000,'0',2,NULL),(35,1,'2019-04-09 13:47:06','2019-04-09 13:47:06',8,167,78000.00000000,78000.00000000,0.00000000,0.00000000,'HT','none',0.000,0,0.000,'0',0.000,'0',2,NULL),(36,1,'2019-04-09 13:47:40','2019-04-09 13:47:40',10,167,70000.00000000,70000.00000000,0.00000000,0.00000000,'HT','none',0.000,0,0.000,'0',0.000,'0',2,NULL),(37,1,'2019-04-09 13:50:03','2019-04-09 13:50:03',4,166,22200.00000000,22200.00000000,0.00000000,0.00000000,'HT','none',0.000,0,0.000,'0',0.000,'0',2,NULL),(38,1,'2019-04-09 13:50:21','2019-04-09 13:50:21',1,166,22200.00000000,22200.00000000,0.00000000,0.00000000,'HT','none',0.000,0,0.000,'0',0.000,'0',2,NULL),(39,1,'2019-04-09 13:50:43','2019-04-09 13:50:43',8,166,78000.00000000,78000.00000000,0.00000000,0.00000000,'HT','none',0.000,0,0.000,'0',0.000,'0',2,NULL),(40,1,'2019-04-09 13:51:08','2019-04-09 13:51:08',10,166,70000.00000000,70000.00000000,0.00000000,0.00000000,'HT','none',0.000,0,0.000,'0',0.000,'0',2,NULL);

--
-- Table structure for table `llxqa_product_customer_price_log`
--

CREATE TABLE `llxqa_product_customer_price_log` (
  `rowid` int(11) NOT NULL AUTO_INCREMENT,
  `entity` int(11) NOT NULL DEFAULT 1,
  `datec` datetime DEFAULT NULL,
  `fk_product` int(11) NOT NULL,
  `fk_soc` int(11) NOT NULL DEFAULT 0,
  `price` double(24,8) DEFAULT 0.00000000,
  `price_ttc` double(24,8) DEFAULT 0.00000000,
  `price_min` double(24,8) DEFAULT 0.00000000,
  `price_min_ttc` double(24,8) DEFAULT 0.00000000,
  `price_base_type` varchar(3) DEFAULT 'HT',
  `default_vat_code` varchar(10) DEFAULT NULL,
  `tva_tx` double(6,3) DEFAULT NULL,
  `recuperableonly` int(11) NOT NULL DEFAULT 0,
  `localtax1_tx` double(6,3) DEFAULT 0.000,
  `localtax1_type` varchar(10) NOT NULL DEFAULT '0',
  `localtax2_tx` double(6,3) DEFAULT 0.000,
  `localtax2_type` varchar(10) NOT NULL DEFAULT '0',
  `fk_user` int(11) DEFAULT NULL,
  `import_key` varchar(14) DEFAULT NULL,
  PRIMARY KEY (`rowid`)
) ENGINE=InnoDB AUTO_INCREMENT=16 DEFAULT CHARSET=utf8;

--
-- Dumping data for table `llxqa_product_customer_price_log`
--

INSERT INTO `llxqa_product_customer_price_log` VALUES (1,1,'2018-11-23 16:34:21',16,80,30000.00000000,33000.00000000,0.00000000,0.00000000,'HT','IVA',10.000,0,0.000,'0',0.000,'0',2,NULL),(2,1,'2018-11-23 17:36:38',16,82,30000.00000000,33000.00000000,0.00000000,0.00000000,'HT','IVA',10.000,0,0.000,'0',0.000,'0',2,NULL),(3,1,'2018-11-23 14:59:51',9,85,91036.36364000,100140.00000000,0.00000000,0.00000000,'TTC','IVA',10.000,0,0.000,'0',0.000,'0',2,NULL),(4,1,'2018-11-23 15:00:35',10,85,55384.54545000,60923.00000000,0.00000000,0.00000000,'TTC','IVA',10.000,0,0.000,'0',0.000,'0',2,NULL),(5,1,'2018-11-23 15:01:02',8,85,55384.54545000,60923.00000000,0.00000000,0.00000000,'TTC','IVA',10.000,0,0.000,'0',0.000,'0',2,NULL),(6,1,'2018-11-23 19:47:54',8,85,55085.00000000,60594.00000000,0.00000000,0.00000000,'HT','IVA',10.000,0,0.000,'0',0.000,'0',2,NULL),(7,1,'2018-11-23 19:47:40',10,85,55085.00000000,60594.00000000,0.00000000,0.00000000,'HT','IVA',10.000,0,0.000,'0',0.000,'0',2,NULL),(8,1,'2018-11-23 16:02:38',7,85,22272.72727000,24500.00000000,0.00000000,0.00000000,'TTC','IVA',10.000,0,0.000,'0',0.000,'0',2,NULL),(9,1,'2018-11-23 19:48:30',10,85,55385.00000000,60924.00000000,0.00000000,0.00000000,'HT','IVA',10.000,0,0.000,'0',0.000,'0',2,NULL),(10,1,'2018-11-23 19:48:21',8,85,55385.00000000,60924.00000000,0.00000000,0.00000000,'HT','IVA',10.000,0,0.000,'0',0.000,'0',2,NULL),(11,1,'2018-11-23 16:30:42',16,85,30000.00000000,31500.00000000,0.00000000,0.00000000,'TTC','IVA5',5.000,0,0.000,'0',0.000,'0',2,NULL),(12,1,'2018-11-23 19:50:13',8,85,55385.00000000,60923.00000000,0.00000000,0.00000000,'TTC','IVA',10.000,0,0.000,'0',0.000,'0',2,NULL),(13,1,'2018-11-23 19:47:17',9,85,91036.00000000,100140.00000000,0.00000000,0.00000000,'HT','IVA',10.000,0,0.000,'0',0.000,'0',2,NULL),(14,1,'2018-11-23 19:56:57',8,85,55385.00000000,60924.00000000,0.00000000,0.00000000,'HT','IVA',10.000,0,0.000,'0',0.000,'0',2,NULL),(15,1,'2018-11-26 14:36:57',8,85,55385.00000000,60923.00000000,0.00000000,0.00000000,'TTC','IVA',10.000,0,0.000,'0',0.000,'0',2,NULL);

--
-- Table structure for table `llxqa_product_extrafields`
--

CREATE TABLE `llxqa_product_extrafields` (
  `rowid` int(11) NOT NULL AUTO_INCREMENT,
  `tms` timestamp NOT NULL DEFAULT current_timestamp() ON UPDATE current_timestamp(),
  `fk_object` int(11) NOT NULL,
  `import_key` varchar(14) DEFAULT NULL,
  PRIMARY KEY (`rowid`),
  KEY `idx_product_extrafields` (`fk_object`)
) ENGINE=InnoDB DEFAULT CHARSET=utf8;

--
-- Dumping data for table `llxqa_product_extrafields`
--


--
-- Table structure for table `llxqa_product_factory`
--

CREATE TABLE `llxqa_product_factory` (
  `rowid` int(11) NOT NULL AUTO_INCREMENT,
  `fk_product_father` int(11) NOT NULL DEFAULT 0,
  `fk_product_children` int(11) NOT NULL DEFAULT 0,
  `pmp` double(24,8) DEFAULT 0.00000000,
  `price` double(24,8) DEFAULT 0.00000000,
  `qty` double DEFAULT NULL,
  `ordercomponent` int(11) NOT NULL DEFAULT 0,
  `globalqty` int(11) NOT NULL DEFAULT 0,
  `description` text DEFAULT NULL,
  `import_key` varchar(14) DEFAULT NULL,
  `extraparams` varchar(255) DEFAULT NULL,
  PRIMARY KEY (`rowid`),
  UNIQUE KEY `uk_product_factory` (`fk_product_father`,`fk_product_children`),
  KEY `idx_product_factory_fils` (`fk_product_children`)
) ENGINE=InnoDB AUTO_INCREMENT=96 DEFAULT CHARSET=latin1;

--
-- Dumping data for table `llxqa_product_factory`
--

INSERT INTO `llxqa_product_factory` VALUES (31,4,24,0.00000000,0.00000000,1,0,1,'',NULL,NULL),(32,4,19,739.00000000,1400.00000000,1,0,1,'',NULL,NULL),(33,4,18,3987.00000000,0.00000000,0.25,0,1,'',NULL,NULL),(34,1,24,0.00000000,0.00000000,1,0,1,'',NULL,NULL),(35,1,18,0.00000000,0.00000000,0.25,0,1,'',NULL,NULL),(36,1,21,0.00000000,0.00000000,1,0,1,'',NULL,NULL),(40,1,25,0.00000000,0.00000000,0.033333333,0,1,'',NULL,NULL),(41,27,26,0.00000000,0.00000000,0.125,0,1,'',NULL,NULL),(42,1,27,625.00000000,0.00000000,1,0,1,'',NULL,NULL),(43,4,27,0.00000000,0.00000000,1,0,1,'',NULL,NULL),(44,4,25,0.00000000,0.00000000,0.033333333,0,1,'',NULL,NULL),(45,1,28,0.00000000,0.00000000,1,0,1,'',NULL,NULL),(57,11,40,0.00000000,0.00000000,1,0,0,'',NULL,NULL),(58,11,42,0.00000000,0.00000000,1,0,0,'',NULL,NULL),(59,11,43,0.00000000,0.00000000,1,0,0,'',NULL,NULL),(60,11,45,0.00000000,0.00000000,0.166666666,0,0,'',NULL,NULL),(61,11,48,0.00000000,0.00000000,1.166666666,0,0,'',NULL,NULL),(62,11,49,0.00000000,0.00000000,1.166666666,0,0,'',NULL,NULL),(63,11,50,0.00000000,0.00000000,1,0,0,'',NULL,NULL),(69,31,40,0.00000000,0.00000000,1,0,0,'',NULL,NULL),(70,31,42,0.00000000,0.00000000,1,0,0,'',NULL,NULL),(71,31,43,0.00000000,0.00000000,1,0,0,'',NULL,NULL),(72,31,45,0.00000000,0.00000000,0.166666666,0,0,'',NULL,NULL),(73,31,50,0.00000000,0.00000000,1,0,0,'',NULL,NULL),(74,31,51,0.00000000,0.00000000,1.1666666667,0,0,'',NULL,NULL),(75,31,52,0.00000000,0.00000000,1.1666666667,0,0,'',NULL,NULL),(76,57,40,0.00000000,0.00000000,1,0,0,'',NULL,NULL),(77,57,42,0.00000000,0.00000000,1,0,0,'',NULL,NULL),(78,57,43,0.00000000,0.00000000,1,0,0,'',NULL,NULL),(79,57,45,0.00000000,0.00000000,0.166666666,0,0,'',NULL,NULL),(80,57,50,0.00000000,0.00000000,1,0,0,'',NULL,NULL),(81,57,55,0.00000000,0.00000000,1.1666666667,0,0,'',NULL,NULL),(82,57,56,0.00000000,0.00000000,1.1666666667,0,0,'',NULL,NULL),(89,30,40,0.00000000,0.00000000,1,0,0,'',NULL,NULL),(90,30,42,0.00000000,0.00000000,1,0,0,'',NULL,NULL),(91,30,43,0.00000000,0.00000000,1,0,0,'',NULL,NULL),(92,30,45,0.00000000,0.00000000,0.166666666,0,0,'',NULL,NULL),(93,30,50,0.00000000,0.00000000,1,0,0,'',NULL,NULL),(94,30,55,0.00000000,0.00000000,1.1666666667,0,0,'',NULL,NULL),(95,30,58,0.00000000,0.00000000,1.1666666667,0,0,'',NULL,NULL);

--
-- Table structure for table `llxqa_product_fournisseur_price`
--

CREATE TABLE `llxqa_product_fournisseur_price` (
  `rowid` int(11) NOT NULL AUTO_INCREMENT,
  `entity` int(11) NOT NULL DEFAULT 1,
  `datec` datetime DEFAULT NULL,
  `tms` timestamp NOT NULL DEFAULT current_timestamp() ON UPDATE current_timestamp(),
  `fk_product` int(11) DEFAULT NULL,
  `fk_soc` int(11) DEFAULT NULL,
  `ref_fourn` varchar(30) DEFAULT NULL,
  `desc_fourn` text DEFAULT NULL,
  `fk_availability` int(11) DEFAULT NULL,
  `price` double(24,8) DEFAULT 0.00000000,
  `quantity` double DEFAULT NULL,
  `remise_percent` double NOT NULL DEFAULT 0,
  `remise` double NOT NULL DEFAULT 0,
  `unitprice` double(24,8) DEFAULT 0.00000000,
  `charges` double(24,8) DEFAULT 0.00000000,
  `default_vat_code` varchar(10) DEFAULT NULL,
  `tva_tx` double(6,3) NOT NULL,
  `localtax1_tx` double(6,3) DEFAULT 0.000,
  `localtax1_type` varchar(10) NOT NULL DEFAULT '0',
  `localtax2_tx` double(6,3) DEFAULT 0.000,
  `localtax2_type` varchar(10) NOT NULL DEFAULT '0',
  `info_bits` int(11) NOT NULL DEFAULT 0,
  `fk_user` int(11) DEFAULT NULL,
  `fk_supplier_price_expression` int(11) DEFAULT NULL,
  `import_key` varchar(14) DEFAULT NULL,
  `delivery_time_days` int(11) DEFAULT NULL,
  `supplier_reputation` varchar(10) DEFAULT NULL,
  `fk_multicurrency` int(11) DEFAULT NULL,
  `multicurrency_code` varchar(255) DEFAULT NULL,
  `multicurrency_tx` double(24,8) DEFAULT 1.00000000,
  `multicurrency_unitprice` double(24,8) DEFAULT NULL,
  `multicurrency_price` double(24,8) DEFAULT NULL,
  `barcode` varchar(180) DEFAULT NULL,
  `fk_barcode_type` int(11) DEFAULT NULL,
  PRIMARY KEY (`rowid`),
  UNIQUE KEY `uk_product_fournisseur_price_ref` (`ref_fourn`,`fk_soc`,`quantity`,`entity`),
  UNIQUE KEY `uk_product_barcode` (`barcode`,`fk_barcode_type`,`entity`),
  KEY `idx_product_fournisseur_price_fk_user` (`fk_user`),
  KEY `idx_product_fourn_price_fk_product` (`fk_product`,`entity`),
  KEY `idx_product_fourn_price_fk_soc` (`fk_soc`,`entity`),
  KEY `idx_product_barcode` (`barcode`),
  KEY `idx_product_fk_barcode_type` (`fk_barcode_type`),
  CONSTRAINT `fk_product_fournisseur_price_barcode_type` FOREIGN KEY (`fk_barcode_type`) REFERENCES `llxqa_c_barcode_type` (`rowid`),
  CONSTRAINT `fk_product_fournisseur_price_fk_product` FOREIGN KEY (`fk_product`) REFERENCES `llxqa_product` (`rowid`),
  CONSTRAINT `fk_product_fournisseur_price_fk_user` FOREIGN KEY (`fk_user`) REFERENCES `llxqa_user` (`rowid`)
) ENGINE=InnoDB AUTO_INCREMENT=19 DEFAULT CHARSET=utf8;

--
-- Dumping data for table `llxqa_product_fournisseur_price`
--

INSERT INTO `llxqa_product_fournisseur_price` VALUES (7,1,'2018-12-29 23:49:37','2018-12-30 00:46:09',23,123,'Aroma Chocolate Lust',NULL,0,5909118.00000000,8000,0,0,739.00000000,0.00000000,NULL,10.000,0.000,'0',0.000,'0',0,1,NULL,NULL,NULL,NULL,2,'USD',0.00016923,0.00000000,1000.00000000,NULL,NULL),(8,1,'2018-12-29 23:50:54','2019-01-02 14:12:06',19,123,'Aroma_Lemon_Lick',NULL,0,5223273.00000000,8000,0,0,653.00000000,0.00000000,NULL,10.000,0.000,'0',0.000,'0',0,2,NULL,NULL,60,'FAVORITE',1,'PYG',1.00000000,653.00000000,5223273.00000000,NULL,NULL),(9,1,'2018-12-29 23:51:57','2018-12-30 00:46:59',22,123,'Aroma Strawberry Nights',NULL,0,5909118.00000000,8000,0,0,739.00000000,0.00000000,NULL,10.000,0.000,'0',0.000,'0',0,1,NULL,NULL,NULL,NULL,2,'USD',0.00016923,0.00000000,1000.00000000,NULL,NULL),(10,1,'2018-12-29 23:52:54','2019-01-02 14:12:42',21,123,'arAroma_Thron_of_Love Aroma Th',NULL,0,5223273.00000000,8000,0,0,653.00000000,0.00000000,NULL,10.000,0.000,'0',0.000,'0',0,2,NULL,NULL,NULL,NULL,1,'PYG',1.00000000,653.00000000,5223273.00000000,NULL,NULL),(13,1,'2018-12-30 00:15:13','2019-01-02 11:52:10',18,119,'sugar wht',NULL,0,3455.00000000,1,0,0,3455.00000000,0.00000000,NULL,10.000,0.000,'0',0.000,'0',0,2,NULL,NULL,1,NULL,1,'PYG',1.00000000,3455.00000000,3455.00000000,NULL,NULL),(15,1,'2018-12-30 04:06:12','2018-12-30 16:51:06',24,125,'500ml bottle',NULL,0,4500.00000000,1,0,0,4500.00000000,0.00000000,NULL,10.000,0.000,'0',0.000,'0',0,1,NULL,NULL,NULL,NULL,1,'PYG',1.00000000,4500.00000000,4500.00000000,NULL,NULL),(17,1,'2019-01-02 17:03:11','2019-01-02 17:03:11',29,126,'Label Lulu',NULL,0,1045455.00000000,2500,0,0,418.00000000,0.00000000,NULL,10.000,0.000,'0',0.000,'0',0,2,NULL,NULL,NULL,NULL,1,'PYG',1.00000000,418.00000000,1045455.00000000,NULL,NULL),(18,1,'2019-01-02 17:12:46','2019-01-02 17:12:46',28,126,'Lulu label',NULL,0,1045455.00000000,2500,0,0,418.00000000,0.00000000,NULL,10.000,0.000,'0',0.000,'0',0,2,NULL,NULL,NULL,NULL,1,'PYG',1.00000000,418.00000000,1045455.00000000,NULL,NULL);

--
-- Table structure for table `llxqa_product_fournisseur_price_extrafields`
--

CREATE TABLE `llxqa_product_fournisseur_price_extrafields` (
  `rowid` int(11) NOT NULL AUTO_INCREMENT,
  `tms` timestamp NOT NULL DEFAULT current_timestamp() ON UPDATE current_timestamp(),
  `fk_object` int(11) NOT NULL,
  `import_key` varchar(14) DEFAULT NULL,
  PRIMARY KEY (`rowid`),
  KEY `idx_product_fournisseur_price_extrafields` (`fk_object`)
) ENGINE=InnoDB DEFAULT CHARSET=latin1;

--
-- Dumping data for table `llxqa_product_fournisseur_price_extrafields`
--


--
-- Table structure for table `llxqa_product_fournisseur_price_log`
--

CREATE TABLE `llxqa_product_fournisseur_price_log` (
  `rowid` int(11) NOT NULL AUTO_INCREMENT,
  `datec` datetime DEFAULT NULL,
  `fk_product_fournisseur` int(11) NOT NULL,
  `price` double(24,8) DEFAULT 0.00000000,
  `quantity` double DEFAULT NULL,
  `fk_user` int(11) DEFAULT NULL,
  `fk_multicurrency` int(11) DEFAULT NULL,
  `multicurrency_code` varchar(255) DEFAULT NULL,
  `multicurrency_tx` double(24,8) DEFAULT 1.00000000,
  `multicurrency_unitprice` double(24,8) DEFAULT NULL,
  `multicurrency_price` double(24,8) DEFAULT NULL,
  PRIMARY KEY (`rowid`)
) ENGINE=InnoDB DEFAULT CHARSET=utf8;

--
-- Dumping data for table `llxqa_product_fournisseur_price_log`
--


--
-- Table structure for table `llxqa_product_lang`
--

CREATE TABLE `llxqa_product_lang` (
  `rowid` int(11) NOT NULL AUTO_INCREMENT,
  `fk_product` int(11) NOT NULL DEFAULT 0,
  `lang` varchar(5) NOT NULL DEFAULT '0',
  `label` varchar(255) NOT NULL,
  `description` text DEFAULT NULL,
  `note` text DEFAULT NULL,
  `import_key` varchar(14) DEFAULT NULL,
  PRIMARY KEY (`rowid`),
  UNIQUE KEY `uk_product_lang` (`fk_product`,`lang`),
  CONSTRAINT `fk_product_lang_fk_product` FOREIGN KEY (`fk_product`) REFERENCES `llxqa_product` (`rowid`)
) ENGINE=InnoDB DEFAULT CHARSET=utf8;

--
-- Dumping data for table `llxqa_product_lang`
--


--
-- Table structure for table `llxqa_product_lot`
--

CREATE TABLE `llxqa_product_lot` (
  `rowid` int(11) NOT NULL AUTO_INCREMENT,
  `entity` int(11) DEFAULT 1,
  `fk_product` int(11) NOT NULL,
  `batch` varchar(30) DEFAULT NULL,
  `eatby` date DEFAULT NULL,
  `sellby` date DEFAULT NULL,
  `datec` datetime DEFAULT NULL,
  `tms` timestamp NOT NULL DEFAULT current_timestamp() ON UPDATE current_timestamp(),
  `fk_user_creat` int(11) DEFAULT NULL,
  `fk_user_modif` int(11) DEFAULT NULL,
  `import_key` int(11) DEFAULT NULL,
  PRIMARY KEY (`rowid`),
  UNIQUE KEY `uk_product_lot` (`fk_product`,`batch`)
) ENGINE=InnoDB AUTO_INCREMENT=19 DEFAULT CHARSET=utf8;

--
-- Dumping data for table `llxqa_product_lot`
--

INSERT INTO `llxqa_product_lot` VALUES (1,1,14,'MT1812/01',NULL,NULL,'2018-12-19 14:09:57','2018-12-19 14:09:57',NULL,NULL,NULL),(2,1,1,'LL-TL-1812-01',NULL,NULL,'2018-12-26 17:40:47','2018-12-26 17:40:47',NULL,NULL,NULL),(3,1,4,'LL-LL-18-12-01','2020-12-31','2020-08-31','2018-12-29 20:42:59','2018-12-29 20:42:59',NULL,NULL,NULL),(4,1,3,'001',NULL,NULL,'2020-06-22 19:09:05','2020-06-22 19:09:05',NULL,NULL,NULL),(5,1,2,'001',NULL,NULL,'2020-06-22 19:10:27','2020-06-22 19:10:27',NULL,NULL,NULL),(6,1,10,'001',NULL,NULL,'2020-06-22 19:12:12','2020-06-22 19:12:12',NULL,NULL,NULL),(7,1,4,'Milk bottles',NULL,NULL,'2020-07-01 16:14:13','2020-07-01 16:14:13',NULL,NULL,NULL),(8,1,3,'Milk bottles',NULL,NULL,'2020-07-01 16:23:43','2020-07-01 16:23:43',NULL,NULL,NULL),(9,1,3,'Flip top bottles',NULL,NULL,'2020-07-01 16:24:12','2020-07-01 16:24:12',NULL,NULL,NULL),(10,1,2,'Flip top bottles',NULL,NULL,'2020-07-01 16:59:21','2020-07-01 16:59:21',NULL,NULL,NULL),(11,1,2,'Milk bottles',NULL,NULL,'2020-07-01 16:59:57','2020-07-01 16:59:57',NULL,NULL,NULL),(12,1,4,'001',NULL,NULL,'2020-07-01 17:01:31','2020-07-01 17:01:31',NULL,NULL,NULL),(13,1,4,'Flip top bottles',NULL,NULL,'2020-07-01 17:03:52','2020-07-01 17:03:52',NULL,NULL,NULL),(14,1,1,'001',NULL,NULL,'2020-07-01 17:05:59','2020-07-01 17:05:59',NULL,NULL,NULL),(15,1,1,'Flip top bottles',NULL,NULL,'2020-07-01 17:06:45','2020-07-01 17:06:45',NULL,NULL,NULL),(16,1,1,'Milk bottles',NULL,NULL,'2020-07-01 17:57:08','2020-07-01 17:57:08',NULL,NULL,NULL),(17,1,30,'AD1905/01',NULL,NULL,'2020-08-13 15:41:27','2020-08-13 15:41:27',NULL,NULL,NULL),(18,1,11,'MP2008/01',NULL,NULL,'2020-09-10 19:13:20','2020-09-10 19:13:20',NULL,NULL,NULL);

--
-- Table structure for table `llxqa_product_lot_extrafields`
--

CREATE TABLE `llxqa_product_lot_extrafields` (
  `rowid` int(11) NOT NULL AUTO_INCREMENT,
  `tms` timestamp NOT NULL DEFAULT current_timestamp() ON UPDATE current_timestamp(),
  `fk_object` int(11) NOT NULL,
  `import_key` varchar(14) DEFAULT NULL,
  PRIMARY KEY (`rowid`),
  KEY `idx_product_lot_extrafields` (`fk_object`)
) ENGINE=InnoDB DEFAULT CHARSET=utf8;

--
-- Dumping data for table `llxqa_product_lot_extrafields`
--


--
-- Table structure for table `llxqa_product_price`
--

CREATE TABLE `llxqa_product_price` (
  `rowid` int(11) NOT NULL AUTO_INCREMENT,
  `entity` int(11) NOT NULL DEFAULT 1,
  `tms` timestamp NOT NULL DEFAULT current_timestamp() ON UPDATE current_timestamp(),
  `fk_product` int(11) NOT NULL,
  `date_price` datetime NOT NULL,
  `price_level` smallint(6) DEFAULT 1,
  `price` double(24,8) DEFAULT NULL,
  `price_ttc` double(24,8) DEFAULT NULL,
  `price_min` double(24,8) DEFAULT NULL,
  `price_min_ttc` double(24,8) DEFAULT NULL,
  `price_base_type` varchar(3) DEFAULT 'HT',
  `default_vat_code` varchar(10) DEFAULT NULL,
  `tva_tx` double(6,3) NOT NULL DEFAULT 0.000,
  `recuperableonly` int(11) NOT NULL DEFAULT 0,
  `localtax1_tx` double(6,3) DEFAULT 0.000,
  `localtax1_type` varchar(10) NOT NULL DEFAULT '0',
  `localtax2_tx` double(6,3) DEFAULT 0.000,
  `localtax2_type` varchar(10) NOT NULL DEFAULT '0',
  `fk_user_author` int(11) DEFAULT NULL,
  `tosell` tinyint(4) DEFAULT 1,
  `price_by_qty` int(11) NOT NULL DEFAULT 0,
  `fk_price_expression` int(11) DEFAULT NULL,
  `import_key` varchar(14) DEFAULT NULL,
  `fk_multicurrency` int(11) DEFAULT NULL,
  `multicurrency_code` varchar(255) DEFAULT NULL,
  `multicurrency_tx` double(24,8) DEFAULT 1.00000000,
  `multicurrency_price` double(24,8) DEFAULT NULL,
  `multicurrency_price_ttc` double(24,8) DEFAULT NULL,
  PRIMARY KEY (`rowid`),
  KEY `idx_product_price_fk_user_author` (`fk_user_author`),
  KEY `idx_product_price_fk_product` (`fk_product`),
  CONSTRAINT `fk_product_price_product` FOREIGN KEY (`fk_user_author`) REFERENCES `llxqa_user` (`rowid`),
  CONSTRAINT `fk_product_price_user_author` FOREIGN KEY (`fk_product`) REFERENCES `llxqa_product` (`rowid`)
) ENGINE=InnoDB AUTO_INCREMENT=194 DEFAULT CHARSET=utf8;

--
-- Dumping data for table `llxqa_product_price`
--

INSERT INTO `llxqa_product_price` VALUES (1,1,'2018-11-12 19:04:31',1,'2018-11-12 19:04:31',1,0.00000000,0.00000000,0.00000000,0.00000000,'HT','IVA',10.000,0,0.000,'0',0.000,'0',2,1,0,NULL,NULL,NULL,NULL,1.00000000,NULL,NULL),(2,1,'2018-11-12 19:11:56',2,'2018-11-12 19:11:56',1,0.00000000,0.00000000,0.00000000,0.00000000,'HT','IVA',10.000,0,0.000,'0',0.000,'0',2,1,0,NULL,NULL,NULL,NULL,1.00000000,NULL,NULL),(3,1,'2018-11-12 19:16:13',3,'2018-11-12 19:16:13',1,0.00000000,0.00000000,0.00000000,0.00000000,'HT','IVA',10.000,0,0.000,'0',0.000,'0',2,1,0,NULL,NULL,NULL,NULL,1.00000000,NULL,NULL),(4,1,'2018-11-12 19:20:26',4,'2018-11-12 19:20:26',1,0.00000000,0.00000000,0.00000000,0.00000000,'HT','IVA',10.000,0,0.000,'0',0.000,'0',2,1,0,NULL,NULL,NULL,NULL,1.00000000,NULL,NULL),(6,1,'2018-11-12 19:27:53',6,'2018-11-12 19:27:53',1,0.00000000,0.00000000,0.00000000,0.00000000,'HT','IVA',10.000,0,0.000,'0',0.000,'0',2,1,0,NULL,NULL,NULL,NULL,1.00000000,NULL,NULL),(7,1,'2018-11-12 19:48:55',7,'2018-11-12 19:48:55',1,0.00000000,0.00000000,0.00000000,0.00000000,'HT','IVA',10.000,0,0.000,'0',0.000,'0',2,1,0,NULL,NULL,NULL,NULL,1.00000000,NULL,NULL),(8,1,'2018-11-12 19:55:35',8,'2018-11-12 19:55:35',1,0.00000000,0.00000000,0.00000000,0.00000000,'HT','IVA',10.000,0,0.000,'0',0.000,'0',2,1,0,NULL,NULL,NULL,NULL,1.00000000,NULL,NULL),(9,1,'2018-11-12 19:58:54',9,'2018-11-12 19:58:54',1,0.00000000,0.00000000,0.00000000,0.00000000,'HT','IVA',10.000,0,0.000,'0',0.000,'0',2,1,0,NULL,NULL,NULL,NULL,1.00000000,NULL,NULL),(10,1,'2018-11-12 20:00:45',10,'2018-11-12 20:00:45',1,0.00000000,0.00000000,0.00000000,0.00000000,'HT','IVA',10.000,0,0.000,'0',0.000,'0',2,1,0,NULL,NULL,NULL,NULL,1.00000000,NULL,NULL),(11,1,'2018-11-12 20:03:14',11,'2018-11-12 20:03:14',1,0.00000000,0.00000000,0.00000000,0.00000000,'HT','IVA',10.000,0,0.000,'0',0.000,'0',2,1,0,NULL,NULL,NULL,NULL,1.00000000,NULL,NULL),(12,1,'2018-11-12 20:04:54',12,'2018-11-12 20:04:54',1,0.00000000,0.00000000,0.00000000,0.00000000,'HT','IVA',10.000,0,0.000,'0',0.000,'0',2,1,0,NULL,NULL,NULL,NULL,1.00000000,NULL,NULL),(13,1,'2018-11-12 20:06:45',13,'2018-11-12 20:06:45',1,0.00000000,0.00000000,0.00000000,0.00000000,'HT','IVA',10.000,0,0.000,'0',0.000,'0',2,1,0,NULL,NULL,NULL,NULL,1.00000000,NULL,NULL),(14,1,'2018-11-13 12:38:00',14,'2018-11-13 12:38:00',1,0.00000000,0.00000000,0.00000000,0.00000000,'HT','IVA',10.000,0,0.000,'0',0.000,'0',2,1,0,NULL,NULL,NULL,NULL,1.00000000,NULL,NULL),(15,1,'2018-11-13 12:39:27',15,'2018-11-13 12:39:27',1,0.00000000,0.00000000,0.00000000,0.00000000,'HT','IVA',10.000,0,0.000,'0',0.000,'0',2,1,0,NULL,NULL,NULL,NULL,1.00000000,NULL,NULL),(16,1,'2018-11-23 16:05:56',16,'2018-11-23 16:05:56',1,0.00000000,0.00000000,0.00000000,0.00000000,'HT','IVA5',5.000,0,0.000,'0',0.000,'0',2,1,0,NULL,NULL,NULL,NULL,1.00000000,NULL,NULL),(17,1,'2018-11-28 18:02:53',15,'2018-11-28 18:02:53',1,60000.00000000,66000.00000000,0.00000000,0.00000000,'HT','IVA',10.000,0,0.000,'0',0.000,'0',1,1,0,NULL,NULL,NULL,NULL,1.00000000,NULL,NULL),(18,1,'2018-11-28 18:03:28',9,'2018-11-28 18:03:28',1,100000.00000000,110000.00000000,0.00000000,0.00000000,'HT','IVA',10.000,0,0.000,'0',0.000,'0',1,1,0,NULL,NULL,NULL,NULL,1.00000000,NULL,NULL),(19,1,'2018-11-28 18:04:24',10,'2018-11-28 18:04:24',1,69000.00000000,75900.00000000,0.00000000,0.00000000,'HT','IVA',10.000,0,0.000,'0',0.000,'0',1,1,0,NULL,NULL,NULL,NULL,1.00000000,NULL,NULL),(20,1,'2018-11-28 18:05:01',2,'2018-11-28 18:05:01',1,27200.00000000,29920.00000000,0.00000000,0.00000000,'HT','IVA',10.000,0,0.000,'0',0.000,'0',1,1,0,NULL,NULL,NULL,NULL,1.00000000,NULL,NULL),(21,1,'2018-11-28 18:05:35',6,'2018-11-28 18:05:35',1,25000.00000000,27500.00000000,0.00000000,0.00000000,'HT','IVA',10.000,0,0.000,'0',0.000,'0',1,1,0,NULL,NULL,NULL,NULL,1.00000000,NULL,NULL),(22,1,'2018-11-28 18:06:19',4,'2018-11-28 18:06:19',1,27200.00000000,29920.00000000,0.00000000,0.00000000,'HT','IVA',10.000,0,0.000,'0',0.000,'0',1,1,0,NULL,NULL,NULL,NULL,1.00000000,NULL,NULL),(24,1,'2018-11-28 18:07:19',3,'2018-11-28 18:07:19',1,27200.00000000,29920.00000000,0.00000000,0.00000000,'HT','IVA',10.000,0,0.000,'0',0.000,'0',1,1,0,NULL,NULL,NULL,NULL,1.00000000,NULL,NULL),(25,1,'2018-11-28 18:07:51',14,'2018-11-28 18:07:51',1,102000.00000000,112200.00000000,0.00000000,0.00000000,'HT','IVA',10.000,0,0.000,'0',0.000,'0',1,1,0,NULL,NULL,NULL,NULL,1.00000000,NULL,NULL),(26,1,'2018-11-28 18:08:21',1,'2018-11-28 18:08:21',1,27200.00000000,29920.00000000,0.00000000,0.00000000,'HT','IVA',10.000,0,0.000,'0',0.000,'0',1,1,0,NULL,NULL,NULL,NULL,1.00000000,NULL,NULL),(27,1,'2018-11-28 18:17:45',8,'2018-11-28 18:17:45',1,69000.00000000,75900.00000000,0.00000000,0.00000000,'HT','IVA',10.000,0,0.000,'0',0.000,'0',1,1,0,NULL,NULL,NULL,NULL,1.00000000,NULL,NULL),(28,1,'2018-11-28 18:18:32',16,'2018-11-28 18:18:32',1,30000.00000000,31500.00000000,0.00000000,0.00000000,'HT','IVA5',5.000,0,0.000,'0',0.000,'0',1,1,0,NULL,NULL,NULL,NULL,1.00000000,NULL,NULL),(29,1,'2018-11-28 18:19:03',7,'2018-11-28 18:19:03',1,30000.00000000,33000.00000000,0.00000000,0.00000000,'HT','IVA',10.000,0,0.000,'0',0.000,'0',1,1,0,NULL,NULL,NULL,NULL,1.00000000,NULL,NULL),(30,1,'2018-12-18 13:10:59',17,'2018-12-18 13:10:59',1,54091.00000000,59500.00000000,0.00000000,0.00000000,'TTC','IVA',10.000,0,0.000,'0',0.000,'0',1,0,0,NULL,NULL,NULL,NULL,1.00000000,NULL,NULL),(31,1,'2018-12-27 12:37:02',15,'2018-12-27 12:37:02',1,50000.00000000,55000.00000000,0.00000000,0.00000000,'HT','IVA',10.000,0,0.000,'0',0.000,'0',2,1,0,NULL,NULL,NULL,NULL,1.00000000,NULL,NULL),(32,1,'2018-12-29 23:10:03',18,'2018-12-29 23:10:03',1,6000.00000000,6600.00000000,4000.00000000,4400.00000000,'HT','IVA',10.000,0,0.000,'0',0.000,'0',1,0,0,NULL,NULL,NULL,NULL,1.00000000,NULL,NULL),(33,1,'2018-12-29 23:15:33',19,'2018-12-29 23:15:33',1,1400.00000000,1540.00000000,1400.00000000,1540.00000000,'HT','IVA',10.000,0,0.000,'0',0.000,'0',1,0,0,NULL,NULL,NULL,NULL,1.00000000,NULL,NULL),(34,1,'2018-12-29 23:23:18',20,'2018-12-29 23:23:18',1,0.00000000,0.00000000,0.00000000,0.00000000,'HT','IVA',10.000,0,0.000,'0',0.000,'0',1,0,0,NULL,NULL,NULL,NULL,1.00000000,NULL,NULL),(35,1,'2018-12-29 23:32:28',21,'2018-12-29 23:32:28',1,1400.00000000,1540.00000000,1400.00000000,1540.00000000,'HT','IVA',10.000,0,0.000,'0',0.000,'0',1,0,0,NULL,NULL,NULL,NULL,1.00000000,NULL,NULL),(36,1,'2018-12-29 23:41:41',22,'2018-12-29 23:41:41',1,1400.00000000,1540.00000000,1400.00000000,1540.00000000,'HT','IVA',10.000,0,0.000,'0',0.000,'0',1,0,0,NULL,NULL,NULL,NULL,1.00000000,NULL,NULL),(37,1,'2018-12-29 23:43:43',23,'2018-12-29 23:43:43',1,1400.00000000,1540.00000000,1400.00000000,1540.00000000,'HT','IVA',10.000,0,0.000,'0',0.000,'0',1,0,0,NULL,NULL,NULL,NULL,1.00000000,NULL,NULL),(38,1,'2018-12-30 03:06:33',24,'2018-12-30 03:06:33',1,0.00000000,0.00000000,0.00000000,0.00000000,'HT','IVA',10.000,0,0.000,'0',0.000,'0',1,0,0,NULL,NULL,NULL,NULL,1.00000000,NULL,NULL),(39,1,'2018-12-30 03:53:33',18,'2018-12-30 03:53:33',1,0.00000000,0.00000000,0.00000000,0.00000000,'HT','IVA',10.000,0,0.000,'0',0.000,'0',1,1,0,NULL,NULL,NULL,NULL,1.00000000,NULL,NULL),(40,1,'2018-12-30 04:30:36',21,'2018-12-30 04:30:36',1,0.00000000,0.00000000,0.00000000,0.00000000,'HT','IVA',10.000,0,0.000,'0',0.000,'0',1,1,0,NULL,NULL,NULL,NULL,1.00000000,NULL,NULL),(41,1,'2018-12-30 04:40:12',19,'2018-12-30 04:40:12',1,0.00000000,0.00000000,0.00000000,0.00000000,'HT','IVA',10.000,0,0.000,'0',0.000,'0',1,1,0,NULL,NULL,NULL,NULL,1.00000000,NULL,NULL),(42,1,'2018-12-30 15:43:47',25,'2018-12-30 15:43:47',1,0.00000000,0.00000000,0.00000000,0.00000000,'HT','IVA',10.000,0,0.000,'0',0.000,'0',1,0,0,NULL,NULL,NULL,NULL,1.00000000,NULL,NULL),(43,1,'2018-12-30 15:51:19',25,'2018-12-30 15:51:19',1,30000.00000000,33000.00000000,0.00000000,0.00000000,'HT','IVA',10.000,0,0.000,'0',0.000,'0',1,1,0,NULL,NULL,NULL,NULL,1.00000000,NULL,NULL),(44,1,'2018-12-30 16:05:40',26,'2018-12-30 16:05:40',1,0.00000000,0.00000000,0.00000000,0.00000000,'HT','IVA',10.000,0,0.000,'0',0.000,'0',1,0,0,NULL,NULL,NULL,NULL,1.00000000,NULL,NULL),(45,1,'2018-12-30 16:21:14',20,'2018-12-30 16:21:14',1,625.00000000,688.00000000,0.00000000,0.00000000,'HT','IVA',10.000,0,0.000,'0',0.000,'0',1,1,0,NULL,NULL,NULL,NULL,1.00000000,NULL,NULL),(46,1,'2018-12-30 16:23:14',27,'2018-12-30 16:23:14',1,0.00000000,0.00000000,0.00000000,0.00000000,'HT','IVA',10.000,0,0.000,'0',0.000,'0',1,1,0,NULL,NULL,NULL,NULL,1.00000000,NULL,NULL),(47,1,'2019-01-02 16:46:23',28,'2019-01-02 16:46:23',1,0.00000000,0.00000000,0.00000000,0.00000000,'HT','IVA',10.000,0,0.000,'0',0.000,'0',2,0,0,NULL,NULL,NULL,NULL,1.00000000,NULL,NULL),(48,1,'2019-01-02 16:48:26',29,'2019-01-02 16:48:26',1,0.00000000,0.00000000,0.00000000,0.00000000,'HT','IVA',10.000,0,0.000,'0',0.000,'0',2,0,0,NULL,NULL,NULL,NULL,1.00000000,NULL,NULL),(49,1,'2019-07-24 18:24:29',30,'2019-07-24 18:24:29',1,0.00000000,0.00000000,0.00000000,0.00000000,'HT','IVA',10.000,0,0.000,'0',0.000,'0',2,1,0,NULL,NULL,NULL,NULL,1.00000000,NULL,NULL),(50,1,'2019-07-24 18:29:50',30,'2019-07-24 18:29:50',1,60000.00000000,66000.00000000,0.00000000,0.00000000,'HT','IVA',10.000,0,0.000,'0',0.000,'0',2,1,0,NULL,NULL,NULL,NULL,1.00000000,NULL,NULL),(51,1,'2019-07-24 19:33:20',31,'2019-07-24 19:33:20',1,0.00000000,0.00000000,0.00000000,0.00000000,'HT','IVA',10.000,0,0.000,'0',0.000,'0',2,1,0,NULL,NULL,NULL,NULL,1.00000000,NULL,NULL),(52,1,'2019-07-24 19:34:21',31,'2019-07-24 19:34:21',1,95000.00000000,104500.00000000,0.00000000,0.00000000,'HT','IVA',10.000,0,0.000,'0',0.000,'0',2,1,0,NULL,NULL,NULL,NULL,1.00000000,NULL,NULL),(53,1,'2019-07-29 20:04:07',32,'2019-07-29 20:04:07',1,0.00000000,0.00000000,0.00000000,0.00000000,'HT','IVA',10.000,0,0.000,'0',0.000,'0',1,0,0,NULL,NULL,NULL,NULL,1.00000000,NULL,NULL),(54,1,'2019-11-11 15:52:31',33,'2019-11-11 15:52:31',1,0.00000000,0.00000000,0.00000000,0.00000000,'HT','IVA',10.000,0,0.000,'0',0.000,'0',2,0,0,NULL,NULL,NULL,NULL,1.00000000,NULL,NULL),(55,1,'2019-11-11 15:54:56',34,'2019-11-11 15:54:56',1,0.00000000,0.00000000,0.00000000,0.00000000,'HT','IVA',10.000,0,0.000,'0',0.000,'0',2,0,0,NULL,NULL,NULL,NULL,1.00000000,NULL,NULL),(56,1,'2019-11-11 15:57:23',35,'2019-11-11 15:57:23',1,0.00000000,0.00000000,0.00000000,0.00000000,'HT','IVA',10.000,0,0.000,'0',0.000,'0',2,1,0,NULL,NULL,NULL,NULL,1.00000000,NULL,NULL),(57,1,'2019-11-11 18:13:02',36,'2019-11-11 18:13:02',1,0.00000000,0.00000000,0.00000000,0.00000000,'HT','IVA',10.000,0,0.000,'0',0.000,'0',2,0,0,NULL,NULL,NULL,NULL,1.00000000,NULL,NULL),(58,1,'2019-12-19 12:45:11',9,'2019-12-19 12:45:11',1,118182.00000000,130000.00000000,0.00000000,0.00000000,'TTC','IVA',10.000,0,0.000,'0',0.000,'0',2,1,0,NULL,NULL,NULL,NULL,1.00000000,NULL,NULL),(59,1,'2019-12-19 12:45:11',9,'2019-12-19 12:45:11',2,153636.00000000,169000.00000000,0.00000000,0.00000000,'TTC','IVA',10.000,0,0.000,'0',0.000,'0',2,1,0,NULL,NULL,NULL,NULL,1.00000000,NULL,NULL),(60,1,'2019-12-19 12:45:11',9,'2019-12-19 12:45:11',3,0.00000000,0.00000000,0.00000000,0.00000000,'HT','IVA',10.000,0,0.000,'0',0.000,'0',2,1,0,NULL,NULL,NULL,NULL,1.00000000,NULL,NULL),(61,1,'2019-12-19 12:45:11',9,'2019-12-19 12:45:11',4,0.00000000,0.00000000,0.00000000,0.00000000,'HT','IVA',10.000,0,0.000,'0',0.000,'0',2,1,0,NULL,NULL,NULL,NULL,1.00000000,NULL,NULL),(62,1,'2019-12-19 12:45:11',9,'2019-12-19 12:45:11',5,0.00000000,0.00000000,0.00000000,0.00000000,'HT','IVA',10.000,0,0.000,'0',0.000,'0',2,1,0,NULL,NULL,NULL,NULL,1.00000000,NULL,NULL),(63,1,'2019-12-19 13:40:56',9,'2019-12-19 13:40:56',1,118182.00000000,130000.00000000,0.00000000,0.00000000,'TTC','IVA',10.000,0,0.000,'0',0.000,'0',2,1,0,NULL,NULL,NULL,NULL,1.00000000,NULL,NULL),(64,1,'2019-12-19 13:40:56',9,'2019-12-19 13:40:56',2,15.00000000,17.00000000,0.00000000,0.00000000,'HT','IVA',10.000,0,0.000,'0',0.000,'0',2,1,0,NULL,NULL,NULL,NULL,1.00000000,NULL,NULL),(65,1,'2019-12-19 13:43:15',30,'2019-12-19 13:43:15',1,81818.00000000,90000.00000000,0.00000000,0.00000000,'TTC','IVA',10.000,0,0.000,'0',0.000,'0',2,1,0,NULL,NULL,NULL,NULL,1.00000000,NULL,NULL),(66,1,'2019-12-19 13:43:15',30,'2019-12-19 13:43:15',2,9.00000000,10.00000000,0.00000000,0.00000000,'HT','IVA',10.000,0,0.000,'0',0.000,'0',2,1,0,NULL,NULL,NULL,NULL,1.00000000,NULL,NULL),(67,1,'2019-12-19 13:43:15',30,'2019-12-19 13:43:15',3,0.00000000,0.00000000,0.00000000,0.00000000,'HT','IVA',10.000,0,0.000,'0',0.000,'0',2,1,0,NULL,NULL,NULL,NULL,1.00000000,NULL,NULL),(68,1,'2019-12-19 13:43:15',30,'2019-12-19 13:43:15',4,0.00000000,0.00000000,0.00000000,0.00000000,'HT','IVA',10.000,0,0.000,'0',0.000,'0',2,1,0,NULL,NULL,NULL,NULL,1.00000000,NULL,NULL),(69,1,'2019-12-19 13:43:15',30,'2019-12-19 13:43:15',5,0.00000000,0.00000000,0.00000000,0.00000000,'HT','IVA',10.000,0,0.000,'0',0.000,'0',2,1,0,NULL,NULL,NULL,NULL,1.00000000,NULL,NULL),(70,1,'2019-12-19 13:49:20',10,'2019-12-19 13:49:20',1,90909.00000000,100000.00000000,0.00000000,0.00000000,'TTC','IVA',10.000,0,0.000,'0',0.000,'0',2,1,0,NULL,NULL,NULL,NULL,1.00000000,NULL,NULL),(71,1,'2019-12-19 13:49:20',10,'2019-12-19 13:49:20',2,11.00000000,12.00000000,0.00000000,0.00000000,'HT','IVA',10.000,0,0.000,'0',0.000,'0',2,1,0,NULL,NULL,NULL,NULL,1.00000000,NULL,NULL),(72,1,'2019-12-19 13:49:20',10,'2019-12-19 13:49:20',3,0.00000000,0.00000000,0.00000000,0.00000000,'HT','IVA',10.000,0,0.000,'0',0.000,'0',2,1,0,NULL,NULL,NULL,NULL,1.00000000,NULL,NULL),(73,1,'2019-12-19 13:49:20',10,'2019-12-19 13:49:20',4,0.00000000,0.00000000,0.00000000,0.00000000,'HT','IVA',10.000,0,0.000,'0',0.000,'0',2,1,0,NULL,NULL,NULL,NULL,1.00000000,NULL,NULL),(74,1,'2019-12-19 13:49:20',10,'2019-12-19 13:49:20',5,0.00000000,0.00000000,0.00000000,0.00000000,'HT','IVA',10.000,0,0.000,'0',0.000,'0',2,1,0,NULL,NULL,NULL,NULL,1.00000000,NULL,NULL),(75,1,'2019-12-19 13:51:25',2,'2019-12-19 13:51:25',1,18182.00000000,20000.00000000,0.00000000,0.00000000,'TTC','IVA',10.000,0,0.000,'0',0.000,'0',2,1,0,NULL,NULL,NULL,NULL,1.00000000,NULL,NULL),(76,1,'2019-12-19 13:51:25',2,'2019-12-19 13:51:25',2,3.00000000,3.00000000,0.00000000,0.00000000,'HT','IVA',10.000,0,0.000,'0',0.000,'0',2,1,0,NULL,NULL,NULL,NULL,1.00000000,NULL,NULL),(77,1,'2019-12-19 13:51:25',2,'2019-12-19 13:51:25',3,0.00000000,0.00000000,0.00000000,0.00000000,'HT','IVA',10.000,0,0.000,'0',0.000,'0',2,1,0,NULL,NULL,NULL,NULL,1.00000000,NULL,NULL),(78,1,'2019-12-19 13:51:25',2,'2019-12-19 13:51:25',4,0.00000000,0.00000000,0.00000000,0.00000000,'HT','IVA',10.000,0,0.000,'0',0.000,'0',2,1,0,NULL,NULL,NULL,NULL,1.00000000,NULL,NULL),(79,1,'2019-12-19 13:51:25',2,'2019-12-19 13:51:25',5,0.00000000,0.00000000,0.00000000,0.00000000,'HT','IVA',10.000,0,0.000,'0',0.000,'0',2,1,0,NULL,NULL,NULL,NULL,1.00000000,NULL,NULL),(80,1,'2019-12-19 13:52:06',4,'2019-12-19 13:52:06',1,18182.00000000,20000.00000000,0.00000000,0.00000000,'TTC','IVA',10.000,0,0.000,'0',0.000,'0',2,1,0,NULL,NULL,NULL,NULL,1.00000000,NULL,NULL),(81,1,'2019-12-19 13:52:06',4,'2019-12-19 13:52:06',2,3.00000000,3.00000000,0.00000000,0.00000000,'HT','IVA',10.000,0,0.000,'0',0.000,'0',2,1,0,NULL,NULL,NULL,NULL,1.00000000,NULL,NULL),(82,1,'2019-12-19 13:52:06',4,'2019-12-19 13:52:06',3,0.00000000,0.00000000,0.00000000,0.00000000,'HT','IVA',10.000,0,0.000,'0',0.000,'0',2,1,0,NULL,NULL,NULL,NULL,1.00000000,NULL,NULL),(83,1,'2019-12-19 13:52:06',4,'2019-12-19 13:52:06',4,0.00000000,0.00000000,0.00000000,0.00000000,'HT','IVA',10.000,0,0.000,'0',0.000,'0',2,1,0,NULL,NULL,NULL,NULL,1.00000000,NULL,NULL),(84,1,'2019-12-19 13:52:06',4,'2019-12-19 13:52:06',5,0.00000000,0.00000000,0.00000000,0.00000000,'HT','IVA',10.000,0,0.000,'0',0.000,'0',2,1,0,NULL,NULL,NULL,NULL,1.00000000,NULL,NULL),(85,1,'2019-12-19 13:52:58',3,'2019-12-19 13:52:58',1,18182.00000000,20000.00000000,0.00000000,0.00000000,'TTC','IVA',10.000,0,0.000,'0',0.000,'0',2,1,0,NULL,NULL,NULL,NULL,1.00000000,NULL,NULL),(86,1,'2019-12-19 13:52:58',3,'2019-12-19 13:52:58',2,3.00000000,3.00000000,0.00000000,0.00000000,'HT','IVA',10.000,0,0.000,'0',0.000,'0',2,1,0,NULL,NULL,NULL,NULL,1.00000000,NULL,NULL),(87,1,'2019-12-19 13:52:58',3,'2019-12-19 13:52:58',3,0.00000000,0.00000000,0.00000000,0.00000000,'HT','IVA',10.000,0,0.000,'0',0.000,'0',2,1,0,NULL,NULL,NULL,NULL,1.00000000,NULL,NULL),(88,1,'2019-12-19 13:52:58',3,'2019-12-19 13:52:58',4,0.00000000,0.00000000,0.00000000,0.00000000,'HT','IVA',10.000,0,0.000,'0',0.000,'0',2,1,0,NULL,NULL,NULL,NULL,1.00000000,NULL,NULL),(89,1,'2019-12-19 13:52:58',3,'2019-12-19 13:52:58',5,0.00000000,0.00000000,0.00000000,0.00000000,'HT','IVA',10.000,0,0.000,'0',0.000,'0',2,1,0,NULL,NULL,NULL,NULL,1.00000000,NULL,NULL),(90,1,'2019-12-19 13:57:17',1,'2019-12-19 13:57:17',1,18182.00000000,20000.00000000,0.00000000,0.00000000,'TTC','IVA',10.000,0,0.000,'0',0.000,'0',2,1,0,NULL,NULL,NULL,NULL,1.00000000,NULL,NULL),(91,1,'2019-12-19 13:57:17',1,'2019-12-19 13:57:17',2,3.00000000,3.00000000,0.00000000,0.00000000,'HT','IVA',10.000,0,0.000,'0',0.000,'0',2,1,0,NULL,NULL,NULL,NULL,1.00000000,NULL,NULL),(92,1,'2019-12-19 13:57:17',1,'2019-12-19 13:57:17',3,0.00000000,0.00000000,0.00000000,0.00000000,'HT','IVA',10.000,0,0.000,'0',0.000,'0',2,1,0,NULL,NULL,NULL,NULL,1.00000000,NULL,NULL),(93,1,'2019-12-19 13:57:17',1,'2019-12-19 13:57:17',4,0.00000000,0.00000000,0.00000000,0.00000000,'HT','IVA',10.000,0,0.000,'0',0.000,'0',2,1,0,NULL,NULL,NULL,NULL,1.00000000,NULL,NULL),(94,1,'2019-12-19 13:57:17',1,'2019-12-19 13:57:17',5,0.00000000,0.00000000,0.00000000,0.00000000,'HT','IVA',10.000,0,0.000,'0',0.000,'0',2,1,0,NULL,NULL,NULL,NULL,1.00000000,NULL,NULL),(95,1,'2019-12-19 13:59:08',31,'2019-12-19 13:59:08',1,154545.00000000,170000.00000000,0.00000000,0.00000000,'TTC','IVA',10.000,0,0.000,'0',0.000,'0',2,1,0,NULL,NULL,NULL,NULL,1.00000000,NULL,NULL),(96,1,'2019-12-19 13:59:08',31,'2019-12-19 13:59:08',2,17.00000000,19.00000000,0.00000000,0.00000000,'HT','IVA',10.000,0,0.000,'0',0.000,'0',2,1,0,NULL,NULL,NULL,NULL,1.00000000,NULL,NULL),(97,1,'2019-12-19 13:59:08',31,'2019-12-19 13:59:08',3,0.00000000,0.00000000,0.00000000,0.00000000,'HT','IVA',10.000,0,0.000,'0',0.000,'0',2,1,0,NULL,NULL,NULL,NULL,1.00000000,NULL,NULL),(98,1,'2019-12-19 13:59:08',31,'2019-12-19 13:59:08',4,0.00000000,0.00000000,0.00000000,0.00000000,'HT','IVA',10.000,0,0.000,'0',0.000,'0',2,1,0,NULL,NULL,NULL,NULL,1.00000000,NULL,NULL),(99,1,'2019-12-19 13:59:08',31,'2019-12-19 13:59:08',5,0.00000000,0.00000000,0.00000000,0.00000000,'HT','IVA',10.000,0,0.000,'0',0.000,'0',2,1,0,NULL,NULL,NULL,NULL,1.00000000,NULL,NULL),(100,1,'2019-12-19 14:07:14',8,'2019-12-19 14:07:14',1,118182.00000000,130000.00000000,0.00000000,0.00000000,'TTC','IVA',10.000,0,0.000,'0',0.000,'0',2,1,0,NULL,NULL,NULL,NULL,1.00000000,NULL,NULL),(101,1,'2019-12-19 14:07:14',8,'2019-12-19 14:07:14',2,13.00000000,14.00000000,0.00000000,0.00000000,'HT','IVA',10.000,0,0.000,'0',0.000,'0',2,1,0,NULL,NULL,NULL,NULL,1.00000000,NULL,NULL),(102,1,'2019-12-19 14:07:14',8,'2019-12-19 14:07:14',3,0.00000000,0.00000000,0.00000000,0.00000000,'HT','IVA',10.000,0,0.000,'0',0.000,'0',2,1,0,NULL,NULL,NULL,NULL,1.00000000,NULL,NULL),(103,1,'2019-12-19 14:07:14',8,'2019-12-19 14:07:14',4,0.00000000,0.00000000,0.00000000,0.00000000,'HT','IVA',10.000,0,0.000,'0',0.000,'0',2,1,0,NULL,NULL,NULL,NULL,1.00000000,NULL,NULL),(104,1,'2019-12-19 14:07:14',8,'2019-12-19 14:07:14',5,0.00000000,0.00000000,0.00000000,0.00000000,'HT','IVA',10.000,0,0.000,'0',0.000,'0',2,1,0,NULL,NULL,NULL,NULL,1.00000000,NULL,NULL),(105,1,'2020-01-08 18:50:11',16,'2020-01-08 18:50:11',1,28571.00000000,30000.00000000,0.00000000,0.00000000,'TTC','IVA5',5.000,0,0.000,'0',0.000,'0',2,1,0,NULL,NULL,NULL,NULL,1.00000000,NULL,NULL),(106,1,'2020-01-08 18:50:11',16,'2020-01-08 18:50:11',2,0.00000000,0.00000000,0.00000000,0.00000000,'HT','IVA5',5.000,0,0.000,'0',0.000,'0',2,1,0,NULL,NULL,NULL,NULL,1.00000000,NULL,NULL),(107,1,'2020-01-08 18:50:11',16,'2020-01-08 18:50:11',3,0.00000000,0.00000000,0.00000000,0.00000000,'HT','IVA5',5.000,0,0.000,'0',0.000,'0',2,1,0,NULL,NULL,NULL,NULL,1.00000000,NULL,NULL),(108,1,'2020-01-08 18:50:11',16,'2020-01-08 18:50:11',4,0.00000000,0.00000000,0.00000000,0.00000000,'HT','IVA5',5.000,0,0.000,'0',0.000,'0',2,1,0,NULL,NULL,NULL,NULL,1.00000000,NULL,NULL),(109,1,'2020-01-08 18:50:11',16,'2020-01-08 18:50:11',5,0.00000000,0.00000000,0.00000000,0.00000000,'HT','IVA5',5.000,0,0.000,'0',0.000,'0',2,1,0,NULL,NULL,NULL,NULL,1.00000000,NULL,NULL),(110,1,'2020-01-09 13:37:09',14,'2020-01-09 13:37:09',1,90909.00000000,100000.00000000,0.00000000,0.00000000,'TTC','IVA',10.000,0,0.000,'0',0.000,'0',2,1,0,NULL,NULL,NULL,NULL,1.00000000,NULL,NULL),(111,1,'2020-01-09 13:37:09',14,'2020-01-09 13:37:09',2,0.00000000,0.00000000,0.00000000,0.00000000,'HT','IVA',10.000,0,0.000,'0',0.000,'0',2,1,0,NULL,NULL,NULL,NULL,1.00000000,NULL,NULL),(112,1,'2020-01-09 13:37:09',14,'2020-01-09 13:37:09',3,0.00000000,0.00000000,0.00000000,0.00000000,'HT','IVA',10.000,0,0.000,'0',0.000,'0',2,1,0,NULL,NULL,NULL,NULL,1.00000000,NULL,NULL),(113,1,'2020-01-09 13:37:09',14,'2020-01-09 13:37:09',4,0.00000000,0.00000000,0.00000000,0.00000000,'HT','IVA',10.000,0,0.000,'0',0.000,'0',2,1,0,NULL,NULL,NULL,NULL,1.00000000,NULL,NULL),(114,1,'2020-01-09 13:37:09',14,'2020-01-09 13:37:09',5,0.00000000,0.00000000,0.00000000,0.00000000,'HT','IVA',10.000,0,0.000,'0',0.000,'0',2,1,0,NULL,NULL,NULL,NULL,1.00000000,NULL,NULL),(115,1,'2020-01-14 16:11:03',37,'2020-01-14 16:11:03',1,0.00000000,0.00000000,0.00000000,0.00000000,'','none',0.000,0,0.000,'0',0.000,'0',1,1,0,NULL,NULL,NULL,NULL,1.00000000,NULL,NULL),(116,1,'2020-04-27 20:25:57',30,'2020-04-27 20:25:57',1,114545.00000000,126000.00000000,0.00000000,0.00000000,'TTC','IVA',10.000,0,0.000,'0',0.000,'0',2,1,0,NULL,NULL,NULL,NULL,1.00000000,NULL,NULL),(117,1,'2020-04-27 20:30:25',30,'2020-04-27 20:30:25',1,114545.00000000,126000.00000000,0.00000000,0.00000000,'TTC','IVA',10.000,0,0.000,'0',0.000,'0',2,1,0,NULL,NULL,NULL,NULL,1.00000000,NULL,NULL),(118,1,'2020-04-27 20:30:25',30,'2020-04-27 20:30:25',2,90000.00000000,99000.00000000,0.00000000,0.00000000,'HT','IVA',10.000,0,0.000,'0',0.000,'0',2,1,0,NULL,NULL,NULL,NULL,1.00000000,NULL,NULL),(119,1,'2020-04-27 20:30:25',30,'2020-04-27 20:30:25',3,112500.00000000,123750.00000000,0.00000000,0.00000000,'TTC','IVA',10.000,0,0.000,'0',0.000,'0',2,1,0,NULL,NULL,NULL,NULL,1.00000000,NULL,NULL),(120,1,'2020-04-27 20:35:10',8,'2020-04-27 20:35:10',1,152727.00000000,168000.00000000,0.00000000,0.00000000,'TTC','IVA',10.000,0,0.000,'0',0.000,'0',2,1,0,NULL,NULL,NULL,NULL,1.00000000,NULL,NULL),(121,1,'2020-04-27 20:35:10',8,'2020-04-27 20:35:10',2,120000.00000000,132000.00000000,0.00000000,0.00000000,'HT','IVA',10.000,0,0.000,'0',0.000,'0',2,1,0,NULL,NULL,NULL,NULL,1.00000000,NULL,NULL),(122,1,'2020-04-27 20:35:10',8,'2020-04-27 20:35:10',3,165000.00000000,181500.00000000,0.00000000,0.00000000,'HT','IVA',10.000,0,0.000,'0',0.000,'0',2,1,0,NULL,NULL,NULL,NULL,1.00000000,NULL,NULL),(123,1,'2020-04-27 20:35:38',8,'2020-04-27 20:35:38',1,152727.00000000,168000.00000000,0.00000000,0.00000000,'TTC','IVA',10.000,0,0.000,'0',0.000,'0',2,1,0,NULL,NULL,NULL,NULL,1.00000000,NULL,NULL),(124,1,'2020-04-27 20:35:38',8,'2020-04-27 20:35:38',3,150000.00000000,165000.00000000,0.00000000,0.00000000,'TTC','IVA',10.000,0,0.000,'0',0.000,'0',2,1,0,NULL,NULL,NULL,NULL,1.00000000,NULL,NULL),(125,1,'2020-04-27 20:36:40',31,'2020-04-27 20:36:40',1,216364.00000000,238000.00000000,0.00000000,0.00000000,'TTC','IVA',10.000,0,0.000,'0',0.000,'0',2,1,0,NULL,NULL,NULL,NULL,1.00000000,NULL,NULL),(126,1,'2020-04-27 20:36:40',31,'2020-04-27 20:36:40',2,170000.00000000,187000.00000000,0.00000000,0.00000000,'HT','IVA',10.000,0,0.000,'0',0.000,'0',2,1,0,NULL,NULL,NULL,NULL,1.00000000,NULL,NULL),(127,1,'2020-04-27 20:36:40',31,'2020-04-27 20:36:40',3,233750.00000000,257125.00000000,0.00000000,0.00000000,'HT','IVA',10.000,0,0.000,'0',0.000,'0',2,1,0,NULL,NULL,NULL,NULL,1.00000000,NULL,NULL),(128,1,'2020-04-27 20:37:14',31,'2020-04-27 20:37:14',1,216364.00000000,238000.00000000,0.00000000,0.00000000,'TTC','IVA',10.000,0,0.000,'0',0.000,'0',2,1,0,NULL,NULL,NULL,NULL,1.00000000,NULL,NULL),(129,1,'2020-04-27 20:37:14',31,'2020-04-27 20:37:14',3,212500.00000000,233750.00000000,0.00000000,0.00000000,'TTC','IVA',10.000,0,0.000,'0',0.000,'0',2,1,0,NULL,NULL,NULL,NULL,1.00000000,NULL,NULL),(130,1,'2020-04-27 20:38:28',10,'2020-04-27 20:38:28',1,140000.00000000,154000.00000000,0.00000000,0.00000000,'TTC','IVA',10.000,0,0.000,'0',0.000,'0',2,1,0,NULL,NULL,NULL,NULL,1.00000000,NULL,NULL),(131,1,'2020-04-27 20:39:13',10,'2020-04-27 20:39:13',1,140000.00000000,154000.00000000,0.00000000,0.00000000,'TTC','IVA',10.000,0,0.000,'0',0.000,'0',2,1,0,NULL,NULL,NULL,NULL,1.00000000,NULL,NULL),(132,1,'2020-04-27 20:39:13',10,'2020-04-27 20:39:13',2,110000.00000000,121000.00000000,0.00000000,0.00000000,'HT','IVA',10.000,0,0.000,'0',0.000,'0',2,1,0,NULL,NULL,NULL,NULL,1.00000000,NULL,NULL),(133,1,'2020-04-27 20:39:13',10,'2020-04-27 20:39:13',3,137500.00000000,151250.00000000,0.00000000,0.00000000,'TTC','IVA',10.000,0,0.000,'0',0.000,'0',2,1,0,NULL,NULL,NULL,NULL,1.00000000,NULL,NULL),(134,1,'2020-04-27 20:40:16',9,'2020-04-27 20:40:16',1,140000.00000000,154000.00000000,0.00000000,0.00000000,'TTC','IVA',10.000,0,0.000,'0',0.000,'0',2,1,0,NULL,NULL,NULL,NULL,1.00000000,NULL,NULL),(135,1,'2020-04-27 20:40:16',9,'2020-04-27 20:40:16',2,110000.00000000,121000.00000000,0.00000000,0.00000000,'HT','IVA',10.000,0,0.000,'0',0.000,'0',2,1,0,NULL,NULL,NULL,NULL,1.00000000,NULL,NULL),(136,1,'2020-04-27 20:40:16',9,'2020-04-27 20:40:16',3,137500.00000000,151250.00000000,0.00000000,0.00000000,'TTC','IVA',10.000,0,0.000,'0',0.000,'0',2,1,0,NULL,NULL,NULL,NULL,1.00000000,NULL,NULL),(137,1,'2020-04-27 20:40:58',30,'2020-04-27 20:40:58',1,114545.00000000,126000.00000000,0.00000000,0.00000000,'TTC','IVA',10.000,0,0.000,'0',0.000,'0',2,1,0,NULL,NULL,NULL,NULL,1.00000000,NULL,NULL),(138,1,'2020-04-27 20:40:58',30,'2020-04-27 20:40:58',3,112500.00000000,123750.00000000,0.00000000,0.00000000,'TTC','IVA',10.000,0,0.000,'0',0.000,'0',2,1,0,NULL,NULL,NULL,NULL,1.00000000,NULL,NULL),(139,1,'2020-04-27 20:45:52',1,'2020-04-27 20:45:52',1,19091.00000000,21000.00000000,0.00000000,0.00000000,'TTC','IVA',10.000,0,0.000,'0',0.000,'0',2,1,0,NULL,NULL,NULL,NULL,1.00000000,NULL,NULL),(140,1,'2020-04-27 20:45:52',1,'2020-04-27 20:45:52',2,15000.00000000,16500.00000000,0.00000000,0.00000000,'HT','IVA',10.000,0,0.000,'0',0.000,'0',2,1,0,NULL,NULL,NULL,NULL,1.00000000,NULL,NULL),(141,1,'2020-04-27 20:45:52',1,'2020-04-27 20:45:52',3,18773.00000000,20650.00000000,0.00000000,0.00000000,'TTC','IVA',10.000,0,0.000,'0',0.000,'0',2,1,0,NULL,NULL,NULL,NULL,1.00000000,NULL,NULL),(142,1,'2020-04-27 20:46:44',3,'2020-04-27 20:46:44',1,19091.00000000,21000.00000000,0.00000000,0.00000000,'TTC','IVA',10.000,0,0.000,'0',0.000,'0',2,1,0,NULL,NULL,NULL,NULL,1.00000000,NULL,NULL),(143,1,'2020-04-27 20:46:44',3,'2020-04-27 20:46:44',2,15000.00000000,16500.00000000,0.00000000,0.00000000,'HT','IVA',10.000,0,0.000,'0',0.000,'0',2,1,0,NULL,NULL,NULL,NULL,1.00000000,NULL,NULL),(144,1,'2020-04-27 20:46:44',3,'2020-04-27 20:46:44',3,20650.00000000,22715.00000000,0.00000000,0.00000000,'HT','IVA',10.000,0,0.000,'0',0.000,'0',2,1,0,NULL,NULL,NULL,NULL,1.00000000,NULL,NULL),(145,1,'2020-04-27 20:46:56',3,'2020-04-27 20:46:56',1,19091.00000000,21000.00000000,0.00000000,0.00000000,'TTC','IVA',10.000,0,0.000,'0',0.000,'0',2,1,0,NULL,NULL,NULL,NULL,1.00000000,NULL,NULL),(146,1,'2020-04-27 20:46:56',3,'2020-04-27 20:46:56',3,18773.00000000,20650.00000000,0.00000000,0.00000000,'TTC','IVA',10.000,0,0.000,'0',0.000,'0',2,1,0,NULL,NULL,NULL,NULL,1.00000000,NULL,NULL),(147,1,'2020-04-27 20:47:22',4,'2020-04-27 20:47:22',1,19091.00000000,21000.00000000,0.00000000,0.00000000,'TTC','IVA',10.000,0,0.000,'0',0.000,'0',2,1,0,NULL,NULL,NULL,NULL,1.00000000,NULL,NULL),(148,1,'2020-04-27 20:47:22',4,'2020-04-27 20:47:22',2,15000.00000000,16500.00000000,0.00000000,0.00000000,'HT','IVA',10.000,0,0.000,'0',0.000,'0',2,1,0,NULL,NULL,NULL,NULL,1.00000000,NULL,NULL),(149,1,'2020-04-27 20:47:22',4,'2020-04-27 20:47:22',3,20650.00000000,22715.00000000,0.00000000,0.00000000,'HT','IVA',10.000,0,0.000,'0',0.000,'0',2,1,0,NULL,NULL,NULL,NULL,1.00000000,NULL,NULL),(150,1,'2020-04-27 20:47:44',4,'2020-04-27 20:47:44',1,19091.00000000,21000.00000000,0.00000000,0.00000000,'TTC','IVA',10.000,0,0.000,'0',0.000,'0',2,1,0,NULL,NULL,NULL,NULL,1.00000000,NULL,NULL),(151,1,'2020-04-27 20:47:44',4,'2020-04-27 20:47:44',3,18773.00000000,20650.00000000,0.00000000,0.00000000,'TTC','IVA',10.000,0,0.000,'0',0.000,'0',2,1,0,NULL,NULL,NULL,NULL,1.00000000,NULL,NULL),(152,1,'2020-04-27 20:48:19',2,'2020-04-27 20:48:19',1,19091.00000000,21000.00000000,0.00000000,0.00000000,'TTC','IVA',10.000,0,0.000,'0',0.000,'0',2,1,0,NULL,NULL,NULL,NULL,1.00000000,NULL,NULL),(153,1,'2020-04-27 20:48:19',2,'2020-04-27 20:48:19',2,15000.00000000,16500.00000000,0.00000000,0.00000000,'HT','IVA',10.000,0,0.000,'0',0.000,'0',2,1,0,NULL,NULL,NULL,NULL,1.00000000,NULL,NULL),(154,1,'2020-04-27 20:48:19',2,'2020-04-27 20:48:19',3,18773.00000000,20650.00000000,0.00000000,0.00000000,'TTC','IVA',10.000,0,0.000,'0',0.000,'0',2,1,0,NULL,NULL,NULL,NULL,1.00000000,NULL,NULL),(155,1,'2020-06-03 17:40:33',15,'2020-06-03 17:40:33',2,30000.00000000,33000.00000000,0.00000000,0.00000000,'HT','IVA',10.000,0,0.000,'0',0.000,'0',1,1,0,NULL,NULL,NULL,NULL,1.00000000,NULL,NULL),(156,1,'2020-06-03 17:40:33',15,'2020-06-03 17:40:33',3,37500.00000000,41250.00000000,0.00000000,0.00000000,'HT','IVA',10.000,0,0.000,'0',0.000,'0',1,1,0,NULL,NULL,NULL,NULL,1.00000000,NULL,NULL),(157,1,'2020-06-03 17:40:33',15,'2020-06-03 17:40:33',4,59000.00000000,64900.00000000,0.00000000,0.00000000,'HT','IVA',10.000,0,0.000,'0',0.000,'0',1,1,0,NULL,NULL,NULL,NULL,1.00000000,NULL,NULL),(158,1,'2020-06-03 17:40:33',15,'2020-06-03 17:40:33',5,0.00000000,0.00000000,0.00000000,0.00000000,'HT','IVA',10.000,0,0.000,'0',0.000,'0',1,1,0,NULL,NULL,NULL,NULL,1.00000000,NULL,NULL),(159,1,'2020-06-03 17:56:38',14,'2020-06-03 17:56:38',1,90909.00000000,100000.00000000,0.00000000,0.00000000,'TTC','IVA',10.000,0,0.000,'0',0.000,'0',1,1,0,NULL,NULL,NULL,NULL,1.00000000,NULL,NULL),(160,1,'2020-06-03 17:56:38',14,'2020-06-03 17:56:38',2,72500.00000000,79750.00000000,0.00000000,0.00000000,'HT','IVA',10.000,0,0.000,'0',0.000,'0',1,1,0,NULL,NULL,NULL,NULL,1.00000000,NULL,NULL),(161,1,'2020-06-03 17:56:38',14,'2020-06-03 17:56:38',3,90625.00000000,99688.00000000,0.00000000,0.00000000,'HT','IVA',10.000,0,0.000,'0',0.000,'0',1,1,0,NULL,NULL,NULL,NULL,1.00000000,NULL,NULL),(162,1,'2020-06-03 17:56:38',14,'2020-06-03 17:56:38',4,134000.00000000,147400.00000000,0.00000000,0.00000000,'HT','IVA',10.000,0,0.000,'0',0.000,'0',1,1,0,NULL,NULL,NULL,NULL,1.00000000,NULL,NULL),(163,1,'2020-06-03 17:56:53',14,'2020-06-03 17:56:53',1,90909.00000000,100000.00000000,0.00000000,0.00000000,'TTC','IVA',10.000,0,0.000,'0',0.000,'0',1,1,0,NULL,NULL,NULL,NULL,1.00000000,NULL,NULL),(164,1,'2020-06-03 17:56:53',14,'2020-06-03 17:56:53',4,122344.00000000,134578.00000000,0.00000000,0.00000000,'HT','IVA',10.000,0,0.000,'0',0.000,'0',1,1,0,NULL,NULL,NULL,NULL,1.00000000,NULL,NULL),(165,1,'2020-06-03 18:03:51',38,'2020-06-03 18:03:51',1,0.00000000,0.00000000,0.00000000,0.00000000,'','IVA',10.000,0,0.000,'0',0.000,'0',1,1,0,NULL,NULL,NULL,NULL,1.00000000,NULL,NULL),(166,1,'2020-06-03 18:07:39',38,'2020-06-03 18:07:39',1,140000.00000000,154000.00000000,0.00000000,0.00000000,'HT','IVA',10.000,0,0.000,'0',0.000,'0',1,1,0,NULL,NULL,NULL,NULL,1.00000000,NULL,NULL),(167,1,'2020-06-03 18:07:39',38,'2020-06-03 18:07:39',2,100000.00000000,110000.00000000,0.00000000,0.00000000,'HT','IVA',10.000,0,0.000,'0',0.000,'0',1,1,0,NULL,NULL,NULL,NULL,1.00000000,NULL,NULL),(168,1,'2020-06-03 18:07:39',38,'2020-06-03 18:07:39',3,137500.00000000,151250.00000000,0.00000000,0.00000000,'HT','IVA',10.000,0,0.000,'0',0.000,'0',1,1,0,NULL,NULL,NULL,NULL,1.00000000,NULL,NULL),(169,1,'2020-06-03 18:07:39',38,'2020-06-03 18:07:39',4,0.00000000,0.00000000,0.00000000,0.00000000,'HT','IVA',10.000,0,0.000,'0',0.000,'0',1,1,0,NULL,NULL,NULL,NULL,1.00000000,NULL,NULL),(170,1,'2020-06-03 18:07:39',38,'2020-06-03 18:07:39',5,185000.00000000,203500.00000000,0.00000000,0.00000000,'HT','IVA',10.000,0,0.000,'0',0.000,'0',1,1,0,NULL,NULL,NULL,NULL,1.00000000,NULL,NULL),(171,1,'2020-06-19 15:53:42',39,'2020-06-19 15:53:42',1,0.00000000,0.00000000,0.00000000,0.00000000,'','IVA',10.000,0,0.000,'0',0.000,'0',2,0,0,NULL,NULL,NULL,NULL,1.00000000,NULL,NULL),(172,1,'2020-06-19 16:05:59',40,'2020-06-19 16:05:59',1,0.00000000,0.00000000,0.00000000,0.00000000,'','IVA',10.000,0,0.000,'0',0.000,'0',2,1,0,NULL,NULL,NULL,NULL,1.00000000,NULL,NULL),(173,1,'2020-06-19 16:18:25',41,'2020-06-19 16:18:25',1,0.00000000,0.00000000,0.00000000,0.00000000,'','IVA',10.000,0,0.000,'0',0.000,'0',2,0,0,NULL,NULL,NULL,NULL,1.00000000,NULL,NULL),(174,1,'2020-06-19 16:19:36',42,'2020-06-19 16:19:36',1,0.00000000,0.00000000,0.00000000,0.00000000,'','IVA',10.000,0,0.000,'0',0.000,'0',2,0,0,NULL,NULL,NULL,NULL,1.00000000,NULL,NULL),(175,1,'2020-06-19 16:22:31',43,'2020-06-19 16:22:31',1,0.00000000,0.00000000,0.00000000,0.00000000,'','IVA',10.000,0,0.000,'0',0.000,'0',2,0,0,NULL,NULL,NULL,NULL,1.00000000,NULL,NULL),(176,1,'2020-06-19 16:23:45',44,'2020-06-19 16:23:45',1,0.00000000,0.00000000,0.00000000,0.00000000,'','IVA',10.000,0,0.000,'0',0.000,'0',2,0,0,NULL,NULL,NULL,NULL,1.00000000,NULL,NULL),(177,1,'2020-06-19 16:43:17',45,'2020-06-19 16:43:17',1,0.00000000,0.00000000,0.00000000,0.00000000,'','IVA',10.000,0,0.000,'0',0.000,'0',2,0,0,NULL,NULL,NULL,NULL,1.00000000,NULL,NULL),(178,1,'2020-06-19 16:44:01',46,'2020-06-19 16:44:01',1,0.00000000,0.00000000,0.00000000,0.00000000,'','IVA',10.000,0,0.000,'0',0.000,'0',2,0,0,NULL,NULL,NULL,NULL,1.00000000,NULL,NULL),(179,1,'2020-06-19 16:44:45',47,'2020-06-19 16:44:45',1,0.00000000,0.00000000,0.00000000,0.00000000,'','IVA',10.000,0,0.000,'0',0.000,'0',2,0,0,NULL,NULL,NULL,NULL,1.00000000,NULL,NULL),(180,1,'2020-06-23 12:55:53',48,'2020-06-23 12:55:53',1,0.00000000,0.00000000,0.00000000,0.00000000,'','IVA',10.000,0,0.000,'0',0.000,'0',2,0,0,NULL,NULL,NULL,NULL,1.00000000,NULL,NULL),(181,1,'2020-06-23 12:58:10',49,'2020-06-23 12:58:10',1,0.00000000,0.00000000,0.00000000,0.00000000,'','IVA',10.000,0,0.000,'0',0.000,'0',2,0,0,NULL,NULL,NULL,NULL,1.00000000,NULL,NULL),(182,1,'2020-06-23 13:04:43',50,'2020-06-23 13:04:43',1,0.00000000,0.00000000,0.00000000,0.00000000,'','IVA',10.000,0,0.000,'0',0.000,'0',2,0,0,NULL,NULL,NULL,NULL,1.00000000,NULL,NULL),(183,1,'2020-06-23 13:24:46',51,'2020-06-23 13:24:46',1,0.00000000,0.00000000,0.00000000,0.00000000,'','IVA',10.000,0,0.000,'0',0.000,'0',2,0,0,NULL,NULL,NULL,NULL,1.00000000,NULL,NULL),(184,1,'2020-06-23 13:25:51',52,'2020-06-23 13:25:51',1,0.00000000,0.00000000,0.00000000,0.00000000,'','IVA',10.000,0,0.000,'0',0.000,'0',2,0,0,NULL,NULL,NULL,NULL,1.00000000,NULL,NULL),(185,1,'2020-06-23 19:22:35',53,'2020-06-23 19:22:35',1,0.00000000,0.00000000,0.00000000,0.00000000,'','IVA',10.000,0,0.000,'0',0.000,'0',2,0,0,NULL,NULL,NULL,NULL,1.00000000,NULL,NULL),(186,1,'2020-07-03 12:58:40',54,'2020-07-03 12:58:40',1,0.00000000,0.00000000,0.00000000,0.00000000,'','IVA',10.000,0,0.000,'0',0.000,'0',2,1,0,NULL,NULL,NULL,NULL,1.00000000,NULL,NULL),(187,1,'2020-07-30 20:27:49',55,'2020-07-30 20:27:49',1,0.00000000,0.00000000,0.00000000,0.00000000,'','IVA',10.000,0,0.000,'0',0.000,'0',2,0,0,NULL,NULL,NULL,NULL,1.00000000,NULL,NULL),(188,1,'2020-07-30 20:31:08',56,'2020-07-30 20:31:08',1,0.00000000,0.00000000,0.00000000,0.00000000,'','IVA',10.000,0,0.000,'0',0.000,'0',2,0,0,NULL,NULL,NULL,NULL,1.00000000,NULL,NULL),(189,1,'2020-07-30 20:42:55',57,'2020-07-30 20:42:55',1,0.00000000,0.00000000,0.00000000,0.00000000,'','IVA',10.000,0,0.000,'0',0.000,'0',2,1,0,NULL,NULL,NULL,NULL,1.00000000,NULL,NULL),(190,1,'2020-07-30 20:51:08',58,'2020-07-30 20:51:08',1,0.00000000,0.00000000,0.00000000,0.00000000,'','IVA',10.000,0,0.000,'0',0.000,'0',2,0,0,NULL,NULL,NULL,NULL,1.00000000,NULL,NULL),(191,1,'2020-10-15 16:46:32',15,'2020-10-15 16:46:32',2,31818.00000000,35000.00000000,0.00000000,0.00000000,'TTC','IVA',10.000,0,0.000,'0',0.000,'0',2,1,0,NULL,NULL,NULL,NULL,1.00000000,NULL,NULL),(192,1,'2020-10-15 16:46:32',15,'2020-10-15 16:46:32',3,41245.00000000,45370.00000000,0.00000000,0.00000000,'TTC','IVA',10.000,0,0.000,'0',0.000,'0',2,1,0,NULL,NULL,NULL,NULL,1.00000000,NULL,NULL),(193,1,'2020-10-15 16:46:32',15,'2020-10-15 16:46:32',4,53636.00000000,59000.00000000,0.00000000,0.00000000,'TTC','IVA',10.000,0,0.000,'0',0.000,'0',2,1,0,NULL,NULL,NULL,NULL,1.00000000,NULL,NULL);

--
-- Table structure for table `llxqa_product_price_by_qty`
--

CREATE TABLE `llxqa_product_price_by_qty` (
  `rowid` int(11) NOT NULL AUTO_INCREMENT,
  `fk_product_price` int(11) NOT NULL,
  `price` double(24,8) DEFAULT 0.00000000,
  `price_base_type` varchar(3) DEFAULT 'HT',
  `quantity` double DEFAULT NULL,
  `remise_percent` double NOT NULL DEFAULT 0,
  `remise` double NOT NULL DEFAULT 0,
  `unitprice` double(24,8) DEFAULT 0.00000000,
  `fk_user_creat` int(11) DEFAULT NULL,
  `fk_user_modif` int(11) DEFAULT NULL,
  `fk_multicurrency` int(11) DEFAULT NULL,
  `multicurrency_code` varchar(255) DEFAULT NULL,
  `multicurrency_tx` double(24,8) DEFAULT 1.00000000,
  `multicurrency_price` double(24,8) DEFAULT NULL,
  `multicurrency_price_ttc` double(24,8) DEFAULT NULL,
  `tms` timestamp NOT NULL DEFAULT current_timestamp() ON UPDATE current_timestamp(),
  `import_key` varchar(14) DEFAULT NULL,
  PRIMARY KEY (`rowid`),
  UNIQUE KEY `uk_product_price_by_qty_level` (`fk_product_price`,`quantity`),
  KEY `idx_product_price_by_qty_fk_product_price` (`fk_product_price`),
  CONSTRAINT `fk_product_price_by_qty_fk_product_price` FOREIGN KEY (`fk_product_price`) REFERENCES `llxqa_product_price` (`rowid`)
) ENGINE=InnoDB DEFAULT CHARSET=utf8;

--
-- Dumping data for table `llxqa_product_price_by_qty`
--


--
-- Table structure for table `llxqa_product_pricerules`
--

CREATE TABLE `llxqa_product_pricerules` (
  `rowid` int(11) NOT NULL AUTO_INCREMENT,
  `level` int(11) NOT NULL,
  `fk_level` int(11) NOT NULL,
  `var_percent` float NOT NULL,
  `var_min_percent` float NOT NULL,
  PRIMARY KEY (`rowid`),
  UNIQUE KEY `unique_level` (`level`)
) ENGINE=InnoDB DEFAULT CHARSET=utf8;

--
-- Dumping data for table `llxqa_product_pricerules`
--


--
-- Table structure for table `llxqa_product_stock`
--

CREATE TABLE `llxqa_product_stock` (
  `rowid` int(11) NOT NULL AUTO_INCREMENT,
  `tms` timestamp NOT NULL DEFAULT current_timestamp() ON UPDATE current_timestamp(),
  `fk_product` int(11) NOT NULL,
  `fk_entrepot` int(11) NOT NULL,
  `reel` double DEFAULT NULL,
  `import_key` varchar(14) DEFAULT NULL,
  PRIMARY KEY (`rowid`),
  UNIQUE KEY `uk_product_stock` (`fk_product`,`fk_entrepot`),
  KEY `idx_product_stock_fk_product` (`fk_product`),
  KEY `idx_product_stock_fk_entrepot` (`fk_entrepot`)
) ENGINE=InnoDB AUTO_INCREMENT=46 DEFAULT CHARSET=utf8;

--
-- Dumping data for table `llxqa_product_stock`
--

INSERT INTO `llxqa_product_stock` VALUES (1,'2018-12-19 14:09:57',14,1,1848,NULL),(2,'2020-10-20 19:22:09',1,1,4610,NULL),(3,'2020-10-20 19:22:09',4,1,4321,NULL),(7,'2018-12-30 16:54:56',19,1,7999,NULL),(8,'2018-12-30 16:52:16',21,1,7000,NULL),(9,'2020-07-03 12:57:09',24,1,2328,NULL),(13,'2018-12-30 16:54:56',27,1,6999,NULL),(16,'2020-10-20 19:22:09',8,1,318,NULL),(18,'2020-10-20 19:22:09',15,1,288,NULL),(19,'2020-10-20 19:22:09',10,1,684,NULL),(22,'2020-09-09 20:00:00',40,1,6352,NULL),(23,'2020-09-09 20:00:00',42,1,5170,NULL),(24,'2020-09-09 20:00:00',48,1,902.833335286,NULL),(25,'2020-09-09 20:00:00',49,1,672.833335286,NULL),(26,'2020-08-13 16:07:10',52,1,1419.999999952,NULL),(27,'2020-08-13 16:07:10',51,1,419.99999995200005,NULL),(28,'2020-06-23 14:22:42',39,1,2754,NULL),(29,'2020-07-03 12:23:00',41,1,14252,NULL),(30,'2020-06-23 19:25:05',53,1,4224,NULL),(31,'2020-06-23 19:48:50',47,1,1696,NULL),(32,'2020-10-20 19:22:09',3,1,2580,NULL),(33,'2020-08-19 12:44:06',2,1,2436,NULL),(34,'2020-09-10 19:16:56',54,1,1188,NULL),(35,'2020-09-09 19:16:48',55,1,1915.4999999513,NULL),(36,'2020-09-09 19:16:48',56,1,1865.4999999513,NULL),(37,'2020-08-19 12:44:06',30,1,23,NULL),(38,'2020-09-09 20:00:00',50,1,27170,NULL),(39,'2020-09-09 20:00:00',43,1,30170,NULL),(40,'2020-09-09 20:00:00',45,1,108.33333722000003,NULL),(41,'2020-08-13 16:07:10',31,1,1440,NULL),(42,'2020-08-19 12:44:06',38,1,1,NULL),(43,'2020-09-09 19:16:48',57,1,1461,NULL),(44,'2020-09-10 19:13:20',11,1,2929,NULL),(45,'2020-09-28 12:43:21',12,1,96,NULL);

--
-- Table structure for table `llxqa_product_warehouse_properties`
--

CREATE TABLE `llxqa_product_warehouse_properties` (
  `rowid` int(11) NOT NULL AUTO_INCREMENT,
  `tms` timestamp NOT NULL DEFAULT current_timestamp() ON UPDATE current_timestamp(),
  `fk_product` int(11) NOT NULL,
  `fk_entrepot` int(11) NOT NULL,
  `seuil_stock_alerte` int(11) DEFAULT 0,
  `desiredstock` int(11) DEFAULT 0,
  `import_key` varchar(14) DEFAULT NULL,
  PRIMARY KEY (`rowid`)
) ENGINE=InnoDB DEFAULT CHARSET=utf8;

--
-- Dumping data for table `llxqa_product_warehouse_properties`
--


--
-- Table structure for table `llxqa_projet`
--

CREATE TABLE `llxqa_projet` (
  `rowid` int(11) NOT NULL AUTO_INCREMENT,
  `fk_soc` int(11) DEFAULT NULL,
  `datec` datetime DEFAULT NULL,
  `tms` timestamp NOT NULL DEFAULT current_timestamp() ON UPDATE current_timestamp(),
  `dateo` date DEFAULT NULL,
  `datee` date DEFAULT NULL,
  `ref` varchar(50) DEFAULT NULL,
  `entity` int(11) NOT NULL DEFAULT 1,
  `title` varchar(255) NOT NULL,
  `description` text DEFAULT NULL,
  `fk_user_creat` int(11) NOT NULL,
  `fk_user_modif` int(11) DEFAULT NULL,
  `public` int(11) DEFAULT NULL,
  `fk_statut` int(11) NOT NULL DEFAULT 0,
  `fk_opp_status` int(11) DEFAULT NULL,
  `opp_percent` double(5,2) DEFAULT NULL,
  `date_close` datetime DEFAULT NULL,
  `fk_user_close` int(11) DEFAULT NULL,
  `note_private` text DEFAULT NULL,
  `note_public` text DEFAULT NULL,
  `opp_amount` double(24,8) DEFAULT NULL,
  `budget_amount` double(24,8) DEFAULT NULL,
  `usage_bill_time` int(11) DEFAULT 0,
  `model_pdf` varchar(255) DEFAULT NULL,
  `import_key` varchar(14) DEFAULT NULL,
  `usage_opportunity` int(11) DEFAULT 0,
  `usage_task` int(11) DEFAULT 1,
  `usage_organize_event` int(11) DEFAULT 0,
  PRIMARY KEY (`rowid`),
  UNIQUE KEY `uk_projet_ref` (`ref`,`entity`),
  KEY `idx_projet_fk_soc` (`fk_soc`),
  CONSTRAINT `fk_projet_fk_soc` FOREIGN KEY (`fk_soc`) REFERENCES `llxqa_societe` (`rowid`)
) ENGINE=InnoDB AUTO_INCREMENT=11 DEFAULT CHARSET=utf8;

--
-- Dumping data for table `llxqa_projet`
--

INSERT INTO `llxqa_projet` VALUES (1,NULL,'2018-12-23 17:37:01','2020-06-03 17:15:39','2018-12-23','2019-03-31','PJ1812-0001',1,'direct commercial sales - Asuncion','',1,1,0,1,NULL,NULL,NULL,NULL,NULL,NULL,NULL,25000000.00000000,0,NULL,NULL,0,1,0),(2,NULL,'2018-12-25 21:17:04','2020-06-03 17:13:49','2018-12-25',NULL,'PJ1812-0002',1,'distributer sales - Paraguay','',1,1,0,0,NULL,NULL,NULL,NULL,NULL,NULL,NULL,NULL,0,NULL,NULL,0,1,0),(3,NULL,'2018-12-25 21:57:22','2019-07-30 01:03:09','2019-01-02',NULL,'PJ1812-0003',1,'Lulu - Brazil','',1,NULL,0,0,NULL,NULL,NULL,NULL,NULL,NULL,NULL,NULL,0,NULL,NULL,0,1,0),(4,NULL,'2018-12-25 21:58:18','2019-07-30 01:03:09','2018-12-25',NULL,'PJ1812-0004',1,'Lulu - Germany','	check with samples …\r\n1. Metro - Real\r\n2. ReWe\r\n3. Aldi\r\n4. Lidle',1,NULL,0,0,NULL,NULL,NULL,NULL,NULL,NULL,NULL,NULL,0,NULL,NULL,0,1,0),(5,NULL,'2018-12-25 21:59:43','2019-07-30 01:03:09','2018-12-25',NULL,'PJ1812-0005',1,'Lulu - South Africa','',1,NULL,0,0,NULL,NULL,NULL,NULL,NULL,NULL,NULL,NULL,0,NULL,NULL,0,1,0),(6,NULL,'2018-12-25 22:00:39','2019-07-30 01:03:09','2018-12-25',NULL,'PJ1812-0006',1,'Lulu - Chile','',1,NULL,0,0,NULL,NULL,NULL,NULL,NULL,NULL,NULL,NULL,0,NULL,NULL,0,1,0),(7,NULL,'2018-12-25 22:03:03','2020-02-15 13:00:34','2018-12-25',NULL,'PJ1812-0007',1,'CDE - distribution','',1,1,0,1,1,50.00,NULL,NULL,NULL,NULL,NULL,25000000.00000000,0,NULL,NULL,1,1,0),(8,NULL,'2018-12-25 22:03:21','2020-02-15 13:00:34','2018-12-25',NULL,'PJ1812-0008',1,'Salto distribution','',1,1,0,1,1,50.00,NULL,NULL,NULL,NULL,NULL,25000000.00000000,0,NULL,NULL,1,1,0),(9,NULL,'2018-12-25 22:03:52','2020-02-15 13:00:34','2018-12-25',NULL,'PJ1812-0009',1,'Pedro Juan Caballero','',1,1,0,1,1,50.00,NULL,NULL,NULL,NULL,NULL,25000000.00000000,0,NULL,NULL,1,1,0),(10,174,'2019-09-14 22:26:53','2020-02-15 13:00:34','2019-09-14',NULL,'PJ1909-0010',1,'USA distribution','',1,NULL,0,1,4,60.00,NULL,NULL,NULL,NULL,NULL,NULL,0,NULL,NULL,1,1,0);

--
-- Table structure for table `llxqa_projet_extrafields`
--

CREATE TABLE `llxqa_projet_extrafields` (
  `rowid` int(11) NOT NULL AUTO_INCREMENT,
  `tms` timestamp NOT NULL DEFAULT current_timestamp() ON UPDATE current_timestamp(),
  `fk_object` int(11) NOT NULL,
  `import_key` varchar(14) DEFAULT NULL,
  PRIMARY KEY (`rowid`),
  KEY `idx_projet_extrafields` (`fk_object`)
) ENGINE=InnoDB DEFAULT CHARSET=utf8;

--
-- Dumping data for table `llxqa_projet_extrafields`
--


--
-- Table structure for table `llxqa_projet_task`
--

CREATE TABLE `llxqa_projet_task` (
  `rowid` int(11) NOT NULL AUTO_INCREMENT,
  `ref` varchar(50) DEFAULT NULL,
  `entity` int(11) NOT NULL DEFAULT 1,
  `fk_projet` int(11) NOT NULL,
  `fk_task_parent` int(11) NOT NULL DEFAULT 0,
  `datec` datetime DEFAULT NULL,
  `tms` timestamp NOT NULL DEFAULT current_timestamp() ON UPDATE current_timestamp(),
  `dateo` datetime DEFAULT NULL,
  `datee` datetime DEFAULT NULL,
  `datev` datetime DEFAULT NULL,
  `label` varchar(255) NOT NULL,
  `description` text DEFAULT NULL,
  `duration_effective` double DEFAULT 0,
  `planned_workload` double DEFAULT 0,
  `progress` int(11) DEFAULT 0,
  `priority` int(11) DEFAULT 0,
  `fk_user_creat` int(11) DEFAULT NULL,
  `fk_user_modif` int(11) DEFAULT NULL,
  `fk_user_valid` int(11) DEFAULT NULL,
  `fk_statut` smallint(6) NOT NULL DEFAULT 0,
  `note_private` text DEFAULT NULL,
  `note_public` text DEFAULT NULL,
  `rang` int(11) DEFAULT 0,
  `model_pdf` varchar(255) DEFAULT NULL,
  `import_key` varchar(14) DEFAULT NULL,
  PRIMARY KEY (`rowid`),
  UNIQUE KEY `uk_projet_task_ref` (`ref`,`entity`),
  KEY `idx_projet_task_fk_projet` (`fk_projet`),
  KEY `idx_projet_task_fk_user_creat` (`fk_user_creat`),
  KEY `idx_projet_task_fk_user_valid` (`fk_user_valid`),
  CONSTRAINT `fk_projet_task_fk_projet` FOREIGN KEY (`fk_projet`) REFERENCES `llxqa_projet` (`rowid`),
  CONSTRAINT `fk_projet_task_fk_user_creat` FOREIGN KEY (`fk_user_creat`) REFERENCES `llxqa_user` (`rowid`),
  CONSTRAINT `fk_projet_task_fk_user_valid` FOREIGN KEY (`fk_user_valid`) REFERENCES `llxqa_user` (`rowid`)
) ENGINE=InnoDB AUTO_INCREMENT=15 DEFAULT CHARSET=utf8;

--
-- Dumping data for table `llxqa_projet_task`
--

INSERT INTO `llxqa_projet_task` VALUES (3,'TK1812-0001',1,1,0,'2018-12-23 18:15:44','2018-12-23 18:15:44','2018-12-23 00:00:00','2019-01-14 23:59:00',NULL,'hire promo - shipping personal','',0,NULL,30,0,1,NULL,NULL,0,NULL,NULL,0,NULL,NULL),(4,'TK1812-0002',1,1,3,'2018-12-23 18:17:12','2018-12-23 18:17:12','2018-12-23 00:00:00','2019-01-11 23:59:00',NULL,'buy delivery van','',0,NULL,20,0,1,NULL,NULL,0,NULL,NULL,0,NULL,NULL),(5,'TK1812-0003',1,1,0,'2018-12-23 19:34:28','2018-12-23 19:34:28','2019-01-02 00:00:00','2019-01-11 23:59:00',NULL,'book promo - tasting on every Thursday, Fri','',0,NULL,NULL,0,1,NULL,NULL,0,NULL,NULL,0,NULL,NULL),(10,'TK1812-0008',1,2,0,'2018-12-25 21:20:19','2018-12-25 21:51:09','2018-12-25 00:00:00',NULL,NULL,'Russia','',0,NULL,NULL,0,1,NULL,NULL,0,NULL,NULL,8,NULL,NULL),(11,'TK1812-0009',1,2,0,'2018-12-25 21:23:43','2018-12-25 21:52:59','2018-12-25 00:00:00',NULL,NULL,'Bolivia','',0,NULL,NULL,0,1,NULL,NULL,0,NULL,NULL,5,NULL,NULL),(12,'TK1812-0010',1,2,0,'2018-12-25 21:23:51','2018-12-25 21:52:59','2018-12-25 00:00:00',NULL,NULL,'Peru','',0,NULL,NULL,0,1,NULL,NULL,0,NULL,NULL,4,NULL,NULL),(13,'TK1812-0011',1,2,0,'2018-12-25 21:45:38','2018-12-25 21:51:20','2018-12-25 00:00:00',NULL,NULL,'Panama','',0,NULL,NULL,0,1,NULL,NULL,0,NULL,NULL,6,NULL,NULL);

--
-- Table structure for table `llxqa_projet_task_extrafields`
--

CREATE TABLE `llxqa_projet_task_extrafields` (
  `rowid` int(11) NOT NULL AUTO_INCREMENT,
  `tms` timestamp NOT NULL DEFAULT current_timestamp() ON UPDATE current_timestamp(),
  `fk_object` int(11) NOT NULL,
  `import_key` varchar(14) DEFAULT NULL,
  PRIMARY KEY (`rowid`),
  KEY `idx_projet_task_extrafields` (`fk_object`)
) ENGINE=InnoDB DEFAULT CHARSET=utf8;

--
-- Dumping data for table `llxqa_projet_task_extrafields`
--


--
-- Table structure for table `llxqa_projet_task_time`
--

CREATE TABLE `llxqa_projet_task_time` (
  `rowid` int(11) NOT NULL AUTO_INCREMENT,
  `fk_task` int(11) NOT NULL,
  `task_date` date DEFAULT NULL,
  `task_datehour` datetime DEFAULT NULL,
  `task_date_withhour` int(11) DEFAULT 0,
  `task_duration` double DEFAULT NULL,
  `fk_user` int(11) DEFAULT NULL,
  `thm` double(24,8) DEFAULT NULL,
  `invoice_id` int(11) DEFAULT NULL,
  `invoice_line_id` int(11) DEFAULT NULL,
  `import_key` varchar(14) DEFAULT NULL,
  `datec` date DEFAULT NULL,
  `tms` timestamp NOT NULL DEFAULT current_timestamp() ON UPDATE current_timestamp(),
  `note` text DEFAULT NULL,
  PRIMARY KEY (`rowid`),
  KEY `idx_projet_task_time_task` (`fk_task`),
  KEY `idx_projet_task_time_date` (`task_date`),
  KEY `idx_projet_task_time_datehour` (`task_datehour`)
) ENGINE=InnoDB DEFAULT CHARSET=utf8;

--
-- Dumping data for table `llxqa_projet_task_time`
--


--
-- Table structure for table `llxqa_projet_taskdet`
--

CREATE TABLE `llxqa_projet_taskdet` (
  `rowid` int(11) NOT NULL AUTO_INCREMENT,
  `fk_task` int(11) NOT NULL DEFAULT 0,
  `fk_product` int(11) NOT NULL DEFAULT 0,
  `qty_planned` double DEFAULT NULL,
  `qty_used` double DEFAULT NULL,
  `qty_deleted` double DEFAULT NULL,
  `tms` timestamp NOT NULL DEFAULT current_timestamp() ON UPDATE current_timestamp(),
  `pmp` double(24,8) DEFAULT 0.00000000,
  `price` double(24,8) DEFAULT 0.00000000,
  `fk_statut` int(11) NOT NULL DEFAULT 0,
  `note_public` text DEFAULT NULL,
  PRIMARY KEY (`rowid`),
  UNIQUE KEY `uk_projet_taskdet` (`fk_task`,`fk_product`),
  KEY `idx_projet_taskdet_fk_task` (`fk_task`),
  KEY `idx_projet_taskdet_fk_product` (`fk_product`),
  CONSTRAINT `fk_projet_taskdet_fk_task` FOREIGN KEY (`fk_task`) REFERENCES `llxqa_projet_task` (`rowid`)
) ENGINE=InnoDB DEFAULT CHARSET=latin1;

--
-- Dumping data for table `llxqa_projet_taskdet`
--


--
-- Table structure for table `llxqa_projet_taskdet_equipement`
--

CREATE TABLE `llxqa_projet_taskdet_equipement` (
  `fk_equipement` int(11) NOT NULL DEFAULT 0,
  `fk_projet_taskdet` int(11) NOT NULL DEFAULT 0,
  UNIQUE KEY `uk_factory_equipement` (`fk_equipement`,`fk_projet_taskdet`)
) ENGINE=InnoDB DEFAULT CHARSET=latin1;

--
-- Dumping data for table `llxqa_projet_taskdet_equipement`
--


--
-- Table structure for table `llxqa_propal`
--

CREATE TABLE `llxqa_propal` (
  `rowid` int(11) NOT NULL AUTO_INCREMENT,
  `ref` varchar(30) NOT NULL,
  `entity` int(11) NOT NULL DEFAULT 1,
  `ref_ext` varchar(255) DEFAULT NULL,
  `ref_int` varchar(255) DEFAULT NULL,
  `ref_client` varchar(255) DEFAULT NULL,
  `fk_soc` int(11) DEFAULT NULL,
  `fk_projet` int(11) DEFAULT NULL,
  `tms` timestamp NOT NULL DEFAULT current_timestamp() ON UPDATE current_timestamp(),
  `datec` datetime DEFAULT NULL,
  `datep` date DEFAULT NULL,
  `fin_validite` datetime DEFAULT NULL,
  `date_valid` datetime DEFAULT NULL,
  `date_cloture` datetime DEFAULT NULL,
  `fk_user_author` int(11) DEFAULT NULL,
  `fk_user_modif` int(11) DEFAULT NULL,
  `fk_user_valid` int(11) DEFAULT NULL,
  `fk_user_cloture` int(11) DEFAULT NULL,
  `fk_statut` smallint(6) NOT NULL DEFAULT 0,
  `price` double DEFAULT 0,
  `remise_percent` double DEFAULT 0,
  `remise_absolue` double DEFAULT 0,
  `remise` double DEFAULT 0,
  `total_ht` double(24,8) DEFAULT 0.00000000,
  `tva` double(24,8) DEFAULT 0.00000000,
  `localtax1` double(24,8) DEFAULT 0.00000000,
  `localtax2` double(24,8) DEFAULT 0.00000000,
  `total` double(24,8) DEFAULT 0.00000000,
  `fk_account` int(11) DEFAULT NULL,
  `fk_currency` varchar(3) DEFAULT NULL,
  `fk_cond_reglement` int(11) DEFAULT NULL,
  `fk_mode_reglement` int(11) DEFAULT NULL,
  `note_private` text DEFAULT NULL,
  `note_public` text DEFAULT NULL,
  `model_pdf` varchar(255) DEFAULT NULL,
  `last_main_doc` varchar(255) DEFAULT NULL,
  `date_livraison` date DEFAULT NULL,
  `fk_shipping_method` int(11) DEFAULT NULL,
  `fk_availability` int(11) DEFAULT NULL,
  `fk_input_reason` int(11) DEFAULT NULL,
  `fk_incoterms` int(11) DEFAULT NULL,
  `location_incoterms` varchar(255) DEFAULT NULL,
  `import_key` varchar(14) DEFAULT NULL,
  `extraparams` varchar(255) DEFAULT NULL,
  `fk_delivery_address` int(11) DEFAULT NULL,
  `fk_multicurrency` int(11) DEFAULT NULL,
  `multicurrency_code` varchar(255) DEFAULT NULL,
  `multicurrency_tx` double(24,8) DEFAULT 1.00000000,
  `multicurrency_total_ht` double(24,8) DEFAULT 0.00000000,
  `multicurrency_total_tva` double(24,8) DEFAULT 0.00000000,
  `multicurrency_total_ttc` double(24,8) DEFAULT 0.00000000,
  PRIMARY KEY (`rowid`),
  UNIQUE KEY `uk_propal_ref` (`ref`,`entity`),
  KEY `idx_propal_fk_soc` (`fk_soc`),
  KEY `idx_propal_fk_user_author` (`fk_user_author`),
  KEY `idx_propal_fk_user_valid` (`fk_user_valid`),
  KEY `idx_propal_fk_user_cloture` (`fk_user_cloture`),
  KEY `idx_propal_fk_projet` (`fk_projet`),
  KEY `idx_propal_fk_account` (`fk_account`),
  KEY `idx_propal_fk_currency` (`fk_currency`),
  CONSTRAINT `fk_propal_fk_projet` FOREIGN KEY (`fk_projet`) REFERENCES `llxqa_projet` (`rowid`),
  CONSTRAINT `fk_propal_fk_soc` FOREIGN KEY (`fk_soc`) REFERENCES `llxqa_societe` (`rowid`),
  CONSTRAINT `fk_propal_fk_user_author` FOREIGN KEY (`fk_user_author`) REFERENCES `llxqa_user` (`rowid`),
  CONSTRAINT `fk_propal_fk_user_cloture` FOREIGN KEY (`fk_user_cloture`) REFERENCES `llxqa_user` (`rowid`),
  CONSTRAINT `fk_propal_fk_user_valid` FOREIGN KEY (`fk_user_valid`) REFERENCES `llxqa_user` (`rowid`)
) ENGINE=InnoDB AUTO_INCREMENT=72 DEFAULT CHARSET=utf8;

--
-- Dumping data for table `llxqa_propal`
--

INSERT INTO `llxqa_propal` VALUES (3,'PR1812-0002',1,NULL,NULL,'',110,NULL,'2019-04-25 13:15:04','2018-12-05 17:54:00','2018-12-05','2018-12-20 12:00:00','2019-04-25 13:15:04',NULL,2,NULL,2,NULL,1,0,NULL,NULL,0,1720800.00000000,172080.00000000,0.00000000,0.00000000,1892880.00000000,NULL,NULL,2,NULL,'','','azur','propale/PR1812-0002/PR1812-0002.pdf',NULL,NULL,0,0,0,'',NULL,NULL,NULL,1,'PYG',1.00000000,1720800.00000000,172080.00000000,1892880.00000000),(8,'PR1812-0004',1,NULL,NULL,'',98,NULL,'2018-12-27 12:02:06','2018-12-27 11:57:40','2018-12-27','2019-01-11 12:00:00','2018-12-27 12:02:06',NULL,2,NULL,2,NULL,1,0,NULL,NULL,0,292400.00000000,29240.00000000,0.00000000,0.00000000,321640.00000000,NULL,NULL,2,NULL,'','','azur','propale/PR1812-0004/PR1812-0004.pdf',NULL,NULL,0,0,0,'',NULL,NULL,NULL,1,'PYG',1.00000000,292400.00000000,29240.00000000,321640.00000000),(12,'PR1812-0008',1,NULL,NULL,'',110,NULL,'2018-12-27 13:05:28','2018-12-27 13:02:57','2018-12-27','2019-01-11 12:00:00','2018-12-27 13:05:28',NULL,2,NULL,2,NULL,1,0,NULL,NULL,0,342400.00000000,34240.00000000,0.00000000,0.00000000,376640.00000000,NULL,NULL,2,NULL,'','','azur','propale/PR1812-0008/PR1812-0008.pdf',NULL,NULL,0,0,0,'',NULL,NULL,NULL,1,'PYG',1.00000000,342400.00000000,34240.00000000,376640.00000000),(13,'PR1901-0009',1,NULL,NULL,'',122,NULL,'2019-01-09 16:29:21','2019-01-09 16:24:19','2019-01-09','2019-01-24 12:00:00','2019-01-09 16:29:21',NULL,2,NULL,2,NULL,1,0,NULL,NULL,0,402400.00000000,38740.00000000,0.00000000,0.00000000,441140.00000000,NULL,NULL,1,NULL,'','','azur','propale/PR1901-0009/PR1901-0009.pdf',NULL,NULL,0,0,0,'',NULL,NULL,NULL,1,'PYG',1.00000000,402400.00000000,38740.00000000,441140.00000000),(14,'PR1901-0010',1,NULL,NULL,'',128,NULL,'2019-01-09 17:04:16','2019-01-09 16:59:12','2019-01-09','2019-01-24 12:00:00','2019-01-09 17:04:16',NULL,2,NULL,2,NULL,1,0,NULL,NULL,0,402400.00000000,38740.00000000,0.00000000,0.00000000,441140.00000000,NULL,NULL,1,NULL,'','','azur','propale/PR1901-0010/PR1901-0010.pdf',NULL,NULL,0,0,0,'',NULL,NULL,NULL,1,'PYG',1.00000000,402400.00000000,38740.00000000,441140.00000000),(16,'PR1901-0012',1,NULL,NULL,'',105,NULL,'2019-02-28 18:48:32','2019-01-11 13:53:01','2019-01-11','2019-01-26 12:00:00','2019-01-11 14:12:47','2019-02-28 18:48:32',2,NULL,2,2,3,0,NULL,NULL,0,342400.00000000,34240.00000000,0.00000000,0.00000000,376640.00000000,NULL,NULL,2,NULL,'','','azur','propale/PR1901-0012/PR1901-0012.pdf',NULL,NULL,0,0,0,'',NULL,NULL,NULL,1,'PYG',1.00000000,342400.00000000,34240.00000000,376640.00000000),(17,'PR1901-0013',1,NULL,NULL,'',119,NULL,'2019-01-14 19:59:11','2019-01-14 19:57:59','2019-01-14','2019-01-29 12:00:00','2019-01-14 19:59:11',NULL,2,NULL,2,NULL,1,0,NULL,NULL,0,84400.00000000,6940.00000000,0.00000000,0.00000000,91340.00000000,NULL,NULL,2,NULL,'','','azur','propale/PR1901-0013/PR1901-0013.pdf',NULL,NULL,0,0,0,'',NULL,NULL,NULL,1,'PYG',1.00000000,84400.00000000,6940.00000000,91340.00000000),(18,'PR1901-0014',1,NULL,NULL,'',96,NULL,'2019-01-15 11:42:12','2019-01-15 11:38:35','2019-01-15','2019-01-30 12:00:00','2019-01-15 11:42:12',NULL,2,NULL,2,NULL,1,0,NULL,NULL,0,402400.00000000,38740.00000000,0.00000000,0.00000000,441140.00000000,NULL,NULL,2,NULL,'','','azur','propale/PR1901-0014/PR1901-0014.pdf',NULL,NULL,0,0,0,'',NULL,NULL,NULL,1,'PYG',1.00000000,402400.00000000,38740.00000000,441140.00000000),(19,'PR1901-0015',1,NULL,NULL,'',103,NULL,'2019-01-15 12:00:12','2019-01-15 11:58:17','2019-01-15','2019-01-30 12:00:00','2019-01-15 12:00:12',NULL,2,NULL,2,NULL,1,0,NULL,NULL,0,402400.00000000,38740.00000000,0.00000000,0.00000000,441140.00000000,NULL,NULL,2,NULL,'','','azur','propale/PR1901-0015/PR1901-0015.pdf',NULL,NULL,0,0,0,'',NULL,NULL,NULL,1,'PYG',1.00000000,402400.00000000,38740.00000000,441140.00000000),(20,'PR1901-0016',1,NULL,NULL,'',130,NULL,'2019-03-13 18:36:55','2019-01-15 12:22:02','2019-01-15','2019-01-30 12:00:00','2019-03-13 18:36:55',NULL,2,NULL,2,NULL,1,0,NULL,NULL,0,222400.00000000,22240.00000000,0.00000000,0.00000000,244640.00000000,NULL,NULL,2,NULL,'','','azur','propale/PR1901-0016/PR1901-0016.pdf',NULL,NULL,0,0,0,'',NULL,NULL,NULL,1,'PYG',1.00000000,222400.00000000,22240.00000000,244640.00000000),(21,'PR1901-0017',1,NULL,NULL,'',121,NULL,'2019-01-15 17:24:50','2019-01-15 16:59:29','2019-01-15','2019-01-30 12:00:00','2019-01-15 17:24:50',NULL,2,NULL,2,NULL,1,0,NULL,NULL,0,402400.00000000,38740.00000000,0.00000000,0.00000000,441140.00000000,NULL,NULL,2,NULL,'','','azur','propale/PR1901-0017/PR1901-0017.pdf',NULL,NULL,0,0,0,'',NULL,NULL,NULL,1,'PYG',1.00000000,402400.00000000,38740.00000000,441140.00000000),(22,'PR1901-0018',1,NULL,NULL,'',133,NULL,'2019-02-13 17:50:30','2019-01-15 18:27:32','2019-01-15','2019-01-30 12:00:00','2019-02-13 17:50:30',NULL,2,NULL,2,NULL,1,0,NULL,NULL,0,54400.00000000,5440.00000000,0.00000000,0.00000000,59840.00000000,NULL,NULL,2,NULL,'','','azur','propale/PR1901-0018/PR1901-0018.pdf',NULL,NULL,0,0,0,'',NULL,NULL,NULL,1,'PYG',1.00000000,54400.00000000,5440.00000000,59840.00000000),(23,'PR1901-0019',1,NULL,NULL,'',143,NULL,'2019-01-17 12:29:46','2019-01-17 12:27:06','2019-01-17','2019-02-01 12:00:00','2019-01-17 12:29:46',NULL,2,NULL,2,NULL,1,0,NULL,NULL,0,402400.00000000,38740.00000000,0.00000000,0.00000000,441140.00000000,NULL,NULL,2,NULL,'','','azur','propale/PR1901-0019/PR1901-0019.pdf',NULL,NULL,0,0,0,'',NULL,NULL,NULL,1,'PYG',1.00000000,402400.00000000,38740.00000000,441140.00000000),(25,'PR1901-0021',1,NULL,NULL,'',145,NULL,'2019-01-17 13:33:56','2019-01-17 13:30:11','2019-01-17','2019-02-01 12:00:00','2019-01-17 13:33:56',NULL,2,NULL,2,NULL,1,0,NULL,NULL,0,402400.00000000,38740.00000000,0.00000000,0.00000000,441140.00000000,NULL,NULL,2,NULL,'','','azur','propale/PR1901-0021/PR1901-0021.pdf',NULL,NULL,0,0,0,'',NULL,NULL,NULL,1,'PYG',1.00000000,402400.00000000,38740.00000000,441140.00000000),(26,'PR1901-0022',1,NULL,NULL,'',146,NULL,'2019-01-17 18:18:49','2019-01-17 18:15:56','2019-01-17','2019-02-01 12:00:00','2019-01-17 18:18:49',NULL,2,NULL,2,NULL,1,0,NULL,NULL,0,402400.00000000,38740.00000000,0.00000000,0.00000000,441140.00000000,NULL,NULL,2,NULL,'','','azur','propale/PR1901-0022/PR1901-0022.pdf',NULL,NULL,0,0,0,'',NULL,NULL,NULL,1,'PYG',1.00000000,402400.00000000,38740.00000000,441140.00000000),(27,'PR1901-0023',1,NULL,NULL,'',147,NULL,'2019-01-18 14:31:52','2019-01-18 13:14:44','2019-01-18','2019-02-02 12:00:00','2019-01-18 14:31:52',NULL,2,NULL,2,NULL,1,0,NULL,NULL,0,402400.00000000,38740.00000000,0.00000000,0.00000000,441140.00000000,NULL,NULL,2,NULL,'','','azur','propale/PR1901-0023/PR1901-0023.pdf',NULL,NULL,0,0,0,'',NULL,NULL,NULL,1,'PYG',1.00000000,402400.00000000,38740.00000000,441140.00000000),(29,'PR1901-0024',1,NULL,NULL,'',131,NULL,'2019-01-24 16:46:40','2019-01-24 16:45:58','2019-01-24','2019-02-08 12:00:00','2019-01-24 16:46:39',NULL,2,NULL,2,NULL,1,0,NULL,NULL,0,54400.00000000,5440.00000000,0.00000000,0.00000000,59840.00000000,NULL,NULL,1,NULL,'','','azur','propale/PR1901-0024/PR1901-0024.pdf',NULL,NULL,0,0,0,'',NULL,NULL,NULL,1,'PYG',1.00000000,54400.00000000,5440.00000000,59840.00000000),(30,'PR1901-0025',1,NULL,NULL,'',91,NULL,'2019-11-04 12:25:15','2019-01-28 16:33:51','2019-01-28','2019-02-12 12:00:00','2019-01-28 16:36:34','2019-11-04 12:25:15',2,NULL,2,2,3,0,NULL,NULL,0,242400.00000000,24240.00000000,0.00000000,0.00000000,266640.00000000,NULL,NULL,2,NULL,'','','azur','propale/PR1901-0025/PR1901-0025.pdf',NULL,NULL,0,0,0,'',NULL,NULL,NULL,1,'PYG',1.00000000,242400.00000000,24240.00000000,266640.00000000),(31,'PR1901-0026',1,NULL,NULL,'',92,NULL,'2019-11-04 12:25:47','2019-01-28 16:44:57','2019-01-28','2019-02-12 12:00:00','2019-01-28 16:46:24','2019-11-04 12:25:47',2,NULL,2,2,3,0,NULL,NULL,0,242400.00000000,24240.00000000,0.00000000,0.00000000,266640.00000000,NULL,NULL,2,NULL,'','','azur','propale/PR1901-0026/PR1901-0026.pdf',NULL,NULL,0,0,0,'',NULL,NULL,NULL,1,'PYG',1.00000000,242400.00000000,24240.00000000,266640.00000000),(32,'PR1901-0027',1,NULL,NULL,'',106,NULL,'2019-11-04 12:26:16','2019-01-28 16:50:42','2019-01-28','2019-02-12 12:00:00','2019-01-28 16:57:14','2019-11-04 12:26:16',2,NULL,2,2,3,0,NULL,NULL,0,302400.00000000,28740.00000000,0.00000000,0.00000000,331140.00000000,NULL,NULL,2,NULL,'','','azur','propale/PR1901-0027/PR1901-0027.pdf',NULL,NULL,0,0,0,'',NULL,NULL,NULL,1,'PYG',1.00000000,302400.00000000,28740.00000000,331140.00000000),(35,'PR1901-0030',1,NULL,NULL,'',151,NULL,'2019-11-04 12:26:46','2019-01-30 12:34:29','2019-01-30','2019-02-14 12:00:00','2019-01-30 12:36:29','2019-11-04 12:26:46',2,NULL,2,2,3,0,NULL,NULL,0,252400.00000000,23740.00000000,0.00000000,0.00000000,276140.00000000,NULL,NULL,2,NULL,'','','azur','propale/PR1901-0030/PR1901-0030.pdf',NULL,NULL,0,0,0,'',NULL,NULL,NULL,1,'PYG',1.00000000,252400.00000000,23740.00000000,276140.00000000),(36,'PR1901-0031',1,NULL,NULL,'',90,NULL,'2019-11-04 13:38:37','2019-01-30 14:24:20','2019-01-30','2019-02-14 12:00:00','2019-01-30 14:29:37','2019-11-04 13:38:37',2,NULL,2,2,3,0,NULL,NULL,0,344400.00000000,34440.00000000,0.00000000,0.00000000,378840.00000000,NULL,NULL,2,NULL,'','','azur','propale/PR1901-0031/PR1901-0031.pdf',NULL,NULL,0,0,0,'',NULL,NULL,NULL,1,'PYG',1.00000000,344400.00000000,34440.00000000,378840.00000000),(37,'PR1901-0032',1,NULL,NULL,'',86,NULL,'2019-01-30 16:15:01','2019-01-30 16:13:30','2019-01-30','2019-02-14 12:00:00','2019-01-30 16:15:01',NULL,2,NULL,2,NULL,1,0,NULL,NULL,0,344400.00000000,34440.00000000,0.00000000,0.00000000,378840.00000000,NULL,NULL,2,NULL,'','','azur','propale/PR1901-0032/PR1901-0032.pdf',NULL,NULL,0,0,0,'',NULL,NULL,NULL,1,'PYG',1.00000000,344400.00000000,34440.00000000,378840.00000000),(38,'PR1901-0033',1,NULL,NULL,'',152,NULL,'2019-01-31 18:47:24','2019-01-31 18:45:39','2019-01-31','2019-02-15 12:00:00','2019-01-31 18:47:24',NULL,2,NULL,2,NULL,1,0,NULL,NULL,0,342400.00000000,34240.00000000,0.00000000,0.00000000,376640.00000000,NULL,NULL,1,NULL,'','','azur','propale/PR1901-0033/PR1901-0033.pdf',NULL,NULL,0,0,0,'',NULL,NULL,NULL,1,'PYG',1.00000000,342400.00000000,34240.00000000,376640.00000000),(39,'PR1902-0034',1,NULL,NULL,'',144,NULL,'2019-02-05 14:58:53','2019-02-04 18:02:10','2019-02-04','2019-02-19 12:00:00','2019-02-04 18:06:09','2019-02-05 14:58:53',2,NULL,2,2,2,0,NULL,NULL,0,2980800.00000000,280080.00000000,0.00000000,0.00000000,3260880.00000000,NULL,NULL,2,NULL,'','','azur','propale/PR1902-0034/PR1902-0034.pdf',NULL,NULL,0,0,0,'',NULL,NULL,NULL,1,'PYG',1.00000000,2980800.00000000,280080.00000000,3260880.00000000),(40,'PR1902-0035',1,NULL,NULL,'',153,NULL,'2019-02-15 12:49:57','2019-02-15 12:48:14','2019-02-15','2019-03-02 12:00:00','2019-02-15 12:49:56',NULL,2,NULL,2,NULL,1,0,NULL,NULL,0,242400.00000000,24240.00000000,0.00000000,0.00000000,266640.00000000,NULL,NULL,2,NULL,'','','azur','propale/PR1902-0035/PR1902-0035.pdf',NULL,NULL,0,0,0,'',NULL,NULL,NULL,1,'PYG',1.00000000,242400.00000000,24240.00000000,266640.00000000),(41,'PR1902-0036',1,NULL,NULL,'',155,NULL,'2019-11-04 13:39:05','2019-02-27 17:21:54','2019-02-27','2019-03-14 12:00:00','2019-02-27 17:24:14','2019-11-04 13:39:05',2,NULL,2,2,3,0,NULL,NULL,0,252400.00000000,23740.00000000,0.00000000,0.00000000,276140.00000000,NULL,NULL,2,NULL,'','','azur','propale/PR1902-0036/PR1902-0036.pdf',NULL,NULL,0,0,0,'',NULL,NULL,NULL,1,'PYG',1.00000000,252400.00000000,23740.00000000,276140.00000000),(42,'PR1902-0037',1,NULL,NULL,'',156,NULL,'2019-11-04 14:10:11','2019-02-27 18:58:12','2019-02-27','2019-03-14 12:00:00','2019-02-27 18:59:59','2019-11-04 14:10:11',2,NULL,2,2,3,0,NULL,NULL,0,242400.00000000,24240.00000000,0.00000000,0.00000000,266640.00000000,NULL,NULL,2,NULL,'','','azur','propale/PR1902-0037/PR1902-0037.pdf',NULL,NULL,0,0,0,'',NULL,NULL,NULL,1,'PYG',1.00000000,242400.00000000,24240.00000000,266640.00000000),(43,'PR1902-0038',1,NULL,NULL,'',154,NULL,'2019-11-04 14:09:21','2019-02-28 11:38:39','2019-02-28','2019-03-15 12:00:00','2019-02-28 11:41:24','2019-11-04 14:09:21',2,NULL,2,2,3,0,NULL,NULL,0,242400.00000000,24240.00000000,0.00000000,0.00000000,266640.00000000,NULL,NULL,1,NULL,'','','azur','propale/PR1902-0038/PR1902-0038.pdf',NULL,NULL,0,0,0,'',NULL,NULL,NULL,1,'PYG',1.00000000,242400.00000000,24240.00000000,266640.00000000),(44,'PR1903-0039',1,NULL,NULL,'',87,NULL,'2019-11-04 14:08:38','2019-03-05 18:29:51','2019-03-05','2019-03-20 12:00:00','2019-03-05 18:33:18','2019-11-04 14:08:38',2,NULL,2,2,3,0,NULL,NULL,0,242400.00000000,24240.00000000,0.00000000,0.00000000,266640.00000000,NULL,NULL,2,NULL,'','','azur','propale/PR1903-0039/PR1903-0039.pdf',NULL,NULL,0,0,0,'',NULL,NULL,NULL,1,'PYG',1.00000000,242400.00000000,24240.00000000,266640.00000000),(46,'PR1903-0040',1,NULL,NULL,'',160,NULL,'2019-11-04 13:39:32','2019-03-12 18:55:52','2019-03-12','2019-03-27 12:00:00','2019-03-12 18:57:17','2019-11-04 13:39:32',2,NULL,2,2,3,0,NULL,NULL,0,192400.00000000,19240.00000000,0.00000000,0.00000000,211640.00000000,NULL,NULL,2,NULL,'','','azur','propale/PR1903-0040/PR1903-0040.pdf',NULL,NULL,0,0,0,'',NULL,NULL,NULL,1,'PYG',1.00000000,192400.00000000,19240.00000000,211640.00000000),(48,'PR1903-0042',1,NULL,NULL,'',162,NULL,'2019-11-04 13:39:59','2019-03-18 12:11:35','2019-03-18','2019-04-02 12:00:00','2019-03-18 17:57:19','2019-11-04 13:39:59',2,NULL,2,2,3,0,NULL,NULL,0,192400.00000000,19240.00000000,0.00000000,0.00000000,211640.00000000,NULL,NULL,2,NULL,'','','azur','propale/PR1903-0042/PR1903-0042.pdf',NULL,NULL,0,0,0,'',NULL,NULL,NULL,1,'PYG',1.00000000,192400.00000000,19240.00000000,211640.00000000),(49,'PR1903-0043',1,NULL,NULL,'',163,NULL,'2019-03-21 18:34:42','2019-03-21 18:29:22','2019-03-21','2019-04-05 12:00:00','2019-03-21 18:34:42',NULL,2,NULL,2,NULL,1,0,NULL,NULL,0,242400.00000000,24240.00000000,0.00000000,0.00000000,266640.00000000,NULL,NULL,2,NULL,'','','azur','propale/PR1903-0043/PR1903-0043.pdf',NULL,NULL,0,0,0,'',NULL,NULL,NULL,1,'PYG',1.00000000,242400.00000000,24240.00000000,266640.00000000),(50,'PR1903-0044',1,NULL,NULL,'',89,NULL,'2019-11-04 12:27:31','2019-03-21 19:26:35','2019-03-21','2019-04-05 12:00:00','2019-03-21 19:28:54','2019-11-04 12:27:31',2,NULL,2,2,3,0,NULL,NULL,0,242400.00000000,24240.00000000,0.00000000,0.00000000,266640.00000000,NULL,NULL,2,NULL,'','','azur','propale/PR1903-0044/PR1903-0044.pdf',NULL,NULL,0,0,0,'',NULL,NULL,NULL,1,'PYG',1.00000000,242400.00000000,24240.00000000,266640.00000000),(52,'(PROV52)',1,NULL,NULL,'',175,NULL,'2019-07-24 20:34:46','2019-07-24 20:30:57','2019-07-24','2019-08-08 12:00:00',NULL,NULL,2,NULL,NULL,NULL,0,0,NULL,NULL,0,886000.00000000,88600.00000000,0.00000000,0.00000000,974600.00000000,NULL,NULL,6,NULL,'','','azur','propale/(PROV52)/(PROV52).pdf','2019-07-26',NULL,0,0,0,'',NULL,NULL,NULL,1,'PYG',1.00000000,886000.00000000,88600.00000000,974600.00000000),(53,'PR1908-0045',1,NULL,NULL,'',99,NULL,'2019-08-26 13:30:45','2019-08-21 17:26:09','2019-08-21','2019-09-05 12:00:00','2019-08-21 17:29:01','2019-08-26 13:30:45',2,NULL,2,2,2,0,NULL,NULL,0,1670400.00000000,167040.00000000,0.00000000,0.00000000,1837440.00000000,NULL,NULL,2,2,'','','azur','propale/PR1908-0045/PR1908-0045.pdf',NULL,NULL,0,0,0,'',NULL,NULL,NULL,1,'PYG',1.00000000,1670400.00000000,167040.00000000,1837440.00000000),(54,'PR1909-0046',1,NULL,NULL,'',161,NULL,'2019-09-06 21:06:42','2019-09-06 20:47:25','2019-09-06','2019-09-21 12:00:00','2019-09-06 21:06:41',NULL,2,NULL,2,NULL,1,0,NULL,NULL,0,600000.00000000,60000.00000000,0.00000000,0.00000000,660000.00000000,NULL,NULL,7,NULL,'','','azur','propale/PR1909-0046/PR1909-0046.pdf',NULL,NULL,0,0,0,'',NULL,NULL,NULL,1,'PYG',1.00000000,600000.00000000,60000.00000000,660000.00000000),(55,'PR1909-0047',1,NULL,NULL,'',174,NULL,'2019-10-15 12:19:07','2019-09-16 17:41:35','2019-09-16','2019-10-01 12:00:00','2019-09-16 18:41:04','2019-10-15 12:19:07',2,NULL,2,2,2,0,NULL,NULL,0,52472250.00000000,0.00000000,0.00000000,0.00000000,52472250.00000000,NULL,NULL,16,2,'','','azur','propale/PR1909-0047/PR1909-0047.pdf',NULL,NULL,0,0,0,'',NULL,NULL,NULL,3,'EUR',0.00014865,7800.00000000,0.00000000,7800.00000000),(56,'PR1910-0048',1,NULL,NULL,'',197,NULL,'2019-10-31 18:58:20','2019-10-31 17:52:59','2019-10-31','2019-11-30 12:00:00','2019-10-31 18:58:20',NULL,2,NULL,2,NULL,1,0,NULL,NULL,0,10900000.00000000,1090000.00000000,0.00000000,0.00000000,11990000.00000000,NULL,NULL,NULL,NULL,'','','azur','propale/PR1910-0048/PR1910-0048.pdf',NULL,NULL,0,0,0,'',NULL,NULL,NULL,1,'PYG',1.00000000,10900000.00000000,1090000.00000000,11990000.00000000),(57,'PR1911-0049',1,NULL,NULL,'',186,NULL,'2019-11-01 19:51:58','2019-11-01 19:49:31','2019-11-01','2019-11-16 12:00:00','2019-11-01 19:51:57',NULL,2,NULL,2,NULL,1,0,NULL,NULL,0,148000.00000000,14800.00000000,0.00000000,0.00000000,162800.00000000,NULL,NULL,NULL,NULL,'','','azur','propale/PR1911-0049/PR1911-0049.pdf',NULL,NULL,0,0,0,'',NULL,NULL,NULL,1,'PYG',1.00000000,148000.00000000,14800.00000000,162800.00000000),(58,'PR1911-0050',1,NULL,NULL,'',188,NULL,'2019-11-01 20:02:16','2019-11-01 20:00:14','2019-11-01','2019-11-16 12:00:00','2019-11-01 20:02:15',NULL,2,NULL,2,NULL,1,0,NULL,NULL,0,148000.00000000,14800.00000000,0.00000000,0.00000000,162800.00000000,NULL,NULL,NULL,NULL,'','','azur','propale/PR1911-0050/PR1911-0050.pdf',NULL,NULL,0,0,0,'',NULL,NULL,NULL,1,'PYG',1.00000000,148000.00000000,14800.00000000,162800.00000000),(59,'PR1911-0051',1,NULL,NULL,'',182,NULL,'2019-11-04 11:35:08','2019-11-04 11:31:53','2019-11-04','2019-11-19 12:00:00','2019-11-04 11:35:07',NULL,2,NULL,2,NULL,1,0,NULL,NULL,0,148000.00000000,14800.00000000,0.00000000,0.00000000,162800.00000000,NULL,NULL,NULL,NULL,'','','azur','propale/PR1911-0051/PR1911-0051.pdf',NULL,NULL,0,0,0,'',NULL,NULL,NULL,1,'PYG',1.00000000,148000.00000000,14800.00000000,162800.00000000),(60,'PR1911-0052',1,NULL,NULL,'',181,NULL,'2019-11-04 12:01:56','2019-11-04 11:51:39','2019-11-04','2019-11-19 12:00:00','2019-11-04 12:01:56',NULL,2,NULL,2,NULL,1,0,NULL,NULL,0,148000.00000000,14800.00000000,0.00000000,0.00000000,162800.00000000,NULL,NULL,NULL,NULL,'','','azur','propale/PR1911-0052/PR1911-0052.pdf',NULL,NULL,0,0,0,'',NULL,NULL,NULL,1,'PYG',1.00000000,148000.00000000,14800.00000000,162800.00000000),(61,'PR1911-0053',1,NULL,NULL,'',183,NULL,'2019-11-04 13:25:19','2019-11-04 13:22:36','2019-11-04','2019-11-19 12:00:00','2019-11-04 13:25:19',NULL,2,NULL,2,NULL,1,0,NULL,NULL,0,148000.00000000,14800.00000000,0.00000000,0.00000000,162800.00000000,NULL,NULL,NULL,NULL,'','','azur','propale/PR1911-0053/PR1911-0053.pdf',NULL,NULL,0,0,0,'',NULL,NULL,NULL,1,'PYG',1.00000000,148000.00000000,14800.00000000,162800.00000000),(62,'PR1911-0054',1,NULL,NULL,'',185,NULL,'2019-11-04 13:34:01','2019-11-04 13:31:25','2019-11-04','2019-11-19 12:00:00','2019-11-04 13:34:01',NULL,2,NULL,2,NULL,1,0,NULL,NULL,0,148000.00000000,14800.00000000,0.00000000,0.00000000,162800.00000000,NULL,NULL,NULL,NULL,'','','azur','propale/PR1911-0054/PR1911-0054.pdf',NULL,NULL,0,0,0,'',NULL,NULL,NULL,1,'PYG',1.00000000,148000.00000000,14800.00000000,162800.00000000),(63,'PR1911-0055',1,NULL,NULL,'',193,NULL,'2019-11-04 13:48:16','2019-11-04 13:45:20','2019-11-04','2019-11-19 12:00:00','2019-11-04 13:48:16',NULL,2,NULL,2,NULL,1,0,NULL,NULL,0,148000.00000000,14800.00000000,0.00000000,0.00000000,162800.00000000,NULL,NULL,NULL,NULL,'','','azur','propale/PR1911-0055/PR1911-0055.pdf',NULL,NULL,0,0,0,'',NULL,NULL,NULL,1,'PYG',1.00000000,148000.00000000,14800.00000000,162800.00000000),(64,'PR1911-0056',1,NULL,NULL,'',192,NULL,'2019-11-04 14:18:46','2019-11-04 14:15:07','2019-11-04','2019-11-19 12:00:00','2019-11-04 14:18:46',NULL,2,NULL,2,NULL,1,0,NULL,NULL,0,148000.00000000,14800.00000000,0.00000000,0.00000000,162800.00000000,NULL,NULL,NULL,NULL,'','','azur','propale/PR1911-0056/PR1911-0056.pdf',NULL,NULL,0,0,0,'',NULL,NULL,NULL,1,'PYG',1.00000000,148000.00000000,14800.00000000,162800.00000000),(65,'PR1911-0057',1,NULL,NULL,'',225,NULL,'2019-11-04 15:47:22','2019-11-04 15:42:29','2019-11-04','2019-11-19 12:00:00','2019-11-04 15:47:21',NULL,2,NULL,2,NULL,1,0,NULL,NULL,0,148000.00000000,14800.00000000,0.00000000,0.00000000,162800.00000000,NULL,NULL,NULL,NULL,'','','azur','propale/PR1911-0057/PR1911-0057.pdf',NULL,NULL,0,0,0,'',NULL,NULL,NULL,1,'PYG',1.00000000,148000.00000000,14800.00000000,162800.00000000),(66,'PR1911-0058',1,NULL,NULL,'',226,NULL,'2019-11-04 17:46:59','2019-11-04 17:17:04','2019-11-04','2019-11-19 12:00:00','2019-11-04 17:46:59',NULL,2,NULL,2,NULL,1,0,NULL,NULL,0,148000.00000000,14800.00000000,0.00000000,0.00000000,162800.00000000,NULL,NULL,NULL,NULL,'','','azur','propale/PR1911-0058/PR1911-0058.pdf',NULL,NULL,0,0,0,'',NULL,NULL,NULL,1,'PYG',1.00000000,148000.00000000,14800.00000000,162800.00000000),(68,'PR1911-0060',1,NULL,NULL,'',228,NULL,'2019-11-07 13:18:38','2019-11-07 13:16:03','2019-11-07','2019-11-22 12:00:00','2019-11-07 13:18:38',NULL,2,NULL,2,NULL,1,0,NULL,NULL,0,148000.00000000,14800.00000000,0.00000000,0.00000000,162800.00000000,NULL,NULL,NULL,NULL,'','','azur','propale/PR1911-0060/PR1911-0060.pdf',NULL,NULL,0,0,0,'',NULL,NULL,NULL,1,'PYG',1.00000000,148000.00000000,14800.00000000,162800.00000000),(70,'PR2005-0061',1,NULL,NULL,'',235,NULL,'2020-05-27 13:00:26','2020-05-25 13:24:11','2020-05-25','2020-06-24 12:00:00','2020-05-27 13:00:26',NULL,2,NULL,2,NULL,1,0,NULL,NULL,0,987500.00000000,98750.00000000,0.00000000,0.00000000,1086250.00000000,NULL,NULL,NULL,NULL,'','','azur','propale/PR2005-0061/PR2005-0061.pdf',NULL,NULL,0,0,0,'',NULL,NULL,NULL,1,'PYG',1.00000000,987500.00000000,98750.00000000,1086250.00000000),(71,'PR2007-0062',1,NULL,NULL,'',237,NULL,'2020-07-03 17:51:44','2020-07-02 13:06:54','2020-07-02','2020-07-17 12:00:00','2020-07-02 13:23:39','2020-07-03 17:51:44',2,NULL,2,2,2,0,NULL,NULL,0,30120000.00000000,3012000.00000000,0.00000000,0.00000000,33132000.00000000,NULL,NULL,4,2,'','','azur','propale/PR2007-0062/PR2007-0062.pdf',NULL,NULL,0,0,0,'',NULL,NULL,NULL,1,'PYG',1.00000000,30120000.00000000,3012000.00000000,33132000.00000000);

--
-- Table structure for table `llxqa_propal_extrafields`
--

CREATE TABLE `llxqa_propal_extrafields` (
  `rowid` int(11) NOT NULL AUTO_INCREMENT,
  `tms` timestamp NOT NULL DEFAULT current_timestamp() ON UPDATE current_timestamp(),
  `fk_object` int(11) NOT NULL,
  `import_key` varchar(14) DEFAULT NULL,
  PRIMARY KEY (`rowid`),
  KEY `idx_propal_extrafields` (`fk_object`)
) ENGINE=InnoDB DEFAULT CHARSET=utf8;

--
-- Dumping data for table `llxqa_propal_extrafields`
--


--
-- Table structure for table `llxqa_propal_merge_pdf_product`
--

CREATE TABLE `llxqa_propal_merge_pdf_product` (
  `rowid` int(11) NOT NULL AUTO_INCREMENT,
  `fk_product` int(11) NOT NULL,
  `file_name` varchar(200) NOT NULL,
  `lang` varchar(5) DEFAULT NULL,
  `fk_user_author` int(11) DEFAULT NULL,
  `fk_user_mod` int(11) NOT NULL,
  `datec` datetime NOT NULL,
  `tms` timestamp NOT NULL DEFAULT current_timestamp() ON UPDATE current_timestamp(),
  `import_key` varchar(14) DEFAULT NULL,
  PRIMARY KEY (`rowid`)
) ENGINE=InnoDB DEFAULT CHARSET=utf8;

--
-- Dumping data for table `llxqa_propal_merge_pdf_product`
--


--
-- Table structure for table `llxqa_propaldet`
--

CREATE TABLE `llxqa_propaldet` (
  `rowid` int(11) NOT NULL AUTO_INCREMENT,
  `fk_propal` int(11) NOT NULL,
  `fk_parent_line` int(11) DEFAULT NULL,
  `fk_product` int(11) DEFAULT NULL,
  `label` varchar(255) DEFAULT NULL,
  `description` text DEFAULT NULL,
  `fk_remise_except` int(11) DEFAULT NULL,
  `vat_src_code` varchar(10) DEFAULT '',
  `tva_tx` double(6,3) DEFAULT 0.000,
  `localtax1_tx` double(6,3) DEFAULT 0.000,
  `localtax1_type` varchar(10) DEFAULT NULL,
  `localtax2_tx` double(6,3) DEFAULT 0.000,
  `localtax2_type` varchar(10) DEFAULT NULL,
  `qty` double DEFAULT NULL,
  `remise_percent` double DEFAULT 0,
  `remise` double DEFAULT 0,
  `price` double DEFAULT NULL,
  `subprice` double(24,8) DEFAULT 0.00000000,
  `total_ht` double(24,8) DEFAULT 0.00000000,
  `total_tva` double(24,8) DEFAULT 0.00000000,
  `total_localtax1` double(24,8) DEFAULT 0.00000000,
  `total_localtax2` double(24,8) DEFAULT 0.00000000,
  `total_ttc` double(24,8) DEFAULT 0.00000000,
  `product_type` int(11) DEFAULT 0,
  `date_start` datetime DEFAULT NULL,
  `date_end` datetime DEFAULT NULL,
  `info_bits` int(11) DEFAULT 0,
  `buy_price_ht` double(24,8) DEFAULT 0.00000000,
  `fk_product_fournisseur_price` int(11) DEFAULT NULL,
  `special_code` int(11) DEFAULT 0,
  `rang` int(11) DEFAULT 0,
  `fk_unit` int(11) DEFAULT NULL,
  `fk_multicurrency` int(11) DEFAULT NULL,
  `multicurrency_code` varchar(255) DEFAULT NULL,
  `multicurrency_subprice` double(24,8) DEFAULT 0.00000000,
  `multicurrency_total_ht` double(24,8) DEFAULT 0.00000000,
  `multicurrency_total_tva` double(24,8) DEFAULT 0.00000000,
  `multicurrency_total_ttc` double(24,8) DEFAULT 0.00000000,
  PRIMARY KEY (`rowid`),
  KEY `idx_propaldet_fk_propal` (`fk_propal`),
  KEY `idx_propaldet_fk_product` (`fk_product`),
  KEY `fk_propaldet_fk_unit` (`fk_unit`),
  CONSTRAINT `fk_propaldet_fk_propal` FOREIGN KEY (`fk_propal`) REFERENCES `llxqa_propal` (`rowid`),
  CONSTRAINT `fk_propaldet_fk_unit` FOREIGN KEY (`fk_unit`) REFERENCES `llxqa_c_units` (`rowid`)
) ENGINE=InnoDB AUTO_INCREMENT=413 DEFAULT CHARSET=utf8;

--
-- Dumping data for table `llxqa_propaldet`
--

INSERT INTO `llxqa_propaldet` VALUES (17,3,NULL,4,NULL,'(Customs / Commodity / HS code: 2208.70.10 - Origin country: Paraguay)',NULL,'IVA',10.000,0.000,'0',0.000,'0',12,0,0,27200,27200.00000000,326400.00000000,32640.00000000,0.00000000,0.00000000,359040.00000000,0,NULL,NULL,0,0.00000000,NULL,0,3,NULL,1,'PYG',27200.00000000,326400.00000000,32640.00000000,359040.00000000),(20,3,NULL,1,NULL,'(Customs / Commodity / HS code: 2208.70.10 - Origin country: Paraguay)',NULL,'IVA',10.000,0.000,'0',0.000,'0',12,0,0,27200,27200.00000000,326400.00000000,32640.00000000,0.00000000,0.00000000,359040.00000000,0,NULL,NULL,0,0.00000000,NULL,0,4,NULL,1,'PYG',27200.00000000,326400.00000000,32640.00000000,359040.00000000),(34,8,NULL,4,NULL,'(Customs / Commodity / HS code: 2208.70.10 - Origin country: Paraguay)',NULL,'IVA',10.000,0.000,'0',0.000,'0',1,0,0,NULL,27200.00000000,27200.00000000,2720.00000000,0.00000000,0.00000000,29920.00000000,0,NULL,NULL,0,0.00000000,NULL,0,1,NULL,1,'PYG',27200.00000000,27200.00000000,2720.00000000,29920.00000000),(35,8,NULL,1,NULL,'(Customs / Commodity / HS code: 2208.70.10 - Origin country: Paraguay)',NULL,'IVA',10.000,0.000,'0',0.000,'0',1,0,0,NULL,27200.00000000,27200.00000000,2720.00000000,0.00000000,0.00000000,29920.00000000,0,NULL,NULL,0,0.00000000,NULL,0,2,NULL,1,'PYG',27200.00000000,27200.00000000,2720.00000000,29920.00000000),(36,8,NULL,8,NULL,'(Customs / Commodity / HS code: 2208.40.11 - Origin country: Paraguay)',NULL,'IVA',10.000,0.000,'0',0.000,'0',1,0,0,NULL,69000.00000000,69000.00000000,6900.00000000,0.00000000,0.00000000,75900.00000000,0,NULL,NULL,0,0.00000000,NULL,0,3,NULL,1,'PYG',69000.00000000,69000.00000000,6900.00000000,75900.00000000),(37,8,NULL,9,NULL,'(Customs / Commodity / HS code: 2208.40.11 - Origin country: Paraguay)',NULL,'IVA',10.000,0.000,'0',0.000,'0',1,0,0,NULL,100000.00000000,100000.00000000,10000.00000000,0.00000000,0.00000000,110000.00000000,0,NULL,NULL,0,0.00000000,NULL,0,5,NULL,1,'PYG',100000.00000000,100000.00000000,10000.00000000,110000.00000000),(38,8,NULL,10,NULL,'(Customs / Commodity / HS code: 2208.40.11 - Origin country: Paraguay)',NULL,'IVA',10.000,0.000,'0',0.000,'0',1,0,0,NULL,69000.00000000,69000.00000000,6900.00000000,0.00000000,0.00000000,75900.00000000,0,NULL,NULL,0,0.00000000,NULL,0,4,NULL,1,'PYG',69000.00000000,69000.00000000,6900.00000000,75900.00000000),(58,12,NULL,1,NULL,'(Customs / Commodity / HS code: 2208.70.10 - Origin country: Paraguay)',NULL,'IVA',10.000,0.000,'0',0.000,'0',1,0,0,NULL,27200.00000000,27200.00000000,2720.00000000,0.00000000,0.00000000,29920.00000000,0,NULL,NULL,0,0.00000000,NULL,0,1,NULL,1,'PYG',27200.00000000,27200.00000000,2720.00000000,29920.00000000),(59,12,NULL,4,NULL,'(Customs / Commodity / HS code: 2208.70.10 - Origin country: Paraguay)',NULL,'IVA',10.000,0.000,'0',0.000,'0',1,0,0,NULL,27200.00000000,27200.00000000,2720.00000000,0.00000000,0.00000000,29920.00000000,0,NULL,NULL,0,0.00000000,NULL,0,2,NULL,1,'PYG',27200.00000000,27200.00000000,2720.00000000,29920.00000000),(60,12,NULL,8,NULL,'(Customs / Commodity / HS code: 2208.40.11 - Origin country: Paraguay)',NULL,'IVA',10.000,0.000,'0',0.000,'0',1,0,0,NULL,69000.00000000,69000.00000000,6900.00000000,0.00000000,0.00000000,75900.00000000,0,NULL,NULL,0,0.00000000,NULL,0,3,NULL,1,'PYG',69000.00000000,69000.00000000,6900.00000000,75900.00000000),(61,12,NULL,10,NULL,'(Customs / Commodity / HS code: 2208.40.11 - Origin country: Paraguay)',NULL,'IVA',10.000,0.000,'0',0.000,'0',1,0,0,NULL,69000.00000000,69000.00000000,6900.00000000,0.00000000,0.00000000,75900.00000000,0,NULL,NULL,0,0.00000000,NULL,0,4,NULL,1,'PYG',69000.00000000,69000.00000000,6900.00000000,75900.00000000),(62,12,NULL,9,NULL,'(Customs / Commodity / HS code: 2208.40.11 - Origin country: Paraguay)',NULL,'IVA',10.000,0.000,'0',0.000,'0',1,0,0,NULL,100000.00000000,100000.00000000,10000.00000000,0.00000000,0.00000000,110000.00000000,0,NULL,NULL,0,0.00000000,NULL,0,5,NULL,1,'PYG',100000.00000000,100000.00000000,10000.00000000,110000.00000000),(63,12,NULL,15,NULL,'(Origin country: Paraguay)',NULL,'IVA',10.000,0.000,'0',0.000,'0',1,0,0,NULL,50000.00000000,50000.00000000,5000.00000000,0.00000000,0.00000000,55000.00000000,0,NULL,NULL,0,0.00000000,NULL,0,6,NULL,1,'PYG',50000.00000000,50000.00000000,5000.00000000,55000.00000000),(64,13,NULL,4,NULL,'(Customs / Commodity / HS code: 2208.70.10 - Origin country: Paraguay)',NULL,'IVA',10.000,0.000,'0',0.000,'0',1,0,0,NULL,27200.00000000,27200.00000000,2720.00000000,0.00000000,0.00000000,29920.00000000,0,NULL,NULL,0,0.00000000,NULL,0,1,NULL,1,'PYG',27200.00000000,27200.00000000,2720.00000000,29920.00000000),(65,13,NULL,1,NULL,'(Customs / Commodity / HS code: 2208.70.10 - Origin country: Paraguay)',NULL,'IVA',10.000,0.000,'0',0.000,'0',1,0,0,NULL,27200.00000000,27200.00000000,2720.00000000,0.00000000,0.00000000,29920.00000000,0,NULL,NULL,0,0.00000000,NULL,0,2,NULL,1,'PYG',27200.00000000,27200.00000000,2720.00000000,29920.00000000),(66,13,NULL,8,NULL,'(Customs / Commodity / HS code: 2208.40.11 - Origin country: Paraguay)',NULL,'IVA',10.000,0.000,'0',0.000,'0',1,0,0,NULL,69000.00000000,69000.00000000,6900.00000000,0.00000000,0.00000000,75900.00000000,0,NULL,NULL,0,0.00000000,NULL,0,4,NULL,1,'PYG',69000.00000000,69000.00000000,6900.00000000,75900.00000000),(67,13,NULL,10,NULL,'(Customs / Commodity / HS code: 2208.40.11 - Origin country: Paraguay)',NULL,'IVA',10.000,0.000,'0',0.000,'0',1,0,0,NULL,69000.00000000,69000.00000000,6900.00000000,0.00000000,0.00000000,75900.00000000,0,NULL,NULL,0,0.00000000,NULL,0,5,NULL,1,'PYG',69000.00000000,69000.00000000,6900.00000000,75900.00000000),(68,13,NULL,9,NULL,'(Customs / Commodity / HS code: 2208.40.11 - Origin country: Paraguay)',NULL,'IVA',10.000,0.000,'0',0.000,'0',1,0,0,NULL,100000.00000000,100000.00000000,10000.00000000,0.00000000,0.00000000,110000.00000000,0,NULL,NULL,0,0.00000000,NULL,0,3,NULL,1,'PYG',100000.00000000,100000.00000000,10000.00000000,110000.00000000),(69,13,NULL,15,NULL,'(Origin country: Paraguay)',NULL,'IVA',10.000,0.000,'0',0.000,'0',1,0,0,NULL,50000.00000000,50000.00000000,5000.00000000,0.00000000,0.00000000,55000.00000000,0,NULL,NULL,0,0.00000000,NULL,0,6,NULL,1,'PYG',50000.00000000,50000.00000000,5000.00000000,55000.00000000),(70,13,NULL,7,NULL,'(Origin country: Paraguay)',NULL,'IVA',10.000,0.000,'0',0.000,'0',1,0,0,NULL,30000.00000000,30000.00000000,3000.00000000,0.00000000,0.00000000,33000.00000000,0,NULL,NULL,0,0.00000000,NULL,0,7,NULL,1,'PYG',30000.00000000,30000.00000000,3000.00000000,33000.00000000),(71,13,NULL,16,NULL,'(Origin country: Paraguay)',NULL,'IVA5',5.000,0.000,'0',0.000,'0',1,0,0,NULL,30000.00000000,30000.00000000,1500.00000000,0.00000000,0.00000000,31500.00000000,0,NULL,NULL,0,0.00000000,NULL,0,8,NULL,1,'PYG',30000.00000000,30000.00000000,1500.00000000,31500.00000000),(72,14,NULL,7,NULL,'(Origin country: Paraguay)',NULL,'IVA',10.000,0.000,'0',0.000,'0',1,0,0,NULL,30000.00000000,30000.00000000,3000.00000000,0.00000000,0.00000000,33000.00000000,0,NULL,NULL,0,0.00000000,NULL,0,1,NULL,1,'PYG',30000.00000000,30000.00000000,3000.00000000,33000.00000000),(73,14,NULL,16,NULL,'(Origin country: Paraguay)',NULL,'IVA5',5.000,0.000,'0',0.000,'0',1,0,0,NULL,30000.00000000,30000.00000000,1500.00000000,0.00000000,0.00000000,31500.00000000,0,NULL,NULL,0,0.00000000,NULL,0,2,NULL,1,'PYG',30000.00000000,30000.00000000,1500.00000000,31500.00000000),(74,14,NULL,4,NULL,'(Customs / Commodity / HS code: 2208.70.10 - Origin country: Paraguay)',NULL,'IVA',10.000,0.000,'0',0.000,'0',1,0,0,NULL,27200.00000000,27200.00000000,2720.00000000,0.00000000,0.00000000,29920.00000000,0,NULL,NULL,0,0.00000000,NULL,0,3,NULL,1,'PYG',27200.00000000,27200.00000000,2720.00000000,29920.00000000),(75,14,NULL,1,NULL,'(Customs / Commodity / HS code: 2208.70.10 - Origin country: Paraguay)',NULL,'IVA',10.000,0.000,'0',0.000,'0',1,0,0,NULL,27200.00000000,27200.00000000,2720.00000000,0.00000000,0.00000000,29920.00000000,0,NULL,NULL,0,0.00000000,NULL,0,4,NULL,1,'PYG',27200.00000000,27200.00000000,2720.00000000,29920.00000000),(76,14,NULL,8,NULL,'(Customs / Commodity / HS code: 2208.40.11 - Origin country: Paraguay)',NULL,'IVA',10.000,0.000,'0',0.000,'0',1,0,0,NULL,69000.00000000,69000.00000000,6900.00000000,0.00000000,0.00000000,75900.00000000,0,NULL,NULL,0,0.00000000,NULL,0,5,NULL,1,'PYG',69000.00000000,69000.00000000,6900.00000000,75900.00000000),(77,14,NULL,10,NULL,'(Customs / Commodity / HS code: 2208.40.11 - Origin country: Paraguay)',NULL,'IVA',10.000,0.000,'0',0.000,'0',1,0,0,NULL,69000.00000000,69000.00000000,6900.00000000,0.00000000,0.00000000,75900.00000000,0,NULL,NULL,0,0.00000000,NULL,0,6,NULL,1,'PYG',69000.00000000,69000.00000000,6900.00000000,75900.00000000),(78,14,NULL,9,NULL,'(Customs / Commodity / HS code: 2208.40.11 - Origin country: Paraguay)',NULL,'IVA',10.000,0.000,'0',0.000,'0',1,0,0,NULL,100000.00000000,100000.00000000,10000.00000000,0.00000000,0.00000000,110000.00000000,0,NULL,NULL,0,0.00000000,NULL,0,7,NULL,1,'PYG',100000.00000000,100000.00000000,10000.00000000,110000.00000000),(79,14,NULL,15,NULL,'(Origin country: Paraguay)',NULL,'IVA',10.000,0.000,'0',0.000,'0',1,0,0,NULL,50000.00000000,50000.00000000,5000.00000000,0.00000000,0.00000000,55000.00000000,0,NULL,NULL,0,0.00000000,NULL,0,8,NULL,1,'PYG',50000.00000000,50000.00000000,5000.00000000,55000.00000000),(88,16,NULL,4,NULL,'(Customs / Commodity / HS code: 2208.70.10 - Origin country: Paraguay)',NULL,'IVA',10.000,0.000,'0',0.000,'0',1,0,0,NULL,27200.00000000,27200.00000000,2720.00000000,0.00000000,0.00000000,29920.00000000,0,NULL,NULL,0,0.00000000,NULL,0,1,NULL,1,'PYG',27200.00000000,27200.00000000,2720.00000000,29920.00000000),(89,16,NULL,1,NULL,'(Customs / Commodity / HS code: 2208.70.10 - Origin country: Paraguay)',NULL,'IVA',10.000,0.000,'0',0.000,'0',1,0,0,NULL,27200.00000000,27200.00000000,2720.00000000,0.00000000,0.00000000,29920.00000000,0,NULL,NULL,0,0.00000000,NULL,0,2,NULL,1,'PYG',27200.00000000,27200.00000000,2720.00000000,29920.00000000),(90,16,NULL,8,NULL,'(Customs / Commodity / HS code: 2208.40.11 - Origin country: Paraguay)',NULL,'IVA',10.000,0.000,'0',0.000,'0',1,0,0,NULL,69000.00000000,69000.00000000,6900.00000000,0.00000000,0.00000000,75900.00000000,0,NULL,NULL,0,0.00000000,NULL,0,3,NULL,1,'PYG',69000.00000000,69000.00000000,6900.00000000,75900.00000000),(91,16,NULL,10,NULL,'(Customs / Commodity / HS code: 2208.40.11 - Origin country: Paraguay)',NULL,'IVA',10.000,0.000,'0',0.000,'0',1,0,0,NULL,69000.00000000,69000.00000000,6900.00000000,0.00000000,0.00000000,75900.00000000,0,NULL,NULL,0,0.00000000,NULL,0,4,NULL,1,'PYG',69000.00000000,69000.00000000,6900.00000000,75900.00000000),(92,16,NULL,9,NULL,'(Customs / Commodity / HS code: 2208.40.11 - Origin country: Paraguay)',NULL,'IVA',10.000,0.000,'0',0.000,'0',1,0,0,NULL,100000.00000000,100000.00000000,10000.00000000,0.00000000,0.00000000,110000.00000000,0,NULL,NULL,0,0.00000000,NULL,0,5,NULL,1,'PYG',100000.00000000,100000.00000000,10000.00000000,110000.00000000),(93,16,NULL,15,NULL,'(Origin country: Paraguay)',NULL,'IVA',10.000,0.000,'0',0.000,'0',1,0,0,NULL,50000.00000000,50000.00000000,5000.00000000,0.00000000,0.00000000,55000.00000000,0,NULL,NULL,0,0.00000000,NULL,0,6,NULL,1,'PYG',50000.00000000,50000.00000000,5000.00000000,55000.00000000),(94,17,NULL,4,NULL,'(Customs / Commodity / HS code: 2208.70.10 - Origin country: Paraguay)',NULL,'IVA',10.000,0.000,'0',0.000,'0',1,0,0,NULL,27200.00000000,27200.00000000,2720.00000000,0.00000000,0.00000000,29920.00000000,0,NULL,NULL,0,0.00000000,NULL,0,1,NULL,1,'PYG',27200.00000000,27200.00000000,2720.00000000,29920.00000000),(95,17,NULL,1,NULL,'(Customs / Commodity / HS code: 2208.70.10 - Origin country: Paraguay)',NULL,'IVA',10.000,0.000,'0',0.000,'0',1,0,0,NULL,27200.00000000,27200.00000000,2720.00000000,0.00000000,0.00000000,29920.00000000,0,NULL,NULL,0,0.00000000,NULL,0,2,NULL,1,'PYG',27200.00000000,27200.00000000,2720.00000000,29920.00000000),(96,17,NULL,16,NULL,'(Origin country: Paraguay)',NULL,'IVA5',5.000,0.000,'0',0.000,'0',1,0,0,NULL,30000.00000000,30000.00000000,1500.00000000,0.00000000,0.00000000,31500.00000000,0,NULL,NULL,0,0.00000000,NULL,0,3,NULL,1,'PYG',30000.00000000,30000.00000000,1500.00000000,31500.00000000),(97,18,NULL,1,NULL,'(Customs / Commodity / HS code: 2208.70.10 - Origin country: Paraguay)',NULL,'IVA',10.000,0.000,'0',0.000,'0',1,0,0,NULL,27200.00000000,27200.00000000,2720.00000000,0.00000000,0.00000000,29920.00000000,0,NULL,NULL,0,0.00000000,NULL,0,1,NULL,1,'PYG',27200.00000000,27200.00000000,2720.00000000,29920.00000000),(98,18,NULL,4,NULL,'(Customs / Commodity / HS code: 2208.70.10 - Origin country: Paraguay)',NULL,'IVA',10.000,0.000,'0',0.000,'0',1,0,0,NULL,27200.00000000,27200.00000000,2720.00000000,0.00000000,0.00000000,29920.00000000,0,NULL,NULL,0,0.00000000,NULL,0,2,NULL,1,'PYG',27200.00000000,27200.00000000,2720.00000000,29920.00000000),(99,18,NULL,8,NULL,'(Customs / Commodity / HS code: 2208.40.11 - Origin country: Paraguay)',NULL,'IVA',10.000,0.000,'0',0.000,'0',1,0,0,NULL,69000.00000000,69000.00000000,6900.00000000,0.00000000,0.00000000,75900.00000000,0,NULL,NULL,0,0.00000000,NULL,0,3,NULL,1,'PYG',69000.00000000,69000.00000000,6900.00000000,75900.00000000),(101,18,NULL,9,NULL,'(Customs / Commodity / HS code: 2208.40.11 - Origin country: Paraguay)',NULL,'IVA',10.000,0.000,'0',0.000,'0',1,0,0,NULL,100000.00000000,100000.00000000,10000.00000000,0.00000000,0.00000000,110000.00000000,0,NULL,NULL,0,0.00000000,NULL,0,5,NULL,1,'PYG',100000.00000000,100000.00000000,10000.00000000,110000.00000000),(103,18,NULL,10,NULL,'(Customs / Commodity / HS code: 2208.40.11 - Origin country: Paraguay)',NULL,'IVA',10.000,0.000,'0',0.000,'0',1,0,0,NULL,69000.00000000,69000.00000000,6900.00000000,0.00000000,0.00000000,75900.00000000,0,NULL,NULL,0,0.00000000,NULL,0,4,NULL,1,'PYG',69000.00000000,69000.00000000,6900.00000000,75900.00000000),(104,18,NULL,15,NULL,'(Origin country: Paraguay)',NULL,'IVA',10.000,0.000,'0',0.000,'0',1,0,0,NULL,50000.00000000,50000.00000000,5000.00000000,0.00000000,0.00000000,55000.00000000,0,NULL,NULL,0,0.00000000,NULL,0,6,NULL,1,'PYG',50000.00000000,50000.00000000,5000.00000000,55000.00000000),(105,18,NULL,7,NULL,'(Origin country: Paraguay)',NULL,'IVA',10.000,0.000,'0',0.000,'0',1,0,0,NULL,30000.00000000,30000.00000000,3000.00000000,0.00000000,0.00000000,33000.00000000,0,NULL,NULL,0,0.00000000,NULL,0,7,NULL,1,'PYG',30000.00000000,30000.00000000,3000.00000000,33000.00000000),(107,18,NULL,16,NULL,'(Origin country: Paraguay)',NULL,'IVA5',5.000,0.000,'0',0.000,'0',1,0,0,NULL,30000.00000000,30000.00000000,1500.00000000,0.00000000,0.00000000,31500.00000000,0,NULL,NULL,0,0.00000000,NULL,0,8,NULL,1,'PYG',30000.00000000,30000.00000000,1500.00000000,31500.00000000),(108,19,NULL,4,NULL,'(Customs / Commodity / HS code: 2208.70.10 - Origin country: Paraguay)',NULL,'IVA',10.000,0.000,'0',0.000,'0',1,0,0,NULL,27200.00000000,27200.00000000,2720.00000000,0.00000000,0.00000000,29920.00000000,0,NULL,NULL,0,0.00000000,NULL,0,1,NULL,1,'PYG',27200.00000000,27200.00000000,2720.00000000,29920.00000000),(109,19,NULL,1,NULL,'(Customs / Commodity / HS code: 2208.70.10 - Origin country: Paraguay)',NULL,'IVA',10.000,0.000,'0',0.000,'0',1,0,0,NULL,27200.00000000,27200.00000000,2720.00000000,0.00000000,0.00000000,29920.00000000,0,NULL,NULL,0,0.00000000,NULL,0,2,NULL,1,'PYG',27200.00000000,27200.00000000,2720.00000000,29920.00000000),(110,19,NULL,8,NULL,'(Customs / Commodity / HS code: 2208.40.11 - Origin country: Paraguay)',NULL,'IVA',10.000,0.000,'0',0.000,'0',1,0,0,NULL,69000.00000000,69000.00000000,6900.00000000,0.00000000,0.00000000,75900.00000000,0,NULL,NULL,0,0.00000000,NULL,0,3,NULL,1,'PYG',69000.00000000,69000.00000000,6900.00000000,75900.00000000),(111,19,NULL,9,NULL,'(Customs / Commodity / HS code: 2208.40.11 - Origin country: Paraguay)',NULL,'IVA',10.000,0.000,'0',0.000,'0',1,0,0,NULL,100000.00000000,100000.00000000,10000.00000000,0.00000000,0.00000000,110000.00000000,0,NULL,NULL,0,0.00000000,NULL,0,5,NULL,1,'PYG',100000.00000000,100000.00000000,10000.00000000,110000.00000000),(112,19,NULL,10,NULL,'(Customs / Commodity / HS code: 2208.40.11 - Origin country: Paraguay)',NULL,'IVA',10.000,0.000,'0',0.000,'0',1,0,0,NULL,69000.00000000,69000.00000000,6900.00000000,0.00000000,0.00000000,75900.00000000,0,NULL,NULL,0,0.00000000,NULL,0,4,NULL,1,'PYG',69000.00000000,69000.00000000,6900.00000000,75900.00000000),(113,19,NULL,15,NULL,'(Origin country: Paraguay)',NULL,'IVA',10.000,0.000,'0',0.000,'0',1,0,0,NULL,50000.00000000,50000.00000000,5000.00000000,0.00000000,0.00000000,55000.00000000,0,NULL,NULL,0,0.00000000,NULL,0,6,NULL,1,'PYG',50000.00000000,50000.00000000,5000.00000000,55000.00000000),(114,19,NULL,7,NULL,'(Origin country: Paraguay)',NULL,'IVA',10.000,0.000,'0',0.000,'0',1,0,0,NULL,30000.00000000,30000.00000000,3000.00000000,0.00000000,0.00000000,33000.00000000,0,NULL,NULL,0,0.00000000,NULL,0,7,NULL,1,'PYG',30000.00000000,30000.00000000,3000.00000000,33000.00000000),(115,19,NULL,16,NULL,'(Origin country: Paraguay)',NULL,'IVA5',5.000,0.000,'0',0.000,'0',1,0,0,NULL,30000.00000000,30000.00000000,1500.00000000,0.00000000,0.00000000,31500.00000000,0,NULL,NULL,0,0.00000000,NULL,0,8,NULL,1,'PYG',30000.00000000,30000.00000000,1500.00000000,31500.00000000),(116,20,NULL,1,NULL,'(Customs / Commodity / HS code: 2208.70.10 - Origin country: Paraguay)',NULL,'IVA',10.000,0.000,'0',0.000,'0',1,0,0,NULL,27200.00000000,27200.00000000,2720.00000000,0.00000000,0.00000000,29920.00000000,0,NULL,NULL,0,0.00000000,NULL,0,1,NULL,1,'PYG',27200.00000000,27200.00000000,2720.00000000,29920.00000000),(117,20,NULL,4,NULL,'(Customs / Commodity / HS code: 2208.70.10 - Origin country: Paraguay)',NULL,'IVA',10.000,0.000,'0',0.000,'0',1,0,0,NULL,27200.00000000,27200.00000000,2720.00000000,0.00000000,0.00000000,29920.00000000,0,NULL,NULL,0,0.00000000,NULL,0,2,NULL,1,'PYG',27200.00000000,27200.00000000,2720.00000000,29920.00000000),(118,20,NULL,8,NULL,'(Customs / Commodity / HS code: 2208.40.11 - Origin country: Paraguay)',NULL,'IVA',10.000,0.000,'0',0.000,'0',1,0,0,NULL,69000.00000000,69000.00000000,6900.00000000,0.00000000,0.00000000,75900.00000000,0,NULL,NULL,0,0.00000000,NULL,0,3,NULL,1,'PYG',69000.00000000,69000.00000000,6900.00000000,75900.00000000),(119,20,NULL,10,NULL,'(Customs / Commodity / HS code: 2208.40.11 - Origin country: Paraguay)',NULL,'IVA',10.000,0.000,'0',0.000,'0',1,0,0,NULL,69000.00000000,69000.00000000,6900.00000000,0.00000000,0.00000000,75900.00000000,0,NULL,NULL,0,0.00000000,NULL,0,4,NULL,1,'PYG',69000.00000000,69000.00000000,6900.00000000,75900.00000000),(122,20,NULL,7,NULL,'(Origin country: Paraguay)',NULL,'IVA',10.000,0.000,'0',0.000,'0',1,0,0,NULL,30000.00000000,30000.00000000,3000.00000000,0.00000000,0.00000000,33000.00000000,0,NULL,NULL,0,0.00000000,NULL,0,5,NULL,1,'PYG',30000.00000000,30000.00000000,3000.00000000,33000.00000000),(124,21,NULL,1,NULL,'(Customs / Commodity / HS code: 2208.70.10 - Origin country: Paraguay)',NULL,'IVA',10.000,0.000,'0',0.000,'0',1,0,0,NULL,27200.00000000,27200.00000000,2720.00000000,0.00000000,0.00000000,29920.00000000,0,NULL,NULL,0,0.00000000,NULL,0,1,NULL,1,'PYG',27200.00000000,27200.00000000,2720.00000000,29920.00000000),(125,21,NULL,4,NULL,'(Customs / Commodity / HS code: 2208.70.10 - Origin country: Paraguay)',NULL,'IVA',10.000,0.000,'0',0.000,'0',1,0,0,NULL,27200.00000000,27200.00000000,2720.00000000,0.00000000,0.00000000,29920.00000000,0,NULL,NULL,0,0.00000000,NULL,0,2,NULL,1,'PYG',27200.00000000,27200.00000000,2720.00000000,29920.00000000),(126,21,NULL,9,NULL,'(Customs / Commodity / HS code: 2208.40.11 - Origin country: Paraguay)',NULL,'IVA',10.000,0.000,'0',0.000,'0',1,0,0,NULL,100000.00000000,100000.00000000,10000.00000000,0.00000000,0.00000000,110000.00000000,0,NULL,NULL,0,0.00000000,NULL,0,3,NULL,1,'PYG',100000.00000000,100000.00000000,10000.00000000,110000.00000000),(127,21,NULL,8,NULL,'(Customs / Commodity / HS code: 2208.40.11 - Origin country: Paraguay)',NULL,'IVA',10.000,0.000,'0',0.000,'0',1,0,0,NULL,69000.00000000,69000.00000000,6900.00000000,0.00000000,0.00000000,75900.00000000,0,NULL,NULL,0,0.00000000,NULL,0,4,NULL,1,'PYG',69000.00000000,69000.00000000,6900.00000000,75900.00000000),(128,21,NULL,10,NULL,'(Customs / Commodity / HS code: 2208.40.11 - Origin country: Paraguay)',NULL,'IVA',10.000,0.000,'0',0.000,'0',1,0,0,NULL,69000.00000000,69000.00000000,6900.00000000,0.00000000,0.00000000,75900.00000000,0,NULL,NULL,0,0.00000000,NULL,0,5,NULL,1,'PYG',69000.00000000,69000.00000000,6900.00000000,75900.00000000),(129,21,NULL,15,NULL,'(Origin country: Paraguay)',NULL,'IVA',10.000,0.000,'0',0.000,'0',1,0,0,NULL,50000.00000000,50000.00000000,5000.00000000,0.00000000,0.00000000,55000.00000000,0,NULL,NULL,0,0.00000000,NULL,0,6,NULL,1,'PYG',50000.00000000,50000.00000000,5000.00000000,55000.00000000),(130,21,NULL,7,NULL,'(Origin country: Paraguay)',NULL,'IVA',10.000,0.000,'0',0.000,'0',1,0,0,NULL,30000.00000000,30000.00000000,3000.00000000,0.00000000,0.00000000,33000.00000000,0,NULL,NULL,0,0.00000000,NULL,0,7,NULL,1,'PYG',30000.00000000,30000.00000000,3000.00000000,33000.00000000),(131,21,NULL,16,NULL,'(Origin country: Paraguay)',NULL,'IVA5',5.000,0.000,'0',0.000,'0',1,0,0,NULL,30000.00000000,30000.00000000,1500.00000000,0.00000000,0.00000000,31500.00000000,0,NULL,NULL,0,0.00000000,NULL,0,8,NULL,1,'PYG',30000.00000000,30000.00000000,1500.00000000,31500.00000000),(132,22,NULL,4,NULL,'(Customs / Commodity / HS code: 2208.70.10 - Origin country: Paraguay)',NULL,'IVA',10.000,0.000,'0',0.000,'0',1,0,0,NULL,27200.00000000,27200.00000000,2720.00000000,0.00000000,0.00000000,29920.00000000,0,NULL,NULL,0,0.00000000,NULL,0,1,NULL,1,'PYG',27200.00000000,27200.00000000,2720.00000000,29920.00000000),(133,22,NULL,1,NULL,'(Customs / Commodity / HS code: 2208.70.10 - Origin country: Paraguay)',NULL,'IVA',10.000,0.000,'0',0.000,'0',1,0,0,NULL,27200.00000000,27200.00000000,2720.00000000,0.00000000,0.00000000,29920.00000000,0,NULL,NULL,0,0.00000000,NULL,0,2,NULL,1,'PYG',27200.00000000,27200.00000000,2720.00000000,29920.00000000),(141,23,NULL,4,NULL,'(Customs / Commodity / HS code: 2208.70.10 - Origin country: Paraguay)',NULL,'IVA',10.000,0.000,'0',0.000,'0',1,0,0,NULL,27200.00000000,27200.00000000,2720.00000000,0.00000000,0.00000000,29920.00000000,0,NULL,NULL,0,0.00000000,NULL,0,1,NULL,1,'PYG',27200.00000000,27200.00000000,2720.00000000,29920.00000000),(142,23,NULL,1,NULL,'(Customs / Commodity / HS code: 2208.70.10 - Origin country: Paraguay)',NULL,'IVA',10.000,0.000,'0',0.000,'0',1,0,0,NULL,27200.00000000,27200.00000000,2720.00000000,0.00000000,0.00000000,29920.00000000,0,NULL,NULL,0,0.00000000,NULL,0,2,NULL,1,'PYG',27200.00000000,27200.00000000,2720.00000000,29920.00000000),(143,23,NULL,8,NULL,'(Customs / Commodity / HS code: 2208.40.11 - Origin country: Paraguay)',NULL,'IVA',10.000,0.000,'0',0.000,'0',1,0,0,NULL,69000.00000000,69000.00000000,6900.00000000,0.00000000,0.00000000,75900.00000000,0,NULL,NULL,0,0.00000000,NULL,0,3,NULL,1,'PYG',69000.00000000,69000.00000000,6900.00000000,75900.00000000),(144,23,NULL,10,NULL,'(Customs / Commodity / HS code: 2208.40.11 - Origin country: Paraguay)',NULL,'IVA',10.000,0.000,'0',0.000,'0',1,0,0,NULL,69000.00000000,69000.00000000,6900.00000000,0.00000000,0.00000000,75900.00000000,0,NULL,NULL,0,0.00000000,NULL,0,4,NULL,1,'PYG',69000.00000000,69000.00000000,6900.00000000,75900.00000000),(145,23,NULL,9,NULL,'(Customs / Commodity / HS code: 2208.40.11 - Origin country: Paraguay)',NULL,'IVA',10.000,0.000,'0',0.000,'0',1,0,0,NULL,100000.00000000,100000.00000000,10000.00000000,0.00000000,0.00000000,110000.00000000,0,NULL,NULL,0,0.00000000,NULL,0,5,NULL,1,'PYG',100000.00000000,100000.00000000,10000.00000000,110000.00000000),(146,23,NULL,15,NULL,'(Origin country: Paraguay)',NULL,'IVA',10.000,0.000,'0',0.000,'0',1,0,0,NULL,50000.00000000,50000.00000000,5000.00000000,0.00000000,0.00000000,55000.00000000,0,NULL,NULL,0,0.00000000,NULL,0,6,NULL,1,'PYG',50000.00000000,50000.00000000,5000.00000000,55000.00000000),(147,23,NULL,7,NULL,'(Origin country: Paraguay)',NULL,'IVA',10.000,0.000,'0',0.000,'0',1,0,0,NULL,30000.00000000,30000.00000000,3000.00000000,0.00000000,0.00000000,33000.00000000,0,NULL,NULL,0,0.00000000,NULL,0,7,NULL,1,'PYG',30000.00000000,30000.00000000,3000.00000000,33000.00000000),(148,23,NULL,16,NULL,'(Origin country: Paraguay)',NULL,'IVA5',5.000,0.000,'0',0.000,'0',1,0,0,NULL,30000.00000000,30000.00000000,1500.00000000,0.00000000,0.00000000,31500.00000000,0,NULL,NULL,0,0.00000000,NULL,0,8,NULL,1,'PYG',30000.00000000,30000.00000000,1500.00000000,31500.00000000),(157,25,NULL,4,NULL,'(Customs / Commodity / HS code: 2208.70.10 - Origin country: Paraguay)',NULL,'IVA',10.000,0.000,'0',0.000,'0',1,0,0,NULL,27200.00000000,27200.00000000,2720.00000000,0.00000000,0.00000000,29920.00000000,0,NULL,NULL,0,0.00000000,NULL,0,1,NULL,1,'PYG',27200.00000000,27200.00000000,2720.00000000,29920.00000000),(158,25,NULL,1,NULL,'(Customs / Commodity / HS code: 2208.70.10 - Origin country: Paraguay)',NULL,'IVA',10.000,0.000,'0',0.000,'0',1,0,0,NULL,27200.00000000,27200.00000000,2720.00000000,0.00000000,0.00000000,29920.00000000,0,NULL,NULL,0,0.00000000,NULL,0,2,NULL,1,'PYG',27200.00000000,27200.00000000,2720.00000000,29920.00000000),(159,25,NULL,8,NULL,'(Customs / Commodity / HS code: 2208.40.11 - Origin country: Paraguay)',NULL,'IVA',10.000,0.000,'0',0.000,'0',1,0,0,NULL,69000.00000000,69000.00000000,6900.00000000,0.00000000,0.00000000,75900.00000000,0,NULL,NULL,0,0.00000000,NULL,0,3,NULL,1,'PYG',69000.00000000,69000.00000000,6900.00000000,75900.00000000),(160,25,NULL,10,NULL,'(Customs / Commodity / HS code: 2208.40.11 - Origin country: Paraguay)',NULL,'IVA',10.000,0.000,'0',0.000,'0',1,0,0,NULL,69000.00000000,69000.00000000,6900.00000000,0.00000000,0.00000000,75900.00000000,0,NULL,NULL,0,0.00000000,NULL,0,4,NULL,1,'PYG',69000.00000000,69000.00000000,6900.00000000,75900.00000000),(161,25,NULL,9,NULL,'(Customs / Commodity / HS code: 2208.40.11 - Origin country: Paraguay)',NULL,'IVA',10.000,0.000,'0',0.000,'0',1,0,0,NULL,100000.00000000,100000.00000000,10000.00000000,0.00000000,0.00000000,110000.00000000,0,NULL,NULL,0,0.00000000,NULL,0,5,NULL,1,'PYG',100000.00000000,100000.00000000,10000.00000000,110000.00000000),(162,25,NULL,15,NULL,'(Origin country: Paraguay)',NULL,'IVA',10.000,0.000,'0',0.000,'0',1,0,0,NULL,50000.00000000,50000.00000000,5000.00000000,0.00000000,0.00000000,55000.00000000,0,NULL,NULL,0,0.00000000,NULL,0,6,NULL,1,'PYG',50000.00000000,50000.00000000,5000.00000000,55000.00000000),(163,25,NULL,7,NULL,'(Origin country: Paraguay)',NULL,'IVA',10.000,0.000,'0',0.000,'0',1,0,0,NULL,30000.00000000,30000.00000000,3000.00000000,0.00000000,0.00000000,33000.00000000,0,NULL,NULL,0,0.00000000,NULL,0,7,NULL,1,'PYG',30000.00000000,30000.00000000,3000.00000000,33000.00000000),(164,25,NULL,16,NULL,'(Origin country: Paraguay)',NULL,'IVA5',5.000,0.000,'0',0.000,'0',1,0,0,NULL,30000.00000000,30000.00000000,1500.00000000,0.00000000,0.00000000,31500.00000000,0,NULL,NULL,0,0.00000000,NULL,0,8,NULL,1,'PYG',30000.00000000,30000.00000000,1500.00000000,31500.00000000),(165,26,NULL,4,NULL,'(Customs / Commodity / HS code: 2208.70.10 - Origin country: Paraguay)',NULL,'IVA',10.000,0.000,'0',0.000,'0',1,0,0,NULL,27200.00000000,27200.00000000,2720.00000000,0.00000000,0.00000000,29920.00000000,0,NULL,NULL,0,0.00000000,NULL,0,1,NULL,1,'PYG',27200.00000000,27200.00000000,2720.00000000,29920.00000000),(166,26,NULL,1,NULL,'(Customs / Commodity / HS code: 2208.70.10 - Origin country: Paraguay)',NULL,'IVA',10.000,0.000,'0',0.000,'0',1,0,0,NULL,27200.00000000,27200.00000000,2720.00000000,0.00000000,0.00000000,29920.00000000,0,NULL,NULL,0,0.00000000,NULL,0,2,NULL,1,'PYG',27200.00000000,27200.00000000,2720.00000000,29920.00000000),(167,26,NULL,8,NULL,'(Customs / Commodity / HS code: 2208.40.11 - Origin country: Paraguay)',NULL,'IVA',10.000,0.000,'0',0.000,'0',1,0,0,NULL,69000.00000000,69000.00000000,6900.00000000,0.00000000,0.00000000,75900.00000000,0,NULL,NULL,0,0.00000000,NULL,0,3,NULL,1,'PYG',69000.00000000,69000.00000000,6900.00000000,75900.00000000),(168,26,NULL,10,NULL,'(Customs / Commodity / HS code: 2208.40.11 - Origin country: Paraguay)',NULL,'IVA',10.000,0.000,'0',0.000,'0',1,0,0,NULL,69000.00000000,69000.00000000,6900.00000000,0.00000000,0.00000000,75900.00000000,0,NULL,NULL,0,0.00000000,NULL,0,4,NULL,1,'PYG',69000.00000000,69000.00000000,6900.00000000,75900.00000000),(169,26,NULL,9,NULL,'(Customs / Commodity / HS code: 2208.40.11 - Origin country: Paraguay)',NULL,'IVA',10.000,0.000,'0',0.000,'0',1,0,0,NULL,100000.00000000,100000.00000000,10000.00000000,0.00000000,0.00000000,110000.00000000,0,NULL,NULL,0,0.00000000,NULL,0,5,NULL,1,'PYG',100000.00000000,100000.00000000,10000.00000000,110000.00000000),(170,26,NULL,15,NULL,'(Origin country: Paraguay)',NULL,'IVA',10.000,0.000,'0',0.000,'0',1,0,0,NULL,50000.00000000,50000.00000000,5000.00000000,0.00000000,0.00000000,55000.00000000,0,NULL,NULL,0,0.00000000,NULL,0,6,NULL,1,'PYG',50000.00000000,50000.00000000,5000.00000000,55000.00000000),(171,26,NULL,7,NULL,'(Origin country: Paraguay)',NULL,'IVA',10.000,0.000,'0',0.000,'0',1,0,0,NULL,30000.00000000,30000.00000000,3000.00000000,0.00000000,0.00000000,33000.00000000,0,NULL,NULL,0,0.00000000,NULL,0,7,NULL,1,'PYG',30000.00000000,30000.00000000,3000.00000000,33000.00000000),(172,26,NULL,16,NULL,'(Origin country: Paraguay)',NULL,'IVA5',5.000,0.000,'0',0.000,'0',1,0,0,NULL,30000.00000000,30000.00000000,1500.00000000,0.00000000,0.00000000,31500.00000000,0,NULL,NULL,0,0.00000000,NULL,0,8,NULL,1,'PYG',30000.00000000,30000.00000000,1500.00000000,31500.00000000),(173,27,NULL,4,NULL,'(Customs / Commodity / HS code: 2208.70.10 - Origin country: Paraguay)',NULL,'IVA',10.000,0.000,'0',0.000,'0',1,0,0,NULL,27200.00000000,27200.00000000,2720.00000000,0.00000000,0.00000000,29920.00000000,0,NULL,NULL,0,0.00000000,NULL,0,1,NULL,1,'PYG',27200.00000000,27200.00000000,2720.00000000,29920.00000000),(174,27,NULL,1,NULL,'(Customs / Commodity / HS code: 2208.70.10 - Origin country: Paraguay)',NULL,'IVA',10.000,0.000,'0',0.000,'0',1,0,0,NULL,27200.00000000,27200.00000000,2720.00000000,0.00000000,0.00000000,29920.00000000,0,NULL,NULL,0,0.00000000,NULL,0,2,NULL,1,'PYG',27200.00000000,27200.00000000,2720.00000000,29920.00000000),(175,27,NULL,8,NULL,'(Customs / Commodity / HS code: 2208.40.11 - Origin country: Paraguay)',NULL,'IVA',10.000,0.000,'0',0.000,'0',1,0,0,NULL,69000.00000000,69000.00000000,6900.00000000,0.00000000,0.00000000,75900.00000000,0,NULL,NULL,0,0.00000000,NULL,0,3,NULL,1,'PYG',69000.00000000,69000.00000000,6900.00000000,75900.00000000),(176,27,NULL,10,NULL,'(Customs / Commodity / HS code: 2208.40.11 - Origin country: Paraguay)',NULL,'IVA',10.000,0.000,'0',0.000,'0',1,0,0,NULL,69000.00000000,69000.00000000,6900.00000000,0.00000000,0.00000000,75900.00000000,0,NULL,NULL,0,0.00000000,NULL,0,4,NULL,1,'PYG',69000.00000000,69000.00000000,6900.00000000,75900.00000000),(177,27,NULL,9,NULL,'(Customs / Commodity / HS code: 2208.40.11 - Origin country: Paraguay)',NULL,'IVA',10.000,0.000,'0',0.000,'0',1,0,0,NULL,100000.00000000,100000.00000000,10000.00000000,0.00000000,0.00000000,110000.00000000,0,NULL,NULL,0,0.00000000,NULL,0,5,NULL,1,'PYG',100000.00000000,100000.00000000,10000.00000000,110000.00000000),(178,27,NULL,15,NULL,'(Origin country: Paraguay)',NULL,'IVA',10.000,0.000,'0',0.000,'0',1,0,0,NULL,50000.00000000,50000.00000000,5000.00000000,0.00000000,0.00000000,55000.00000000,0,NULL,NULL,0,0.00000000,NULL,0,6,NULL,1,'PYG',50000.00000000,50000.00000000,5000.00000000,55000.00000000),(179,27,NULL,7,NULL,'(Origin country: Paraguay)',NULL,'IVA',10.000,0.000,'0',0.000,'0',1,0,0,NULL,30000.00000000,30000.00000000,3000.00000000,0.00000000,0.00000000,33000.00000000,0,NULL,NULL,0,0.00000000,NULL,0,7,NULL,1,'PYG',30000.00000000,30000.00000000,3000.00000000,33000.00000000),(180,27,NULL,16,NULL,'(Origin country: Paraguay)',NULL,'IVA5',5.000,0.000,'0',0.000,'0',1,0,0,NULL,30000.00000000,30000.00000000,1500.00000000,0.00000000,0.00000000,31500.00000000,0,NULL,NULL,0,0.00000000,NULL,0,8,NULL,1,'PYG',30000.00000000,30000.00000000,1500.00000000,31500.00000000),(189,29,NULL,1,NULL,'(Customs / Commodity / HS code: 2208.70.10 - Origin country: Paraguay)',NULL,'IVA',10.000,0.000,'0',0.000,'0',1,0,0,NULL,27200.00000000,27200.00000000,2720.00000000,0.00000000,0.00000000,29920.00000000,0,NULL,NULL,0,0.00000000,NULL,0,1,NULL,1,'PYG',27200.00000000,27200.00000000,2720.00000000,29920.00000000),(190,29,NULL,4,NULL,'(Customs / Commodity / HS code: 2208.70.10 - Origin country: Paraguay)',NULL,'IVA',10.000,0.000,'0',0.000,'0',1,0,0,NULL,27200.00000000,27200.00000000,2720.00000000,0.00000000,0.00000000,29920.00000000,0,NULL,NULL,0,0.00000000,NULL,0,2,NULL,1,'PYG',27200.00000000,27200.00000000,2720.00000000,29920.00000000),(191,30,NULL,8,NULL,'(Customs / Commodity / HS code: 2208.40.11 - Origin country: Paraguay)',NULL,'IVA',10.000,0.000,'0',0.000,'0',1,0,0,NULL,69000.00000000,69000.00000000,6900.00000000,0.00000000,0.00000000,75900.00000000,0,NULL,NULL,0,0.00000000,NULL,0,1,NULL,1,'PYG',69000.00000000,69000.00000000,6900.00000000,75900.00000000),(192,30,NULL,10,NULL,'(Customs / Commodity / HS code: 2208.40.11 - Origin country: Paraguay)',NULL,'IVA',10.000,0.000,'0',0.000,'0',1,0,0,NULL,69000.00000000,69000.00000000,6900.00000000,0.00000000,0.00000000,75900.00000000,0,NULL,NULL,0,0.00000000,NULL,0,2,NULL,1,'PYG',69000.00000000,69000.00000000,6900.00000000,75900.00000000),(193,30,NULL,1,NULL,'(Customs / Commodity / HS code: 2208.70.10 - Origin country: Paraguay)',NULL,'IVA',10.000,0.000,'0',0.000,'0',1,0,0,NULL,27200.00000000,27200.00000000,2720.00000000,0.00000000,0.00000000,29920.00000000,0,NULL,NULL,0,0.00000000,NULL,0,3,NULL,1,'PYG',27200.00000000,27200.00000000,2720.00000000,29920.00000000),(194,30,NULL,4,NULL,'(Customs / Commodity / HS code: 2208.70.10 - Origin country: Paraguay)',NULL,'IVA',10.000,0.000,'0',0.000,'0',1,0,0,NULL,27200.00000000,27200.00000000,2720.00000000,0.00000000,0.00000000,29920.00000000,0,NULL,NULL,0,0.00000000,NULL,0,4,NULL,1,'PYG',27200.00000000,27200.00000000,2720.00000000,29920.00000000),(195,30,NULL,15,NULL,'(Origin country: Paraguay)',NULL,'IVA',10.000,0.000,'0',0.000,'0',1,0,0,NULL,50000.00000000,50000.00000000,5000.00000000,0.00000000,0.00000000,55000.00000000,0,NULL,NULL,0,0.00000000,NULL,0,5,NULL,1,'PYG',50000.00000000,50000.00000000,5000.00000000,55000.00000000),(196,31,NULL,8,NULL,'(Customs / Commodity / HS code: 2208.40.11 - Origin country: Paraguay)',NULL,'IVA',10.000,0.000,'0',0.000,'0',1,0,0,NULL,69000.00000000,69000.00000000,6900.00000000,0.00000000,0.00000000,75900.00000000,0,NULL,NULL,0,0.00000000,NULL,0,1,NULL,1,'PYG',69000.00000000,69000.00000000,6900.00000000,75900.00000000),(197,31,NULL,10,NULL,'(Customs / Commodity / HS code: 2208.40.11 - Origin country: Paraguay)',NULL,'IVA',10.000,0.000,'0',0.000,'0',1,0,0,NULL,69000.00000000,69000.00000000,6900.00000000,0.00000000,0.00000000,75900.00000000,0,NULL,NULL,0,0.00000000,NULL,0,2,NULL,1,'PYG',69000.00000000,69000.00000000,6900.00000000,75900.00000000),(198,31,NULL,1,NULL,'(Customs / Commodity / HS code: 2208.70.10 - Origin country: Paraguay)',NULL,'IVA',10.000,0.000,'0',0.000,'0',1,0,0,NULL,27200.00000000,27200.00000000,2720.00000000,0.00000000,0.00000000,29920.00000000,0,NULL,NULL,0,0.00000000,NULL,0,3,NULL,1,'PYG',27200.00000000,27200.00000000,2720.00000000,29920.00000000),(199,31,NULL,4,NULL,'(Customs / Commodity / HS code: 2208.70.10 - Origin country: Paraguay)',NULL,'IVA',10.000,0.000,'0',0.000,'0',1,0,0,NULL,27200.00000000,27200.00000000,2720.00000000,0.00000000,0.00000000,29920.00000000,0,NULL,NULL,0,0.00000000,NULL,0,4,NULL,1,'PYG',27200.00000000,27200.00000000,2720.00000000,29920.00000000),(200,31,NULL,15,NULL,'(Origin country: Paraguay)',NULL,'IVA',10.000,0.000,'0',0.000,'0',1,0,0,NULL,50000.00000000,50000.00000000,5000.00000000,0.00000000,0.00000000,55000.00000000,0,NULL,NULL,0,0.00000000,NULL,0,5,NULL,1,'PYG',50000.00000000,50000.00000000,5000.00000000,55000.00000000),(201,32,NULL,8,NULL,'(Customs / Commodity / HS code: 2208.40.11 - Origin country: Paraguay)',NULL,'IVA',10.000,0.000,'0',0.000,'0',1,0,0,NULL,69000.00000000,69000.00000000,6900.00000000,0.00000000,0.00000000,75900.00000000,0,NULL,NULL,0,0.00000000,NULL,0,1,NULL,1,'PYG',69000.00000000,69000.00000000,6900.00000000,75900.00000000),(202,32,NULL,10,NULL,'(Customs / Commodity / HS code: 2208.40.11 - Origin country: Paraguay)',NULL,'IVA',10.000,0.000,'0',0.000,'0',1,0,0,NULL,69000.00000000,69000.00000000,6900.00000000,0.00000000,0.00000000,75900.00000000,0,NULL,NULL,0,0.00000000,NULL,0,2,NULL,1,'PYG',69000.00000000,69000.00000000,6900.00000000,75900.00000000),(203,32,NULL,4,NULL,'(Customs / Commodity / HS code: 2208.70.10 - Origin country: Paraguay)',NULL,'IVA',10.000,0.000,'0',0.000,'0',1,0,0,NULL,27200.00000000,27200.00000000,2720.00000000,0.00000000,0.00000000,29920.00000000,0,NULL,NULL,0,0.00000000,NULL,0,3,NULL,1,'PYG',27200.00000000,27200.00000000,2720.00000000,29920.00000000),(204,32,NULL,1,NULL,'(Customs / Commodity / HS code: 2208.70.10 - Origin country: Paraguay)',NULL,'IVA',10.000,0.000,'0',0.000,'0',1,0,0,NULL,27200.00000000,27200.00000000,2720.00000000,0.00000000,0.00000000,29920.00000000,0,NULL,NULL,0,0.00000000,NULL,0,4,NULL,1,'PYG',27200.00000000,27200.00000000,2720.00000000,29920.00000000),(205,32,NULL,15,NULL,'(Origin country: Paraguay)',NULL,'IVA',10.000,0.000,'0',0.000,'0',1,0,0,NULL,50000.00000000,50000.00000000,5000.00000000,0.00000000,0.00000000,55000.00000000,0,NULL,NULL,0,0.00000000,NULL,0,5,NULL,1,'PYG',50000.00000000,50000.00000000,5000.00000000,55000.00000000),(206,32,NULL,7,NULL,'(Origin country: Paraguay)',NULL,'IVA',10.000,0.000,'0',0.000,'0',1,0,0,NULL,30000.00000000,30000.00000000,3000.00000000,0.00000000,0.00000000,33000.00000000,0,NULL,NULL,0,0.00000000,NULL,0,6,NULL,1,'PYG',30000.00000000,30000.00000000,3000.00000000,33000.00000000),(207,32,NULL,16,NULL,'(Origin country: Paraguay)',NULL,'IVA5',5.000,0.000,'0',0.000,'0',1,0,0,NULL,30000.00000000,30000.00000000,1500.00000000,0.00000000,0.00000000,31500.00000000,0,NULL,NULL,0,0.00000000,NULL,0,7,NULL,1,'PYG',30000.00000000,30000.00000000,1500.00000000,31500.00000000),(215,35,NULL,4,NULL,'(Customs / Commodity / HS code: 2208.70.10 - Origin country: Paraguay)',NULL,'IVA',10.000,0.000,'0',0.000,'0',1,0,0,NULL,27200.00000000,27200.00000000,2720.00000000,0.00000000,0.00000000,29920.00000000,0,NULL,NULL,0,0.00000000,NULL,0,1,NULL,1,'PYG',27200.00000000,27200.00000000,2720.00000000,29920.00000000),(216,35,NULL,1,NULL,'(Customs / Commodity / HS code: 2208.70.10 - Origin country: Paraguay)',NULL,'IVA',10.000,0.000,'0',0.000,'0',1,0,0,NULL,27200.00000000,27200.00000000,2720.00000000,0.00000000,0.00000000,29920.00000000,0,NULL,NULL,0,0.00000000,NULL,0,2,NULL,1,'PYG',27200.00000000,27200.00000000,2720.00000000,29920.00000000),(217,35,NULL,8,NULL,'(Customs / Commodity / HS code: 2208.40.11 - Origin country: Paraguay)',NULL,'IVA',10.000,0.000,'0',0.000,'0',1,0,0,NULL,69000.00000000,69000.00000000,6900.00000000,0.00000000,0.00000000,75900.00000000,0,NULL,NULL,0,0.00000000,NULL,0,3,NULL,1,'PYG',69000.00000000,69000.00000000,6900.00000000,75900.00000000),(218,35,NULL,10,NULL,'(Customs / Commodity / HS code: 2208.40.11 - Origin country: Paraguay)',NULL,'IVA',10.000,0.000,'0',0.000,'0',1,0,0,NULL,69000.00000000,69000.00000000,6900.00000000,0.00000000,0.00000000,75900.00000000,0,NULL,NULL,0,0.00000000,NULL,0,4,NULL,1,'PYG',69000.00000000,69000.00000000,6900.00000000,75900.00000000),(219,35,NULL,16,NULL,'(Origin country: Paraguay)',NULL,'IVA5',5.000,0.000,'0',0.000,'0',1,0,0,NULL,30000.00000000,30000.00000000,1500.00000000,0.00000000,0.00000000,31500.00000000,0,NULL,NULL,0,0.00000000,NULL,0,6,NULL,1,'PYG',30000.00000000,30000.00000000,1500.00000000,31500.00000000),(220,35,NULL,7,NULL,'(Origin country: Paraguay)',NULL,'IVA',10.000,0.000,'0',0.000,'0',1,0,0,NULL,30000.00000000,30000.00000000,3000.00000000,0.00000000,0.00000000,33000.00000000,0,NULL,NULL,0,0.00000000,NULL,0,5,NULL,1,'PYG',30000.00000000,30000.00000000,3000.00000000,33000.00000000),(221,36,NULL,8,NULL,'(Customs / Commodity / HS code: 2208.40.11 - Origin country: Paraguay)',NULL,'IVA',10.000,0.000,'0',0.000,'0',1,0,0,NULL,69000.00000000,69000.00000000,6900.00000000,0.00000000,0.00000000,75900.00000000,0,NULL,NULL,0,0.00000000,NULL,0,1,NULL,1,'PYG',69000.00000000,69000.00000000,6900.00000000,75900.00000000),(222,36,NULL,10,NULL,'(Customs / Commodity / HS code: 2208.40.11 - Origin country: Paraguay)',NULL,'IVA',10.000,0.000,'0',0.000,'0',1,0,0,NULL,69000.00000000,69000.00000000,6900.00000000,0.00000000,0.00000000,75900.00000000,0,NULL,NULL,0,0.00000000,NULL,0,2,NULL,1,'PYG',69000.00000000,69000.00000000,6900.00000000,75900.00000000),(223,36,NULL,4,NULL,'(Customs / Commodity / HS code: 2208.70.10 - Origin country: Paraguay)',NULL,'IVA',10.000,0.000,'0',0.000,'0',1,0,0,NULL,27200.00000000,27200.00000000,2720.00000000,0.00000000,0.00000000,29920.00000000,0,NULL,NULL,0,0.00000000,NULL,0,3,NULL,1,'PYG',27200.00000000,27200.00000000,2720.00000000,29920.00000000),(224,36,NULL,1,NULL,'(Customs / Commodity / HS code: 2208.70.10 - Origin country: Paraguay)',NULL,'IVA',10.000,0.000,'0',0.000,'0',1,0,0,NULL,27200.00000000,27200.00000000,2720.00000000,0.00000000,0.00000000,29920.00000000,0,NULL,NULL,0,0.00000000,NULL,0,4,NULL,1,'PYG',27200.00000000,27200.00000000,2720.00000000,29920.00000000),(225,36,NULL,15,NULL,'(Origin country: Paraguay)',NULL,'IVA',10.000,0.000,'0',0.000,'0',1,0,0,NULL,50000.00000000,50000.00000000,5000.00000000,0.00000000,0.00000000,55000.00000000,0,NULL,NULL,0,0.00000000,NULL,0,5,NULL,1,'PYG',50000.00000000,50000.00000000,5000.00000000,55000.00000000),(226,36,NULL,14,NULL,'(Origin country: Paraguay)',NULL,'IVA',10.000,0.000,'0',0.000,'0',1,0,0,NULL,102000.00000000,102000.00000000,10200.00000000,0.00000000,0.00000000,112200.00000000,0,NULL,NULL,0,0.00000000,NULL,0,6,NULL,1,'PYG',102000.00000000,102000.00000000,10200.00000000,112200.00000000),(227,37,NULL,8,NULL,'(Customs / Commodity / HS code: 2208.40.11 - Origin country: Paraguay)',NULL,'IVA',10.000,0.000,'0',0.000,'0',1,0,0,NULL,69000.00000000,69000.00000000,6900.00000000,0.00000000,0.00000000,75900.00000000,0,NULL,NULL,0,0.00000000,NULL,0,1,NULL,1,'PYG',69000.00000000,69000.00000000,6900.00000000,75900.00000000),(228,37,NULL,10,NULL,'(Customs / Commodity / HS code: 2208.40.11 - Origin country: Paraguay)',NULL,'IVA',10.000,0.000,'0',0.000,'0',1,0,0,NULL,69000.00000000,69000.00000000,6900.00000000,0.00000000,0.00000000,75900.00000000,0,NULL,NULL,0,0.00000000,NULL,0,2,NULL,1,'PYG',69000.00000000,69000.00000000,6900.00000000,75900.00000000),(229,37,NULL,4,NULL,'(Customs / Commodity / HS code: 2208.70.10 - Origin country: Paraguay)',NULL,'IVA',10.000,0.000,'0',0.000,'0',1,0,0,NULL,27200.00000000,27200.00000000,2720.00000000,0.00000000,0.00000000,29920.00000000,0,NULL,NULL,0,0.00000000,NULL,0,3,NULL,1,'PYG',27200.00000000,27200.00000000,2720.00000000,29920.00000000),(230,37,NULL,1,NULL,'(Customs / Commodity / HS code: 2208.70.10 - Origin country: Paraguay)',NULL,'IVA',10.000,0.000,'0',0.000,'0',1,0,0,NULL,27200.00000000,27200.00000000,2720.00000000,0.00000000,0.00000000,29920.00000000,0,NULL,NULL,0,0.00000000,NULL,0,4,NULL,1,'PYG',27200.00000000,27200.00000000,2720.00000000,29920.00000000),(231,37,NULL,15,NULL,'(Origin country: Paraguay)',NULL,'IVA',10.000,0.000,'0',0.000,'0',1,0,0,NULL,50000.00000000,50000.00000000,5000.00000000,0.00000000,0.00000000,55000.00000000,0,NULL,NULL,0,0.00000000,NULL,0,5,NULL,1,'PYG',50000.00000000,50000.00000000,5000.00000000,55000.00000000),(232,37,NULL,14,NULL,'(Origin country: Paraguay)',NULL,'IVA',10.000,0.000,'0',0.000,'0',1,0,0,NULL,102000.00000000,102000.00000000,10200.00000000,0.00000000,0.00000000,112200.00000000,0,NULL,NULL,0,0.00000000,NULL,0,6,NULL,1,'PYG',102000.00000000,102000.00000000,10200.00000000,112200.00000000),(233,38,NULL,4,NULL,'(Customs / Commodity / HS code: 2208.70.10 - Origin country: Paraguay)',NULL,'IVA',10.000,0.000,'0',0.000,'0',1,0,0,NULL,27200.00000000,27200.00000000,2720.00000000,0.00000000,0.00000000,29920.00000000,0,NULL,NULL,0,0.00000000,NULL,0,1,NULL,1,'PYG',27200.00000000,27200.00000000,2720.00000000,29920.00000000),(234,38,NULL,1,NULL,'(Customs / Commodity / HS code: 2208.70.10 - Origin country: Paraguay)',NULL,'IVA',10.000,0.000,'0',0.000,'0',1,0,0,NULL,27200.00000000,27200.00000000,2720.00000000,0.00000000,0.00000000,29920.00000000,0,NULL,NULL,0,0.00000000,NULL,0,2,NULL,1,'PYG',27200.00000000,27200.00000000,2720.00000000,29920.00000000),(235,38,NULL,8,NULL,'(Customs / Commodity / HS code: 2208.40.11 - Origin country: Paraguay)',NULL,'IVA',10.000,0.000,'0',0.000,'0',1,0,0,NULL,69000.00000000,69000.00000000,6900.00000000,0.00000000,0.00000000,75900.00000000,0,NULL,NULL,0,0.00000000,NULL,0,4,NULL,1,'PYG',69000.00000000,69000.00000000,6900.00000000,75900.00000000),(236,38,NULL,10,NULL,'(Customs / Commodity / HS code: 2208.40.11 - Origin country: Paraguay)',NULL,'IVA',10.000,0.000,'0',0.000,'0',1,0,0,NULL,69000.00000000,69000.00000000,6900.00000000,0.00000000,0.00000000,75900.00000000,0,NULL,NULL,0,0.00000000,NULL,0,5,NULL,1,'PYG',69000.00000000,69000.00000000,6900.00000000,75900.00000000),(237,38,NULL,9,NULL,'(Customs / Commodity / HS code: 2208.40.11 - Origin country: Paraguay)',NULL,'IVA',10.000,0.000,'0',0.000,'0',1,0,0,NULL,100000.00000000,100000.00000000,10000.00000000,0.00000000,0.00000000,110000.00000000,0,NULL,NULL,0,0.00000000,NULL,0,3,NULL,1,'PYG',100000.00000000,100000.00000000,10000.00000000,110000.00000000),(238,38,NULL,15,NULL,'(Origin country: Paraguay)',NULL,'IVA',10.000,0.000,'0',0.000,'0',1,0,0,NULL,50000.00000000,50000.00000000,5000.00000000,0.00000000,0.00000000,55000.00000000,0,NULL,NULL,0,0.00000000,NULL,0,6,NULL,1,'PYG',50000.00000000,50000.00000000,5000.00000000,55000.00000000),(239,39,NULL,4,NULL,'(Customs / Commodity / HS code: 2208.70.10 - Origin country: Paraguay)',NULL,'IVA',10.000,0.000,'0',0.000,'0',12,0,0,27200,27200.00000000,326400.00000000,32640.00000000,0.00000000,0.00000000,359040.00000000,0,NULL,NULL,0,0.00000000,NULL,0,1,NULL,1,'PYG',27200.00000000,326400.00000000,32640.00000000,359040.00000000),(240,39,NULL,1,NULL,'(Customs / Commodity / HS code: 2208.70.10 - Origin country: Paraguay)',NULL,'IVA',10.000,0.000,'0',0.000,'0',12,0,0,27200,27200.00000000,326400.00000000,32640.00000000,0.00000000,0.00000000,359040.00000000,0,NULL,NULL,0,0.00000000,NULL,0,2,NULL,1,'PYG',27200.00000000,326400.00000000,32640.00000000,359040.00000000),(241,39,NULL,8,NULL,'(Customs / Commodity / HS code: 2208.40.11 - Origin country: Paraguay)',NULL,'IVA',10.000,0.000,'0',0.000,'0',6,0,0,NULL,69000.00000000,414000.00000000,41400.00000000,0.00000000,0.00000000,455400.00000000,0,NULL,NULL,0,0.00000000,NULL,0,3,NULL,1,'PYG',69000.00000000,414000.00000000,41400.00000000,455400.00000000),(242,39,NULL,10,NULL,'(Customs / Commodity / HS code: 2208.40.11 - Origin country: Paraguay)',NULL,'IVA',10.000,0.000,'0',0.000,'0',6,0,0,NULL,69000.00000000,414000.00000000,41400.00000000,0.00000000,0.00000000,455400.00000000,0,NULL,NULL,0,0.00000000,NULL,0,4,NULL,1,'PYG',69000.00000000,414000.00000000,41400.00000000,455400.00000000),(243,39,NULL,9,NULL,'(Customs / Commodity / HS code: 2208.40.11 - Origin country: Paraguay)',NULL,'IVA',10.000,0.000,'0',0.000,'0',6,0,0,NULL,100000.00000000,600000.00000000,60000.00000000,0.00000000,0.00000000,660000.00000000,0,NULL,NULL,0,0.00000000,NULL,0,5,NULL,1,'PYG',100000.00000000,600000.00000000,60000.00000000,660000.00000000),(244,39,NULL,7,NULL,'(Origin country: Paraguay)',NULL,'IVA',10.000,0.000,'0',0.000,'0',18,0,0,NULL,30000.00000000,540000.00000000,54000.00000000,0.00000000,0.00000000,594000.00000000,0,NULL,NULL,0,0.00000000,NULL,0,6,NULL,1,'PYG',30000.00000000,540000.00000000,54000.00000000,594000.00000000),(245,39,NULL,16,NULL,'(Origin country: Paraguay)',NULL,'IVA5',5.000,0.000,'0',0.000,'0',12,0,0,NULL,30000.00000000,360000.00000000,18000.00000000,0.00000000,0.00000000,378000.00000000,0,NULL,NULL,0,0.00000000,NULL,0,7,NULL,1,'PYG',30000.00000000,360000.00000000,18000.00000000,378000.00000000),(246,40,NULL,4,NULL,'(Customs / Commodity / HS code: 2208.70.10 - Origin country: Paraguay)',NULL,'IVA',10.000,0.000,'0',0.000,'0',1,0,0,NULL,27200.00000000,27200.00000000,2720.00000000,0.00000000,0.00000000,29920.00000000,0,NULL,NULL,0,0.00000000,NULL,0,1,NULL,1,'PYG',27200.00000000,27200.00000000,2720.00000000,29920.00000000),(247,40,NULL,1,NULL,'(Customs / Commodity / HS code: 2208.70.10 - Origin country: Paraguay)',NULL,'IVA',10.000,0.000,'0',0.000,'0',1,0,0,NULL,27200.00000000,27200.00000000,2720.00000000,0.00000000,0.00000000,29920.00000000,0,NULL,NULL,0,0.00000000,NULL,0,2,NULL,1,'PYG',27200.00000000,27200.00000000,2720.00000000,29920.00000000),(248,40,NULL,8,NULL,'(Customs / Commodity / HS code: 2208.40.11 - Origin country: Paraguay)',NULL,'IVA',10.000,0.000,'0',0.000,'0',1,0,0,NULL,69000.00000000,69000.00000000,6900.00000000,0.00000000,0.00000000,75900.00000000,0,NULL,NULL,0,0.00000000,NULL,0,3,NULL,1,'PYG',69000.00000000,69000.00000000,6900.00000000,75900.00000000),(249,40,NULL,10,NULL,'(Customs / Commodity / HS code: 2208.40.11 - Origin country: Paraguay)',NULL,'IVA',10.000,0.000,'0',0.000,'0',1,0,0,NULL,69000.00000000,69000.00000000,6900.00000000,0.00000000,0.00000000,75900.00000000,0,NULL,NULL,0,0.00000000,NULL,0,4,NULL,1,'PYG',69000.00000000,69000.00000000,6900.00000000,75900.00000000),(250,40,NULL,15,NULL,'(Origin country: Paraguay)',NULL,'IVA',10.000,0.000,'0',0.000,'0',1,0,0,NULL,50000.00000000,50000.00000000,5000.00000000,0.00000000,0.00000000,55000.00000000,0,NULL,NULL,0,0.00000000,NULL,0,5,NULL,1,'PYG',50000.00000000,50000.00000000,5000.00000000,55000.00000000),(251,41,NULL,4,NULL,'(Customs / Commodity / HS code: 2208.70.10 - Origin country: Paraguay)',NULL,'IVA',10.000,0.000,'0',0.000,'0',1,0,0,NULL,27200.00000000,27200.00000000,2720.00000000,0.00000000,0.00000000,29920.00000000,0,NULL,NULL,0,0.00000000,NULL,0,1,NULL,1,'PYG',27200.00000000,27200.00000000,2720.00000000,29920.00000000),(252,41,NULL,1,NULL,'(Customs / Commodity / HS code: 2208.70.10 - Origin country: Paraguay)',NULL,'IVA',10.000,0.000,'0',0.000,'0',1,0,0,NULL,27200.00000000,27200.00000000,2720.00000000,0.00000000,0.00000000,29920.00000000,0,NULL,NULL,0,0.00000000,NULL,0,2,NULL,1,'PYG',27200.00000000,27200.00000000,2720.00000000,29920.00000000),(253,41,NULL,8,NULL,'(Customs / Commodity / HS code: 2208.40.11 - Origin country: Paraguay)',NULL,'IVA',10.000,0.000,'0',0.000,'0',1,0,0,NULL,69000.00000000,69000.00000000,6900.00000000,0.00000000,0.00000000,75900.00000000,0,NULL,NULL,0,0.00000000,NULL,0,3,NULL,1,'PYG',69000.00000000,69000.00000000,6900.00000000,75900.00000000),(254,41,NULL,10,NULL,'(Customs / Commodity / HS code: 2208.40.11 - Origin country: Paraguay)',NULL,'IVA',10.000,0.000,'0',0.000,'0',1,0,0,NULL,69000.00000000,69000.00000000,6900.00000000,0.00000000,0.00000000,75900.00000000,0,NULL,NULL,0,0.00000000,NULL,0,4,NULL,1,'PYG',69000.00000000,69000.00000000,6900.00000000,75900.00000000),(255,41,NULL,16,NULL,'(Origin country: Paraguay)',NULL,'IVA5',5.000,0.000,'0',0.000,'0',1,0,0,NULL,30000.00000000,30000.00000000,1500.00000000,0.00000000,0.00000000,31500.00000000,0,NULL,NULL,0,0.00000000,NULL,0,6,NULL,1,'PYG',30000.00000000,30000.00000000,1500.00000000,31500.00000000),(256,41,NULL,7,NULL,'(Origin country: Paraguay)',NULL,'IVA',10.000,0.000,'0',0.000,'0',1,0,0,NULL,30000.00000000,30000.00000000,3000.00000000,0.00000000,0.00000000,33000.00000000,0,NULL,NULL,0,0.00000000,NULL,0,5,NULL,1,'PYG',30000.00000000,30000.00000000,3000.00000000,33000.00000000),(257,42,NULL,4,NULL,'(Customs / Commodity / HS code: 2208.70.10 - Origin country: Paraguay)',NULL,'IVA',10.000,0.000,'0',0.000,'0',1,0,0,NULL,27200.00000000,27200.00000000,2720.00000000,0.00000000,0.00000000,29920.00000000,0,NULL,NULL,0,0.00000000,NULL,0,1,NULL,1,'PYG',27200.00000000,27200.00000000,2720.00000000,29920.00000000),(258,42,NULL,1,NULL,'(Customs / Commodity / HS code: 2208.70.10 - Origin country: Paraguay)',NULL,'IVA',10.000,0.000,'0',0.000,'0',1,0,0,NULL,27200.00000000,27200.00000000,2720.00000000,0.00000000,0.00000000,29920.00000000,0,NULL,NULL,0,0.00000000,NULL,0,2,NULL,1,'PYG',27200.00000000,27200.00000000,2720.00000000,29920.00000000),(259,42,NULL,8,NULL,'(Customs / Commodity / HS code: 2208.40.11 - Origin country: Paraguay)',NULL,'IVA',10.000,0.000,'0',0.000,'0',1,0,0,NULL,69000.00000000,69000.00000000,6900.00000000,0.00000000,0.00000000,75900.00000000,0,NULL,NULL,0,0.00000000,NULL,0,3,NULL,1,'PYG',69000.00000000,69000.00000000,6900.00000000,75900.00000000),(260,42,NULL,10,NULL,'(Customs / Commodity / HS code: 2208.40.11 - Origin country: Paraguay)',NULL,'IVA',10.000,0.000,'0',0.000,'0',1,0,0,NULL,69000.00000000,69000.00000000,6900.00000000,0.00000000,0.00000000,75900.00000000,0,NULL,NULL,0,0.00000000,NULL,0,4,NULL,1,'PYG',69000.00000000,69000.00000000,6900.00000000,75900.00000000),(261,42,NULL,15,NULL,'(Origin country: Paraguay)',NULL,'IVA',10.000,0.000,'0',0.000,'0',1,0,0,NULL,50000.00000000,50000.00000000,5000.00000000,0.00000000,0.00000000,55000.00000000,0,NULL,NULL,0,0.00000000,NULL,0,5,NULL,1,'PYG',50000.00000000,50000.00000000,5000.00000000,55000.00000000),(262,43,NULL,4,NULL,'(Customs / Commodity / HS code: 2208.70.10 - Origin country: Paraguay)',NULL,'IVA',10.000,0.000,'0',0.000,'0',1,0,0,NULL,27200.00000000,27200.00000000,2720.00000000,0.00000000,0.00000000,29920.00000000,0,NULL,NULL,0,0.00000000,NULL,0,1,NULL,1,'PYG',27200.00000000,27200.00000000,2720.00000000,29920.00000000),(263,43,NULL,1,NULL,'(Customs / Commodity / HS code: 2208.70.10 - Origin country: Paraguay)',NULL,'IVA',10.000,0.000,'0',0.000,'0',1,0,0,NULL,27200.00000000,27200.00000000,2720.00000000,0.00000000,0.00000000,29920.00000000,0,NULL,NULL,0,0.00000000,NULL,0,2,NULL,1,'PYG',27200.00000000,27200.00000000,2720.00000000,29920.00000000),(264,43,NULL,8,NULL,'(Customs / Commodity / HS code: 2208.40.11 - Origin country: Paraguay)',NULL,'IVA',10.000,0.000,'0',0.000,'0',1,0,0,NULL,69000.00000000,69000.00000000,6900.00000000,0.00000000,0.00000000,75900.00000000,0,NULL,NULL,0,0.00000000,NULL,0,3,NULL,1,'PYG',69000.00000000,69000.00000000,6900.00000000,75900.00000000),(265,43,NULL,10,NULL,'(Customs / Commodity / HS code: 2208.40.11 - Origin country: Paraguay)',NULL,'IVA',10.000,0.000,'0',0.000,'0',1,0,0,NULL,69000.00000000,69000.00000000,6900.00000000,0.00000000,0.00000000,75900.00000000,0,NULL,NULL,0,0.00000000,NULL,0,4,NULL,1,'PYG',69000.00000000,69000.00000000,6900.00000000,75900.00000000),(266,43,NULL,15,NULL,'(Origin country: Paraguay)',NULL,'IVA',10.000,0.000,'0',0.000,'0',1,0,0,NULL,50000.00000000,50000.00000000,5000.00000000,0.00000000,0.00000000,55000.00000000,0,NULL,NULL,0,0.00000000,NULL,0,5,NULL,1,'PYG',50000.00000000,50000.00000000,5000.00000000,55000.00000000),(267,44,NULL,4,NULL,'(Customs / Commodity / HS code: 2208.70.10 - Origin country: Paraguay)',NULL,'IVA',10.000,0.000,'0',0.000,'0',1,0,0,NULL,27200.00000000,27200.00000000,2720.00000000,0.00000000,0.00000000,29920.00000000,0,NULL,NULL,0,0.00000000,NULL,0,1,NULL,1,'PYG',27200.00000000,27200.00000000,2720.00000000,29920.00000000),(268,44,NULL,1,NULL,'(Customs / Commodity / HS code: 2208.70.10 - Origin country: Paraguay)',NULL,'IVA',10.000,0.000,'0',0.000,'0',1,0,0,NULL,27200.00000000,27200.00000000,2720.00000000,0.00000000,0.00000000,29920.00000000,0,NULL,NULL,0,0.00000000,NULL,0,2,NULL,1,'PYG',27200.00000000,27200.00000000,2720.00000000,29920.00000000),(269,44,NULL,8,NULL,'(Customs / Commodity / HS code: 2208.40.11 - Origin country: Paraguay)',NULL,'IVA',10.000,0.000,'0',0.000,'0',1,0,0,NULL,69000.00000000,69000.00000000,6900.00000000,0.00000000,0.00000000,75900.00000000,0,NULL,NULL,0,0.00000000,NULL,0,3,NULL,1,'PYG',69000.00000000,69000.00000000,6900.00000000,75900.00000000),(270,44,NULL,10,NULL,'(Customs / Commodity / HS code: 2208.40.11 - Origin country: Paraguay)',NULL,'IVA',10.000,0.000,'0',0.000,'0',1,0,0,NULL,69000.00000000,69000.00000000,6900.00000000,0.00000000,0.00000000,75900.00000000,0,NULL,NULL,0,0.00000000,NULL,0,4,NULL,1,'PYG',69000.00000000,69000.00000000,6900.00000000,75900.00000000),(271,44,NULL,15,NULL,'(Origin country: Paraguay)',NULL,'IVA',10.000,0.000,'0',0.000,'0',1,0,0,NULL,50000.00000000,50000.00000000,5000.00000000,0.00000000,0.00000000,55000.00000000,0,NULL,NULL,0,0.00000000,NULL,0,5,NULL,1,'PYG',50000.00000000,50000.00000000,5000.00000000,55000.00000000),(272,46,NULL,4,NULL,'(Customs / Commodity / HS code: 2208.70.10 - Origin country: Paraguay)',NULL,'IVA',10.000,0.000,'0',0.000,'0',1,0,0,NULL,27200.00000000,27200.00000000,2720.00000000,0.00000000,0.00000000,29920.00000000,0,NULL,NULL,0,0.00000000,NULL,0,1,NULL,1,'PYG',27200.00000000,27200.00000000,2720.00000000,29920.00000000),(273,46,NULL,1,NULL,'(Customs / Commodity / HS code: 2208.70.10 - Origin country: Paraguay)',NULL,'IVA',10.000,0.000,'0',0.000,'0',1,0,0,NULL,27200.00000000,27200.00000000,2720.00000000,0.00000000,0.00000000,29920.00000000,0,NULL,NULL,0,0.00000000,NULL,0,2,NULL,1,'PYG',27200.00000000,27200.00000000,2720.00000000,29920.00000000),(274,46,NULL,8,NULL,'(Customs / Commodity / HS code: 2208.40.11 - Origin country: Paraguay)',NULL,'IVA',10.000,0.000,'0',0.000,'0',1,0,0,NULL,69000.00000000,69000.00000000,6900.00000000,0.00000000,0.00000000,75900.00000000,0,NULL,NULL,0,0.00000000,NULL,0,3,NULL,1,'PYG',69000.00000000,69000.00000000,6900.00000000,75900.00000000),(275,46,NULL,10,NULL,'(Customs / Commodity / HS code: 2208.40.11 - Origin country: Paraguay)',NULL,'IVA',10.000,0.000,'0',0.000,'0',1,0,0,NULL,69000.00000000,69000.00000000,6900.00000000,0.00000000,0.00000000,75900.00000000,0,NULL,NULL,0,0.00000000,NULL,0,4,NULL,1,'PYG',69000.00000000,69000.00000000,6900.00000000,75900.00000000),(280,48,NULL,4,NULL,'(Customs / Commodity / HS code: 2208.70.10 - Origin country: Paraguay)',NULL,'IVA',10.000,0.000,'0',0.000,'0',1,0,0,NULL,27200.00000000,27200.00000000,2720.00000000,0.00000000,0.00000000,29920.00000000,0,NULL,NULL,0,0.00000000,NULL,0,1,NULL,1,'PYG',27200.00000000,27200.00000000,2720.00000000,29920.00000000),(281,48,NULL,1,NULL,'(Customs / Commodity / HS code: 2208.70.10 - Origin country: Paraguay)',NULL,'IVA',10.000,0.000,'0',0.000,'0',1,0,0,NULL,27200.00000000,27200.00000000,2720.00000000,0.00000000,0.00000000,29920.00000000,0,NULL,NULL,0,0.00000000,NULL,0,2,NULL,1,'PYG',27200.00000000,27200.00000000,2720.00000000,29920.00000000),(282,48,NULL,8,NULL,'(Customs / Commodity / HS code: 2208.40.11 - Origin country: Paraguay)',NULL,'IVA',10.000,0.000,'0',0.000,'0',1,0,0,NULL,69000.00000000,69000.00000000,6900.00000000,0.00000000,0.00000000,75900.00000000,0,NULL,NULL,0,0.00000000,NULL,0,3,NULL,1,'PYG',69000.00000000,69000.00000000,6900.00000000,75900.00000000),(283,48,NULL,10,NULL,'(Customs / Commodity / HS code: 2208.40.11 - Origin country: Paraguay)',NULL,'IVA',10.000,0.000,'0',0.000,'0',1,0,0,NULL,69000.00000000,69000.00000000,6900.00000000,0.00000000,0.00000000,75900.00000000,0,NULL,NULL,0,0.00000000,NULL,0,4,NULL,1,'PYG',69000.00000000,69000.00000000,6900.00000000,75900.00000000),(284,49,NULL,4,NULL,'(Customs / Commodity / HS code: 2208.70.10 - Origin country: Paraguay)',NULL,'IVA',10.000,0.000,'0',0.000,'0',1,0,0,NULL,27200.00000000,27200.00000000,2720.00000000,0.00000000,0.00000000,29920.00000000,0,NULL,NULL,0,0.00000000,NULL,0,1,NULL,1,'PYG',27200.00000000,27200.00000000,2720.00000000,29920.00000000),(285,49,NULL,1,NULL,'(Customs / Commodity / HS code: 2208.70.10 - Origin country: Paraguay)',NULL,'IVA',10.000,0.000,'0',0.000,'0',1,0,0,NULL,27200.00000000,27200.00000000,2720.00000000,0.00000000,0.00000000,29920.00000000,0,NULL,NULL,0,0.00000000,NULL,0,2,NULL,1,'PYG',27200.00000000,27200.00000000,2720.00000000,29920.00000000),(286,49,NULL,8,NULL,'(Customs / Commodity / HS code: 2208.40.11 - Origin country: Paraguay)',NULL,'IVA',10.000,0.000,'0',0.000,'0',1,0,0,NULL,69000.00000000,69000.00000000,6900.00000000,0.00000000,0.00000000,75900.00000000,0,NULL,NULL,0,0.00000000,NULL,0,3,NULL,1,'PYG',69000.00000000,69000.00000000,6900.00000000,75900.00000000),(287,49,NULL,10,NULL,'(Customs / Commodity / HS code: 2208.40.11 - Origin country: Paraguay)',NULL,'IVA',10.000,0.000,'0',0.000,'0',1,0,0,NULL,69000.00000000,69000.00000000,6900.00000000,0.00000000,0.00000000,75900.00000000,0,NULL,NULL,0,0.00000000,NULL,0,4,NULL,1,'PYG',69000.00000000,69000.00000000,6900.00000000,75900.00000000),(288,49,NULL,15,NULL,'(Origin country: Paraguay)',NULL,'IVA',10.000,0.000,'0',0.000,'0',1,0,0,NULL,50000.00000000,50000.00000000,5000.00000000,0.00000000,0.00000000,55000.00000000,0,NULL,NULL,0,0.00000000,NULL,0,5,NULL,1,'PYG',50000.00000000,50000.00000000,5000.00000000,55000.00000000),(289,50,NULL,4,NULL,'(Customs / Commodity / HS code: 2208.70.10 - Origin country: Paraguay)',NULL,'IVA',10.000,0.000,'0',0.000,'0',1,0,0,NULL,27200.00000000,27200.00000000,2720.00000000,0.00000000,0.00000000,29920.00000000,0,NULL,NULL,0,0.00000000,NULL,0,1,NULL,1,'PYG',27200.00000000,27200.00000000,2720.00000000,29920.00000000),(290,50,NULL,1,NULL,'(Customs / Commodity / HS code: 2208.70.10 - Origin country: Paraguay)',NULL,'IVA',10.000,0.000,'0',0.000,'0',1,0,0,NULL,27200.00000000,27200.00000000,2720.00000000,0.00000000,0.00000000,29920.00000000,0,NULL,NULL,0,0.00000000,NULL,0,2,NULL,1,'PYG',27200.00000000,27200.00000000,2720.00000000,29920.00000000),(291,50,NULL,8,NULL,'(Customs / Commodity / HS code: 2208.40.11 - Origin country: Paraguay)',NULL,'IVA',10.000,0.000,'0',0.000,'0',1,0,0,NULL,69000.00000000,69000.00000000,6900.00000000,0.00000000,0.00000000,75900.00000000,0,NULL,NULL,0,0.00000000,NULL,0,3,NULL,1,'PYG',69000.00000000,69000.00000000,6900.00000000,75900.00000000),(292,50,NULL,10,NULL,'(Customs / Commodity / HS code: 2208.40.11 - Origin country: Paraguay)',NULL,'IVA',10.000,0.000,'0',0.000,'0',1,0,0,NULL,69000.00000000,69000.00000000,6900.00000000,0.00000000,0.00000000,75900.00000000,0,NULL,NULL,0,0.00000000,NULL,0,4,NULL,1,'PYG',69000.00000000,69000.00000000,6900.00000000,75900.00000000),(293,50,NULL,15,NULL,'(Origin country: Paraguay)',NULL,'IVA',10.000,0.000,'0',0.000,'0',1,0,0,NULL,50000.00000000,50000.00000000,5000.00000000,0.00000000,0.00000000,55000.00000000,0,NULL,NULL,0,0.00000000,NULL,0,5,NULL,1,'PYG',50000.00000000,50000.00000000,5000.00000000,55000.00000000),(294,3,NULL,8,NULL,'(Customs / Commodity / HS code: 2208.40.11 - Origin country: Paraguay)',NULL,'IVA',10.000,0.000,'0',0.000,'0',6,0,0,93000,93000.00000000,558000.00000000,55800.00000000,0.00000000,0.00000000,613800.00000000,0,NULL,NULL,0,0.00000000,NULL,0,1,NULL,1,'PYG',93000.00000000,558000.00000000,55800.00000000,613800.00000000),(295,3,NULL,10,NULL,'(Customs / Commodity / HS code: 2208.40.11 - Origin country: Paraguay)',NULL,'IVA',10.000,0.000,'0',0.000,'0',6,0,0,85000,85000.00000000,510000.00000000,51000.00000000,0.00000000,0.00000000,561000.00000000,0,NULL,NULL,0,0.00000000,NULL,0,2,NULL,1,'PYG',85000.00000000,510000.00000000,51000.00000000,561000.00000000),(296,52,NULL,8,NULL,'(Customs / Commodity / HS code: 2208.40.11 - Origin country: Paraguay)',NULL,'IVA',10.000,0.000,'0',0.000,'0',2,0,0,NULL,69000.00000000,138000.00000000,13800.00000000,0.00000000,0.00000000,151800.00000000,0,NULL,NULL,0,0.00000000,NULL,0,2,NULL,1,'PYG',69000.00000000,138000.00000000,13800.00000000,151800.00000000),(297,52,NULL,31,NULL,'(Customs / Commodity / HS code: 2208.40.11 - Origin country: Paraguay)',NULL,'IVA',10.000,0.000,'0',0.000,'0',2,0,0,NULL,95000.00000000,190000.00000000,19000.00000000,0.00000000,0.00000000,209000.00000000,0,NULL,NULL,0,0.00000000,NULL,0,1,NULL,1,'PYG',95000.00000000,190000.00000000,19000.00000000,209000.00000000),(298,52,NULL,9,NULL,'(Customs / Commodity / HS code: 2208.40.11 - Origin country: Paraguay)',NULL,'IVA',10.000,0.000,'0',0.000,'0',2,0,0,NULL,100000.00000000,200000.00000000,20000.00000000,0.00000000,0.00000000,220000.00000000,0,NULL,NULL,0,0.00000000,NULL,0,3,NULL,1,'PYG',100000.00000000,200000.00000000,20000.00000000,220000.00000000),(301,52,NULL,10,NULL,'(Customs / Commodity / HS code: 2208.40.11 - Origin country: Paraguay)',NULL,'IVA',10.000,0.000,'0',0.000,'0',2,0,0,NULL,69000.00000000,138000.00000000,13800.00000000,0.00000000,0.00000000,151800.00000000,0,NULL,NULL,0,0.00000000,NULL,0,4,NULL,1,'PYG',69000.00000000,138000.00000000,13800.00000000,151800.00000000),(302,52,NULL,30,NULL,'(Customs / Commodity / HS code: 2208.40.11 - Origin country: Paraguay)',NULL,'IVA',10.000,0.000,'0',0.000,'0',2,0,0,NULL,60000.00000000,120000.00000000,12000.00000000,0.00000000,0.00000000,132000.00000000,0,NULL,NULL,0,0.00000000,NULL,0,5,NULL,1,'PYG',60000.00000000,120000.00000000,12000.00000000,132000.00000000),(303,52,NULL,15,NULL,'(Origin country: Paraguay)',NULL,'IVA',10.000,0.000,'0',0.000,'0',2,0,0,NULL,50000.00000000,100000.00000000,10000.00000000,0.00000000,0.00000000,110000.00000000,0,NULL,NULL,0,0.00000000,NULL,0,6,NULL,1,'PYG',50000.00000000,100000.00000000,10000.00000000,110000.00000000),(304,53,NULL,30,NULL,'(Customs / Commodity / HS code: 2208.40.11 - Origin country: Paraguay)',NULL,'IVA',10.000,0.000,'0',0.000,'0',6,0,0,NULL,60000.00000000,360000.00000000,36000.00000000,0.00000000,0.00000000,396000.00000000,0,NULL,NULL,0,0.00000000,NULL,0,1,NULL,1,'PYG',60000.00000000,360000.00000000,36000.00000000,396000.00000000),(305,53,NULL,31,NULL,'(Customs / Commodity / HS code: 2208.40.11 - Origin country: Paraguay)',NULL,'IVA',10.000,0.000,'0',0.000,'0',6,0,0,NULL,95000.00000000,570000.00000000,57000.00000000,0.00000000,0.00000000,627000.00000000,0,NULL,NULL,0,0.00000000,NULL,0,2,NULL,1,'PYG',95000.00000000,570000.00000000,57000.00000000,627000.00000000),(306,53,NULL,2,NULL,'(Customs / Commodity / HS code: 2208.70.10 - Origin country: Paraguay)',NULL,'IVA',10.000,0.000,'0',0.000,'0',6,0,0,NULL,27200.00000000,163200.00000000,16320.00000000,0.00000000,0.00000000,179520.00000000,0,NULL,NULL,0,0.00000000,NULL,0,3,NULL,1,'PYG',27200.00000000,163200.00000000,16320.00000000,179520.00000000),(307,53,NULL,3,NULL,'(Customs / Commodity / HS code: 2208.70.10 - Origin country: Paraguay)',NULL,'IVA',10.000,0.000,'0',0.000,'0',6,0,0,NULL,27200.00000000,163200.00000000,16320.00000000,0.00000000,0.00000000,179520.00000000,0,NULL,NULL,0,0.00000000,NULL,0,4,NULL,1,'PYG',27200.00000000,163200.00000000,16320.00000000,179520.00000000),(308,53,NULL,8,NULL,'(Customs / Commodity / HS code: 2208.40.11 - Origin country: Paraguay)',NULL,'IVA',10.000,0.000,'0',0.000,'0',6,0,0,NULL,69000.00000000,414000.00000000,41400.00000000,0.00000000,0.00000000,455400.00000000,0,NULL,NULL,0,0.00000000,NULL,0,5,NULL,1,'PYG',69000.00000000,414000.00000000,41400.00000000,455400.00000000),(309,54,NULL,4,NULL,'(Customs / Commodity / HS code: 2208.70.10 - Origin country: Paraguay)',NULL,'IVA',10.000,0.000,'0',0.000,'0',1,0,0,20000,20000.00000000,20000.00000000,2000.00000000,0.00000000,0.00000000,22000.00000000,0,NULL,NULL,0,0.00000000,NULL,0,1,NULL,1,'PYG',20000.00000000,20000.00000000,2000.00000000,22000.00000000),(310,54,NULL,1,NULL,'(Customs / Commodity / HS code: 2208.70.10 - Origin country: Paraguay)',NULL,'IVA',10.000,0.000,'0',0.000,'0',1,0,0,20000,20000.00000000,20000.00000000,2000.00000000,0.00000000,0.00000000,22000.00000000,0,NULL,NULL,0,0.00000000,NULL,0,2,NULL,1,'PYG',20000.00000000,20000.00000000,2000.00000000,22000.00000000),(311,54,NULL,3,NULL,'(Customs / Commodity / HS code: 2208.70.10 - Origin country: Paraguay)',NULL,'IVA',10.000,0.000,'0',0.000,'0',1,0,0,20000,20000.00000000,20000.00000000,2000.00000000,0.00000000,0.00000000,22000.00000000,0,NULL,NULL,0,0.00000000,NULL,0,3,NULL,1,'PYG',20000.00000000,20000.00000000,2000.00000000,22000.00000000),(312,54,NULL,2,NULL,'(Customs / Commodity / HS code: 2208.70.10 - Origin country: Paraguay)',NULL,'IVA',10.000,0.000,'0',0.000,'0',1,0,0,20000,20000.00000000,20000.00000000,2000.00000000,0.00000000,0.00000000,22000.00000000,0,NULL,NULL,0,0.00000000,NULL,0,4,NULL,1,'PYG',20000.00000000,20000.00000000,2000.00000000,22000.00000000),(313,54,NULL,8,NULL,'(Customs / Commodity / HS code: 2208.40.11 - Origin country: Paraguay)',NULL,'IVA',10.000,0.000,'0',0.000,'0',1,0,0,90000,90000.00000000,90000.00000000,9000.00000000,0.00000000,0.00000000,99000.00000000,0,NULL,NULL,0,0.00000000,NULL,0,5,NULL,1,'PYG',90000.00000000,90000.00000000,9000.00000000,99000.00000000),(314,54,NULL,31,NULL,'(Customs / Commodity / HS code: 2208.40.11 - Origin country: Paraguay)',NULL,'IVA',10.000,0.000,'0',0.000,'0',1,0,0,130000,130000.00000000,130000.00000000,13000.00000000,0.00000000,0.00000000,143000.00000000,0,NULL,NULL,0,0.00000000,NULL,0,6,NULL,1,'PYG',130000.00000000,130000.00000000,13000.00000000,143000.00000000),(315,54,NULL,10,NULL,'(Customs / Commodity / HS code: 2208.40.11 - Origin country: Paraguay)',NULL,'IVA',10.000,0.000,'0',0.000,'0',1,0,0,90000,90000.00000000,90000.00000000,9000.00000000,0.00000000,0.00000000,99000.00000000,0,NULL,NULL,0,0.00000000,NULL,0,7,NULL,1,'PYG',90000.00000000,90000.00000000,9000.00000000,99000.00000000),(316,54,NULL,9,NULL,'(Customs / Commodity / HS code: 2208.40.11 - Origin country: Paraguay)',NULL,'IVA',10.000,0.000,'0',0.000,'0',1,0,0,130000,130000.00000000,130000.00000000,13000.00000000,0.00000000,0.00000000,143000.00000000,0,NULL,NULL,0,0.00000000,NULL,0,8,NULL,1,'PYG',130000.00000000,130000.00000000,13000.00000000,143000.00000000),(317,54,NULL,30,NULL,'(Customs / Commodity / HS code: 2208.40.11 - Origin country: Paraguay)',NULL,'IVA',10.000,0.000,'0',0.000,'0',1,0,0,80000,80000.00000000,80000.00000000,8000.00000000,0.00000000,0.00000000,88000.00000000,0,NULL,NULL,0,0.00000000,NULL,0,9,NULL,1,'PYG',80000.00000000,80000.00000000,8000.00000000,88000.00000000),(318,55,NULL,NULL,NULL,'BOTTLES OF: Marianne de Paraguay Cask Strength Rum / 750ml /&nbsp;46% Alc. by Vol. / 6 bottles per case / HTS# is 2208.40.4000 / TTB Label No.&nbsp;19178001001315 / Barcode: 4260109412623',NULL,'none',0.000,0.000,'0',0.000,'0',600,0,0,NULL,87454.00000000,52472250.00000000,0.00000000,0.00000000,0.00000000,52472250.00000000,0,NULL,NULL,0,0.00000000,NULL,0,1,NULL,3,'EUR',13.00000000,7800.00000000,0.00000000,7800.00000000),(319,56,NULL,2,NULL,'(Customs / Commodity / HS code: 2208.70.10 - Origin country: Paraguay)',NULL,'IVA',10.000,0.000,'0',0.000,'0',225,0,0,12000,12000.00000000,2700000.00000000,270000.00000000,0.00000000,0.00000000,2970000.00000000,0,NULL,NULL,0,0.00000000,NULL,0,1,NULL,1,'PYG',12000.00000000,2700000.00000000,270000.00000000,2970000.00000000),(320,56,NULL,4,NULL,'(Customs / Commodity / HS code: 2208.70.10 - Origin country: Paraguay)',NULL,'IVA',10.000,0.000,'0',0.000,'0',225,0,0,12000,12000.00000000,2700000.00000000,270000.00000000,0.00000000,0.00000000,2970000.00000000,0,NULL,NULL,0,0.00000000,NULL,0,2,NULL,1,'PYG',12000.00000000,2700000.00000000,270000.00000000,2970000.00000000),(321,56,NULL,1,NULL,'(Customs / Commodity / HS code: 2208.70.10 - Origin country: Paraguay)',NULL,'IVA',10.000,0.000,'0',0.000,'0',225,0,0,12000,12000.00000000,2700000.00000000,270000.00000000,0.00000000,0.00000000,2970000.00000000,0,NULL,NULL,0,0.00000000,NULL,0,3,NULL,1,'PYG',12000.00000000,2700000.00000000,270000.00000000,2970000.00000000),(322,56,NULL,3,NULL,'(Customs / Commodity / HS code: 2208.70.10 - Origin country: Paraguay)',NULL,'IVA',10.000,0.000,'0',0.000,'0',225,0,0,12000,12000.00000000,2700000.00000000,270000.00000000,0.00000000,0.00000000,2970000.00000000,0,NULL,NULL,0,0.00000000,NULL,0,4,NULL,1,'PYG',12000.00000000,2700000.00000000,270000.00000000,2970000.00000000),(323,56,NULL,NULL,NULL,'Sabores de la Yerba Rum',NULL,'IVA',10.000,0.000,'0',0.000,'0',1,0,0,NULL,100000.00000000,100000.00000000,10000.00000000,0.00000000,0.00000000,110000.00000000,0,NULL,NULL,0,0.00000000,NULL,0,5,NULL,1,'PYG',100000.00000000,100000.00000000,10000.00000000,110000.00000000),(324,57,NULL,4,NULL,'(Customs / Commodity / HS code: 2208.70.10 - Origin country: Paraguay)',NULL,'IVA',10.000,0.000,'0',0.000,'0',1,0,0,12000,12000.00000000,12000.00000000,1200.00000000,0.00000000,0.00000000,13200.00000000,0,NULL,NULL,0,0.00000000,NULL,0,1,NULL,1,'PYG',12000.00000000,12000.00000000,1200.00000000,13200.00000000),(325,57,NULL,1,NULL,'(Customs / Commodity / HS code: 2208.70.10 - Origin country: Paraguay)',NULL,'IVA',10.000,0.000,'0',0.000,'0',1,0,0,12000,12000.00000000,12000.00000000,1200.00000000,0.00000000,0.00000000,13200.00000000,0,NULL,NULL,0,0.00000000,NULL,0,2,NULL,1,'PYG',12000.00000000,12000.00000000,1200.00000000,13200.00000000),(326,57,NULL,2,NULL,'(Customs / Commodity / HS code: 2208.70.10 - Origin country: Paraguay)',NULL,'IVA',10.000,0.000,'0',0.000,'0',1,0,0,12000,12000.00000000,12000.00000000,1200.00000000,0.00000000,0.00000000,13200.00000000,0,NULL,NULL,0,0.00000000,NULL,0,3,NULL,1,'PYG',12000.00000000,12000.00000000,1200.00000000,13200.00000000),(327,57,NULL,3,NULL,'(Customs / Commodity / HS code: 2208.70.10 - Origin country: Paraguay)',NULL,'IVA',10.000,0.000,'0',0.000,'0',1,0,0,12000,12000.00000000,12000.00000000,1200.00000000,0.00000000,0.00000000,13200.00000000,0,NULL,NULL,0,0.00000000,NULL,0,4,NULL,1,'PYG',12000.00000000,12000.00000000,1200.00000000,13200.00000000),(328,57,NULL,NULL,NULL,'Sabores de la Yerba Rum',NULL,'IVA',10.000,0.000,'0',0.000,'0',1,0,0,NULL,100000.00000000,100000.00000000,10000.00000000,0.00000000,0.00000000,110000.00000000,0,NULL,NULL,0,0.00000000,NULL,0,5,NULL,1,'PYG',100000.00000000,100000.00000000,10000.00000000,110000.00000000),(329,58,NULL,4,NULL,'(Customs / Commodity / HS code: 2208.70.10 - Origin country: Paraguay)',NULL,'IVA',10.000,0.000,'0',0.000,'0',1,0,0,12000,12000.00000000,12000.00000000,1200.00000000,0.00000000,0.00000000,13200.00000000,0,NULL,NULL,0,0.00000000,NULL,0,1,NULL,1,'PYG',12000.00000000,12000.00000000,1200.00000000,13200.00000000),(330,58,NULL,1,NULL,'(Customs / Commodity / HS code: 2208.70.10 - Origin country: Paraguay)',NULL,'IVA',10.000,0.000,'0',0.000,'0',1,0,0,12000,12000.00000000,12000.00000000,1200.00000000,0.00000000,0.00000000,13200.00000000,0,NULL,NULL,0,0.00000000,NULL,0,2,NULL,1,'PYG',12000.00000000,12000.00000000,1200.00000000,13200.00000000),(331,58,NULL,2,NULL,'(Customs / Commodity / HS code: 2208.70.10 - Origin country: Paraguay)',NULL,'IVA',10.000,0.000,'0',0.000,'0',1,0,0,12000,12000.00000000,12000.00000000,1200.00000000,0.00000000,0.00000000,13200.00000000,0,NULL,NULL,0,0.00000000,NULL,0,3,NULL,1,'PYG',12000.00000000,12000.00000000,1200.00000000,13200.00000000),(332,58,NULL,3,NULL,'(Customs / Commodity / HS code: 2208.70.10 - Origin country: Paraguay)',NULL,'IVA',10.000,0.000,'0',0.000,'0',1,0,0,12000,12000.00000000,12000.00000000,1200.00000000,0.00000000,0.00000000,13200.00000000,0,NULL,NULL,0,0.00000000,NULL,0,4,NULL,1,'PYG',12000.00000000,12000.00000000,1200.00000000,13200.00000000),(333,58,NULL,NULL,NULL,'Sabores de la Yerba Rum',NULL,'IVA',10.000,0.000,'0',0.000,'0',1,0,0,NULL,100000.00000000,100000.00000000,10000.00000000,0.00000000,0.00000000,110000.00000000,0,NULL,NULL,0,0.00000000,NULL,0,5,NULL,1,'PYG',100000.00000000,100000.00000000,10000.00000000,110000.00000000),(334,59,NULL,4,NULL,'(Customs / Commodity / HS code: 2208.70.10 - Origin country: Paraguay)',NULL,'IVA',10.000,0.000,'0',0.000,'0',1,0,0,12000,12000.00000000,12000.00000000,1200.00000000,0.00000000,0.00000000,13200.00000000,0,NULL,NULL,0,0.00000000,NULL,0,1,NULL,1,'PYG',12000.00000000,12000.00000000,1200.00000000,13200.00000000),(335,59,NULL,1,NULL,'(Customs / Commodity / HS code: 2208.70.10 - Origin country: Paraguay)',NULL,'IVA',10.000,0.000,'0',0.000,'0',1,0,0,12000,12000.00000000,12000.00000000,1200.00000000,0.00000000,0.00000000,13200.00000000,0,NULL,NULL,0,0.00000000,NULL,0,2,NULL,1,'PYG',12000.00000000,12000.00000000,1200.00000000,13200.00000000),(336,59,NULL,2,NULL,'(Customs / Commodity / HS code: 2208.70.10 - Origin country: Paraguay)',NULL,'IVA',10.000,0.000,'0',0.000,'0',1,0,0,12000,12000.00000000,12000.00000000,1200.00000000,0.00000000,0.00000000,13200.00000000,0,NULL,NULL,0,0.00000000,NULL,0,3,NULL,1,'PYG',12000.00000000,12000.00000000,1200.00000000,13200.00000000),(337,59,NULL,3,NULL,'(Customs / Commodity / HS code: 2208.70.10 - Origin country: Paraguay)',NULL,'IVA',10.000,0.000,'0',0.000,'0',1,0,0,12000,12000.00000000,12000.00000000,1200.00000000,0.00000000,0.00000000,13200.00000000,0,NULL,NULL,0,0.00000000,NULL,0,4,NULL,1,'PYG',12000.00000000,12000.00000000,1200.00000000,13200.00000000),(338,59,NULL,NULL,NULL,'Sabores de la Yerba Rum',NULL,'IVA',10.000,0.000,'0',0.000,'0',1,0,0,NULL,100000.00000000,100000.00000000,10000.00000000,0.00000000,0.00000000,110000.00000000,0,NULL,NULL,0,0.00000000,NULL,0,5,NULL,1,'PYG',100000.00000000,100000.00000000,10000.00000000,110000.00000000),(339,60,NULL,4,NULL,'(Customs / Commodity / HS code: 2208.70.10 - Origin country: Paraguay)',NULL,'IVA',10.000,0.000,'0',0.000,'0',1,0,0,12000,12000.00000000,12000.00000000,1200.00000000,0.00000000,0.00000000,13200.00000000,0,NULL,NULL,0,0.00000000,NULL,0,1,NULL,1,'PYG',12000.00000000,12000.00000000,1200.00000000,13200.00000000),(340,60,NULL,1,NULL,'(Customs / Commodity / HS code: 2208.70.10 - Origin country: Paraguay)',NULL,'IVA',10.000,0.000,'0',0.000,'0',1,0,0,12000,12000.00000000,12000.00000000,1200.00000000,0.00000000,0.00000000,13200.00000000,0,NULL,NULL,0,0.00000000,NULL,0,2,NULL,1,'PYG',12000.00000000,12000.00000000,1200.00000000,13200.00000000),(341,60,NULL,2,NULL,'(Customs / Commodity / HS code: 2208.70.10 - Origin country: Paraguay)',NULL,'IVA',10.000,0.000,'0',0.000,'0',1,0,0,12000,12000.00000000,12000.00000000,1200.00000000,0.00000000,0.00000000,13200.00000000,0,NULL,NULL,0,0.00000000,NULL,0,3,NULL,1,'PYG',12000.00000000,12000.00000000,1200.00000000,13200.00000000),(342,60,NULL,3,NULL,'(Customs / Commodity / HS code: 2208.70.10 - Origin country: Paraguay)',NULL,'IVA',10.000,0.000,'0',0.000,'0',1,0,0,12000,12000.00000000,12000.00000000,1200.00000000,0.00000000,0.00000000,13200.00000000,0,NULL,NULL,0,0.00000000,NULL,0,4,NULL,1,'PYG',12000.00000000,12000.00000000,1200.00000000,13200.00000000),(343,60,NULL,NULL,NULL,'Sabores de la Yerba Rum',NULL,'IVA',10.000,0.000,'0',0.000,'0',1,0,0,NULL,100000.00000000,100000.00000000,10000.00000000,0.00000000,0.00000000,110000.00000000,0,NULL,NULL,0,0.00000000,NULL,0,5,NULL,1,'PYG',100000.00000000,100000.00000000,10000.00000000,110000.00000000),(344,61,NULL,4,NULL,'(Customs / Commodity / HS code: 2208.70.10 - Origin country: Paraguay)',NULL,'IVA',10.000,0.000,'0',0.000,'0',1,0,0,12000,12000.00000000,12000.00000000,1200.00000000,0.00000000,0.00000000,13200.00000000,0,NULL,NULL,0,0.00000000,NULL,0,1,NULL,1,'PYG',12000.00000000,12000.00000000,1200.00000000,13200.00000000),(345,61,NULL,1,NULL,'(Customs / Commodity / HS code: 2208.70.10 - Origin country: Paraguay)',NULL,'IVA',10.000,0.000,'0',0.000,'0',1,0,0,12000,12000.00000000,12000.00000000,1200.00000000,0.00000000,0.00000000,13200.00000000,0,NULL,NULL,0,0.00000000,NULL,0,2,NULL,1,'PYG',12000.00000000,12000.00000000,1200.00000000,13200.00000000),(346,61,NULL,3,NULL,'(Customs / Commodity / HS code: 2208.70.10 - Origin country: Paraguay)',NULL,'IVA',10.000,0.000,'0',0.000,'0',1,0,0,12000,12000.00000000,12000.00000000,1200.00000000,0.00000000,0.00000000,13200.00000000,0,NULL,NULL,0,0.00000000,NULL,0,3,NULL,1,'PYG',12000.00000000,12000.00000000,1200.00000000,13200.00000000),(347,61,NULL,2,NULL,'(Customs / Commodity / HS code: 2208.70.10 - Origin country: Paraguay)',NULL,'IVA',10.000,0.000,'0',0.000,'0',1,0,0,12000,12000.00000000,12000.00000000,1200.00000000,0.00000000,0.00000000,13200.00000000,0,NULL,NULL,0,0.00000000,NULL,0,4,NULL,1,'PYG',12000.00000000,12000.00000000,1200.00000000,13200.00000000),(348,61,NULL,NULL,NULL,'Sabores de la Yerba Rum',NULL,'IVA',10.000,0.000,'0',0.000,'0',1,0,0,NULL,100000.00000000,100000.00000000,10000.00000000,0.00000000,0.00000000,110000.00000000,0,NULL,NULL,0,0.00000000,NULL,0,5,NULL,1,'PYG',100000.00000000,100000.00000000,10000.00000000,110000.00000000),(349,62,NULL,4,NULL,'(Customs / Commodity / HS code: 2208.70.10 - Origin country: Paraguay)',NULL,'IVA',10.000,0.000,'0',0.000,'0',1,0,0,12000,12000.00000000,12000.00000000,1200.00000000,0.00000000,0.00000000,13200.00000000,0,NULL,NULL,0,0.00000000,NULL,0,1,NULL,1,'PYG',12000.00000000,12000.00000000,1200.00000000,13200.00000000),(350,62,NULL,1,NULL,'(Customs / Commodity / HS code: 2208.70.10 - Origin country: Paraguay)',NULL,'IVA',10.000,0.000,'0',0.000,'0',1,0,0,12000,12000.00000000,12000.00000000,1200.00000000,0.00000000,0.00000000,13200.00000000,0,NULL,NULL,0,0.00000000,NULL,0,2,NULL,1,'PYG',12000.00000000,12000.00000000,1200.00000000,13200.00000000),(351,62,NULL,2,NULL,'(Customs / Commodity / HS code: 2208.70.10 - Origin country: Paraguay)',NULL,'IVA',10.000,0.000,'0',0.000,'0',1,0,0,12000,12000.00000000,12000.00000000,1200.00000000,0.00000000,0.00000000,13200.00000000,0,NULL,NULL,0,0.00000000,NULL,0,3,NULL,1,'PYG',12000.00000000,12000.00000000,1200.00000000,13200.00000000),(352,62,NULL,3,NULL,'(Customs / Commodity / HS code: 2208.70.10 - Origin country: Paraguay)',NULL,'IVA',10.000,0.000,'0',0.000,'0',1,0,0,12000,12000.00000000,12000.00000000,1200.00000000,0.00000000,0.00000000,13200.00000000,0,NULL,NULL,0,0.00000000,NULL,0,4,NULL,1,'PYG',12000.00000000,12000.00000000,1200.00000000,13200.00000000),(353,62,NULL,NULL,NULL,'Sabores de la Yerba Rum&nbsp;',NULL,'IVA',10.000,0.000,'0',0.000,'0',1,0,0,NULL,100000.00000000,100000.00000000,10000.00000000,0.00000000,0.00000000,110000.00000000,0,NULL,NULL,0,0.00000000,NULL,0,5,NULL,1,'PYG',100000.00000000,100000.00000000,10000.00000000,110000.00000000),(354,63,NULL,2,NULL,'(Customs / Commodity / HS code: 2208.70.10 - Origin country: Paraguay)',NULL,'IVA',10.000,0.000,'0',0.000,'0',1,0,0,12000,12000.00000000,12000.00000000,1200.00000000,0.00000000,0.00000000,13200.00000000,0,NULL,NULL,0,0.00000000,NULL,0,1,NULL,1,'PYG',12000.00000000,12000.00000000,1200.00000000,13200.00000000),(355,63,NULL,3,NULL,'(Customs / Commodity / HS code: 2208.70.10 - Origin country: Paraguay)',NULL,'IVA',10.000,0.000,'0',0.000,'0',1,0,0,12000,12000.00000000,12000.00000000,1200.00000000,0.00000000,0.00000000,13200.00000000,0,NULL,NULL,0,0.00000000,NULL,0,2,NULL,1,'PYG',12000.00000000,12000.00000000,1200.00000000,13200.00000000),(356,63,NULL,4,NULL,'(Customs / Commodity / HS code: 2208.70.10 - Origin country: Paraguay)',NULL,'IVA',10.000,0.000,'0',0.000,'0',1,0,0,12000,12000.00000000,12000.00000000,1200.00000000,0.00000000,0.00000000,13200.00000000,0,NULL,NULL,0,0.00000000,NULL,0,3,NULL,1,'PYG',12000.00000000,12000.00000000,1200.00000000,13200.00000000),(357,63,NULL,1,NULL,'(Customs / Commodity / HS code: 2208.70.10 - Origin country: Paraguay)',NULL,'IVA',10.000,0.000,'0',0.000,'0',1,0,0,12000,12000.00000000,12000.00000000,1200.00000000,0.00000000,0.00000000,13200.00000000,0,NULL,NULL,0,0.00000000,NULL,0,4,NULL,1,'PYG',12000.00000000,12000.00000000,1200.00000000,13200.00000000),(358,63,NULL,NULL,NULL,'Sabores de la Yerba Rum',NULL,'IVA',10.000,0.000,'0',0.000,'0',1,0,0,NULL,100000.00000000,100000.00000000,10000.00000000,0.00000000,0.00000000,110000.00000000,0,NULL,NULL,0,0.00000000,NULL,0,5,NULL,1,'PYG',100000.00000000,100000.00000000,10000.00000000,110000.00000000),(359,64,NULL,4,NULL,'(Customs / Commodity / HS code: 2208.70.10 - Origin country: Paraguay)',NULL,'IVA',10.000,0.000,'0',0.000,'0',1,0,0,12000,12000.00000000,12000.00000000,1200.00000000,0.00000000,0.00000000,13200.00000000,0,NULL,NULL,0,0.00000000,NULL,0,1,NULL,1,'PYG',12000.00000000,12000.00000000,1200.00000000,13200.00000000),(360,64,NULL,2,NULL,'(Customs / Commodity / HS code: 2208.70.10 - Origin country: Paraguay)',NULL,'IVA',10.000,0.000,'0',0.000,'0',1,0,0,12000,12000.00000000,12000.00000000,1200.00000000,0.00000000,0.00000000,13200.00000000,0,NULL,NULL,0,0.00000000,NULL,0,2,NULL,1,'PYG',12000.00000000,12000.00000000,1200.00000000,13200.00000000),(361,64,NULL,1,NULL,'(Customs / Commodity / HS code: 2208.70.10 - Origin country: Paraguay)',NULL,'IVA',10.000,0.000,'0',0.000,'0',1,0,0,12000,12000.00000000,12000.00000000,1200.00000000,0.00000000,0.00000000,13200.00000000,0,NULL,NULL,0,0.00000000,NULL,0,3,NULL,1,'PYG',12000.00000000,12000.00000000,1200.00000000,13200.00000000),(362,64,NULL,3,NULL,'(Customs / Commodity / HS code: 2208.70.10 - Origin country: Paraguay)',NULL,'IVA',10.000,0.000,'0',0.000,'0',1,0,0,12000,12000.00000000,12000.00000000,1200.00000000,0.00000000,0.00000000,13200.00000000,0,NULL,NULL,0,0.00000000,NULL,0,4,NULL,1,'PYG',12000.00000000,12000.00000000,1200.00000000,13200.00000000),(363,64,NULL,NULL,NULL,'Sabores de la Yerba Rum',NULL,'IVA',10.000,0.000,'0',0.000,'0',1,0,0,NULL,100000.00000000,100000.00000000,10000.00000000,0.00000000,0.00000000,110000.00000000,0,NULL,NULL,0,0.00000000,NULL,0,5,NULL,1,'PYG',100000.00000000,100000.00000000,10000.00000000,110000.00000000),(364,65,NULL,4,NULL,'(Customs / Commodity / HS code: 2208.70.10 - Origin country: Paraguay)',NULL,'IVA',10.000,0.000,'0',0.000,'0',1,0,0,12000,12000.00000000,12000.00000000,1200.00000000,0.00000000,0.00000000,13200.00000000,0,NULL,NULL,0,0.00000000,NULL,0,1,NULL,1,'PYG',12000.00000000,12000.00000000,1200.00000000,13200.00000000),(365,65,NULL,1,NULL,'(Customs / Commodity / HS code: 2208.70.10 - Origin country: Paraguay)',NULL,'IVA',10.000,0.000,'0',0.000,'0',1,0,0,12000,12000.00000000,12000.00000000,1200.00000000,0.00000000,0.00000000,13200.00000000,0,NULL,NULL,0,0.00000000,NULL,0,2,NULL,1,'PYG',12000.00000000,12000.00000000,1200.00000000,13200.00000000),(366,65,NULL,3,NULL,'(Customs / Commodity / HS code: 2208.70.10 - Origin country: Paraguay)',NULL,'IVA',10.000,0.000,'0',0.000,'0',1,0,0,12000,12000.00000000,12000.00000000,1200.00000000,0.00000000,0.00000000,13200.00000000,0,NULL,NULL,0,0.00000000,NULL,0,3,NULL,1,'PYG',12000.00000000,12000.00000000,1200.00000000,13200.00000000),(367,65,NULL,2,NULL,'(Customs / Commodity / HS code: 2208.70.10 - Origin country: Paraguay)',NULL,'IVA',10.000,0.000,'0',0.000,'0',1,0,0,12000,12000.00000000,12000.00000000,1200.00000000,0.00000000,0.00000000,13200.00000000,0,NULL,NULL,0,0.00000000,NULL,0,4,NULL,1,'PYG',12000.00000000,12000.00000000,1200.00000000,13200.00000000),(368,65,NULL,NULL,NULL,'Sabores de la Yerba Rum&nbsp;&nbsp;',NULL,'IVA',10.000,0.000,'0',0.000,'0',1,0,0,NULL,100000.00000000,100000.00000000,10000.00000000,0.00000000,0.00000000,110000.00000000,0,NULL,NULL,0,0.00000000,NULL,0,5,NULL,1,'PYG',100000.00000000,100000.00000000,10000.00000000,110000.00000000),(369,66,NULL,4,NULL,'(Customs / Commodity / HS code: 2208.70.10 - Origin country: Paraguay)',NULL,'IVA',10.000,0.000,'0',0.000,'0',1,0,0,12000,12000.00000000,12000.00000000,1200.00000000,0.00000000,0.00000000,13200.00000000,0,NULL,NULL,0,0.00000000,NULL,0,1,NULL,1,'PYG',12000.00000000,12000.00000000,1200.00000000,13200.00000000),(370,66,NULL,1,NULL,'(Customs / Commodity / HS code: 2208.70.10 - Origin country: Paraguay)',NULL,'IVA',10.000,0.000,'0',0.000,'0',1,0,0,12000,12000.00000000,12000.00000000,1200.00000000,0.00000000,0.00000000,13200.00000000,0,NULL,NULL,0,0.00000000,NULL,0,2,NULL,1,'PYG',12000.00000000,12000.00000000,1200.00000000,13200.00000000),(371,66,NULL,3,NULL,'(Customs / Commodity / HS code: 2208.70.10 - Origin country: Paraguay)',NULL,'IVA',10.000,0.000,'0',0.000,'0',1,0,0,12000,12000.00000000,12000.00000000,1200.00000000,0.00000000,0.00000000,13200.00000000,0,NULL,NULL,0,0.00000000,NULL,0,3,NULL,1,'PYG',12000.00000000,12000.00000000,1200.00000000,13200.00000000),(372,66,NULL,2,NULL,'(Customs / Commodity / HS code: 2208.70.10 - Origin country: Paraguay)',NULL,'IVA',10.000,0.000,'0',0.000,'0',1,0,0,12000,12000.00000000,12000.00000000,1200.00000000,0.00000000,0.00000000,13200.00000000,0,NULL,NULL,0,0.00000000,NULL,0,4,NULL,1,'PYG',12000.00000000,12000.00000000,1200.00000000,13200.00000000),(373,66,NULL,NULL,NULL,'Sabores de la Yerba Rum',NULL,'IVA',10.000,0.000,'0',0.000,'0',1,0,0,NULL,100000.00000000,100000.00000000,10000.00000000,0.00000000,0.00000000,110000.00000000,0,NULL,NULL,0,0.00000000,NULL,0,5,NULL,1,'PYG',100000.00000000,100000.00000000,10000.00000000,110000.00000000),(379,68,NULL,4,NULL,'(Customs / Commodity / HS code: 2208.70.10 - Origin country: Paraguay)',NULL,'IVA',10.000,0.000,'0',0.000,'0',1,0,0,12000,12000.00000000,12000.00000000,1200.00000000,0.00000000,0.00000000,13200.00000000,0,NULL,NULL,0,0.00000000,NULL,0,1,NULL,1,'PYG',12000.00000000,12000.00000000,1200.00000000,13200.00000000),(380,68,NULL,1,NULL,'(Customs / Commodity / HS code: 2208.70.10 - Origin country: Paraguay)',NULL,'IVA',10.000,0.000,'0',0.000,'0',1,0,0,12000,12000.00000000,12000.00000000,1200.00000000,0.00000000,0.00000000,13200.00000000,0,NULL,NULL,0,0.00000000,NULL,0,2,NULL,1,'PYG',12000.00000000,12000.00000000,1200.00000000,13200.00000000),(381,68,NULL,2,NULL,'(Customs / Commodity / HS code: 2208.70.10 - Origin country: Paraguay)',NULL,'IVA',10.000,0.000,'0',0.000,'0',1,0,0,12000,12000.00000000,12000.00000000,1200.00000000,0.00000000,0.00000000,13200.00000000,0,NULL,NULL,0,0.00000000,NULL,0,3,NULL,1,'PYG',12000.00000000,12000.00000000,1200.00000000,13200.00000000),(382,68,NULL,3,NULL,'(Customs / Commodity / HS code: 2208.70.10 - Origin country: Paraguay)',NULL,'IVA',10.000,0.000,'0',0.000,'0',1,0,0,12000,12000.00000000,12000.00000000,1200.00000000,0.00000000,0.00000000,13200.00000000,0,NULL,NULL,0,0.00000000,NULL,0,4,NULL,1,'PYG',12000.00000000,12000.00000000,1200.00000000,13200.00000000),(383,68,NULL,NULL,NULL,'Sabores de la Yerba Rum',NULL,'IVA',10.000,0.000,'0',0.000,'0',1,0,0,NULL,100000.00000000,100000.00000000,10000.00000000,0.00000000,0.00000000,110000.00000000,0,NULL,NULL,0,0.00000000,NULL,0,5,NULL,1,'PYG',100000.00000000,100000.00000000,10000.00000000,110000.00000000),(393,70,NULL,8,NULL,'(Customs / Commodity / HS code: 2208.40.11 - Origin country: Paraguay)',NULL,'IVA',10.000,0.000,'0',0.000,'0',1,0,0,150000,150000.00000000,150000.00000000,15000.00000000,0.00000000,0.00000000,165000.00000000,0,NULL,NULL,0,0.00000000,NULL,0,2,NULL,1,'PYG',150000.00000000,150000.00000000,15000.00000000,165000.00000000),(394,70,NULL,31,NULL,'(Customs / Commodity / HS code: 2208.40.11 - Origin country: Paraguay)',NULL,'IVA',10.000,0.000,'0',0.000,'0',1,0,0,212500,212500.00000000,212500.00000000,21250.00000000,0.00000000,0.00000000,233750.00000000,0,NULL,NULL,0,0.00000000,NULL,0,1,NULL,1,'PYG',212500.00000000,212500.00000000,21250.00000000,233750.00000000),(395,70,NULL,10,NULL,'(Customs / Commodity / HS code: 2208.40.11 - Origin country: Paraguay)',NULL,'IVA',10.000,0.000,'0',0.000,'0',1,0,0,NULL,137500.00000000,137500.00000000,13750.00000000,0.00000000,0.00000000,151250.00000000,0,NULL,NULL,0,0.00000000,NULL,0,3,NULL,1,'PYG',137500.00000000,137500.00000000,13750.00000000,151250.00000000),(396,70,NULL,9,NULL,'(Customs / Commodity / HS code: 2208.40.11 - Origin country: Paraguay)',NULL,'IVA',10.000,0.000,'0',0.000,'0',1,0,0,NULL,137500.00000000,137500.00000000,13750.00000000,0.00000000,0.00000000,151250.00000000,0,NULL,NULL,0,0.00000000,NULL,0,4,NULL,1,'PYG',137500.00000000,137500.00000000,13750.00000000,151250.00000000),(397,70,NULL,30,NULL,'(Customs / Commodity / HS code: 2208.40.11 - Origin country: Paraguay)',NULL,'IVA',10.000,0.000,'0',0.000,'0',1,0,0,NULL,112500.00000000,112500.00000000,11250.00000000,0.00000000,0.00000000,123750.00000000,0,NULL,NULL,0,0.00000000,NULL,0,5,NULL,1,'PYG',112500.00000000,112500.00000000,11250.00000000,123750.00000000),(399,70,NULL,NULL,NULL,'Kchiporros Rum - Sabores de la Yerba 750ml',NULL,'IVA',10.000,0.000,'0',0.000,'0',1,0,0,NULL,125000.00000000,125000.00000000,12500.00000000,0.00000000,0.00000000,137500.00000000,0,NULL,NULL,0,0.00000000,NULL,0,6,NULL,1,'PYG',125000.00000000,125000.00000000,12500.00000000,137500.00000000),(400,70,NULL,4,NULL,'(Customs / Commodity / HS code: 2208.70.10 - Origin country: Paraguay)',NULL,'IVA',10.000,0.000,'0',0.000,'0',1,0,0,NULL,18750.00000000,18750.00000000,1875.00000000,0.00000000,0.00000000,20625.00000000,0,NULL,NULL,0,0.00000000,NULL,0,7,NULL,1,'PYG',18750.00000000,18750.00000000,1875.00000000,20625.00000000),(401,70,NULL,1,NULL,'(Customs / Commodity / HS code: 2208.70.10 - Origin country: Paraguay)',NULL,'IVA',10.000,0.000,'0',0.000,'0',1,0,0,NULL,18750.00000000,18750.00000000,1875.00000000,0.00000000,0.00000000,20625.00000000,0,NULL,NULL,0,0.00000000,NULL,0,8,NULL,1,'PYG',18750.00000000,18750.00000000,1875.00000000,20625.00000000),(402,70,NULL,2,NULL,'(Customs / Commodity / HS code: 2208.70.10 - Origin country: Paraguay)',NULL,'IVA',10.000,0.000,'0',0.000,'0',1,0,0,NULL,18750.00000000,18750.00000000,1875.00000000,0.00000000,0.00000000,20625.00000000,0,NULL,NULL,0,0.00000000,NULL,0,9,NULL,1,'PYG',18750.00000000,18750.00000000,1875.00000000,20625.00000000),(403,70,NULL,3,NULL,'(Customs / Commodity / HS code: 2208.70.10 - Origin country: Paraguay)',NULL,'IVA',10.000,0.000,'0',0.000,'0',1,0,0,NULL,18750.00000000,18750.00000000,1875.00000000,0.00000000,0.00000000,20625.00000000,0,NULL,NULL,0,0.00000000,NULL,0,10,NULL,1,'PYG',18750.00000000,18750.00000000,1875.00000000,20625.00000000),(404,70,NULL,15,NULL,'(Origin country: Paraguay)',NULL,'IVA',10.000,0.000,'0',0.000,'0',1,0,0,NULL,37500.00000000,37500.00000000,3750.00000000,0.00000000,0.00000000,41250.00000000,0,NULL,NULL,0,0.00000000,NULL,0,11,NULL,1,'PYG',37500.00000000,37500.00000000,3750.00000000,41250.00000000),(405,71,NULL,2,NULL,'(Customs / Commodity / HS code: 2208.70.10 - Origin country: Paraguay)',NULL,'IVA',10.000,0.000,'0',0.000,'0',408,50,0,NULL,15000.00000000,3060000.00000000,306000.00000000,0.00000000,0.00000000,3366000.00000000,0,NULL,NULL,0,0.00000000,NULL,0,1,NULL,1,'PYG',15000.00000000,3060000.00000000,306000.00000000,3366000.00000000),(406,71,NULL,3,NULL,'(Customs / Commodity / HS code: 2208.70.10 - Origin country: Paraguay)',NULL,'IVA',10.000,0.000,'0',0.000,'0',408,50,0,NULL,15000.00000000,3060000.00000000,306000.00000000,0.00000000,0.00000000,3366000.00000000,0,NULL,NULL,0,0.00000000,NULL,0,2,NULL,1,'PYG',15000.00000000,3060000.00000000,306000.00000000,3366000.00000000),(407,71,NULL,4,NULL,'(Customs / Commodity / HS code: 2208.70.10 - Origin country: Paraguay)',NULL,'IVA',10.000,0.000,'0',0.000,'0',408,50,0,NULL,15000.00000000,3060000.00000000,306000.00000000,0.00000000,0.00000000,3366000.00000000,0,NULL,NULL,0,0.00000000,NULL,0,3,NULL,1,'PYG',15000.00000000,3060000.00000000,306000.00000000,3366000.00000000),(408,71,NULL,1,NULL,'(Customs / Commodity / HS code: 2208.70.10 - Origin country: Paraguay)',NULL,'IVA',10.000,0.000,'0',0.000,'0',408,50,0,NULL,15000.00000000,3060000.00000000,306000.00000000,0.00000000,0.00000000,3366000.00000000,0,NULL,NULL,0,0.00000000,NULL,0,4,NULL,1,'PYG',15000.00000000,3060000.00000000,306000.00000000,3366000.00000000),(409,71,NULL,10,NULL,'(Customs / Commodity / HS code: 2208.40.11 - Origin country: Paraguay)',NULL,'IVA',10.000,0.000,'0',0.000,'0',36,0,0,110000,110000.00000000,3960000.00000000,396000.00000000,0.00000000,0.00000000,4356000.00000000,0,NULL,NULL,0,0.00000000,NULL,0,5,NULL,1,'PYG',110000.00000000,3960000.00000000,396000.00000000,4356000.00000000),(410,71,NULL,9,NULL,'(Customs / Commodity / HS code: 2208.40.11 - Origin country: Paraguay)',NULL,'IVA',10.000,0.000,'0',0.000,'0',48,0,0,NULL,110000.00000000,5280000.00000000,528000.00000000,0.00000000,0.00000000,5808000.00000000,0,NULL,NULL,0,0.00000000,NULL,0,6,NULL,1,'PYG',110000.00000000,5280000.00000000,528000.00000000,5808000.00000000),(412,71,NULL,8,NULL,'(Customs / Commodity / HS code: 2208.40.11 - Origin country: Paraguay)',NULL,'IVA',10.000,0.000,'0',0.000,'0',72,0,0,NULL,120000.00000000,8640000.00000000,864000.00000000,0.00000000,0.00000000,9504000.00000000,0,NULL,NULL,0,0.00000000,NULL,0,7,NULL,1,'PYG',120000.00000000,8640000.00000000,864000.00000000,9504000.00000000);

--
