
--
-- Table structure for table `llxml_actioncomm_extrafields`
--

CREATE TABLE `llxml_actioncomm_extrafields` (
  `rowid` int(11) NOT NULL AUTO_INCREMENT,
  `tms` timestamp NOT NULL DEFAULT current_timestamp() ON UPDATE current_timestamp(),
  `fk_object` int(11) NOT NULL,
  `import_key` varchar(14) DEFAULT NULL,
  PRIMARY KEY (`rowid`),
  KEY `idx_actioncomm_extrafields` (`fk_object`)
) ENGINE=InnoDB DEFAULT CHARSET=utf8;

--
-- Dumping data for table `llxml_actioncomm_extrafields`
--


--
-- Table structure for table `llxml_actioncomm_reminder`
--

CREATE TABLE `llxml_actioncomm_reminder` (
  `rowid` int(11) NOT NULL AUTO_INCREMENT,
  `dateremind` datetime NOT NULL,
  `typeremind` varchar(32) NOT NULL,
  `fk_user` int(11) NOT NULL,
  `offsetvalue` int(11) NOT NULL,
  `offsetunit` varchar(1) NOT NULL,
  `status` int(11) NOT NULL DEFAULT 0,
  PRIMARY KEY (`rowid`),
  UNIQUE KEY `uk_actioncomm_reminder_unique` (`fk_user`,`typeremind`,`offsetvalue`,`offsetunit`),
  KEY `idx_actioncomm_reminder_rowid` (`rowid`),
  KEY `idx_actioncomm_reminder_dateremind` (`dateremind`),
  KEY `idx_actioncomm_reminder_fk_user` (`fk_user`)
) ENGINE=InnoDB DEFAULT CHARSET=utf8;

--
-- Dumping data for table `llxml_actioncomm_reminder`
--


--
-- Table structure for table `llxml_actioncomm_resources`
--

CREATE TABLE `llxml_actioncomm_resources` (
  `rowid` int(11) NOT NULL AUTO_INCREMENT,
  `fk_actioncomm` int(11) NOT NULL,
  `element_type` varchar(50) NOT NULL,
  `fk_element` int(11) NOT NULL,
  `answer_status` varchar(50) DEFAULT NULL,
  `mandatory` smallint(6) DEFAULT NULL,
  `transparency` smallint(6) DEFAULT 1,
  PRIMARY KEY (`rowid`),
  UNIQUE KEY `uk_actioncomm_resources` (`fk_actioncomm`,`element_type`,`fk_element`),
  KEY `idx_actioncomm_resources_fk_element` (`fk_element`)
) ENGINE=InnoDB AUTO_INCREMENT=3133 DEFAULT CHARSET=utf8;

--
-- Dumping data for table `llxml_actioncomm_resources`
--

INSERT INTO `llxml_actioncomm_resources` VALUES (1,1,'user',1,'0',0,0),(2,2,'user',1,'0',0,0),(3,3,'user',1,'0',0,0),(4,4,'user',1,'0',0,0),(5,5,'user',1,'0',0,0),(6,6,'user',1,'0',0,0),(7,7,'user',1,'0',0,0),(8,8,'user',1,'0',0,0),(9,9,'user',1,'0',0,0),(10,10,'user',1,'0',0,0),(11,11,'user',1,'0',0,0),(12,12,'user',1,'0',0,0),(13,13,'user',1,'0',0,0),(14,14,'user',1,'0',0,0),(15,15,'user',1,'0',0,0),(16,16,'user',1,'0',0,0),(17,17,'user',1,'0',0,0),(18,18,'user',1,'0',0,0),(19,19,'user',1,'0',0,0),(20,20,'user',1,'0',0,0),(21,21,'user',1,'0',0,0),(22,22,'user',1,'0',0,0),(23,23,'user',1,'0',0,0),(24,24,'user',1,'0',0,0),(25,25,'user',1,'0',0,0),(26,26,'user',1,'0',0,0),(27,27,'user',1,'0',0,0),(28,28,'user',1,'0',0,0),(29,29,'user',1,'0',0,0),(30,30,'user',1,'0',0,0),(31,31,'user',1,'0',0,0),(32,32,'user',1,'0',0,0),(33,33,'user',1,'0',0,0),(34,34,'user',1,'0',0,0),(35,35,'user',1,'0',0,0),(36,36,'user',1,'0',0,0),(37,37,'user',1,'0',0,0),(38,38,'user',1,'0',0,0),(39,39,'user',1,'0',0,0),(40,40,'user',1,'0',0,0),(41,41,'user',1,'0',0,0),(42,42,'user',1,'0',0,0),(43,43,'user',1,'0',0,0),(44,44,'user',1,'0',0,0),(45,45,'user',1,'0',0,0),(46,46,'user',1,'0',0,0),(47,47,'user',1,'0',0,0),(48,48,'user',1,'0',0,0),(49,49,'user',1,'0',0,0),(50,50,'user',1,'0',0,0),(51,51,'user',1,'0',0,0),(52,52,'user',1,'0',0,0),(53,53,'user',1,'0',0,0),(54,54,'user',1,'0',0,0),(55,55,'user',1,'0',0,0),(56,56,'user',1,'0',0,0),(57,57,'user',1,'0',0,0),(58,58,'user',1,'0',0,0),(59,59,'user',1,'0',0,0),(60,60,'user',1,'0',0,0),(61,61,'user',1,'0',0,0),(62,62,'user',1,'0',0,0),(63,63,'user',1,'0',0,0),(64,64,'user',1,'0',0,0),(65,65,'user',1,'0',0,0),(66,66,'user',1,'0',0,0),(67,67,'user',1,'0',0,0),(68,68,'user',1,'0',0,0),(69,69,'user',1,'0',0,0),(70,70,'user',1,'0',0,0),(71,71,'user',1,'0',0,0),(72,72,'user',1,'0',0,0),(73,73,'user',1,'0',0,0),(74,74,'user',1,'0',0,0),(75,75,'user',1,'0',0,0),(76,76,'user',1,'0',0,0),(77,77,'user',1,'0',0,0),(78,78,'user',1,'0',0,0),(79,79,'user',1,'0',0,0),(80,80,'user',1,'0',0,0),(81,81,'user',1,'0',0,0),(82,82,'user',1,'0',0,0),(83,83,'user',1,'0',0,0),(84,84,'user',1,'0',0,0),(85,85,'user',1,'0',0,0),(86,86,'user',1,'0',0,0),(87,87,'user',1,'0',0,0),(88,88,'user',1,'0',0,0),(89,89,'user',1,'0',0,0),(90,90,'user',1,'0',0,0),(91,91,'user',1,'0',0,0),(92,92,'user',1,'0',0,0),(93,93,'user',1,'0',0,0),(94,94,'user',1,'0',0,0),(95,95,'user',1,'0',0,0),(96,96,'user',1,'0',0,0),(97,97,'user',1,'0',0,0),(98,98,'user',1,'0',0,0),(99,99,'user',1,'0',0,0),(100,100,'user',1,'0',0,0),(101,101,'user',1,'0',0,0),(102,102,'user',1,'0',0,0),(103,103,'user',1,'0',0,0),(104,104,'user',1,'0',0,0),(105,105,'user',1,'0',0,0),(106,106,'user',1,'0',0,0),(107,107,'user',1,'0',0,0),(108,108,'user',1,'0',0,0),(109,109,'user',1,'0',0,0),(110,110,'user',1,'0',0,0),(111,111,'user',1,'0',0,0),(112,112,'user',1,'0',0,0),(113,113,'user',1,'0',0,0),(114,114,'user',1,'0',0,0),(115,115,'user',1,'0',0,0),(116,116,'user',1,'0',0,0),(117,117,'user',1,'0',0,0),(118,118,'user',1,'0',0,0),(119,119,'user',1,'0',0,0),(120,120,'user',1,'0',0,0),(121,121,'user',1,'0',0,0),(122,122,'user',1,'0',0,0),(123,123,'user',1,'0',0,0),(124,124,'user',1,'0',0,0),(125,125,'user',1,'0',0,0),(126,126,'user',1,'0',0,0),(127,127,'user',1,'0',0,0),(128,128,'user',1,'0',0,0),(129,129,'user',1,'0',0,0),(130,130,'user',1,'0',0,0),(131,131,'user',1,'0',0,0),(132,132,'user',1,'0',0,0),(133,133,'user',1,'0',0,0),(134,134,'user',1,'0',0,0),(135,135,'user',1,'0',0,0),(136,136,'user',1,'0',0,0),(137,137,'user',1,'0',0,0),(138,138,'user',1,'0',0,0),(139,139,'user',1,'0',0,0),(140,140,'user',1,'0',0,0),(141,141,'user',1,'0',0,0),(142,142,'user',1,'0',0,0),(143,143,'user',1,'0',0,0),(144,144,'user',1,'0',0,0),(145,145,'user',1,'0',0,0),(146,146,'user',1,'0',0,0),(147,147,'user',1,'0',0,0),(148,148,'user',1,'0',0,0),(149,149,'user',1,'0',0,0),(150,150,'user',1,'0',0,0),(151,151,'user',1,'0',0,0),(152,152,'user',1,'0',0,0),(153,153,'user',1,'0',0,0),(154,154,'user',1,'0',0,0),(155,155,'user',1,'0',0,0),(156,156,'user',1,'0',0,0),(157,157,'user',1,'0',0,0),(158,158,'user',1,'0',0,0),(159,159,'user',1,'0',0,0),(160,160,'user',1,'0',0,0),(161,161,'user',1,'0',0,0),(162,162,'user',1,'0',0,0),(163,163,'user',1,'0',0,0),(164,164,'user',1,'0',0,0),(165,165,'user',1,'0',0,0),(166,166,'user',1,'0',0,0),(167,167,'user',1,'0',0,0),(168,168,'user',1,'0',0,0),(170,170,'user',1,'0',0,0),(171,171,'user',1,'0',0,0),(173,173,'user',1,'0',0,0),(174,174,'user',1,'0',0,0),(175,175,'user',1,'0',0,0),(176,176,'user',1,'0',0,0),(177,177,'user',1,'0',0,0),(178,178,'user',1,'0',0,0),(179,179,'user',1,'0',0,0),(180,180,'user',1,'0',0,0),(181,181,'user',1,'0',0,0),(182,182,'user',1,'0',0,0),(183,183,'user',1,'0',0,0),(184,184,'user',1,'0',0,0),(185,185,'user',1,'0',0,0),(186,186,'user',1,'0',0,0),(187,187,'user',1,'0',0,0),(188,188,'user',1,'0',0,0),(189,189,'user',1,'0',0,0),(190,190,'user',1,'0',0,0),(191,191,'user',1,'0',0,0),(192,192,'user',1,'0',0,0),(193,193,'user',1,'0',0,0),(194,194,'user',1,'0',0,0),(195,195,'user',1,'0',0,0),(196,196,'user',1,'0',0,0),(197,197,'user',1,'0',0,0),(198,198,'user',1,'0',0,0),(199,199,'user',1,'0',0,0),(200,200,'user',1,'0',0,0),(201,201,'user',1,'0',0,0),(202,202,'user',1,'0',0,0),(203,203,'user',1,'0',0,0),(204,204,'user',1,'0',0,0),(205,205,'user',1,'0',0,0),(206,206,'user',1,'0',0,0),(207,207,'user',1,'0',0,0),(208,208,'user',1,'0',0,0),(209,209,'user',1,'0',0,0),(210,210,'user',1,'0',0,0),(211,211,'user',1,'0',0,0),(212,212,'user',1,'0',0,0),(213,213,'user',1,'0',0,0),(214,214,'user',1,'0',0,0),(215,215,'user',1,'0',0,0),(216,216,'user',1,'0',0,0),(217,217,'user',1,'0',0,0),(218,218,'user',1,'0',0,0),(219,219,'user',1,'0',0,0),(220,220,'user',1,'0',0,0),(221,221,'user',1,'0',0,0),(222,222,'user',1,'0',0,0),(223,223,'user',1,'0',0,0),(224,224,'user',1,'0',0,0),(225,225,'user',1,'0',0,0),(226,226,'user',1,'0',0,0),(227,227,'user',1,'0',0,0),(228,228,'user',1,'0',0,0),(229,229,'user',1,'0',0,0),(230,230,'user',1,'0',0,0),(231,231,'user',1,'0',0,0),(232,232,'user',1,'0',0,0),(233,233,'user',1,'0',0,0),(234,234,'user',1,'0',0,0),(235,235,'user',1,'0',0,0),(236,236,'user',1,'0',0,0),(237,237,'user',1,'0',0,0),(238,238,'user',1,'0',0,0),(239,239,'user',1,'0',0,0),(240,240,'user',1,'0',0,0),(241,241,'user',1,'0',0,0),(242,242,'user',1,'0',0,0),(243,243,'user',1,'0',0,0),(244,244,'user',1,'0',0,0),(245,245,'user',1,'0',0,0),(246,246,'user',1,'0',0,0),(247,247,'user',1,'0',0,0),(248,248,'user',1,'0',0,0),(249,249,'user',1,'0',0,0),(250,250,'user',1,'0',0,0),(251,251,'user',1,'0',0,0),(252,252,'user',1,'0',0,0),(253,253,'user',1,'0',0,0),(254,254,'user',1,'0',0,0),(255,255,'user',1,'0',0,0),(256,256,'user',1,'0',0,0),(257,257,'user',1,'0',0,0),(258,258,'user',1,'0',0,0),(259,259,'user',1,'0',0,0),(260,260,'user',1,'0',0,0),(261,261,'user',1,'0',0,0),(262,262,'user',1,'0',0,0),(263,263,'user',1,'0',0,0),(264,264,'user',1,'0',0,0),(265,265,'user',1,'0',0,0),(266,266,'user',1,'0',0,0),(267,267,'user',1,'0',0,0),(268,268,'user',1,'0',0,0),(269,269,'user',1,'0',0,0),(270,270,'user',1,'0',0,0),(271,271,'user',1,'0',0,0),(272,272,'user',1,'0',0,0),(273,273,'user',1,'0',0,0),(274,274,'user',1,'0',0,0),(275,275,'user',1,'0',0,0),(276,276,'user',1,'0',0,0),(277,277,'user',1,'0',0,0),(278,278,'user',1,'0',0,0),(279,279,'user',1,'0',0,0),(280,280,'user',1,'0',0,0),(281,281,'user',1,'0',0,0),(282,282,'user',1,'0',0,0),(283,283,'user',1,'0',0,0),(284,284,'user',1,'0',0,0),(285,285,'user',1,'0',0,0),(286,286,'user',1,'0',0,0),(287,287,'user',1,'0',0,0),(288,288,'user',1,'0',0,0),(289,289,'user',1,'0',0,0),(290,290,'user',1,'0',0,0),(291,291,'user',1,'0',0,0),(292,292,'user',1,'0',0,0),(293,293,'user',1,'0',0,0),(294,294,'user',1,'0',0,0),(295,295,'user',1,'0',0,0),(296,296,'user',1,'0',0,0),(297,297,'user',1,'0',0,0),(298,298,'user',1,'0',0,0),(299,299,'user',1,'0',0,0),(300,300,'user',1,'0',0,0),(301,301,'user',1,'0',0,0),(302,302,'user',1,'0',0,0),(303,303,'user',1,'0',0,0),(304,304,'user',1,'0',0,0),(305,305,'user',1,'0',0,0),(306,306,'user',1,'0',0,0),(307,307,'user',1,'0',0,0),(308,308,'user',1,'0',0,0),(309,309,'user',1,'0',0,0),(310,310,'user',1,'0',0,0),(311,311,'user',1,'0',0,0),(312,312,'user',1,'0',0,0),(313,313,'user',1,'0',0,0),(314,314,'user',1,'0',0,0),(315,315,'user',1,'0',0,0),(316,316,'user',1,'0',0,0),(317,317,'user',1,'0',0,0),(318,318,'user',1,'0',0,0),(319,319,'user',1,'0',0,0),(320,320,'user',1,'0',0,0),(321,321,'user',1,'0',0,0),(322,322,'user',1,'0',0,0),(323,323,'user',1,'0',0,0),(324,324,'user',1,'0',0,0),(325,325,'user',1,'0',0,0),(326,326,'user',1,'0',0,0),(327,327,'user',1,'0',0,0),(328,328,'user',1,'0',0,0),(329,329,'user',1,'0',0,0),(330,330,'user',1,'0',0,0),(331,331,'user',1,'0',0,0),(332,332,'user',1,'0',0,0),(333,333,'user',1,'0',0,0),(334,334,'user',1,'0',0,0),(335,335,'user',1,'0',0,0),(336,336,'user',1,'0',0,0),(337,337,'user',1,'0',0,0),(338,338,'user',1,'0',0,0),(339,339,'user',1,'0',0,0),(340,340,'user',1,'0',0,0),(341,341,'user',1,'0',0,0),(342,342,'user',1,'0',0,0),(343,343,'user',1,'0',0,0),(344,344,'user',1,'0',0,0),(345,345,'user',1,'0',0,0),(346,346,'user',1,'0',0,0),(347,347,'user',1,'0',0,0),(348,348,'user',1,'0',0,0),(349,349,'user',1,'0',0,0),(350,350,'user',1,'0',0,0),(351,351,'user',1,'0',0,0),(352,352,'user',1,'0',0,0),(353,353,'user',1,'0',0,0),(354,354,'user',1,'0',0,0),(355,355,'user',1,'0',0,0),(356,356,'user',1,'0',0,0),(357,357,'user',1,'0',0,0),(358,358,'user',1,'0',0,0),(359,359,'user',1,'0',0,0),(360,360,'user',1,'0',0,0),(361,361,'user',1,'0',0,0),(362,362,'user',1,'0',0,0),(363,363,'user',1,'0',0,0),(364,364,'user',1,'0',0,0),(365,365,'user',1,'0',0,0),(366,366,'user',1,'0',0,0),(367,367,'user',1,'0',0,0),(368,368,'user',1,'0',0,0),(369,369,'user',1,'0',0,0),(370,370,'user',1,'0',0,0),(371,371,'user',1,'0',0,0),(372,372,'user',1,'0',0,0),(373,373,'user',1,'0',0,0),(374,374,'user',1,'0',0,0),(375,375,'user',1,'0',0,0),(376,376,'user',1,'0',0,0),(377,377,'user',1,'0',0,0),(378,378,'user',1,'0',0,0),(379,379,'user',1,'0',0,0),(380,380,'user',1,'0',0,0),(381,381,'user',1,'0',0,0),(382,382,'user',1,'0',0,0),(383,383,'user',1,'0',0,0),(384,384,'user',1,'0',0,0),(385,385,'user',1,'0',0,0),(386,386,'user',1,'0',0,0),(387,387,'user',1,'0',0,0),(388,388,'user',1,'0',0,0),(389,389,'user',1,'0',0,0),(390,390,'user',1,'0',0,0),(391,391,'user',1,'0',0,0),(392,392,'user',1,'0',0,0),(393,393,'user',1,'0',0,0),(394,394,'user',1,'0',0,0),(395,395,'user',1,'0',0,0),(396,396,'user',1,'0',0,0),(397,397,'user',1,'0',0,0),(398,398,'user',1,'0',0,0),(399,399,'user',1,'0',0,0),(400,400,'user',1,'0',0,0),(401,401,'user',1,'0',0,0),(402,402,'user',1,'0',0,0),(403,403,'user',1,'0',0,0),(404,404,'user',1,'0',0,0),(405,405,'user',1,'0',0,0),(406,406,'user',1,'0',0,0),(407,407,'user',1,'0',0,0),(408,408,'user',1,'0',0,0),(409,409,'user',1,'0',0,0),(410,410,'user',1,'0',0,0),(411,411,'user',1,'0',0,0),(412,412,'user',1,'0',0,0),(413,413,'user',1,'0',0,0),(414,414,'user',1,'0',0,0),(415,415,'user',1,'0',0,0),(416,416,'user',1,'0',0,0),(417,417,'user',1,'0',0,0),(418,418,'user',1,'0',0,0),(419,419,'user',1,'0',0,0),(420,420,'user',1,'0',0,0),(421,421,'user',1,'0',0,0),(422,422,'user',1,'0',0,0),(423,423,'user',1,'0',0,0),(424,424,'user',1,'0',0,0),(425,425,'user',1,'0',0,0),(426,426,'user',1,'0',0,0),(427,427,'user',1,'0',0,0),(428,428,'user',1,'0',0,0),(429,429,'user',1,'0',0,0),(430,430,'user',1,'0',0,0),(431,431,'user',1,'0',0,0),(432,432,'user',1,'0',0,0),(433,433,'user',1,'0',0,0),(434,434,'user',1,'0',0,0),(435,435,'user',1,'0',0,0),(436,436,'user',1,'0',0,0),(437,437,'user',1,'0',0,0),(438,438,'user',1,'0',0,0),(439,439,'user',1,'0',0,0),(440,440,'user',1,'0',0,0),(441,441,'user',1,'0',0,0),(442,442,'user',1,'0',0,0),(443,443,'user',1,'0',0,0),(444,444,'user',1,'0',0,0),(445,445,'user',1,'0',0,0),(446,446,'user',1,'0',0,0),(447,447,'user',1,'0',0,0),(448,448,'user',1,'0',0,0),(449,449,'user',1,'0',0,0),(450,450,'user',1,'0',0,0),(451,451,'user',1,'0',0,0),(452,452,'user',1,'0',0,0),(453,453,'user',1,'0',0,0),(454,454,'user',1,'0',0,0),(455,455,'user',1,'0',0,0),(456,456,'user',1,'0',0,0),(457,457,'user',1,'0',0,0),(458,458,'user',1,'0',0,0),(459,459,'user',1,'0',0,0),(460,460,'user',1,'0',0,0),(461,461,'user',1,'0',0,0),(462,462,'user',1,'0',0,0),(463,463,'user',1,'0',0,0),(464,464,'user',1,'0',0,0),(465,465,'user',1,'0',0,0),(466,466,'user',1,'0',0,0),(467,467,'user',1,'0',0,0),(468,468,'user',1,'0',0,0),(469,469,'user',1,'0',0,0),(470,470,'user',1,'0',0,0),(471,471,'user',1,'0',0,0),(472,472,'user',1,'0',0,0),(473,473,'user',1,'0',0,0),(474,474,'user',1,'0',0,0),(475,475,'user',1,'0',0,0),(476,476,'user',1,'0',0,0),(477,477,'user',1,'0',0,0),(478,478,'user',1,'0',0,0),(479,479,'user',1,'0',0,0),(480,480,'user',1,'0',0,0),(481,481,'user',1,'0',0,0),(482,482,'user',1,'0',0,0),(483,483,'user',1,'0',0,0),(484,484,'user',1,'0',0,0),(485,485,'user',1,'0',0,0),(486,486,'user',1,'0',0,0),(487,487,'user',1,'0',0,0),(488,488,'user',1,'0',0,0),(489,489,'user',1,'0',0,0),(490,490,'user',1,'0',0,0),(491,491,'user',1,'0',0,0),(492,492,'user',1,'0',0,0),(493,493,'user',1,'0',0,0),(494,494,'user',1,'0',0,0),(495,495,'user',1,'0',0,0),(496,496,'user',1,'0',0,0),(497,497,'user',1,'0',0,0),(498,498,'user',1,'0',0,0),(499,499,'user',1,'0',0,0),(500,500,'user',1,'0',0,0),(501,501,'user',1,'0',0,0),(502,502,'user',1,'0',0,0),(503,503,'user',1,'0',0,0),(504,504,'user',1,'0',0,0),(505,505,'user',1,'0',0,0),(506,506,'user',1,'0',0,0),(507,507,'user',1,'0',0,0),(508,508,'user',1,'0',0,0),(509,509,'user',1,'0',0,0),(510,510,'user',1,'0',0,0),(511,511,'user',1,'0',0,0),(512,512,'user',1,'0',0,0),(513,513,'user',1,'0',0,0),(514,514,'user',1,'0',0,0),(515,515,'user',1,'0',0,0),(516,516,'user',1,'0',0,0),(517,517,'user',1,'0',0,0),(518,518,'user',1,'0',0,0),(519,519,'user',1,'0',0,0),(520,520,'user',1,'0',0,0),(521,521,'user',1,'0',0,0),(522,522,'user',1,'0',0,0),(523,523,'user',1,'0',0,0),(524,524,'user',1,'0',0,0),(525,525,'user',1,'0',0,0),(526,526,'user',1,'0',0,0),(527,527,'user',1,'0',0,0),(528,528,'user',1,'0',0,0),(529,529,'user',1,'0',0,0),(530,530,'user',1,'0',0,0),(531,531,'user',1,'0',0,0),(532,532,'user',1,'0',0,0),(533,533,'user',1,'0',0,0),(534,534,'user',1,'0',0,0),(535,535,'user',1,'0',0,0),(536,536,'user',1,'0',0,0),(537,537,'user',1,'0',0,0),(538,538,'user',1,'0',0,0),(539,539,'user',1,'0',0,0),(540,540,'user',1,'0',0,0),(541,541,'user',1,'0',0,0),(542,542,'user',1,'0',0,0),(543,543,'user',1,'0',0,0),(544,544,'user',1,'0',0,0),(545,545,'user',1,'0',0,0),(546,546,'user',1,'0',0,0),(547,547,'user',1,'0',0,0),(548,548,'user',1,'0',0,0),(549,549,'user',1,'0',0,0),(550,550,'user',1,'0',0,0),(551,551,'user',1,'0',0,0),(552,552,'user',1,'0',0,0),(553,553,'user',1,'0',0,0),(554,554,'user',1,'0',0,0),(555,555,'user',1,'0',0,0),(556,556,'user',1,'0',0,0),(557,557,'user',1,'0',0,0),(558,558,'user',1,'0',0,0),(559,559,'user',1,'0',0,0),(560,560,'user',1,'0',0,0),(561,561,'user',1,'0',0,0),(562,562,'user',1,'0',0,0),(563,563,'user',1,'0',0,0),(564,564,'user',1,'0',0,0),(565,565,'user',1,'0',0,0),(566,566,'user',1,'0',0,0),(567,567,'user',1,'0',0,0),(568,568,'user',1,'0',0,0),(569,569,'user',1,'0',0,0),(570,570,'user',1,'0',0,0),(571,571,'user',1,'0',0,0),(572,572,'user',1,'0',0,0),(573,573,'user',1,'0',0,0),(574,574,'user',1,'0',0,0),(575,575,'user',1,'0',0,0),(576,576,'user',1,'0',0,0),(577,577,'user',1,'0',0,0),(578,578,'user',1,'0',0,0),(579,579,'user',1,'0',0,0),(580,580,'user',1,'0',0,0),(581,581,'user',1,'0',0,0),(582,582,'user',1,'0',0,0),(583,583,'user',1,'0',0,0),(584,584,'user',1,'0',0,0),(585,585,'user',1,'0',0,0),(586,586,'user',1,'0',0,0),(587,587,'user',1,'0',0,0),(588,588,'user',1,'0',0,0),(589,589,'user',1,'0',0,0),(590,590,'user',1,'0',0,0),(591,591,'user',1,'0',0,0),(592,592,'user',1,'0',0,0),(593,593,'user',1,'0',0,0),(594,594,'user',1,'0',0,0),(595,595,'user',1,'0',0,0),(596,596,'user',1,'0',0,0),(597,597,'user',1,'0',0,0),(598,598,'user',1,'0',0,0),(599,599,'user',1,'0',0,0),(600,600,'user',1,'0',0,0),(601,601,'user',1,'0',0,0),(602,602,'user',1,'0',0,0),(603,603,'user',1,'0',0,0),(604,604,'user',1,'0',0,0),(605,605,'user',1,'0',0,0),(606,606,'user',1,'0',0,0),(607,607,'user',1,'0',0,0),(608,608,'user',1,'0',0,0),(609,609,'user',1,'0',0,0),(610,610,'user',1,'0',0,0),(611,611,'user',1,'0',0,0),(612,612,'user',1,'0',0,0),(613,613,'user',1,'0',0,0),(614,614,'user',1,'0',0,0),(615,615,'user',1,'0',0,0),(616,616,'user',1,'0',0,0),(617,617,'user',1,'0',0,0),(618,618,'user',1,'0',0,0),(619,619,'user',1,'0',0,0),(620,620,'user',1,'0',0,0),(621,621,'user',1,'0',0,0),(622,622,'user',1,'0',0,0),(623,623,'user',1,'0',0,0),(624,624,'user',1,'0',0,0),(625,625,'user',1,'0',0,0),(626,626,'user',1,'0',0,0),(627,627,'user',1,'0',0,0),(628,628,'user',1,'0',0,0),(629,629,'user',1,'0',0,0),(630,630,'user',1,'0',0,0),(631,631,'user',1,'0',0,0),(632,632,'user',1,'0',0,0),(633,633,'user',1,'0',0,0),(634,634,'user',1,'0',0,0),(635,635,'user',1,'0',0,0),(636,636,'user',1,'0',0,0),(637,637,'user',1,'0',0,0),(638,638,'user',1,'0',0,0),(639,639,'user',1,'0',0,0),(640,640,'user',1,'0',0,0),(641,641,'user',1,'0',0,0),(642,642,'user',1,'0',0,0),(643,643,'user',1,'0',0,0),(644,644,'user',1,'0',0,0),(645,645,'user',1,'0',0,0),(646,646,'user',1,'0',0,0),(647,647,'user',1,'0',0,0),(648,648,'user',1,'0',0,0),(649,649,'user',1,'0',0,0),(650,650,'user',1,'0',0,0),(651,651,'user',1,'0',0,0),(652,652,'user',1,'0',0,0),(653,653,'user',1,'0',0,0),(654,654,'user',1,'0',0,0),(655,655,'user',1,'0',0,0),(656,656,'user',1,'0',0,0),(657,657,'user',1,'0',0,0),(658,658,'user',1,'0',0,0),(659,659,'user',1,'0',0,0),(660,660,'user',1,'0',0,0),(661,661,'user',1,'0',0,0),(662,662,'user',1,'0',0,0),(663,663,'user',1,'0',0,0),(664,664,'user',1,'0',0,0),(665,665,'user',1,'0',0,0),(666,666,'user',1,'0',0,0),(667,667,'user',1,'0',0,0),(668,668,'user',1,'0',0,0),(669,669,'user',1,'0',0,0),(670,670,'user',1,'0',0,0),(671,671,'user',1,'0',0,0),(672,672,'user',1,'0',0,0),(673,673,'user',1,'0',0,0),(674,674,'user',1,'0',0,0),(675,675,'user',1,'0',0,0),(676,676,'user',1,'0',0,0),(677,677,'user',1,'0',0,0),(678,678,'user',1,'0',0,0),(679,679,'user',1,'0',0,0),(680,680,'user',1,'0',0,0),(681,681,'user',1,'0',0,0),(682,682,'user',1,'0',0,0),(683,683,'user',1,'0',0,0),(684,684,'user',1,'0',0,0),(685,685,'user',1,'0',0,0),(686,686,'user',1,'0',0,0),(687,687,'user',1,'0',0,0),(688,688,'user',1,'0',0,0),(689,689,'user',1,'0',0,0),(690,690,'user',1,'0',0,0),(691,691,'user',1,'0',0,0),(692,692,'user',1,'0',0,0),(693,693,'user',1,'0',0,0),(694,694,'user',1,'0',0,0),(695,695,'user',1,'0',0,0),(696,696,'user',1,'0',0,0),(697,697,'user',1,'0',0,0),(699,699,'user',1,'0',0,0),(700,700,'user',1,'0',0,0),(701,701,'user',1,'0',0,0),(702,702,'user',1,'0',0,0),(703,703,'user',1,'0',0,0),(704,704,'user',1,'0',0,0),(705,705,'user',1,'0',0,0),(706,706,'user',1,'0',0,0),(707,707,'user',1,'0',0,0),(708,708,'user',1,'0',0,0),(709,709,'user',1,'0',0,0),(710,710,'user',1,'0',0,0),(711,711,'user',1,'0',0,0),(712,712,'user',1,'0',0,0),(713,713,'user',1,'0',0,0),(714,714,'user',1,'0',0,0),(715,715,'user',1,'0',0,0),(716,716,'user',1,'0',0,0),(717,717,'user',1,'0',0,0),(718,718,'user',1,'0',0,0),(719,719,'user',1,'0',0,0),(720,720,'user',1,'0',0,0),(721,721,'user',1,'0',0,0),(722,722,'user',1,'0',0,0),(723,723,'user',1,'0',0,0),(724,724,'user',1,'0',0,0),(725,725,'user',1,'0',0,0),(726,726,'user',1,'0',0,0),(727,727,'user',1,'0',0,0),(728,728,'user',1,'0',0,0),(729,729,'user',1,'0',0,0),(730,730,'user',1,'0',0,0),(731,731,'user',1,'0',0,0),(732,732,'user',1,'0',0,0),(733,733,'user',1,'0',0,0),(734,734,'user',1,'0',0,0),(735,735,'user',1,'0',0,0),(736,736,'user',1,'0',0,0),(737,737,'user',1,'0',0,0),(738,738,'user',1,'0',0,0),(739,739,'user',1,'0',0,0),(740,740,'user',1,'0',0,0),(741,741,'user',1,'0',0,0),(742,742,'user',1,'0',0,0),(743,743,'user',1,'0',0,0),(744,744,'user',1,'0',0,0),(745,745,'user',1,'0',0,0),(746,746,'user',1,'0',0,0),(747,747,'user',1,'0',0,0),(748,748,'user',1,'0',0,0),(749,749,'user',1,'0',0,0),(750,750,'user',1,'0',0,0),(751,751,'user',1,'0',0,0),(752,752,'user',1,'0',0,0),(753,753,'user',1,'0',0,0),(754,754,'user',1,'0',0,0),(755,755,'user',1,'0',0,0),(756,756,'user',1,'0',0,0),(757,757,'user',1,'0',0,0),(758,758,'user',1,'0',0,0),(759,759,'user',1,'0',0,0),(760,760,'user',1,'0',0,0),(761,761,'user',1,'0',0,0),(762,762,'user',1,'0',0,0),(763,763,'user',1,'0',0,0),(764,764,'user',1,'0',0,0),(765,765,'user',1,'0',0,0),(766,766,'user',1,'0',0,0),(767,767,'user',1,'0',0,0),(768,768,'user',1,'0',0,0),(769,769,'user',1,'0',0,0),(770,770,'user',1,'0',0,0),(771,771,'user',1,'0',0,0),(772,772,'user',1,'0',0,0),(773,773,'user',1,'0',0,0),(774,774,'user',1,'0',0,0),(775,775,'user',1,'0',0,0),(776,776,'user',1,'0',0,0),(777,777,'user',1,'0',0,0),(778,778,'user',1,'0',0,0),(779,779,'user',1,'0',0,0),(780,780,'user',1,'0',0,0),(781,781,'user',1,'0',0,0),(782,782,'user',1,'0',0,0),(783,783,'user',1,'0',0,0),(784,784,'user',1,'0',0,0),(785,785,'user',1,'0',0,0),(786,786,'user',1,'0',0,0),(787,787,'user',1,'0',0,0),(788,788,'user',1,'0',0,0),(789,789,'user',1,'0',0,0),(790,790,'user',1,'0',0,0),(791,791,'user',1,'0',0,0),(792,792,'user',1,'0',0,0),(793,793,'user',1,'0',0,0),(794,794,'user',1,'0',0,0),(795,795,'user',1,'0',0,0),(796,796,'user',1,'0',0,0),(797,797,'user',1,'0',0,0),(798,798,'user',1,'0',0,0),(799,799,'user',1,'0',0,0),(800,800,'user',1,'0',0,0),(801,801,'user',1,'0',0,0),(802,802,'user',1,'0',0,0),(803,803,'user',1,'0',0,0),(804,804,'user',1,'0',0,0),(805,805,'user',1,'0',0,0),(806,806,'user',1,'0',0,0),(807,807,'user',1,'0',0,0),(808,808,'user',1,'0',0,0),(809,809,'user',1,'0',0,0),(810,810,'user',1,'0',0,0),(811,811,'user',1,'0',0,0),(812,812,'user',1,'0',0,0),(813,813,'user',1,'0',0,0),(814,814,'user',1,'0',0,0),(815,815,'user',1,'0',0,0),(816,816,'user',1,'0',0,0),(817,817,'user',1,'0',0,0),(818,818,'user',1,'0',0,0),(819,819,'user',1,'0',0,0),(820,820,'user',1,'0',0,0),(821,821,'user',1,'0',0,0),(822,822,'user',1,'0',0,0),(823,823,'user',1,'0',0,0),(824,824,'user',1,'0',0,0),(825,825,'user',1,'0',0,0),(826,826,'user',1,'0',0,0),(827,827,'user',1,'0',0,0),(828,828,'user',1,'0',0,0),(829,829,'user',1,'0',0,0),(830,830,'user',1,'0',0,0),(831,831,'user',1,'0',0,0),(832,832,'user',1,'0',0,0),(833,833,'user',1,'0',0,0),(834,834,'user',1,'0',0,0),(835,835,'user',1,'0',0,0),(836,836,'user',1,'0',0,0),(837,837,'user',1,'0',0,0),(838,838,'user',1,'0',0,0),(839,839,'user',1,'0',0,0),(840,840,'user',1,'0',0,0),(841,841,'user',1,'0',0,0),(842,842,'user',1,'0',0,0),(843,843,'user',1,'0',0,0),(844,844,'user',1,'0',0,0),(845,845,'user',1,'0',0,0),(846,846,'user',1,'0',0,0),(847,847,'user',1,'0',0,0),(848,848,'user',1,'0',0,0),(849,849,'user',1,'0',0,0),(850,850,'user',1,'0',0,0),(851,851,'user',1,'0',0,0),(852,852,'user',1,'0',0,0),(853,853,'user',1,'0',0,0),(854,854,'user',1,'0',0,0),(855,855,'user',1,'0',0,0),(856,856,'user',1,'0',0,0),(857,857,'user',1,'0',0,0),(858,858,'user',1,'0',0,0),(859,859,'user',1,'0',0,0),(860,860,'user',1,'0',0,0),(861,861,'user',1,'0',0,0),(862,862,'user',1,'0',0,0),(863,863,'user',1,'0',0,0),(864,864,'user',1,'0',0,0),(865,865,'user',1,'0',0,0),(866,866,'user',1,'0',0,0),(867,867,'user',1,'0',0,0),(868,868,'user',1,'0',0,0),(869,869,'user',1,'0',0,0),(870,870,'user',1,'0',0,0),(871,871,'user',1,'0',0,0),(872,872,'user',1,'0',0,0),(873,873,'user',1,'0',0,0),(874,874,'user',1,'0',0,0),(875,875,'user',1,'0',0,0),(876,876,'user',1,'0',0,0),(877,877,'user',1,'0',0,0),(878,878,'user',1,'0',0,0),(879,879,'user',1,'0',0,0),(880,880,'user',1,'0',0,0),(881,881,'user',1,'0',0,0),(882,882,'user',1,'0',0,0),(883,883,'user',1,'0',0,0),(884,884,'user',1,'0',0,0),(885,885,'user',1,'0',0,0),(887,887,'user',1,'0',0,0),(888,888,'user',1,'0',0,0),(889,889,'user',1,'0',0,0),(890,890,'user',1,'0',0,0),(891,891,'user',1,'0',0,0),(892,892,'user',1,'0',0,0),(893,893,'user',1,'0',0,0),(894,894,'user',1,'0',0,0),(895,895,'user',1,'0',0,0),(896,896,'user',1,'0',0,0),(897,897,'user',1,'0',0,0),(898,898,'user',1,'0',0,0),(899,899,'user',1,'0',0,0),(900,900,'user',1,'0',0,0),(901,901,'user',1,'0',0,0),(902,902,'user',1,'0',0,0),(903,903,'user',1,'0',0,0),(904,904,'user',1,'0',0,0),(905,905,'user',1,'0',0,0),(906,906,'user',1,'0',0,0),(907,907,'user',1,'0',0,0),(908,908,'user',1,'0',0,0),(909,909,'user',1,'0',0,0),(910,910,'user',1,'0',0,0),(911,911,'user',1,'0',0,0),(912,912,'user',1,'0',0,0),(913,913,'user',1,'0',0,0),(914,914,'user',1,'0',0,0),(915,915,'user',1,'0',0,0),(916,916,'user',1,'0',0,0),(917,917,'user',1,'0',0,0),(918,918,'user',1,'0',0,0),(919,919,'user',1,'0',0,0),(922,922,'user',1,'0',0,0),(923,923,'user',1,'0',0,0),(924,924,'user',1,'0',0,0),(925,925,'user',1,'0',0,0),(926,926,'user',1,'0',0,0),(927,927,'user',1,'0',0,0),(928,928,'user',1,'0',0,0),(929,929,'user',1,'0',0,0),(930,930,'user',1,'0',0,0),(931,931,'user',1,'0',0,0),(932,932,'user',1,'0',0,0),(933,933,'user',1,'0',0,0),(934,934,'user',1,'0',0,0),(935,935,'user',1,'0',0,0),(936,936,'user',1,'0',0,0),(937,937,'user',1,'0',0,0),(938,938,'user',1,'0',0,0),(939,939,'user',1,'0',0,0),(940,940,'user',1,'0',0,0),(941,941,'user',1,'0',0,0),(942,942,'user',1,'0',0,0),(943,943,'user',1,'0',0,0),(944,944,'user',1,'0',0,0),(945,945,'user',1,'0',0,0),(946,946,'user',1,'0',0,0),(947,947,'user',1,'0',0,0),(948,948,'user',1,'0',0,0),(949,949,'user',1,'0',0,0),(950,950,'user',1,'0',0,0),(951,951,'user',1,'0',0,0),(952,952,'user',1,'0',0,0),(953,953,'user',1,'0',0,0),(954,954,'user',1,'0',0,0),(955,955,'user',1,'0',0,0),(956,956,'user',1,'0',0,0),(957,957,'user',1,'0',0,0),(958,958,'user',1,'0',0,0),(959,959,'user',1,'0',0,0),(960,960,'user',1,'0',0,0),(961,961,'user',1,'0',0,0),(962,962,'user',1,'0',0,0),(963,963,'user',1,'0',0,0),(964,964,'user',1,'0',0,0),(965,965,'user',1,'0',0,0),(966,966,'user',1,'0',0,0),(967,967,'user',1,'0',0,0),(968,968,'user',1,'0',0,0),(970,970,'user',1,'0',0,0),(971,971,'user',1,'0',0,0),(972,972,'user',1,'0',0,0),(973,973,'user',1,'0',0,0),(974,974,'user',1,'0',0,0),(975,975,'user',1,'0',0,0),(976,976,'user',1,'0',0,0),(977,977,'user',1,'0',0,0),(978,978,'user',1,'0',0,0),(979,979,'user',1,'0',0,0),(980,980,'user',1,'0',0,0),(981,981,'user',1,'0',0,0),(982,982,'user',1,'0',0,0),(983,983,'user',1,'0',0,0),(984,984,'user',1,'0',0,0),(985,985,'user',1,'0',0,0),(986,986,'user',1,'0',0,0),(987,987,'user',1,'0',0,0),(988,988,'user',1,'0',0,0),(989,989,'user',1,'0',0,0),(990,990,'user',1,'0',0,0),(991,991,'user',1,'0',0,0),(992,992,'user',1,'0',0,0),(993,993,'user',1,'0',0,0),(994,994,'user',1,'0',0,0),(995,995,'user',1,'0',0,0),(996,996,'user',1,'0',0,0),(997,997,'user',1,'0',0,0),(998,998,'user',1,'0',0,0),(999,999,'user',1,'0',0,0),(1000,1000,'user',1,'0',0,0),(1001,1001,'user',1,'0',0,0),(1002,1002,'user',1,'0',0,0),(1003,1003,'user',1,'0',0,0),(1004,1004,'user',1,'0',0,0),(1005,1005,'user',1,'0',0,0),(1006,1006,'user',1,'0',0,0),(1007,1007,'user',1,'0',0,0),(1008,1008,'user',1,'0',0,0),(1009,1009,'user',1,'0',0,0),(1010,1010,'user',1,'0',0,0),(1011,1011,'user',1,'0',0,0),(1012,1012,'user',1,'0',0,0),(1013,1013,'user',1,'0',0,0),(1014,1014,'user',1,'0',0,0),(1015,1015,'user',1,'0',0,0),(1016,1016,'user',1,'0',0,0),(1017,1017,'user',1,'0',0,0),(1018,1018,'user',1,'0',0,0),(1019,1019,'user',1,'0',0,0),(1020,1020,'user',1,'0',0,0),(1021,1021,'user',1,'0',0,0),(1022,1022,'user',1,'0',0,0),(1023,1023,'user',1,'0',0,0),(1024,1024,'user',1,'0',0,0),(1025,1025,'user',1,'0',0,0),(1026,1026,'user',1,'0',0,0),(1027,1027,'user',1,'0',0,0),(1028,1028,'user',1,'0',0,0),(1029,1029,'user',1,'0',0,0),(1030,1030,'user',1,'0',0,0),(1031,1031,'user',1,'0',0,0),(1032,1032,'user',1,'0',0,0),(1033,1033,'user',1,'0',0,0),(1034,1034,'user',1,'0',0,0),(1035,1035,'user',1,'0',0,0),(1036,1036,'user',1,'0',0,0),(1037,1037,'user',1,'0',0,0),(1038,1038,'user',1,'0',0,0),(1039,1039,'user',1,'0',0,0),(1040,1040,'user',1,'0',0,0),(1041,1041,'user',1,'0',0,0),(1042,1042,'user',1,'0',0,0),(1043,1043,'user',1,'0',0,0),(1044,1044,'user',1,'0',0,0),(1045,1045,'user',1,'0',0,0),(1046,1046,'user',1,'0',0,0),(1047,1047,'user',1,'0',0,0),(1048,1048,'user',1,'0',0,0),(1049,1049,'user',1,'0',0,0),(1050,1050,'user',1,'0',0,0),(1051,1051,'user',1,'0',0,0),(1052,1052,'user',1,'0',0,0),(1053,1053,'user',1,'0',0,0),(1054,1054,'user',1,'0',0,0),(1055,1055,'user',1,'0',0,0),(1056,1056,'user',1,'0',0,0),(1057,1057,'user',1,'0',0,0),(1058,1058,'user',1,'0',0,0),(1059,1059,'user',1,'0',0,0),(1060,1060,'user',1,'0',0,0),(1061,1061,'user',1,'0',0,0),(1062,1062,'user',1,'0',0,0),(1063,1063,'user',1,'0',0,0),(1064,1064,'user',1,'0',0,0),(1065,1065,'user',1,'0',0,0),(1066,1066,'user',1,'0',0,0),(1067,1067,'user',1,'0',0,0),(1068,1068,'user',1,'0',0,0),(1069,1069,'user',1,'0',0,0),(1070,1070,'user',1,'0',0,0),(1071,1071,'user',1,'0',0,0),(1072,1072,'user',1,'0',0,0),(1073,1073,'user',1,'0',0,0),(1074,1074,'user',1,'0',0,0),(1075,1075,'user',1,'0',0,0),(1076,1076,'user',1,'0',0,0),(1077,1077,'user',1,'0',0,0),(1078,1078,'user',1,'0',0,0),(1079,1079,'user',1,'0',0,0),(1080,1080,'user',1,'0',0,0),(1081,1081,'user',1,'0',0,0),(1082,1082,'user',1,'0',0,0),(1083,1083,'user',1,'0',0,0),(1084,1084,'user',1,'0',0,0),(1085,1085,'user',1,'0',0,0),(1086,1086,'user',1,'0',0,0),(1087,1087,'user',1,'0',0,0),(1088,1088,'user',1,'0',0,0),(1089,1089,'user',1,'0',0,0),(1090,1090,'user',1,'0',0,0),(1091,1091,'user',1,'0',0,0),(1092,1092,'user',1,'0',0,0),(1093,1093,'user',1,'0',0,0),(1094,1094,'user',1,'0',0,0),(1095,1095,'user',1,'0',0,0),(1096,1096,'user',1,'0',0,0),(1097,1097,'user',1,'0',0,0),(1098,1098,'user',1,'0',0,0),(1099,1099,'user',1,'0',0,0),(1100,1100,'user',1,'0',0,0),(1101,1101,'user',1,'0',0,0),(1102,1102,'user',1,'0',0,0),(1103,1103,'user',1,'0',0,0),(1104,1104,'user',1,'0',0,0),(1105,1105,'user',1,'0',0,0),(1106,1106,'user',1,'0',0,0),(1107,1107,'user',1,'0',0,0),(1108,1108,'user',1,'0',0,0),(1109,1109,'user',1,'0',0,0),(1110,1110,'user',1,'0',0,0),(1111,1111,'user',1,'0',0,0),(1112,1112,'user',1,'0',0,0),(1113,1113,'user',1,'0',0,0),(1114,1114,'user',1,'0',0,0),(1115,1115,'user',1,'0',0,0),(1116,1116,'user',1,'0',0,0),(1117,1117,'user',1,'0',0,0),(1118,1118,'user',1,'0',0,0),(1119,1119,'user',1,'0',0,0),(1120,1120,'user',1,'0',0,0),(1121,1121,'user',1,'0',0,0),(1122,1122,'user',1,'0',0,0),(1123,1123,'user',1,'0',0,0),(1124,1124,'user',1,'0',0,0),(1125,1125,'user',1,'0',0,0),(1126,1126,'user',1,'0',0,0),(1127,1127,'user',1,'0',0,0),(1128,1128,'user',1,'0',0,0),(1129,1129,'user',1,'0',0,0),(1130,1130,'user',1,'0',0,0),(1131,1131,'user',1,'0',0,0),(1132,1132,'user',1,'0',0,0),(1133,1133,'user',1,'0',0,0),(1134,1134,'user',1,'0',0,0),(1135,1135,'user',1,'0',0,0),(1136,1136,'user',1,'0',0,0),(1137,1137,'user',1,'0',0,0),(1138,1138,'user',1,'0',0,0),(1139,1139,'user',1,'0',0,0),(1140,1140,'user',1,'0',0,0),(1141,1141,'user',1,'0',0,0),(1142,1142,'user',1,'0',0,0),(1143,1143,'user',1,'0',0,0),(1144,1144,'user',1,'0',0,0),(1145,1145,'user',1,'0',0,0),(1146,1146,'user',1,'0',0,0),(1148,1147,'user',1,'0',0,1),(1149,1148,'user',1,'0',0,0),(1150,1149,'user',1,'0',0,0),(1151,1150,'user',1,'0',0,0),(1152,1151,'user',1,'0',0,0),(1153,1152,'user',1,'0',0,0),(1154,1153,'user',1,'0',0,0),(1155,1154,'user',1,'0',0,0),(1156,1155,'user',1,'0',0,0),(1157,1156,'user',1,'0',0,0),(1158,1157,'user',1,'0',0,0),(1159,1158,'user',1,'0',0,0),(1160,1159,'user',1,'0',0,0),(1161,1160,'user',1,'0',0,0),(1162,1161,'user',1,'0',0,0),(1163,1162,'user',1,'0',0,0),(1164,1163,'user',1,'0',0,0),(1165,1164,'user',1,'0',0,0),(1166,1165,'user',1,'0',0,0),(1167,1166,'user',1,'0',0,0),(1168,1167,'user',1,'0',0,0),(1169,1168,'user',1,'0',0,0),(1170,1169,'user',1,'0',0,0),(1171,1170,'user',1,'0',0,0),(1172,1171,'user',1,'0',0,0),(1173,1172,'user',1,'0',0,0),(1174,1173,'user',1,'0',0,0),(1175,1174,'user',1,'0',0,0),(1176,1175,'user',1,'0',0,0),(1177,1176,'user',1,'0',0,0),(1178,1177,'user',1,'0',0,0),(1179,1178,'user',1,'0',0,0),(1180,1179,'user',1,'0',0,0),(1181,1180,'user',1,'0',0,0),(1182,1181,'user',1,'0',0,0),(1183,1182,'user',1,'0',0,0),(1184,1183,'user',1,'0',0,0),(1185,1184,'user',1,'0',0,0),(1186,1185,'user',1,'0',0,0),(1187,1186,'user',1,'0',0,0),(1188,1187,'user',1,'0',0,0),(1189,1188,'user',1,'0',0,0),(1190,1189,'user',1,'0',0,0),(1191,1190,'user',1,'0',0,0),(1192,1191,'user',1,'0',0,0),(1193,1192,'user',1,'0',0,0),(1194,1193,'user',1,'0',0,0),(1195,1194,'user',1,'0',0,0),(1196,1195,'user',1,'0',0,0),(1197,1196,'user',1,'0',0,0),(1198,1197,'user',1,'0',0,0),(1199,1198,'user',1,'0',0,0),(1200,1199,'user',1,'0',0,0),(1201,1200,'user',1,'0',0,0),(1202,1201,'user',1,'0',0,0),(1203,1202,'user',1,'0',0,0),(1204,1203,'user',1,'0',0,0),(1205,1204,'user',1,'0',0,0),(1206,1205,'user',1,'0',0,0),(1207,1206,'user',1,'0',0,0),(1208,1207,'user',1,'0',0,0),(1209,1208,'user',1,'0',0,0),(1210,1209,'user',1,'0',0,0),(1211,1210,'user',1,'0',0,0),(1212,1211,'user',1,'0',0,0),(1213,1212,'user',1,'0',0,0),(1214,1213,'user',1,'0',0,0),(1215,1214,'user',1,'0',0,0),(1216,1215,'user',1,'0',0,0),(1217,1216,'user',1,'0',0,0),(1218,1217,'user',1,'0',0,0),(1219,1218,'user',1,'0',0,0),(1220,1219,'user',1,'0',0,0),(1221,1220,'user',1,'0',0,0),(1222,1221,'user',1,'0',0,0),(1223,1222,'user',1,'0',0,0),(1224,1223,'user',1,'0',0,0),(1225,1224,'user',1,'0',0,0),(1226,1225,'user',1,'0',0,0),(1227,1226,'user',1,'0',0,0),(1228,1227,'user',1,'0',0,0),(1229,1228,'user',1,'0',0,0),(1230,1229,'user',1,'0',0,0),(1231,1230,'user',1,'0',0,0),(1232,1231,'user',1,'0',0,0),(1233,1232,'user',1,'0',0,0),(1234,1233,'user',1,'0',0,0),(1235,1234,'user',1,'0',0,0),(1236,1235,'user',1,'0',0,0),(1237,1236,'user',1,'0',0,0),(1238,1237,'user',1,'0',0,0),(1239,1238,'user',1,'0',0,0),(1240,1239,'user',1,'0',0,0),(1241,1240,'user',1,'0',0,0),(1242,1241,'user',1,'0',0,0),(1243,1242,'user',1,'0',0,0),(1244,1243,'user',1,'0',0,0),(1245,1244,'user',1,'0',0,0),(1246,1245,'user',1,'0',0,0),(1247,1246,'user',1,'0',0,0),(1248,1247,'user',1,'0',0,0),(1249,1248,'user',1,'0',0,0),(1250,1249,'user',1,'0',0,0),(1251,1250,'user',1,'0',0,0),(1252,1251,'user',1,'0',0,0),(1253,1252,'user',1,'0',0,0),(1254,1253,'user',1,'0',0,0),(1255,1254,'user',1,'0',0,0),(1256,1255,'user',1,'0',0,0),(1257,1256,'user',1,'0',0,0),(1258,1257,'user',1,'0',0,0),(1259,1258,'user',1,'0',0,0),(1260,1259,'user',1,'0',0,0),(1261,1260,'user',1,'0',0,0),(1262,1261,'user',1,'0',0,0),(1263,1262,'user',1,'0',0,0),(1264,1263,'user',1,'0',0,0),(1265,1264,'user',1,'0',0,0),(1266,1265,'user',1,'0',0,0),(1267,1266,'user',1,'0',0,0),(1268,1267,'user',1,'0',0,0),(1269,1268,'user',1,'0',0,0),(1270,1269,'user',1,'0',0,0),(1271,1270,'user',1,'0',0,0),(1272,1271,'user',1,'0',0,0),(1273,1272,'user',1,'0',0,0),(1274,1273,'user',1,'0',0,0),(1275,1274,'user',1,'0',0,0),(1276,1275,'user',1,'0',0,0),(1277,1276,'user',1,'0',0,0),(1278,1277,'user',1,'0',0,0),(1279,1278,'user',1,'0',0,0),(1280,1279,'user',1,'0',0,0),(1281,1280,'user',1,'0',0,0),(1282,1281,'user',1,'0',0,0),(1283,1282,'user',1,'0',0,0),(1284,1283,'user',1,'0',0,0),(1285,1284,'user',1,'0',0,0),(1286,1285,'user',1,'0',0,0),(1287,1286,'user',1,'0',0,0),(1288,1287,'user',1,'0',0,0),(1289,1288,'user',1,'0',0,0),(1290,1289,'user',1,'0',0,0),(1291,1290,'user',1,'0',0,0),(1292,1291,'user',1,'0',0,0),(1293,1292,'user',1,'0',0,0),(1294,1293,'user',1,'0',0,0),(1295,1294,'user',1,'0',0,0),(1296,1295,'user',1,'0',0,0),(1297,1296,'user',1,'0',0,0),(1298,1297,'user',1,'0',0,0),(1299,1298,'user',1,'0',0,0),(1300,1299,'user',1,'0',0,0),(1301,1300,'user',1,'0',0,0),(1302,1301,'user',1,'0',0,0),(1303,1302,'user',1,'0',0,0),(1304,1303,'user',1,'0',0,0),(1305,1304,'user',1,'0',0,0),(1306,1305,'user',1,'0',0,0),(1307,1306,'user',1,'0',0,0),(1308,1307,'user',1,'0',0,0),(1309,1308,'user',1,'0',0,0),(1310,1309,'user',1,'0',0,0),(1311,1310,'user',1,'0',0,0),(1312,1311,'user',1,'0',0,0),(1313,1312,'user',1,'0',0,0),(1314,1313,'user',1,'0',0,0),(1315,1314,'user',1,'0',0,0),(1316,1315,'user',1,'0',0,0),(1317,1316,'user',1,'0',0,0),(1318,1317,'user',1,'0',0,0),(1319,1318,'user',1,'0',0,0),(1320,1319,'user',1,'0',0,0),(1321,1320,'user',1,'0',0,0),(1322,1321,'user',1,'0',0,0),(1323,1322,'user',1,'0',0,0),(1324,1323,'user',1,'0',0,0),(1325,1324,'user',1,'0',0,0),(1326,1325,'user',1,'0',0,0),(1327,1326,'user',1,'0',0,0),(1328,1327,'user',1,'0',0,0),(1329,1328,'user',1,'0',0,0),(1330,1329,'user',1,'0',0,0),(1331,1330,'user',1,'0',0,0),(1332,1331,'user',1,'0',0,0),(1333,1332,'user',1,'0',0,0),(1334,1333,'user',1,'0',0,0),(1335,1334,'user',1,'0',0,0),(1336,1335,'user',1,'0',0,0),(1337,1336,'user',1,'0',0,0),(1338,1337,'user',1,'0',0,0),(1339,1338,'user',1,'0',0,0),(1340,1339,'user',1,'0',0,0),(1341,1340,'user',1,'0',0,0),(1342,1341,'user',1,'0',0,0),(1343,1342,'user',1,'0',0,0),(1344,1343,'user',1,'0',0,0),(1345,1344,'user',1,'0',0,0),(1346,1345,'user',1,'0',0,0),(1347,1346,'user',1,'0',0,0),(1348,1347,'user',1,'0',0,0),(1349,1348,'user',1,'0',0,0),(1350,1349,'user',1,'0',0,0),(1351,1350,'user',1,'0',0,0),(1352,1351,'user',1,'0',0,0),(1353,1352,'user',1,'0',0,0),(1354,1353,'user',1,'0',0,0),(1355,1354,'user',1,'0',0,0),(1356,1355,'user',1,'0',0,0),(1357,1356,'user',1,'0',0,0),(1358,1357,'user',1,'0',0,0),(1359,1358,'user',1,'0',0,0),(1360,1359,'user',1,'0',0,0),(1361,1360,'user',1,'0',0,0),(1362,1361,'user',1,'0',0,0),(1363,1362,'user',1,'0',0,0),(1364,1363,'user',1,'0',0,0),(1365,1364,'user',1,'0',0,0),(1366,1365,'user',1,'0',0,0),(1367,1366,'user',1,'0',0,0),(1368,1367,'user',1,'0',0,0),(1369,1368,'user',1,'0',0,0),(1370,1369,'user',1,'0',0,0),(1371,1370,'user',1,'0',0,0),(1372,1371,'user',1,'0',0,0),(1373,1372,'user',1,'0',0,0),(1374,1373,'user',1,'0',0,0),(1375,1374,'user',1,'0',0,0),(1376,1375,'user',1,'0',0,0),(1377,1376,'user',1,'0',0,0),(1378,1377,'user',1,'0',0,0),(1379,1378,'user',1,'0',0,0),(1380,1379,'user',1,'0',0,0),(1381,1380,'user',1,'0',0,0),(1382,1381,'user',1,'0',0,0),(1383,1382,'user',1,'0',0,0),(1384,1383,'user',1,'0',0,0),(1385,1384,'user',1,'0',0,0),(1386,1385,'user',1,'0',0,0),(1387,1386,'user',1,'0',0,0),(1388,1387,'user',1,'0',0,0),(1389,1388,'user',1,'0',0,0),(1390,1389,'user',1,'0',0,0),(1391,1390,'user',1,'0',0,0),(1392,1391,'user',1,'0',0,0),(1393,1392,'user',1,'0',0,0),(1394,1393,'user',1,'0',0,0),(1395,1394,'user',1,'0',0,0),(1396,1395,'user',1,'0',0,0),(1397,1396,'user',1,'0',0,0),(1398,1397,'user',1,'0',0,0),(1399,1398,'user',1,'0',0,0),(1400,1399,'user',1,'0',0,0),(1401,1400,'user',1,'0',0,0),(1402,1401,'user',1,'0',0,0),(1403,1402,'user',1,'0',0,0),(1404,1403,'user',1,'0',0,0),(1405,1404,'user',1,'0',0,0),(1406,1405,'user',1,'0',0,0),(1407,1406,'user',1,'0',0,0),(1408,1407,'user',1,'0',0,0),(1409,1408,'user',1,'0',0,0),(1410,1409,'user',1,'0',0,0),(1411,1410,'user',1,'0',0,0),(1412,1411,'user',1,'0',0,0),(1413,1412,'user',1,'0',0,0),(1414,1413,'user',1,'0',0,0),(1415,1414,'user',1,'0',0,0),(1416,1415,'user',1,'0',0,0),(1417,1416,'user',1,'0',0,0),(1418,1417,'user',1,'0',0,0),(1419,1418,'user',1,'0',0,0),(1420,1419,'user',1,'0',0,0),(1421,1420,'user',1,'0',0,0),(1422,1421,'user',1,'0',0,0),(1423,1422,'user',1,'0',0,0),(1424,1423,'user',1,'0',0,0),(1425,1424,'user',1,'0',0,0),(1426,1425,'user',1,'0',0,0),(1427,1426,'user',1,'0',0,0),(1428,1427,'user',1,'0',0,0),(1429,1428,'user',1,'0',0,0),(1430,1429,'user',1,'0',0,0),(1431,1430,'user',1,'0',0,0),(1432,1431,'user',1,'0',0,0),(1433,1432,'user',1,'0',0,0),(1434,1433,'user',1,'0',0,0),(1435,1434,'user',1,'0',0,0),(1436,1435,'user',1,'0',0,0),(1437,1436,'user',1,'0',0,0),(1438,1437,'user',1,'0',0,0),(1439,1438,'user',1,'0',0,0),(1440,1439,'user',1,'0',0,0),(1441,1440,'user',1,'0',0,0),(1442,1441,'user',1,'0',0,0),(1443,1442,'user',1,'0',0,0),(1444,1443,'user',1,'0',0,0),(1445,1444,'user',1,'0',0,0),(1446,1445,'user',1,'0',0,0),(1447,1446,'user',1,'0',0,0),(1448,1447,'user',1,'0',0,0),(1449,1448,'user',1,'0',0,0),(1450,1449,'user',1,'0',0,0),(1451,1450,'user',1,'0',0,0),(1452,1451,'user',1,'0',0,0),(1453,1452,'user',1,'0',0,0),(1454,1453,'user',1,'0',0,0),(1455,1454,'user',1,'0',0,0),(1456,1455,'user',1,'0',0,0),(1457,1456,'user',1,'0',0,0),(1458,1457,'user',1,'0',0,0),(1459,1458,'user',1,'0',0,0),(1460,1459,'user',1,'0',0,0),(1461,1460,'user',1,'0',0,0),(1462,1461,'user',1,'0',0,0),(1463,1462,'user',1,'0',0,0),(1464,1463,'user',1,'0',0,0),(1465,1464,'user',1,'0',0,0),(1466,1465,'user',1,'0',0,0),(1467,1466,'user',1,'0',0,0),(1468,1467,'user',1,'0',0,0),(1469,1468,'user',1,'0',0,0),(1470,1469,'user',1,'0',0,0),(1471,1470,'user',1,'0',0,0),(1472,1471,'user',1,'0',0,0),(1473,1472,'user',1,'0',0,0),(1474,1473,'user',1,'0',0,0),(1475,1474,'user',1,'0',0,0),(1476,1475,'user',1,'0',0,0),(1477,1476,'user',1,'0',0,0),(1478,1477,'user',1,'0',0,0),(1479,1478,'user',1,'0',0,0),(1480,1479,'user',1,'0',0,0),(1481,1480,'user',1,'0',0,0),(1482,1481,'user',1,'0',0,0),(1483,1482,'user',1,'0',0,0),(1484,1483,'user',1,'0',0,0),(1485,1484,'user',1,'0',0,0),(1486,1485,'user',1,'0',0,0),(1487,1486,'user',1,'0',0,0),(1488,1487,'user',1,'0',0,0),(1489,1488,'user',1,'0',0,0),(1490,1489,'user',1,'0',0,0),(1491,1490,'user',1,'0',0,0),(1492,1491,'user',1,'0',0,0),(1493,1492,'user',1,'0',0,0),(1494,1493,'user',1,'0',0,0),(1495,1494,'user',1,'0',0,0),(1496,1495,'user',1,'0',0,0),(1497,1496,'user',1,'0',0,0),(1498,1497,'user',1,'0',0,0),(1499,1498,'user',1,'0',0,0),(1500,1499,'user',1,'0',0,0),(1501,1500,'user',1,'0',0,0),(1502,1501,'user',1,'0',0,0),(1503,1502,'user',1,'0',0,0),(1504,1503,'user',1,'0',0,0),(1505,1504,'user',1,'0',0,0),(1506,1505,'user',1,'0',0,0),(1507,1506,'user',1,'0',0,0),(1508,1507,'user',1,'0',0,0),(1509,1508,'user',1,'0',0,0),(1510,1509,'user',1,'0',0,0),(1511,1510,'user',1,'0',0,0),(1512,1511,'user',1,'0',0,0),(1513,1512,'user',1,'0',0,0),(1514,1513,'user',1,'0',0,0),(1515,1514,'user',1,'0',0,0),(1516,1515,'user',1,'0',0,0),(1517,1516,'user',1,'0',0,0),(1518,1517,'user',1,'0',0,0),(1519,1518,'user',1,'0',0,0),(1520,1519,'user',1,'0',0,0),(1521,1520,'user',1,'0',0,0),(1522,1521,'user',1,'0',0,0),(1523,1522,'user',1,'0',0,0),(1524,1523,'user',1,'0',0,0),(1525,1524,'user',1,'0',0,0),(1526,1525,'user',1,'0',0,0),(1527,1526,'user',1,'0',0,0),(1528,1527,'user',1,'0',0,0),(1529,1528,'user',1,'0',0,0),(1530,1529,'user',1,'0',0,0),(1531,1530,'user',1,'0',0,0),(1532,1531,'user',1,'0',0,0),(1533,1532,'user',1,'0',0,0),(1534,1533,'user',1,'0',0,0),(1535,1534,'user',1,'0',0,0),(1536,1535,'user',1,'0',0,0),(1537,1536,'user',1,'0',0,0),(1538,1537,'user',1,'0',0,0),(1539,1538,'user',1,'0',0,0),(1540,1539,'user',1,'0',0,0),(1541,1540,'user',1,'0',0,0),(1542,1541,'user',1,'0',0,0),(1543,1542,'user',1,'0',0,0),(1544,1543,'user',1,'0',0,0),(1545,1544,'user',1,'0',0,0),(1546,1545,'user',1,'0',0,0),(1547,1546,'user',1,'0',0,0),(1548,1547,'user',1,'0',0,0),(1549,1548,'user',1,'0',0,0),(1550,1549,'user',1,'0',0,0),(1551,1550,'user',1,'0',0,0),(1552,1551,'user',1,'0',0,0),(1553,1552,'user',1,'0',0,0),(1554,1553,'user',1,'0',0,0),(1555,1554,'user',1,'0',0,0),(1556,1555,'user',1,'0',0,0),(1557,1556,'user',1,'0',0,0),(1558,1557,'user',2,'0',0,0),(1559,1558,'user',2,'0',0,0),(1560,1559,'user',2,'0',0,0),(1561,1560,'user',2,'0',0,0),(1562,1561,'user',2,'0',0,0),(1563,1562,'user',2,'0',0,0),(1564,1563,'user',2,'0',0,0),(1565,1564,'user',2,'0',0,0),(1566,1565,'user',2,'0',0,0),(1567,1566,'user',2,'0',0,0),(1568,1567,'user',2,'0',0,0),(1569,1568,'user',2,'0',0,0),(1570,1569,'user',2,'0',0,0),(1571,1570,'user',2,'0',0,0),(1572,1571,'user',2,'0',0,0),(1573,1572,'user',2,'0',0,0),(1574,1573,'user',1,'0',0,0),(1575,1574,'user',1,'0',0,0),(1576,1575,'user',1,'0',0,0),(1577,1576,'user',1,'0',0,0),(1578,1577,'user',1,'0',0,0),(1579,1578,'user',1,'0',0,0),(1580,1579,'user',1,'0',0,0),(1581,1580,'user',1,'0',0,0),(1582,1581,'user',1,'0',0,0),(1583,1582,'user',1,'0',0,0),(1584,1583,'user',1,'0',0,0),(1585,1584,'user',1,'0',0,0),(1586,1585,'user',1,'0',0,0),(1587,1586,'user',1,'0',0,0),(1588,1587,'user',1,'0',0,0),(1589,1588,'user',1,'0',0,0),(1590,1589,'user',1,'0',0,0),(1591,1590,'user',1,'0',0,0),(1592,1591,'user',1,'0',0,0),(1593,1592,'user',1,'0',0,0),(1594,1593,'user',1,'0',0,0),(1595,1594,'user',1,'0',0,0),(1596,1595,'user',1,'0',0,0),(1597,1596,'user',1,'0',0,0),(1598,1597,'user',1,'0',0,0),(1599,1598,'user',1,'0',0,0),(1600,1599,'user',1,'0',0,0),(1601,1600,'user',1,'0',0,0),(1602,1601,'user',1,'0',0,0),(1603,1602,'user',1,'0',0,0),(1604,1603,'user',1,'0',0,0),(1605,1604,'user',1,'0',0,0),(1606,1605,'user',1,'0',0,0),(1607,1606,'user',1,'0',0,0),(1608,1607,'user',1,'0',0,0),(1609,1608,'user',1,'0',0,0),(1610,1609,'user',1,'0',0,0),(1611,1610,'user',1,'0',0,0),(1612,1611,'user',1,'0',0,0),(1613,1612,'user',1,'0',0,0),(1614,1613,'user',1,'0',0,0),(1615,1614,'user',1,'0',0,0),(1616,1615,'user',1,'0',0,0),(1617,1616,'user',1,'0',0,0),(1618,1617,'user',1,'0',0,0),(1619,1618,'user',1,'0',0,0),(1620,1619,'user',1,'0',0,0),(1621,1620,'user',1,'0',0,0),(1622,1621,'user',1,'0',0,0),(1623,1622,'user',1,'0',0,0),(1624,1623,'user',1,'0',0,0),(1625,1624,'user',1,'0',0,0),(1626,1625,'user',1,'0',0,0),(1627,1626,'user',1,'0',0,0),(1628,1627,'user',1,'0',0,0),(1629,1628,'user',1,'0',0,0),(1630,1629,'user',1,'0',0,0),(1631,1630,'user',1,'0',0,0),(1632,1631,'user',1,'0',0,0),(1633,1632,'user',1,'0',0,0),(1634,1633,'user',1,'0',0,0),(1635,1634,'user',1,'0',0,0),(1636,1635,'user',1,'0',0,0),(1637,1636,'user',1,'0',0,0),(1638,1637,'user',1,'0',0,0),(1639,1638,'user',1,'0',0,0),(1640,1639,'user',1,'0',0,0),(1641,1640,'user',1,'0',0,0),(1642,1641,'user',1,'0',0,0),(1643,1642,'user',1,'0',0,0),(1644,1643,'user',1,'0',0,0),(1645,1644,'user',1,'0',0,0),(1646,1645,'user',1,'0',0,0),(1647,1646,'user',1,'0',0,0),(1648,1647,'user',1,'0',0,0),(1649,1648,'user',1,'0',0,0),(1650,1649,'user',1,'0',0,0),(1651,1650,'user',1,'0',0,0),(1652,1651,'user',1,'0',0,0),(1653,1652,'user',1,'0',0,0),(1654,1653,'user',1,'0',0,0),(1655,1654,'user',1,'0',0,0),(1656,1655,'user',1,'0',0,0),(1657,1656,'user',1,'0',0,0),(1658,1657,'user',1,'0',0,0),(1659,1658,'user',1,'0',0,0),(1660,1659,'user',1,'0',0,0),(1661,1660,'user',1,'0',0,0),(1662,1661,'user',1,'0',0,0),(1663,1662,'user',1,'0',0,0),(1664,1663,'user',1,'0',0,0),(1665,1664,'user',1,'0',0,0),(1666,1665,'user',1,'0',0,0),(1667,1666,'user',1,'0',0,0),(1668,1667,'user',1,'0',0,0),(1669,1668,'user',1,'0',0,0),(1670,1669,'user',1,'0',0,0),(1671,1670,'user',1,'0',0,0),(1672,1671,'user',1,'0',0,0),(1673,1672,'user',1,'0',0,0),(1674,1673,'user',1,'0',0,0),(1675,1674,'user',1,'0',0,0),(1676,1675,'user',1,'0',0,0),(1677,1676,'user',1,'0',0,0),(1678,1677,'user',1,'0',0,0),(1679,1678,'user',1,'0',0,0),(1680,1679,'user',1,'0',0,0),(1681,1680,'user',1,'0',0,0),(1682,1681,'user',1,'0',0,0),(1683,1682,'user',1,'0',0,0),(1684,1683,'user',1,'0',0,0),(1685,1684,'user',1,'0',0,0),(1686,1685,'user',1,'0',0,0),(1687,1686,'user',1,'0',0,0),(1688,1687,'user',1,'0',0,0),(1689,1688,'user',1,'0',0,0),(1690,1689,'user',1,'0',0,0),(1691,1690,'user',1,'0',0,0),(1692,1691,'user',1,'0',0,0),(1693,1692,'user',1,'0',0,0),(1694,1693,'user',1,'0',0,0),(1695,1694,'user',1,'0',0,0),(1696,1695,'user',1,'0',0,0),(1697,1696,'user',1,'0',0,0),(1698,1697,'user',1,'0',0,0),(1699,1698,'user',1,'0',0,0),(1700,1699,'user',1,'0',0,0),(1701,1700,'user',1,'0',0,0),(1702,1701,'user',1,'0',0,0),(1703,1702,'user',1,'0',0,0),(1704,1703,'user',1,'0',0,0),(1705,1704,'user',1,'0',0,0),(1706,1705,'user',1,'0',0,0),(1707,1706,'user',1,'0',0,0),(1708,1707,'user',1,'0',0,0),(1709,1708,'user',1,'0',0,0),(1710,1709,'user',1,'0',0,0),(1711,1710,'user',1,'0',0,0),(1712,1711,'user',1,'0',0,0),(1713,1712,'user',1,'0',0,0),(1714,1713,'user',1,'0',0,0),(1715,1714,'user',1,'0',0,0),(1716,1715,'user',1,'0',0,0),(1717,1716,'user',1,'0',0,0),(1718,1717,'user',1,'0',0,0),(1719,1718,'user',1,'0',0,0),(1720,1719,'user',1,'0',0,0),(1721,1720,'user',1,'0',0,0),(1722,1721,'user',1,'0',0,0),(1723,1722,'user',1,'0',0,0),(1724,1723,'user',1,'0',0,0),(1725,1724,'user',1,'0',0,0),(1726,1725,'user',1,'0',0,0),(1727,1726,'user',1,'0',0,0),(1728,1727,'user',1,'0',0,0),(1729,1728,'user',1,'0',0,0),(1730,1729,'user',1,'0',0,0),(1731,1730,'user',1,'0',0,0),(1732,1731,'user',1,'0',0,0),(1733,1732,'user',1,'0',0,0),(1734,1733,'user',1,'0',0,0),(1735,1734,'user',1,'0',0,0),(1736,1735,'user',1,'0',0,0),(1737,1736,'user',1,'0',0,0),(1738,1737,'user',1,'0',0,0),(1739,1738,'user',1,'0',0,0),(1740,1739,'user',1,'0',0,0),(1741,1740,'user',1,'0',0,0),(1742,1741,'user',1,'0',0,0),(1743,1742,'user',1,'0',0,0),(1744,1743,'user',1,'0',0,0),(1745,1744,'user',1,'0',0,0),(1746,1745,'user',1,'0',0,0),(1747,1746,'user',1,'0',0,0),(1748,1747,'user',1,'0',0,0),(1749,1748,'user',1,'0',0,0),(1750,1749,'user',1,'0',0,0),(1751,1750,'user',1,'0',0,0),(1752,1751,'user',1,'0',0,0),(1753,1752,'user',1,'0',0,0),(1754,1753,'user',1,'0',0,0),(1755,1754,'user',1,'0',0,0),(1756,1755,'user',1,'0',0,0),(1757,1756,'user',1,'0',0,0),(1758,1757,'user',1,'0',0,0),(1759,1758,'user',1,'0',0,0),(1760,1759,'user',1,'0',0,0),(1761,1760,'user',1,'0',0,0),(1762,1761,'user',1,'0',0,0),(1763,1762,'user',1,'0',0,0),(1764,1763,'user',1,'0',0,0),(1765,1764,'user',1,'0',0,0),(1766,1765,'user',1,'0',0,0),(1767,1766,'user',1,'0',0,0),(1768,1767,'user',1,'0',0,0),(1769,1768,'user',1,'0',0,0),(1770,1769,'user',1,'0',0,0),(1771,1770,'user',1,'0',0,0),(1772,1771,'user',1,'0',0,0),(1773,1772,'user',1,'0',0,0),(1774,1773,'user',1,'0',0,0),(1775,1774,'user',1,'0',0,0),(1776,1775,'user',1,'0',0,0),(1777,1776,'user',1,'0',0,0),(1778,1777,'user',1,'0',0,0),(1779,1778,'user',1,'0',0,0),(1780,1779,'user',1,'0',0,0),(1781,1780,'user',1,'0',0,0),(1782,1781,'user',1,'0',0,0),(1783,1782,'user',1,'0',0,0),(1784,1783,'user',1,'0',0,0),(1785,1784,'user',1,'0',0,0),(1786,1785,'user',1,'0',0,0),(1787,1786,'user',1,'0',0,0),(1788,1787,'user',1,'0',0,0),(1789,1788,'user',1,'0',0,0),(1790,1789,'user',1,'0',0,0),(1791,1790,'user',1,'0',0,0),(1792,1791,'user',1,'0',0,0),(1793,1792,'user',1,'0',0,0),(1794,1793,'user',1,'0',0,0),(1795,1794,'user',1,'0',0,0),(1796,1795,'user',1,'0',0,0),(1797,1796,'user',1,'0',0,0),(1798,1797,'user',1,'0',0,0),(1799,1798,'user',1,'0',0,0),(1800,1799,'user',1,'0',0,0),(1801,1800,'user',1,'0',0,0),(1802,1801,'user',1,'0',0,0),(1803,1802,'user',1,'0',0,0),(1804,1803,'user',1,'0',0,0),(1805,1804,'user',1,'0',0,0),(1806,1805,'user',1,'0',0,0),(1807,1806,'user',1,'0',0,0),(1808,1807,'user',1,'0',0,0),(1809,1808,'user',1,'0',0,0),(1810,1809,'user',1,'0',0,0),(1811,1810,'user',1,'0',0,0),(1812,1811,'user',1,'0',0,0),(1813,1812,'user',1,'0',0,0),(1814,1813,'user',1,'0',0,0),(1815,1814,'user',1,'0',0,0),(1816,1815,'user',1,'0',0,0),(1817,1816,'user',1,'0',0,0),(1818,1817,'user',1,'0',0,0),(1819,1818,'user',1,'0',0,0),(1820,1819,'user',1,'0',0,0),(1821,1820,'user',1,'0',0,0),(1822,1821,'user',1,'0',0,0),(1823,1822,'user',1,'0',0,0),(1824,1823,'user',1,'0',0,0),(1825,1824,'user',1,'0',0,0),(1826,1825,'user',1,'0',0,0),(1827,1826,'user',1,'0',0,0),(1828,1827,'user',1,'0',0,0),(1829,1828,'user',1,'0',0,0),(1830,1829,'user',1,'0',0,0),(1831,1830,'user',1,'0',0,0),(1832,1831,'user',1,'0',0,0),(1833,1832,'user',1,'0',0,0),(1834,1833,'user',1,'0',0,0),(1835,1834,'user',1,'0',0,0),(1836,1835,'user',1,'0',0,0),(1837,1836,'user',1,'0',0,0),(1838,1837,'user',1,'0',0,0),(1839,1838,'user',1,'0',0,0),(1840,1839,'user',1,'0',0,0),(1841,1840,'user',1,'0',0,0),(1842,1841,'user',1,'0',0,0),(1843,1842,'user',1,'0',0,0),(1844,1843,'user',1,'0',0,0),(1845,1844,'user',1,'0',0,0),(1846,1845,'user',1,'0',0,0),(1847,1846,'user',1,'0',0,0),(1848,1847,'user',1,'0',0,0),(1849,1848,'user',1,'0',0,0),(1850,1849,'user',1,'0',0,0),(1851,1850,'user',1,'0',0,0),(1852,1851,'user',1,'0',0,0),(1853,1852,'user',1,'0',0,0),(1854,1853,'user',1,'0',0,0),(1855,1854,'user',1,'0',0,0),(1856,1855,'user',1,'0',0,0),(1857,1856,'user',1,'0',0,0),(1858,1857,'user',1,'0',0,0),(1859,1858,'user',1,'0',0,0),(1860,1859,'user',1,'0',0,0),(1861,1860,'user',1,'0',0,0),(1862,1861,'user',1,'0',0,0),(1863,1862,'user',1,'0',0,0),(1864,1863,'user',1,'0',0,0),(1865,1864,'user',1,'0',0,0),(1866,1865,'user',1,'0',0,0),(1867,1866,'user',1,'0',0,0),(1868,1867,'user',1,'0',0,0),(1869,1868,'user',1,'0',0,0),(1870,1869,'user',1,'0',0,0),(1871,1870,'user',1,'0',0,0),(1872,1871,'user',1,'0',0,0),(1873,1872,'user',1,'0',0,0),(1874,1873,'user',1,'0',0,0),(1875,1874,'user',1,'0',0,0),(1876,1875,'user',1,'0',0,0),(1877,1876,'user',1,'0',0,0),(1878,1877,'user',1,'0',0,0),(1879,1878,'user',1,'0',0,0),(1880,1879,'user',1,'0',0,0),(1881,1880,'user',1,'0',0,0),(1882,1881,'user',1,'0',0,0),(1883,1882,'user',1,'0',0,0),(1884,1883,'user',1,'0',0,0),(1885,1884,'user',1,'0',0,0),(1886,1885,'user',1,'0',0,0),(1887,1886,'user',1,'0',0,0),(1888,1887,'user',1,'0',0,0),(1889,1888,'user',1,'0',0,0),(1890,1889,'user',1,'0',0,0),(1891,1890,'user',1,'0',0,0),(1892,1891,'user',1,'0',0,0),(1893,1892,'user',1,'0',0,0),(1894,1893,'user',1,'0',0,0),(1895,1894,'user',1,'0',0,0),(1896,1895,'user',1,'0',0,0),(1897,1896,'user',1,'0',0,0),(1898,1897,'user',1,'0',0,0),(1899,1898,'user',1,'0',0,0),(1900,1899,'user',1,'0',0,0),(1901,1900,'user',1,'0',0,0),(1902,1901,'user',1,'0',0,0),(1903,1902,'user',1,'0',0,0),(1904,1903,'user',1,'0',0,0),(1905,1904,'user',1,'0',0,0),(1906,1905,'user',1,'0',0,0),(1907,1906,'user',1,'0',0,0),(1908,1907,'user',1,'0',0,0),(1909,1908,'user',1,'0',0,0),(1910,1909,'user',1,'0',0,0),(1911,1910,'user',1,'0',0,0),(1912,1911,'user',1,'0',0,0),(1913,1912,'user',1,'0',0,0),(1914,1913,'user',1,'0',0,0),(1915,1914,'user',1,'0',0,0),(1916,1915,'user',1,'0',0,0),(1917,1916,'user',1,'0',0,0),(1918,1917,'user',1,'0',0,0),(1919,1918,'user',1,'0',0,0),(1920,1919,'user',1,'0',0,0),(1921,1920,'user',1,'0',0,0),(1922,1921,'user',1,'0',0,0),(1923,1922,'user',1,'0',0,0),(1924,1923,'user',1,'0',0,0),(1925,1924,'user',1,'0',0,0),(1926,1925,'user',1,'0',0,0),(1927,1926,'user',1,'0',0,0),(1928,1927,'user',1,'0',0,0),(1929,1928,'user',1,'0',0,0),(1930,1929,'user',1,'0',0,0),(1931,1930,'user',1,'0',0,0),(1932,1931,'user',1,'0',0,0),(1933,1932,'user',1,'0',0,0),(1934,1933,'user',1,'0',0,0),(1935,1934,'user',1,'0',0,0),(1936,1935,'user',1,'0',0,0),(1937,1936,'user',1,'0',0,0),(1938,1937,'user',1,'0',0,0),(1939,1938,'user',1,'0',0,0),(1940,1939,'user',1,'0',0,0),(1941,1940,'user',1,'0',0,0),(1942,1941,'user',1,'0',0,0),(1943,1942,'user',1,'0',0,0),(1944,1943,'user',1,'0',0,0),(1945,1944,'user',1,'0',0,0),(1946,1945,'user',1,'0',0,0),(1947,1946,'user',1,'0',0,0),(1948,1947,'user',1,'0',0,0),(1949,1948,'user',1,'0',0,0),(1950,1949,'user',1,'0',0,0),(1951,1950,'user',1,'0',0,0),(1952,1951,'user',1,'0',0,0),(1953,1952,'user',1,'0',0,0),(1954,1953,'user',1,'0',0,0),(1955,1954,'user',1,'0',0,0),(1956,1955,'user',1,'0',0,0),(1957,1956,'user',1,'0',0,0),(1958,1957,'user',1,'0',0,0),(1959,1958,'user',1,'0',0,0),(1960,1959,'user',1,'0',0,0),(1961,1960,'user',1,'0',0,0),(1962,1961,'user',1,'0',0,0),(1963,1962,'user',1,'0',0,0),(1964,1963,'user',1,'0',0,0),(1965,1964,'user',1,'0',0,0),(1966,1965,'user',1,'0',0,0),(1967,1966,'user',1,'0',0,0),(1968,1967,'user',1,'0',0,0),(1969,1968,'user',1,'0',0,0),(1970,1969,'user',1,'0',0,0),(1971,1970,'user',1,'0',0,0),(1972,1971,'user',1,'0',0,0),(1973,1972,'user',1,'0',0,0),(1974,1973,'user',1,'0',0,0),(1975,1974,'user',1,'0',0,0),(1976,1975,'user',1,'0',0,0),(1977,1976,'user',1,'0',0,0),(1978,1977,'user',1,'0',0,0),(1979,1978,'user',1,'0',0,0),(1980,1979,'user',1,'0',0,0),(1981,1980,'user',1,'0',0,0),(1982,1981,'user',1,'0',0,0),(1983,1982,'user',1,'0',0,0),(1984,1983,'user',1,'0',0,0),(1985,1984,'user',1,'0',0,0),(1986,1985,'user',1,'0',0,0),(1987,1986,'user',1,'0',0,0),(1988,1987,'user',1,'0',0,0),(1989,1988,'user',1,'0',0,0),(1990,1989,'user',1,'0',0,0),(1991,1990,'user',1,'0',0,0),(1992,1991,'user',1,'0',0,0),(1993,1992,'user',1,'0',0,0),(1994,1993,'user',1,'0',0,0),(1995,1994,'user',1,'0',0,0),(1996,1995,'user',1,'0',0,0),(1997,1996,'user',1,'0',0,0),(1998,1997,'user',1,'0',0,0),(1999,1998,'user',1,'0',0,0),(2000,1999,'user',1,'0',0,0),(2001,2000,'user',1,'0',0,0),(2002,2001,'user',1,'0',0,0),(2003,2002,'user',1,'0',0,0),(2004,2003,'user',1,'0',0,0),(2005,2004,'user',1,'0',0,0),(2006,2005,'user',1,'0',0,0),(2007,2006,'user',1,'0',0,0),(2008,2007,'user',1,'0',0,0),(2009,2008,'user',1,'0',0,0),(2010,2009,'user',1,'0',0,0),(2011,2010,'user',1,'0',0,0),(2012,2011,'user',1,'0',0,0),(2013,2012,'user',1,'0',0,0),(2014,2013,'user',1,'0',0,0),(2015,2014,'user',1,'0',0,0),(2016,2015,'user',1,'0',0,0),(2017,2016,'user',1,'0',0,0),(2018,2017,'user',1,'0',0,0),(2019,2018,'user',1,'0',0,0),(2020,2019,'user',1,'0',0,0),(2021,2020,'user',1,'0',0,0),(2022,2021,'user',1,'0',0,0),(2023,2022,'user',1,'0',0,0),(2024,2023,'user',1,'0',0,0),(2025,2024,'user',1,'0',0,0),(2026,2025,'user',1,'0',0,0),(2027,2026,'user',1,'0',0,0),(2028,2027,'user',1,'0',0,0),(2029,2028,'user',1,'0',0,0),(2030,2029,'user',1,'0',0,0),(2031,2030,'user',1,'0',0,0),(2032,2031,'user',1,'0',0,0),(2033,2032,'user',1,'0',0,0),(2034,2033,'user',1,'0',0,0),(2035,2034,'user',1,'0',0,0),(2036,2035,'user',1,'0',0,0),(2037,2036,'user',1,'0',0,0),(2038,2037,'user',1,'0',0,0),(2039,2038,'user',1,'0',0,0),(2040,2039,'user',1,'0',0,0),(2041,2040,'user',1,'0',0,0),(2042,2041,'user',1,'0',0,0),(2043,2042,'user',1,'0',0,0),(2044,2043,'user',1,'0',0,0),(2045,2044,'user',1,'0',0,0),(2046,2045,'user',1,'0',0,0),(2047,2046,'user',1,'0',0,0),(2048,2047,'user',1,'0',0,0),(2049,2048,'user',1,'0',0,0),(2050,2049,'user',1,'0',0,0),(2051,2050,'user',1,'0',0,0),(2052,2051,'user',1,'0',0,0),(2053,2052,'user',1,'0',0,0),(2054,2053,'user',1,'0',0,0),(2055,2054,'user',1,'0',0,0),(2056,2055,'user',1,'0',0,0),(2057,2056,'user',1,'0',0,0),(2058,2057,'user',1,'0',0,0),(2059,2058,'user',1,'0',0,0),(2060,2059,'user',1,'0',0,0),(2061,2060,'user',1,'0',0,0),(2062,2061,'user',1,'0',0,0),(2063,2062,'user',1,'0',0,0),(2064,2063,'user',1,'0',0,0),(2065,2064,'user',1,'0',0,0),(2066,2065,'user',1,'0',0,0),(2067,2066,'user',1,'0',0,0),(2068,2067,'user',1,'0',0,0),(2069,2068,'user',1,'0',0,0),(2070,2069,'user',1,'0',0,0),(2071,2070,'user',1,'0',0,0),(2072,2071,'user',1,'0',0,0),(2073,2072,'user',1,'0',0,0),(2074,2073,'user',1,'0',0,0),(2075,2074,'user',1,'0',0,0),(2076,2075,'user',1,'0',0,0),(2077,2076,'user',1,'0',0,0),(2078,2077,'user',1,'0',0,0),(2079,2078,'user',1,'0',0,0),(2080,2079,'user',1,'0',0,0),(2081,2080,'user',1,'0',0,0),(2082,2081,'user',1,'0',0,0),(2083,2082,'user',1,'0',0,0),(2084,2083,'user',1,'0',0,0),(2085,2084,'user',1,'0',0,0),(2086,2085,'user',1,'0',0,0),(2087,2086,'user',1,'0',0,0),(2088,2087,'user',1,'0',0,0),(2089,2088,'user',1,'0',0,0),(2090,2089,'user',1,'0',0,0),(2091,2090,'user',1,'0',0,0),(2092,2091,'user',1,'0',0,0),(2093,2092,'user',1,'0',0,0),(2094,2093,'user',1,'0',0,0),(2095,2094,'user',1,'0',0,0),(2096,2095,'user',1,'0',0,0),(2097,2096,'user',1,'0',0,0),(2098,2097,'user',1,'0',0,0),(2099,2098,'user',1,'0',0,0),(2100,2099,'user',1,'0',0,0),(2101,2100,'user',1,'0',0,0),(2102,2101,'user',1,'0',0,0),(2103,2102,'user',1,'0',0,0),(2105,2104,'user',1,'0',0,0),(2106,2105,'user',1,'0',0,0),(2107,2106,'user',1,'0',0,0),(2108,2107,'user',1,'0',0,0),(2109,2108,'user',1,'0',0,0),(2110,2109,'user',1,'0',0,0),(2111,2110,'user',1,'0',0,0),(2112,2111,'user',1,'0',0,0),(2117,2116,'user',1,'0',0,0),(2118,2117,'user',1,'0',0,0),(2119,2118,'user',1,'0',0,0),(2120,2119,'user',1,'0',0,0),(2122,2121,'user',1,'0',0,0),(2123,2122,'user',1,'0',0,0),(2124,2123,'user',1,'0',0,0),(2125,2124,'user',1,'0',0,0),(2126,2125,'user',1,'0',0,0),(2127,2126,'user',1,'0',0,0),(2128,2127,'user',1,'0',0,0),(2129,2128,'user',1,'0',0,0),(2130,2129,'user',1,'0',0,0),(2131,2130,'user',1,'0',0,0),(2132,2131,'user',1,'0',0,0),(2133,2132,'user',1,'0',0,0),(2134,2133,'user',1,'0',0,0),(2135,2134,'user',1,'0',0,0),(2136,2135,'user',1,'0',0,0),(2137,2136,'user',1,'0',0,0),(2138,2137,'user',1,'0',0,0),(2139,2138,'user',1,'0',0,0),(2140,2139,'user',1,'0',0,0),(2141,2140,'user',1,'0',0,0),(2142,2141,'user',1,'0',0,0),(2143,2142,'user',1,'0',0,0),(2144,2143,'user',1,'0',0,0),(2145,2144,'user',1,'0',0,0),(2146,2145,'user',1,'0',0,0),(2147,2146,'user',1,'0',0,0),(2148,2147,'user',1,'0',0,0),(2149,2148,'user',1,'0',0,0),(2150,2149,'user',2,'0',0,0),(2151,2150,'user',2,'0',0,0),(2152,2151,'user',2,'0',0,0),(2153,2152,'user',2,'0',0,0),(2154,2153,'user',1,'0',0,0),(2155,2154,'user',1,'0',0,0),(2156,2155,'user',1,'0',0,0),(2157,2156,'user',1,'0',0,0),(2158,2157,'user',1,'0',0,0),(2159,2158,'user',1,'0',0,0),(2160,2159,'user',1,'0',0,0),(2161,2160,'user',1,'0',0,0),(2162,2161,'user',1,'0',0,0),(2163,2162,'user',1,'0',0,0),(2164,2163,'user',1,'0',0,0),(2165,2164,'user',1,'0',0,0),(2166,2165,'user',1,'0',0,0),(2167,2166,'user',1,'0',0,0),(2168,2167,'user',2,'0',0,0),(2169,2168,'user',1,'0',0,0),(2170,2169,'user',1,'0',0,0),(2171,2170,'user',1,'0',0,0),(2172,2171,'user',1,'0',0,0),(2173,2172,'user',1,'0',0,0),(2174,2173,'user',1,'0',0,0),(2175,2174,'user',1,'0',0,0),(2176,2175,'user',1,'0',0,0),(2177,2176,'user',1,'0',0,0),(2178,2177,'user',1,'0',0,0),(2179,2178,'user',1,'0',0,0),(2180,2179,'user',1,'0',0,0),(2181,2180,'user',1,'0',0,0),(2182,2181,'user',2,'0',0,0),(2183,2182,'user',1,'0',0,0),(2184,2183,'user',1,'0',0,0),(2185,2184,'user',1,'0',0,0),(2186,2185,'user',1,'0',0,0),(2187,2186,'user',1,'0',0,0),(2188,2187,'user',1,'0',0,0),(2189,2188,'user',1,'0',0,0),(2190,2189,'user',1,'0',0,0),(2191,2190,'user',1,'0',0,0),(2192,2191,'user',1,'0',0,0),(2193,2192,'user',1,'0',0,0),(2194,2193,'user',1,'0',0,0),(2195,2194,'user',1,'0',0,0),(2196,2195,'user',1,'0',0,0),(2197,2196,'user',1,'0',0,0),(2198,2197,'user',1,'0',0,0),(2199,2198,'user',1,'0',0,0),(2200,2199,'user',1,'0',0,0),(2201,2200,'user',1,'0',0,0),(2202,2201,'user',1,'0',0,0),(2203,2202,'user',1,'0',0,0),(2204,2203,'user',1,'0',0,0),(2205,2204,'user',1,'0',0,0),(2206,2205,'user',1,'0',0,0),(2207,2206,'user',1,'0',0,0),(2208,2207,'user',1,'0',0,0),(2209,2208,'user',1,'0',0,0),(2210,2209,'user',1,'0',0,0),(2211,2210,'user',1,'0',0,0),(2212,2211,'user',1,'0',0,0),(2213,2212,'user',1,'0',0,0),(2214,2213,'user',1,'0',0,0),(2215,2214,'user',1,'0',0,0),(2216,2215,'user',1,'0',0,0),(2217,2216,'user',1,'0',0,0),(2218,2217,'user',1,'0',0,0),(2219,2218,'user',1,'0',0,0),(2220,2219,'user',1,'0',0,0),(2221,2220,'user',1,'0',0,0),(2222,2221,'user',1,'0',0,0),(2223,2222,'user',1,'0',0,0),(2224,2223,'user',1,'0',0,0),(2225,2224,'user',1,'0',0,0),(2226,2225,'user',1,'0',0,0),(2227,2226,'user',1,'0',0,0),(2228,2227,'user',1,'0',0,0),(2229,2228,'user',1,'0',0,0),(2230,2229,'user',1,'0',0,0),(2231,2230,'user',1,'0',0,0),(2232,2231,'user',1,'0',0,0),(2233,2232,'user',1,'0',0,0),(2234,2233,'user',1,'0',0,0),(2235,2234,'user',1,'0',0,0),(2236,2235,'user',1,'0',0,0),(2237,2236,'user',1,'0',0,0),(2238,2237,'user',1,'0',0,0),(2239,2238,'user',1,'0',0,0),(2240,2239,'user',1,'0',0,0),(2241,2240,'user',1,'0',0,0),(2242,2241,'user',1,'0',0,0),(2243,2242,'user',1,'0',0,0),(2244,2243,'user',1,'0',0,0),(2245,2244,'user',1,'0',0,0),(2246,2245,'user',1,'0',0,0),(2247,2246,'user',1,'0',0,0),(2248,2247,'user',1,'0',0,0),(2249,2248,'user',1,'0',0,0),(2250,2249,'user',1,'0',0,0),(2251,2250,'user',1,'0',0,0),(2252,2251,'user',1,'0',0,0),(2253,2252,'user',1,'0',0,0),(2254,2253,'user',1,'0',0,0),(2255,2254,'user',1,'0',0,0),(2256,2255,'user',1,'0',0,0),(2257,2256,'user',1,'0',0,0),(2258,2257,'user',1,'0',0,0),(2259,2258,'user',1,'0',0,0),(2260,2259,'user',1,'0',0,0),(2261,2260,'user',1,'0',0,0),(2262,2261,'user',1,'0',0,0),(2263,2262,'user',1,'0',0,0),(2264,2263,'user',1,'0',0,0),(2265,2264,'user',1,'0',0,0),(2266,2265,'user',1,'0',0,0),(2267,2266,'user',1,'0',0,0),(2268,2267,'user',1,'0',0,0),(2269,2268,'user',1,'0',0,0),(2270,2269,'user',1,'0',0,0),(2271,2270,'user',1,'0',0,0),(2272,2271,'user',1,'0',0,0),(2273,2272,'user',1,'0',0,0),(2274,2273,'user',1,'0',0,0),(2275,2274,'user',1,'0',0,0),(2276,2275,'user',1,'0',0,0),(2277,2276,'user',1,'0',0,0),(2278,2277,'user',1,'0',0,0),(2279,2278,'user',1,'0',0,0),(2280,2279,'user',1,'0',0,0),(2281,2280,'user',1,'0',0,0),(2282,2281,'user',1,'0',0,0),(2283,2282,'user',1,'0',0,0),(2284,2283,'user',1,'0',0,0),(2285,2284,'user',1,'0',0,0),(2286,2285,'user',1,'0',0,0),(2287,2286,'user',1,'0',0,0),(2288,2287,'user',1,'0',0,0),(2289,2288,'user',1,'0',0,0),(2290,2289,'user',1,'0',0,0),(2291,2290,'user',1,'0',0,0),(2292,2291,'user',1,'0',0,0),(2293,2292,'user',1,'0',0,0),(2294,2293,'user',1,'0',0,0),(2295,2294,'user',1,'0',0,0),(2296,2295,'user',2,'0',0,0),(2297,2296,'user',1,'0',0,0),(2298,2297,'user',1,'0',0,0),(2299,2298,'user',2,'0',0,0),(2300,2299,'user',1,'0',0,0),(2301,2300,'user',2,'0',0,0),(2302,2301,'user',2,'0',0,0),(2303,2302,'user',1,'0',0,0),(2304,2303,'user',1,'0',0,0),(2305,2304,'user',1,'0',0,0),(2306,2305,'user',1,'0',0,0),(2307,2306,'user',1,'0',0,0),(2308,2307,'user',2,'0',0,0),(2309,2308,'user',2,'0',0,0),(2310,2309,'user',2,'0',0,0),(2311,2310,'user',1,'0',0,0),(2312,2311,'user',2,'0',0,0),(2313,2312,'user',1,'0',0,0),(2314,2313,'user',1,'0',0,0),(2315,2314,'user',1,'0',0,0),(2316,2315,'user',1,'0',0,0),(2317,2316,'user',1,'0',0,0),(2318,2317,'user',1,'0',0,0),(2319,2318,'user',2,'0',0,0),(2320,2319,'user',2,'0',0,0),(2321,2320,'user',1,'0',0,0),(2322,2321,'user',1,'0',0,0),(2323,2322,'user',1,'0',0,0),(2324,2323,'user',1,'0',0,0),(2325,2324,'user',1,'0',0,0),(2326,2325,'user',1,'0',0,0),(2327,2326,'user',2,'0',0,0),(2328,2327,'user',2,'0',0,0),(2329,2328,'user',2,'0',0,0),(2330,2329,'user',2,'0',0,0),(2331,2330,'user',1,'0',0,0),(2332,2331,'user',1,'0',0,0),(2333,2332,'user',1,'0',0,0),(2334,2333,'user',1,'0',0,0),(2335,2334,'user',1,'0',0,0),(2336,2335,'user',1,'0',0,0),(2337,2336,'user',1,'0',0,0),(2338,2337,'user',2,'0',0,0),(2339,2338,'user',1,'0',0,0),(2340,2339,'user',1,'0',0,0),(2341,2340,'user',1,'0',0,0),(2342,2341,'user',1,'0',0,0),(2343,2342,'user',1,'0',0,0),(2344,2343,'user',2,'0',0,0),(2345,2344,'user',1,'0',0,0),(2346,2345,'user',1,'0',0,0),(2347,2346,'user',1,'0',0,0),(2348,2347,'user',1,'0',0,0),(2349,2348,'user',1,'0',0,0),(2350,2349,'user',1,'0',0,0),(2351,2350,'user',2,'0',0,0),(2352,2351,'user',2,'0',0,0),(2353,2352,'user',2,'0',0,0),(2354,2353,'user',2,'0',0,0),(2355,2354,'user',2,'0',0,0),(2356,2355,'user',2,'0',0,0),(2357,2356,'user',2,'0',0,0),(2358,2357,'user',2,'0',0,0),(2359,2358,'user',2,'0',0,0),(2360,2359,'user',2,'0',0,0),(2361,2360,'user',2,'0',0,0),(2362,2361,'user',2,'0',0,0),(2363,2362,'user',2,'0',0,0),(2364,2363,'user',2,'0',0,0),(2365,2364,'user',2,'0',0,0),(2366,2365,'user',2,'0',0,0),(2367,2366,'user',2,'0',0,0),(2368,2367,'user',2,'0',0,0),(2369,2368,'user',2,'0',0,0),(2370,2369,'user',2,'0',0,0),(2371,2370,'user',2,'0',0,0),(2372,2371,'user',2,'0',0,0),(2373,2372,'user',1,'0',0,0),(2374,2373,'user',1,'0',0,0),(2375,2374,'user',1,'0',0,0),(2376,2375,'user',1,'0',0,0),(2377,2376,'user',1,'0',0,0),(2378,2377,'user',1,'0',0,0),(2379,2378,'user',1,'0',0,0),(2380,2379,'user',2,'0',0,0),(2381,2380,'user',2,'0',0,0),(2382,2381,'user',1,'0',0,0),(2383,2382,'user',1,'0',0,0),(2384,2383,'user',1,'0',0,0),(2385,2384,'user',1,'0',0,0),(2386,2385,'user',1,'0',0,0),(2387,2386,'user',1,'0',0,0),(2388,2387,'user',1,'0',0,0),(2389,2388,'user',1,'0',0,0),(2390,2389,'user',1,'0',0,0),(2391,2390,'user',1,'0',0,0),(2392,2391,'user',1,'0',0,0),(2393,2392,'user',1,'0',0,0),(2394,2393,'user',1,'0',0,0),(2395,2394,'user',1,'0',0,0),(2396,2395,'user',1,'0',0,0),(2397,2396,'user',2,'0',0,0),(2398,2397,'user',2,'0',0,0),(2399,2398,'user',2,'0',0,0),(2400,2399,'user',2,'0',0,0),(2401,2400,'user',2,'0',0,0),(2402,2401,'user',2,'0',0,0),(2403,2402,'user',2,'0',0,0),(2404,2403,'user',2,'0',0,0),(2405,2404,'user',2,'0',0,0),(2406,2405,'user',2,'0',0,0),(2407,2406,'user',2,'0',0,0),(2408,2407,'user',2,'0',0,0),(2409,2408,'user',2,'0',0,0),(2410,2409,'user',2,'0',0,0),(2411,2410,'user',2,'0',0,0),(2412,2411,'user',2,'0',0,0),(2413,2412,'user',2,'0',0,0),(2414,2413,'user',2,'0',0,0),(2415,2414,'user',2,'0',0,0),(2416,2415,'user',2,'0',0,0),(2417,2416,'user',2,'0',0,0),(2418,2417,'user',2,'0',0,0),(2419,2418,'user',2,'0',0,0),(2420,2419,'user',1,'0',0,0),(2421,2420,'user',1,'0',0,0),(2422,2421,'user',1,'0',0,0),(2423,2422,'user',1,'0',0,0),(2424,2423,'user',1,'0',0,0),(2425,2424,'user',1,'0',0,0),(2426,2425,'user',1,'0',0,0),(2427,2426,'user',1,'0',0,0),(2428,2427,'user',1,'0',0,0),(2429,2428,'user',1,'0',0,0),(2430,2429,'user',1,'0',0,0),(2431,2430,'user',2,'0',0,0),(2432,2431,'user',2,'0',0,0),(2433,2432,'user',2,'0',0,0),(2434,2433,'user',2,'0',0,0),(2435,2434,'user',1,'0',0,0),(2436,2435,'user',1,'0',0,0),(2437,2436,'user',1,'0',0,0),(2438,2437,'user',1,'0',0,0),(2439,2438,'user',1,'0',0,0),(2440,2439,'user',2,'0',0,0),(2441,2440,'user',2,'0',0,0),(2442,2441,'user',2,'0',0,0),(2443,2442,'user',2,'0',0,0),(2444,2443,'user',2,'0',0,0),(2445,2444,'user',2,'0',0,0),(2446,2445,'user',2,'0',0,0),(2447,2446,'user',2,'0',0,0),(2448,2447,'user',2,'0',0,0),(2449,2448,'user',2,'0',0,0),(2450,2449,'user',2,'0',0,0),(2451,2450,'user',2,'0',0,0),(2452,2451,'user',2,'0',0,0),(2453,2452,'user',2,'0',0,0),(2454,2453,'user',2,'0',0,0),(2455,2454,'user',2,'0',0,0),(2456,2455,'user',2,'0',0,0),(2457,2456,'user',2,'0',0,0),(2458,2457,'user',2,'0',0,0),(2459,2458,'user',2,'0',0,0),(2460,2459,'user',2,'0',0,0),(2461,2460,'user',2,'0',0,0),(2462,2461,'user',2,'0',0,0),(2463,2462,'user',2,'0',0,0),(2464,2463,'user',2,'0',0,0),(2465,2464,'user',2,'0',0,0),(2466,2465,'user',2,'0',0,0),(2467,2466,'user',2,'0',0,0),(2468,2467,'user',2,'0',0,0),(2469,2468,'user',2,'0',0,0),(2470,2469,'user',2,'0',0,0),(2471,2470,'user',2,'0',0,0),(2472,2471,'user',2,'0',0,0),(2473,2472,'user',2,'0',0,0),(2474,2473,'user',2,'0',0,0),(2475,2474,'user',2,'0',0,0),(2476,2475,'user',2,'0',0,0),(2477,2476,'user',2,'0',0,0),(2478,2477,'user',2,'0',0,0),(2479,2478,'user',2,'0',0,0),(2480,2479,'user',2,'0',0,0),(2481,2480,'user',2,'0',0,0),(2482,2481,'user',2,'0',0,0),(2483,2482,'user',2,'0',0,0),(2484,2483,'user',2,'0',0,0),(2485,2484,'user',2,'0',0,0),(2486,2485,'user',2,'0',0,0),(2487,2486,'user',2,'0',0,0),(2488,2487,'user',2,'0',0,0),(2489,2488,'user',2,'0',0,0),(2490,2489,'user',2,'0',0,0),(2491,2490,'user',2,'0',0,0),(2492,2491,'user',2,'0',0,0),(2493,2492,'user',2,'0',0,0),(2494,2493,'user',1,'0',0,0),(2495,2494,'user',1,'0',0,0),(2496,2495,'user',1,'0',0,0),(2497,2496,'user',1,'0',0,0),(2498,2497,'user',1,'0',0,0),(2499,2498,'user',1,'0',0,0),(2500,2499,'user',1,'0',0,0),(2501,2500,'user',2,'0',0,0),(2502,2501,'user',2,'0',0,0),(2503,2502,'user',2,'0',0,0),(2504,2503,'user',2,'0',0,0),(2505,2504,'user',2,'0',0,0),(2506,2505,'user',2,'0',0,0),(2507,2506,'user',2,'0',0,0),(2508,2507,'user',2,'0',0,0),(2509,2508,'user',2,'0',0,0),(2510,2509,'user',2,'0',0,0),(2511,2510,'user',2,'0',0,0),(2512,2511,'user',2,'0',0,0),(2513,2512,'user',2,'0',0,0),(2514,2513,'user',2,'0',0,0),(2515,2514,'user',2,'0',0,0),(2516,2515,'user',2,'0',0,0),(2517,2516,'user',2,'0',0,0),(2518,2517,'user',2,'0',0,0),(2519,2518,'user',2,'0',0,0),(2520,2519,'user',2,'0',0,0),(2521,2520,'user',2,'0',0,0),(2522,2521,'user',2,'0',0,0),(2523,2522,'user',1,'0',0,0),(2524,2523,'user',1,'0',0,0),(2525,2524,'user',1,'0',0,0),(2526,2525,'user',1,'0',0,0),(2527,2526,'user',1,'0',0,0),(2528,2527,'user',1,'0',0,0),(2529,2528,'user',1,'0',0,0),(2530,2529,'user',1,'0',0,0),(2531,2530,'user',1,'0',0,0),(2532,2531,'user',1,'0',0,0),(2533,2532,'user',1,'0',0,0),(2534,2533,'user',1,'0',0,0),(2535,2534,'user',1,'0',0,0),(2536,2535,'user',1,'0',0,0),(2537,2536,'user',1,'0',0,0),(2538,2537,'user',1,'0',0,0),(2539,2538,'user',1,'0',0,0),(2540,2539,'user',1,'0',0,0),(2541,2540,'user',1,'0',0,0),(2542,2541,'user',1,'0',0,0),(2543,2542,'user',1,'0',0,0),(2544,2543,'user',1,'0',0,0),(2545,2544,'user',1,'0',0,0),(2546,2545,'user',1,'0',0,0),(2547,2546,'user',1,'0',0,0),(2548,2547,'user',1,'0',0,0),(2549,2548,'user',1,'0',0,0),(2550,2549,'user',1,'0',0,0),(2551,2550,'user',1,'0',0,0),(2552,2551,'user',1,'0',0,0),(2553,2552,'user',1,'0',0,0),(2554,2553,'user',1,'0',0,0),(2555,2554,'user',1,'0',0,0),(2556,2555,'user',1,'0',0,0),(2557,2556,'user',1,'0',0,0),(2558,2557,'user',1,'0',0,0),(2559,2558,'user',1,'0',0,0),(2560,2559,'user',1,'0',0,0),(2561,2560,'user',1,'0',0,0),(2562,2561,'user',1,'0',0,0),(2563,2562,'user',1,'0',0,0),(2564,2563,'user',1,'0',0,0),(2565,2564,'user',1,'0',0,0),(2566,2565,'user',1,'0',0,0),(2567,2566,'user',1,'0',0,0),(2568,2567,'user',1,'0',0,0),(2569,2568,'user',1,'0',0,0),(2570,2569,'user',1,'0',0,0),(2571,2570,'user',1,'0',0,0),(2572,2571,'user',1,'0',0,0),(2573,2572,'user',1,'0',0,0),(2574,2573,'user',1,'0',0,0),(2575,2574,'user',1,'0',0,0),(2576,2575,'user',1,'0',0,0),(2577,2576,'user',1,'0',0,0),(2578,2577,'user',1,'0',0,0),(2579,2578,'user',1,'0',0,0),(2580,2579,'user',1,'0',0,0),(2582,2581,'user',1,'0',0,0),(2583,2582,'user',1,'0',0,0),(2584,2583,'user',1,'0',0,0),(2585,2584,'user',1,'0',0,0),(2587,2586,'user',1,'0',0,0),(2588,2587,'user',1,'0',0,0),(2589,2588,'user',1,'0',0,0),(2590,2589,'user',1,'0',0,0),(2591,2590,'user',1,'0',0,0),(2592,2591,'user',1,'0',0,0),(2593,2592,'user',1,'0',0,0),(2594,2593,'user',1,'0',0,0),(2595,2594,'user',1,'0',0,0),(2596,2595,'user',1,'0',0,0),(2597,2596,'user',1,'0',0,0),(2598,2597,'user',1,'0',0,0),(2599,2598,'user',1,'0',0,0),(2600,2599,'user',1,'0',0,0),(2601,2600,'user',1,'0',0,0),(2602,2601,'user',1,'0',0,0),(2603,2602,'user',1,'0',0,0),(2604,2603,'user',1,'0',0,0),(2605,2604,'user',1,'0',0,0),(2606,2605,'user',1,'0',0,0),(2607,2606,'user',1,'0',0,0),(2608,2607,'user',1,'0',0,0),(2609,2608,'user',1,'0',0,0),(2610,2609,'user',1,'0',0,0),(2611,2610,'user',1,'0',0,0),(2612,2611,'user',1,'0',0,0),(2613,2612,'user',1,'0',0,0),(2614,2613,'user',1,'0',0,0),(2615,2614,'user',1,'0',0,0),(2616,2615,'user',1,'0',0,0),(2618,2617,'user',1,'0',0,0),(2619,2618,'user',1,'0',0,0),(2620,2619,'user',1,'0',0,0),(2621,2620,'user',1,'0',0,0),(2622,2621,'user',1,'0',0,0),(2623,2622,'user',1,'0',0,0),(2624,2623,'user',1,'0',0,0),(2625,2624,'user',1,'0',0,0),(2626,2625,'user',1,'0',0,0),(2627,2626,'user',1,'0',0,0),(2628,2627,'user',1,'0',0,0),(2629,2628,'user',1,'0',0,0),(2630,2629,'user',1,'0',0,0),(2631,2630,'user',1,'0',0,0),(2632,2631,'user',1,'0',0,0),(2633,2632,'user',1,'0',0,0),(2634,2633,'user',1,'0',0,0),(2635,2634,'user',1,'0',0,0),(2636,2635,'user',1,'0',0,0),(2637,2636,'user',1,'0',0,0),(2638,2637,'user',1,'0',0,0),(2639,2638,'user',1,'0',0,0),(2640,2639,'user',1,'0',0,0),(2641,2640,'user',1,'0',0,0),(2642,2641,'user',1,'0',0,0),(2643,2642,'user',1,'0',0,0),(2644,2643,'user',1,'0',0,0),(2645,2644,'user',1,'0',0,0),(2646,2645,'user',1,'0',0,0),(2647,2646,'user',1,'0',0,0),(2648,2647,'user',1,'0',0,0),(2649,2648,'user',1,'0',0,0),(2650,2649,'user',1,'0',0,0),(2651,2650,'user',1,'0',0,0),(2652,2651,'user',1,'0',0,0),(2653,2652,'user',1,'0',0,0),(2654,2653,'user',1,'0',0,0),(2655,2654,'user',1,'0',0,0),(2656,2655,'user',1,'0',0,0),(2657,2656,'user',1,'0',0,0),(2658,2657,'user',1,'0',0,0),(2659,2658,'user',1,'0',0,0),(2660,2659,'user',1,'0',0,0),(2661,2660,'user',1,'0',0,0),(2662,2661,'user',1,'0',0,0),(2663,2662,'user',1,'0',0,0),(2664,2663,'user',1,'0',0,0),(2665,2664,'user',1,'0',0,0),(2666,2665,'user',1,'0',0,0),(2667,2666,'user',1,'0',0,0),(2668,2667,'user',1,'0',0,0),(2669,2668,'user',1,'0',0,0),(2670,2669,'user',1,'0',0,0),(2671,2670,'user',1,'0',0,0),(2672,2671,'user',1,'0',0,0),(2673,2672,'user',1,'0',0,0),(2674,2673,'user',1,'0',0,0),(2675,2674,'user',1,'0',0,0),(2676,2675,'user',1,'0',0,0),(2677,2676,'user',1,'0',0,0),(2678,2677,'user',1,'0',0,0),(2679,2678,'user',1,'0',0,0),(2680,2679,'user',1,'0',0,0),(2681,2680,'user',1,'0',0,0),(2682,2681,'user',1,'0',0,0),(2683,2682,'user',1,'0',0,0),(2684,2683,'user',1,'0',0,0),(2685,2684,'user',1,'0',0,0),(2686,2685,'user',1,'0',0,0),(2687,2686,'user',1,'0',0,0),(2688,2687,'user',1,'0',0,0),(2689,2688,'user',1,'0',0,0),(2690,2689,'user',1,'0',0,0),(2691,2690,'user',1,'0',0,0),(2692,2691,'user',1,'0',0,0),(2693,2692,'user',1,'0',0,0),(2694,2693,'user',1,'0',0,0),(2695,2694,'user',1,'0',0,0),(2696,2695,'user',1,'0',0,0),(2697,2696,'user',1,'0',0,0),(2698,2697,'user',1,'0',0,0),(2699,2698,'user',1,'0',0,0),(2700,2699,'user',1,'0',0,0),(2701,2700,'user',1,'0',0,0),(2702,2701,'user',1,'0',0,0),(2703,2702,'user',1,'0',0,0),(2704,2703,'user',1,'0',0,0),(2705,2704,'user',1,'0',0,0),(2706,2705,'user',1,'0',0,0),(2707,2706,'user',1,'0',0,0),(2708,2707,'user',1,'0',0,0),(2709,2708,'user',1,'0',0,0),(2710,2709,'user',1,'0',0,0),(2711,2710,'user',1,'0',0,0),(2712,2711,'user',1,'0',0,0),(2713,2712,'user',1,'0',0,0),(2714,2713,'user',1,'0',0,0),(2715,2714,'user',1,'0',0,0),(2716,2715,'user',1,'0',0,0),(2717,2716,'user',1,'0',0,0),(2718,2717,'user',1,'0',0,0),(2719,2718,'user',1,'0',0,0),(2720,2719,'user',1,'0',0,0),(2721,2720,'user',1,'0',0,0),(2722,2721,'user',1,'0',0,0),(2723,2722,'user',1,'0',0,0),(2724,2723,'user',1,'0',0,0),(2725,2724,'user',1,'0',0,0),(2726,2725,'user',1,'0',0,0),(2727,2726,'user',1,'0',0,0),(2728,2727,'user',1,'0',0,0),(2729,2728,'user',1,'0',0,0),(2730,2729,'user',1,'0',0,0),(2731,2730,'user',1,'0',0,0),(2732,2731,'user',1,'0',0,0),(2733,2732,'user',1,'0',0,0),(2734,2733,'user',1,'0',0,0),(2735,2734,'user',1,'0',0,0),(2736,2735,'user',1,'0',0,0),(2737,2736,'user',1,'0',0,0),(2738,2737,'user',1,'0',0,0),(2739,2738,'user',1,'0',0,0),(2740,2739,'user',1,'0',0,0),(2741,2740,'user',1,'0',0,0),(2742,2741,'user',1,'0',0,0),(2743,2742,'user',1,'0',0,0),(2744,2743,'user',1,'0',0,0),(2745,2744,'user',1,'0',0,0),(2746,2745,'user',1,'0',0,0),(2747,2746,'user',1,'0',0,0),(2748,2747,'user',1,'0',0,0),(2749,2748,'user',1,'0',0,0),(2750,2749,'user',1,'0',0,0),(2751,2750,'user',1,'0',0,0),(2752,2751,'user',1,'0',0,0),(2753,2752,'user',1,'0',0,0),(2754,2753,'user',1,'0',0,0),(2755,2754,'user',1,'0',0,0),(2756,2755,'user',1,'0',0,0),(2757,2756,'user',1,'0',0,0),(2758,2757,'user',1,'0',0,0),(2759,2758,'user',1,'0',0,0),(2760,2759,'user',1,'0',0,0),(2761,2760,'user',1,'0',0,0),(2762,2761,'user',1,'0',0,0),(2763,2762,'user',1,'0',0,0),(2764,2763,'user',1,'0',0,0),(2765,2764,'user',1,'0',0,0),(2766,2765,'user',1,'0',0,0),(2767,2766,'user',1,'0',0,0),(2768,2767,'user',1,'0',0,0),(2769,2768,'user',1,'0',0,0),(2770,2769,'user',1,'0',0,0),(2771,2770,'user',1,'0',0,0),(2772,2771,'user',1,'0',0,0),(2773,2772,'user',1,'0',0,0),(2774,2773,'user',1,'0',0,0),(2775,2774,'user',1,'0',0,0),(2776,2775,'user',1,'0',0,0),(2777,2776,'user',1,'0',0,0),(2778,2777,'user',1,'0',0,0),(2779,2778,'user',1,'0',0,0),(2780,2779,'user',1,'0',0,0),(2781,2780,'user',1,'0',0,0),(2782,2781,'user',1,'0',0,0),(2783,2782,'user',1,'0',0,0),(2784,2783,'user',1,'0',0,0),(2785,2784,'user',1,'0',0,0),(2786,2785,'user',1,'0',0,0),(2787,2786,'user',1,'0',0,0),(2788,2787,'user',1,'0',0,0),(2789,2788,'user',1,'0',0,0),(2790,2789,'user',1,'0',0,0),(2791,2790,'user',1,'0',0,0),(2792,2791,'user',1,'0',0,0),(2793,2792,'user',1,'0',0,0),(2794,2793,'user',1,'0',0,0),(2795,2794,'user',1,'0',0,0),(2796,2795,'user',1,'0',0,0),(2797,2796,'user',1,'0',0,0),(2798,2797,'user',1,'0',0,0),(2799,2798,'user',1,'0',0,0),(2800,2799,'user',1,'0',0,0),(2801,2800,'user',1,'0',0,0),(2802,2801,'user',1,'0',0,0),(2803,2802,'user',1,'0',0,0),(2804,2803,'user',1,'0',0,0),(2805,2804,'user',1,'0',0,0),(2806,2805,'user',1,'0',0,0),(2807,2806,'user',1,'0',0,0),(2808,2807,'user',1,'0',0,0),(2809,2808,'user',1,'0',0,0),(2810,2809,'user',1,'0',0,0),(2811,2810,'user',1,'0',0,0),(2812,2811,'user',1,'0',0,0),(2813,2812,'user',1,'0',0,0),(2814,2813,'user',1,'0',0,0),(2815,2814,'user',1,'0',0,0),(2816,2815,'user',1,'0',0,0),(2817,2816,'user',1,'0',0,0),(2818,2817,'user',1,'0',0,0),(2819,2818,'user',1,'0',0,0),(2820,2819,'user',1,'0',0,0),(2821,2820,'user',1,'0',0,0),(2822,2821,'user',1,'0',0,0),(2823,2822,'user',1,'0',0,0),(2824,2823,'user',1,'0',0,0),(2825,2824,'user',1,'0',0,0),(2826,2825,'user',1,'0',0,0),(2827,2826,'user',1,'0',0,0),(2828,2827,'user',1,'0',0,0),(2829,2828,'user',1,'0',0,0),(2830,2829,'user',1,'0',0,0),(2831,2830,'user',1,'0',0,0),(2832,2831,'user',1,'0',0,0),(2833,2832,'user',1,'0',0,0),(2834,2833,'user',1,'0',0,0),(2835,2834,'user',1,'0',0,0),(2836,2835,'user',1,'0',0,0),(2837,2836,'user',1,'0',0,0),(2838,2837,'user',1,'0',0,0),(2839,2838,'user',1,'0',0,0),(2840,2839,'user',1,'0',0,0),(2841,2840,'user',1,'0',0,0),(2842,2841,'user',1,'0',0,0),(2843,2842,'user',1,'0',0,0),(2844,2843,'user',1,'0',0,0),(2845,2844,'user',1,'0',0,0),(2846,2845,'user',1,'0',0,0),(2847,2846,'user',1,'0',0,0),(2848,2847,'user',1,'0',0,0),(2849,2848,'user',1,'0',0,0),(2850,2849,'user',1,'0',0,0),(2851,2850,'user',1,'0',0,0),(2852,2851,'user',1,'0',0,0),(2853,2852,'user',1,'0',0,0),(2854,2853,'user',1,'0',0,0),(2855,2854,'user',1,'0',0,0),(2856,2855,'user',1,'0',0,0),(2857,2856,'user',1,'0',0,0),(2858,2857,'user',1,'0',0,0),(2859,2858,'user',1,'0',0,0),(2860,2859,'user',1,'0',0,0),(2861,2860,'user',1,'0',0,0),(2862,2861,'user',1,'0',0,0),(2863,2862,'user',1,'0',0,0),(2864,2863,'user',1,'0',0,0),(2865,2864,'user',1,'0',0,0),(2866,2865,'user',1,'0',0,0),(2867,2866,'user',1,'0',0,0),(2868,2867,'user',1,'0',0,0),(2869,2868,'user',1,'0',0,0),(2870,2869,'user',1,'0',0,0),(2871,2870,'user',1,'0',0,0),(2872,2871,'user',1,'0',0,0),(2873,2872,'user',1,'0',0,0),(2874,2873,'user',1,'0',0,0),(2875,2874,'user',1,'0',0,0),(2876,2875,'user',1,'0',0,0),(2877,2876,'user',1,'0',0,0),(2878,2877,'user',1,'0',0,0),(2879,2878,'user',1,'0',0,0),(2880,2879,'user',1,'0',0,0),(2881,2880,'user',1,'0',0,0),(2882,2881,'user',1,'0',0,0),(2883,2882,'user',1,'0',0,0),(2884,2883,'user',1,'0',0,0),(2885,2884,'user',1,'0',0,0),(2886,2885,'user',1,'0',0,0),(2887,2886,'user',1,'0',0,0),(2888,2887,'user',1,'0',0,0),(2889,2888,'user',1,'0',0,0),(2890,2889,'user',1,'0',0,0),(2891,2890,'user',1,'0',0,0),(2892,2891,'user',1,'0',0,0),(2893,2892,'user',1,'0',0,0),(2894,2893,'user',1,'0',0,0),(2895,2894,'user',1,'0',0,0),(2896,2895,'user',1,'0',0,0),(2897,2896,'user',1,'0',0,0),(2898,2897,'user',1,'0',0,0),(2899,2898,'user',1,'0',0,0),(2900,2899,'user',1,'0',0,0),(2901,2900,'user',1,'0',0,0),(2902,2901,'user',1,'0',0,0),(2903,2902,'user',1,'0',0,0),(2904,2903,'user',1,'0',0,0),(2905,2904,'user',1,'0',0,0),(2906,2905,'user',1,'0',0,0),(2907,2906,'user',1,'0',0,0),(2908,2907,'user',1,'0',0,0),(2909,2908,'user',1,'0',0,0),(2910,2909,'user',1,'0',0,0),(2911,2910,'user',1,'0',0,0),(2912,2911,'user',1,'0',0,0),(2913,2912,'user',1,'0',0,0),(2914,2913,'user',1,'0',0,0),(2915,2914,'user',1,'0',0,0),(2916,2915,'user',1,'0',0,0),(2917,2916,'user',1,'0',0,0),(2918,2917,'user',1,'0',0,0),(2919,2918,'user',1,'0',0,0),(2920,2919,'user',1,'0',0,0),(2921,2920,'user',1,'0',0,0),(2922,2921,'user',1,'0',0,0),(2923,2922,'user',1,'0',0,0),(2924,2923,'user',1,'0',0,0),(2925,2924,'user',1,'0',0,0),(2926,2925,'user',1,'0',0,0),(2927,2926,'user',1,'0',0,0),(2928,2927,'user',1,'0',0,0),(2929,2928,'user',1,'0',0,0),(2930,2929,'user',1,'0',0,0),(2931,2930,'user',1,'0',0,0),(2932,2931,'user',1,'0',0,0),(2933,2932,'user',1,'0',0,0),(2934,2933,'user',1,'0',0,0),(2935,2934,'user',1,'0',0,0),(2936,2935,'user',1,'0',0,0),(2937,2936,'user',1,'0',0,0),(2938,2937,'user',1,'0',0,0),(2939,2938,'user',1,'0',0,0),(2940,2939,'user',1,'0',0,0),(2941,2940,'user',1,'0',0,0),(2942,2941,'user',1,'0',0,0),(2943,2942,'user',1,'0',0,0),(2944,2943,'user',1,'0',0,0),(2945,2944,'user',1,'0',0,0),(2946,2945,'user',1,'0',0,0),(2947,2946,'user',2,'0',0,0),(2948,2947,'user',2,'0',0,0),(2949,2948,'user',2,'0',0,0),(2950,2949,'user',1,'0',0,0),(2951,2950,'user',2,'0',0,0),(2952,2951,'user',1,'0',0,0),(2953,2952,'user',2,'0',0,0),(2954,2953,'user',1,'0',0,0),(2955,2954,'user',2,'0',0,0),(2956,2955,'user',1,'0',0,0),(2957,2956,'user',1,'0',0,0),(2958,2957,'user',1,'0',0,0),(2959,2958,'user',1,'0',0,0),(2960,2959,'user',1,'0',0,0),(2961,2960,'user',1,'0',0,0),(2962,2961,'user',1,'0',0,0),(2963,2962,'user',1,'0',0,0),(2964,2963,'user',1,'0',0,0),(2965,2964,'user',1,'0',0,0),(2966,2965,'user',1,'0',0,0),(2967,2966,'user',1,'0',0,0),(2968,2967,'user',1,'0',0,0),(2969,2968,'user',1,'0',0,0),(2970,2969,'user',1,'0',0,0),(2971,2970,'user',1,'0',0,0),(2972,2971,'user',1,'0',0,0),(2973,2972,'user',1,'0',0,0),(2974,2973,'user',1,'0',0,0),(2975,2974,'user',1,'0',0,0),(2976,2975,'user',1,'0',0,0),(2977,2976,'user',1,'0',0,0),(2978,2977,'user',1,'0',0,0),(2979,2978,'user',1,'0',0,0),(2980,2979,'user',1,'0',0,0),(2981,2980,'user',1,'0',0,0),(2982,2981,'user',1,'0',0,0),(2983,2982,'user',1,'0',0,0),(2984,2983,'user',1,'0',0,0),(2985,2984,'user',1,'0',0,0),(2986,2985,'user',1,'0',0,0),(2987,2986,'user',1,'0',0,0),(2988,2987,'user',1,'0',0,0),(2989,2988,'user',1,'0',0,0),(2990,2989,'user',1,'0',0,0),(2991,2990,'user',1,'0',0,0),(2992,2991,'user',1,'0',0,0),(2993,2992,'user',1,'0',0,0),(2994,2993,'user',1,'0',0,0),(2995,2994,'user',1,'0',0,0),(2996,2995,'user',1,'0',0,0),(2997,2996,'user',1,'0',0,0),(2998,2997,'user',1,'0',0,0),(2999,2998,'user',1,'0',0,0),(3000,2999,'user',1,'0',0,0),(3001,3000,'user',1,'0',0,0),(3002,3001,'user',1,'0',0,0),(3003,3002,'user',1,'0',0,0),(3004,3003,'user',1,'0',0,0),(3005,3004,'user',1,'0',0,0),(3006,3005,'user',1,'0',0,0),(3007,3006,'user',1,'0',0,0),(3008,3007,'user',1,'0',0,0),(3009,3008,'user',1,'0',0,0),(3010,3009,'user',1,'0',0,0),(3011,3010,'user',1,'0',0,0),(3012,3011,'user',1,'0',0,0),(3013,3012,'user',1,'0',0,0),(3014,3013,'user',1,'0',0,0),(3015,3014,'user',1,'0',0,0),(3016,3015,'user',1,'0',0,0),(3017,3016,'user',1,'0',0,0),(3018,3017,'user',1,'0',0,0),(3019,3018,'user',1,'0',0,0),(3020,3019,'user',1,'0',0,0),(3021,3020,'user',1,'0',0,0),(3022,3021,'user',1,'0',0,0),(3023,3022,'user',1,'0',0,0),(3024,3023,'user',1,'0',0,0),(3025,3024,'user',1,'0',0,0),(3026,3025,'user',1,'0',0,0),(3027,3026,'user',1,'0',0,0),(3028,3027,'user',1,'0',0,0),(3029,3028,'user',1,'0',0,0),(3030,3029,'user',1,'0',0,0),(3031,3030,'user',1,'0',0,0),(3032,3031,'user',1,'0',0,0),(3033,3032,'user',1,'0',0,0),(3034,3033,'user',1,'0',0,0),(3035,3034,'user',1,'0',0,0),(3036,3035,'user',1,'0',0,0),(3037,3036,'user',1,'0',0,0),(3038,3037,'user',1,'0',0,0),(3039,3038,'user',1,'0',0,0),(3040,3039,'user',1,'0',0,0),(3041,3040,'user',1,'0',0,0),(3042,3041,'user',1,'0',0,0),(3043,3042,'user',1,'0',0,0),(3044,3043,'user',1,'0',0,0),(3045,3044,'user',1,'0',0,0),(3046,3045,'user',1,'0',0,0),(3047,3046,'user',1,'0',0,0),(3048,3047,'user',1,'0',0,0),(3049,3048,'user',1,'0',0,0),(3050,3049,'user',1,'0',0,0),(3051,3050,'user',1,'0',0,0),(3052,3051,'user',1,'0',0,0),(3053,3052,'user',1,'0',0,0),(3054,3053,'user',1,'0',0,0),(3055,3054,'user',1,'0',0,0),(3056,3055,'user',1,'0',0,0),(3057,3056,'user',1,'0',0,0),(3058,3057,'user',1,'0',0,0),(3059,3058,'user',1,'0',0,0),(3060,3059,'user',1,'0',0,0),(3061,3060,'user',1,'0',0,0),(3062,3061,'user',1,'0',0,0),(3063,3062,'user',1,'0',0,0),(3064,3063,'user',1,'0',0,0),(3065,3064,'user',1,'0',0,0),(3066,3065,'user',1,'0',0,0),(3067,3066,'user',1,'0',0,0),(3068,3067,'user',1,'0',0,0),(3069,3068,'user',1,'0',0,0),(3070,3069,'user',1,'0',0,0),(3071,3070,'user',1,'0',0,0),(3072,3071,'user',1,'0',0,0),(3073,3072,'user',1,'0',0,0),(3074,3073,'user',1,'0',0,0),(3075,3074,'user',1,'0',0,0),(3076,3075,'user',1,'0',0,0),(3077,3076,'user',1,'0',0,0),(3078,3077,'user',1,'0',0,0),(3079,3078,'user',1,'0',0,0),(3080,3079,'user',1,'0',0,0),(3081,3080,'user',1,'0',0,0),(3082,3081,'user',1,'0',0,0),(3083,3082,'user',1,'0',0,0),(3084,3083,'user',1,'0',0,0),(3085,3084,'user',1,'0',0,0),(3086,3085,'user',1,'0',0,0),(3087,3086,'user',1,'0',0,0),(3088,3087,'user',1,'0',0,0),(3089,3088,'user',1,'0',0,0),(3090,3089,'user',1,'0',0,0),(3091,3090,'user',1,'0',0,0),(3092,3091,'user',1,'0',0,0),(3093,3092,'user',1,'0',0,0),(3094,3093,'user',1,'0',0,0),(3095,3094,'user',1,'0',0,0),(3096,3095,'user',1,'0',0,0),(3097,3096,'user',1,'0',0,0),(3098,3097,'user',1,'0',0,0),(3099,3098,'user',1,'0',0,0),(3100,3099,'user',1,'0',0,0),(3101,3100,'user',1,'0',0,0),(3102,3101,'user',1,'0',0,0),(3103,3102,'user',1,'0',0,0),(3104,3103,'user',1,'0',0,0),(3105,3104,'user',1,'0',0,0),(3106,3105,'user',1,'0',0,0),(3107,3106,'user',1,'0',0,0),(3108,3107,'user',1,'0',0,0),(3109,3108,'user',1,'0',0,0),(3110,3109,'user',1,'0',0,0),(3111,3110,'user',1,'0',0,0),(3112,3111,'user',1,'0',0,0),(3113,3112,'user',1,'0',0,0),(3114,3113,'user',1,'0',0,0),(3115,3114,'user',1,'0',0,0),(3116,3115,'user',1,'0',0,0),(3117,3116,'user',1,'0',0,0),(3118,3117,'user',1,'0',0,0),(3119,3118,'user',1,'0',0,0),(3120,3119,'user',1,'0',0,0),(3121,3120,'user',1,'0',0,0),(3122,3121,'user',1,'0',0,0),(3123,3122,'user',1,'0',0,0),(3124,3123,'user',1,'0',0,0),(3125,3124,'user',1,'0',0,0),(3126,3125,'user',1,'0',0,0),(3127,3126,'user',1,'0',0,0),(3128,3127,'user',1,'0',0,0),(3129,3128,'user',1,'0',0,0),(3130,3129,'user',1,'0',0,0),(3131,3130,'user',1,'0',0,0),(3132,3131,'user',1,'0',0,0);

--
-- Table structure for table `llxml_adherent`
--

CREATE TABLE `llxml_adherent` (
  `rowid` int(11) NOT NULL AUTO_INCREMENT,
  `entity` int(11) NOT NULL DEFAULT 1,
  `ref_ext` varchar(128) DEFAULT NULL,
  `civility` varchar(6) DEFAULT NULL,
  `lastname` varchar(50) DEFAULT NULL,
  `firstname` varchar(50) DEFAULT NULL,
  `login` varchar(50) DEFAULT NULL,
  `pass` varchar(50) DEFAULT NULL,
  `pass_crypted` varchar(128) DEFAULT NULL,
  `fk_adherent_type` int(11) NOT NULL,
  `morphy` varchar(3) NOT NULL,
  `societe` varchar(128) DEFAULT NULL,
  `fk_soc` int(11) DEFAULT NULL,
  `address` text DEFAULT NULL,
  `zip` varchar(30) DEFAULT NULL,
  `town` varchar(50) DEFAULT NULL,
  `state_id` int(11) DEFAULT NULL,
  `country` int(11) DEFAULT NULL,
  `email` varchar(255) DEFAULT NULL,
  `socialnetworks` text DEFAULT NULL,
  `skype` varchar(255) DEFAULT NULL,
  `phone` varchar(30) DEFAULT NULL,
  `phone_perso` varchar(30) DEFAULT NULL,
  `phone_mobile` varchar(30) DEFAULT NULL,
  `birth` date DEFAULT NULL,
  `photo` varchar(255) DEFAULT NULL,
  `statut` smallint(6) NOT NULL DEFAULT 0,
  `public` smallint(6) NOT NULL DEFAULT 0,
  `datefin` datetime DEFAULT NULL,
  `note_private` text DEFAULT NULL,
  `note_public` text DEFAULT NULL,
  `model_pdf` varchar(255) DEFAULT NULL,
  `datevalid` datetime DEFAULT NULL,
  `datec` datetime DEFAULT NULL,
  `tms` timestamp NOT NULL DEFAULT current_timestamp() ON UPDATE current_timestamp(),
  `fk_user_author` int(11) DEFAULT NULL,
  `fk_user_mod` int(11) DEFAULT NULL,
  `fk_user_valid` int(11) DEFAULT NULL,
  `canvas` varchar(32) DEFAULT NULL,
  `import_key` varchar(14) DEFAULT NULL,
  `twitter` varchar(255) DEFAULT NULL,
  `facebook` varchar(255) DEFAULT NULL,
  `instagram` varchar(255) DEFAULT NULL,
  `snapchat` varchar(255) DEFAULT NULL,
  `googleplus` varchar(255) DEFAULT NULL,
  `youtube` varchar(255) DEFAULT NULL,
  `whatsapp` varchar(255) DEFAULT NULL,
  `linkedin` varchar(255) DEFAULT NULL,
  `gender` varchar(10) DEFAULT NULL,
  PRIMARY KEY (`rowid`),
  UNIQUE KEY `uk_adherent_login` (`login`,`entity`),
  UNIQUE KEY `uk_adherent_fk_soc` (`fk_soc`),
  KEY `idx_adherent_fk_adherent_type` (`fk_adherent_type`),
  CONSTRAINT `adherent_fk_soc` FOREIGN KEY (`fk_soc`) REFERENCES `llxml_societe` (`rowid`),
  CONSTRAINT `fk_adherent_adherent_type` FOREIGN KEY (`fk_adherent_type`) REFERENCES `llxml_adherent_type` (`rowid`)
) ENGINE=InnoDB DEFAULT CHARSET=utf8;

--
-- Dumping data for table `llxml_adherent`
--


--
-- Table structure for table `llxml_adherent_extrafields`
--

CREATE TABLE `llxml_adherent_extrafields` (
  `rowid` int(11) NOT NULL AUTO_INCREMENT,
  `tms` timestamp NOT NULL DEFAULT current_timestamp() ON UPDATE current_timestamp(),
  `fk_object` int(11) NOT NULL,
  `import_key` varchar(14) DEFAULT NULL,
  PRIMARY KEY (`rowid`),
  KEY `idx_adherent_extrafields` (`fk_object`)
) ENGINE=InnoDB DEFAULT CHARSET=utf8;

--
-- Dumping data for table `llxml_adherent_extrafields`
--


--
-- Table structure for table `llxml_adherent_type`
--

CREATE TABLE `llxml_adherent_type` (
  `rowid` int(11) NOT NULL AUTO_INCREMENT,
  `entity` int(11) NOT NULL DEFAULT 1,
  `tms` timestamp NOT NULL DEFAULT current_timestamp() ON UPDATE current_timestamp(),
  `statut` smallint(6) NOT NULL DEFAULT 0,
  `libelle` varchar(50) NOT NULL,
  `subscription` varchar(3) NOT NULL DEFAULT 'yes',
  `vote` varchar(3) NOT NULL DEFAULT 'yes',
  `note` text DEFAULT NULL,
  `mail_valid` text DEFAULT NULL,
  `morphy` varchar(3) DEFAULT NULL,
  `duration` varchar(6) DEFAULT NULL,
  PRIMARY KEY (`rowid`),
  UNIQUE KEY `uk_adherent_type_libelle` (`libelle`,`entity`)
) ENGINE=InnoDB DEFAULT CHARSET=utf8;

--
-- Dumping data for table `llxml_adherent_type`
--


--
-- Table structure for table `llxml_adherent_type_extrafields`
--

CREATE TABLE `llxml_adherent_type_extrafields` (
  `rowid` int(11) NOT NULL AUTO_INCREMENT,
  `tms` timestamp NOT NULL DEFAULT current_timestamp() ON UPDATE current_timestamp(),
  `fk_object` int(11) NOT NULL,
  `import_key` varchar(14) DEFAULT NULL,
  PRIMARY KEY (`rowid`),
  KEY `idx_adherent_type_extrafields` (`fk_object`)
) ENGINE=InnoDB DEFAULT CHARSET=utf8;

--
-- Dumping data for table `llxml_adherent_type_extrafields`
--


--
-- Table structure for table `llxml_adherent_type_lang`
--

CREATE TABLE `llxml_adherent_type_lang` (
  `rowid` int(11) NOT NULL AUTO_INCREMENT,
  `fk_type` int(11) NOT NULL DEFAULT 0,
  `lang` varchar(5) NOT NULL DEFAULT '0',
  `label` varchar(255) NOT NULL,
  `description` text DEFAULT NULL,
  `email` text DEFAULT NULL,
  `import_key` varchar(14) DEFAULT NULL,
  PRIMARY KEY (`rowid`)
) ENGINE=InnoDB DEFAULT CHARSET=latin1;

--
-- Dumping data for table `llxml_adherent_type_lang`
--


--
-- Table structure for table `llxml_advtargetemailing`
--

CREATE TABLE `llxml_advtargetemailing` (
  `rowid` int(11) NOT NULL AUTO_INCREMENT,
  `name` varchar(180) NOT NULL,
  `entity` int(11) NOT NULL DEFAULT 1,
  `fk_element` int(11) NOT NULL,
  `type_element` varchar(180) NOT NULL,
  `filtervalue` text DEFAULT NULL,
  `fk_user_author` int(11) NOT NULL,
  `datec` datetime NOT NULL,
  `fk_user_mod` int(11) NOT NULL,
  `tms` timestamp NOT NULL DEFAULT current_timestamp() ON UPDATE current_timestamp(),
  PRIMARY KEY (`rowid`),
  UNIQUE KEY `uk_advtargetemailing_name` (`name`)
) ENGINE=InnoDB DEFAULT CHARSET=utf8;

--
-- Dumping data for table `llxml_advtargetemailing`
--


--
-- Table structure for table `llxml_asset`
--

CREATE TABLE `llxml_asset` (
  `rowid` int(11) NOT NULL AUTO_INCREMENT,
  `ref` varchar(128) NOT NULL,
  `entity` int(11) NOT NULL DEFAULT 1,
  `label` varchar(255) DEFAULT NULL,
  `amount_ht` double(24,8) DEFAULT NULL,
  `amount_vat` double(24,8) DEFAULT NULL,
  `fk_asset_type` int(11) NOT NULL,
  `description` text DEFAULT NULL,
  `note_public` text DEFAULT NULL,
  `note_private` text DEFAULT NULL,
  `date_creation` datetime NOT NULL,
  `tms` timestamp NOT NULL DEFAULT current_timestamp() ON UPDATE current_timestamp(),
  `fk_user_creat` int(11) NOT NULL,
  `fk_user_modif` int(11) DEFAULT NULL,
  `import_key` varchar(14) DEFAULT NULL,
  `status` int(11) NOT NULL,
  PRIMARY KEY (`rowid`),
  KEY `idx_asset_rowid` (`rowid`),
  KEY `idx_asset_ref` (`ref`),
  KEY `idx_asset_entity` (`entity`),
  KEY `idx_asset_fk_asset_type` (`fk_asset_type`),
  CONSTRAINT `fk_asset_asset_type` FOREIGN KEY (`fk_asset_type`) REFERENCES `llxml_asset_type` (`rowid`)
) ENGINE=InnoDB DEFAULT CHARSET=utf8;

--
-- Dumping data for table `llxml_asset`
--


--
-- Table structure for table `llxml_asset_extrafields`
--

CREATE TABLE `llxml_asset_extrafields` (
  `rowid` int(11) NOT NULL AUTO_INCREMENT,
  `tms` timestamp NOT NULL DEFAULT current_timestamp() ON UPDATE current_timestamp(),
  `fk_object` int(11) NOT NULL,
  `import_key` varchar(14) DEFAULT NULL,
  PRIMARY KEY (`rowid`)
) ENGINE=InnoDB DEFAULT CHARSET=utf8;

--
-- Dumping data for table `llxml_asset_extrafields`
--


--
-- Table structure for table `llxml_asset_type`
--

CREATE TABLE `llxml_asset_type` (
  `rowid` int(11) NOT NULL AUTO_INCREMENT,
  `entity` int(11) NOT NULL DEFAULT 1,
  `tms` timestamp NOT NULL DEFAULT current_timestamp() ON UPDATE current_timestamp(),
  `label` varchar(50) NOT NULL,
  `accountancy_code_asset` varchar(32) DEFAULT NULL,
  `accountancy_code_depreciation_asset` varchar(32) DEFAULT NULL,
  `accountancy_code_depreciation_expense` varchar(32) DEFAULT NULL,
  `note` text DEFAULT NULL,
  PRIMARY KEY (`rowid`),
  UNIQUE KEY `uk_asset_type_label` (`label`,`entity`)
) ENGINE=InnoDB DEFAULT CHARSET=utf8;

--
-- Dumping data for table `llxml_asset_type`
--


--
-- Table structure for table `llxml_asset_type_extrafields`
--

CREATE TABLE `llxml_asset_type_extrafields` (
  `rowid` int(11) NOT NULL AUTO_INCREMENT,
  `tms` timestamp NOT NULL DEFAULT current_timestamp() ON UPDATE current_timestamp(),
  `fk_object` int(11) NOT NULL,
  `import_key` varchar(14) DEFAULT NULL,
  PRIMARY KEY (`rowid`),
  KEY `idx_asset_type_extrafields` (`fk_object`)
) ENGINE=InnoDB DEFAULT CHARSET=utf8;

--
-- Dumping data for table `llxml_asset_type_extrafields`
--


--
-- Table structure for table `llxml_bank`
--

CREATE TABLE `llxml_bank` (
  `rowid` int(11) NOT NULL AUTO_INCREMENT,
  `datec` datetime DEFAULT NULL,
  `tms` timestamp NOT NULL DEFAULT current_timestamp() ON UPDATE current_timestamp(),
  `datev` date DEFAULT NULL,
  `dateo` date DEFAULT NULL,
  `amount` double(24,8) NOT NULL DEFAULT 0.00000000,
  `label` varchar(255) DEFAULT NULL,
  `fk_account` int(11) DEFAULT NULL,
  `fk_user_author` int(11) DEFAULT NULL,
  `fk_user_rappro` int(11) DEFAULT NULL,
  `fk_type` varchar(6) DEFAULT NULL,
  `num_releve` varchar(50) DEFAULT NULL,
  `num_chq` varchar(50) DEFAULT NULL,
  `numero_compte` varchar(32) DEFAULT NULL,
  `rappro` tinyint(4) DEFAULT 0,
  `note` text DEFAULT NULL,
  `fk_bordereau` int(11) DEFAULT 0,
  `banque` varchar(255) DEFAULT NULL,
  `emetteur` varchar(255) DEFAULT NULL,
  `author` varchar(40) DEFAULT NULL,
  PRIMARY KEY (`rowid`),
  KEY `idx_bank_datev` (`datev`),
  KEY `idx_bank_dateo` (`dateo`),
  KEY `idx_bank_fk_account` (`fk_account`),
  KEY `idx_bank_rappro` (`rappro`),
  KEY `idx_bank_num_releve` (`num_releve`)
) ENGINE=InnoDB AUTO_INCREMENT=141 DEFAULT CHARSET=utf8;

--
-- Dumping data for table `llxml_bank`
--

INSERT INTO `llxml_bank` VALUES (1,'2018-09-06 22:25:59','2018-09-06 22:25:59','2018-09-06','2018-09-06',0.00000000,'(Initial balance)',1,1,NULL,'SOLD',NULL,NULL,'',0,NULL,0,NULL,NULL,NULL),(2,'2018-09-12 16:10:29','2018-09-12 16:10:29','2018-09-11','2018-09-11',17568.00000000,'(CustomerInvoicePayment)',1,1,NULL,'VIR',NULL,NULL,'',0,NULL,0,NULL,'IWS GmbH',NULL),(3,'2018-09-24 11:51:50','2018-09-24 11:51:50','2018-09-17','2018-09-17',342.72000000,'(CustomerInvoicePayment)',1,1,NULL,'VIR',NULL,NULL,'',0,NULL,0,NULL,'Rum&Co GmbH',NULL),(4,'2018-10-05 16:14:48','2018-10-05 16:14:48','2018-10-05','2018-10-05',428.40000000,'(CustomerInvoicePayment)',1,1,NULL,'VIR',NULL,NULL,'',0,NULL,0,NULL,'HAYUNGA´s Kohfurth GmbH',NULL),(5,'2018-10-14 23:09:01','2018-10-14 23:09:01','2018-08-13','2018-08-13',-1051.95000000,'(SupplierInvoicePayment)',1,1,NULL,'VIR',NULL,NULL,'',0,NULL,0,NULL,NULL,NULL),(6,'2018-10-14 23:09:54','2018-10-14 23:09:54','2018-08-27','2018-08-27',-68.72000000,'(SupplierInvoicePayment)',1,1,NULL,'VIR',NULL,NULL,'',0,NULL,0,NULL,NULL,NULL),(7,'2018-10-14 23:10:55','2018-10-14 23:10:55','2018-09-07','2018-09-07',-68.79000000,'(SupplierInvoicePayment)',1,1,NULL,'VIR',NULL,NULL,'',0,NULL,0,NULL,NULL,NULL),(8,'2018-10-14 23:13:23','2018-10-14 23:13:23','2018-06-21','2018-06-21',-68.79000000,'(SupplierInvoicePayment)',1,1,NULL,'VIR',NULL,NULL,'',0,NULL,0,NULL,NULL,NULL),(9,'2018-10-14 23:15:05','2018-10-14 23:15:05','2018-05-22','2018-05-22',-68.79000000,'(SupplierInvoicePayment)',1,1,NULL,'VIR',NULL,NULL,'',0,NULL,0,NULL,NULL,NULL),(10,'2018-10-14 23:16:09','2018-10-14 23:16:09','2018-05-22','2018-05-22',-68.79000000,'(SupplierInvoicePayment)',1,1,NULL,'VIR',NULL,NULL,'',0,NULL,0,NULL,NULL,NULL),(11,'2018-10-14 23:28:02','2018-10-14 23:28:02','2018-05-28','2018-05-28',1202.88000000,'(CustomerInvoicePayment)',1,1,NULL,'VIR',NULL,NULL,'',0,NULL,0,NULL,'IWS GmbH',NULL),(12,'2018-10-14 23:47:50','2018-10-14 23:47:50','2018-10-11','2018-10-11',-158.40000000,'(SupplierInvoicePayment)',1,1,NULL,'VIR',NULL,NULL,'',0,NULL,0,NULL,NULL,NULL),(13,'2018-10-18 12:34:33','2018-10-18 12:34:33','2018-10-15','2018-10-15',428.40000000,'(CustomerInvoicePayment)',1,1,NULL,'VIR',NULL,NULL,'',0,NULL,0,NULL,'HAYUNGA´s E center GmbH',NULL),(14,'2018-10-27 22:17:04','2018-10-27 22:17:04','2018-10-25','2018-10-25',460.29000000,'(CustomerInvoicePayment)',1,1,NULL,'VIR',NULL,NULL,'',0,NULL,0,NULL,'La Despensa',NULL),(15,'2018-10-27 22:36:47','2018-10-27 22:36:47','2018-10-25','2018-10-25',-456.08000000,'(SupplierInvoicePayment)',1,1,NULL,'VIR',NULL,NULL,'',0,NULL,0,NULL,NULL,NULL),(16,'2018-10-27 22:39:34','2018-10-27 22:39:34','2018-10-25','2018-10-25',-267.05000000,'(SupplierInvoicePayment)',1,1,NULL,'VIR',NULL,NULL,'',0,NULL,0,NULL,NULL,NULL),(17,'2018-10-27 22:44:43','2018-10-27 22:44:43','2018-10-25','2018-10-25',-30.39000000,'(SupplierInvoicePayment)',1,1,NULL,'VIR',NULL,NULL,'',0,NULL,0,NULL,NULL,NULL),(18,'2018-10-27 22:54:51','2018-10-27 22:54:51','2018-10-26','2018-10-26',-897.49000000,'(SupplierInvoicePayment)',1,1,NULL,'VIR',NULL,NULL,'',0,NULL,0,NULL,NULL,NULL),(19,'2018-11-04 00:09:43','2018-11-04 00:09:43','2018-10-29','2018-10-29',136.00000000,'(CustomerInvoicePayment)',1,1,NULL,'VIR',NULL,NULL,'',0,NULL,0,NULL,'IWS GmbH',NULL),(20,'2018-11-09 17:59:13','2018-11-09 17:59:13','2018-11-09','2018-11-09',49.98000000,'(CustomerInvoicePayment)',1,1,NULL,'VIR',NULL,NULL,'',0,NULL,0,NULL,'IWS GmbH',NULL),(21,'2018-11-23 17:54:15','2018-11-23 17:54:15','2018-11-12','2018-11-12',267.51000000,'(CustomerInvoicePayment)',1,1,NULL,'VIR',NULL,NULL,'',0,NULL,0,NULL,'Oliver Kleinfeld',NULL),(22,'2018-12-14 10:17:15','2018-12-14 10:17:15','2018-12-12','2018-12-12',60.45000000,'(CustomerInvoicePayment)',1,1,NULL,'VIR',NULL,NULL,'',0,NULL,0,NULL,'Becketts Kopf',NULL),(23,'2018-12-19 13:36:54','2018-12-19 13:36:54','2018-12-19','2018-12-19',-40.28000000,'(SupplierInvoicePayment)',1,1,NULL,'VIR',NULL,NULL,'',0,NULL,0,NULL,NULL,NULL),(24,'2018-12-19 13:39:45','2018-12-19 13:39:45','2018-12-19','2018-12-19',-122.25000000,'(SupplierInvoicePayment)',1,1,NULL,'VIR',NULL,NULL,'',0,NULL,0,NULL,NULL,NULL),(25,'2019-01-08 10:52:05','2019-01-08 10:52:05','2018-12-19','2018-12-19',234.52000000,'(CustomerInvoicePayment)',1,1,NULL,'VIR',NULL,NULL,'',0,NULL,0,NULL,'Rum&Co GmbH',NULL),(26,'2019-01-08 11:30:16','2019-01-08 11:30:16','2018-12-19','2018-12-19',-357.00000000,'(SupplierInvoicePayment)',1,1,NULL,'VIR',NULL,NULL,'',0,NULL,0,NULL,NULL,NULL),(27,'2019-01-08 11:45:29','2019-01-08 11:45:29','2018-12-19','2018-12-19',-54.40000000,'(SupplierInvoicePayment)',1,1,NULL,'VIR',NULL,NULL,'',0,NULL,0,NULL,NULL,NULL),(28,'2019-01-08 11:51:15','2019-01-08 11:51:15','2018-12-21','2018-12-21',-31.95000000,'(SupplierInvoicePayment)',1,1,NULL,'VIR',NULL,NULL,'',0,NULL,0,NULL,NULL,NULL),(29,'2019-01-08 11:53:45','2019-01-08 11:53:45','2018-12-21','2018-12-21',-50.82000000,'(SupplierInvoicePayment)',1,1,NULL,'VIR',NULL,NULL,'',0,NULL,0,NULL,NULL,NULL),(30,'2019-01-09 10:43:29','2019-01-09 10:43:29','2019-01-03','2019-01-03',2341.92000000,'(CustomerInvoicePayment)',1,1,NULL,'VIR',NULL,NULL,'',0,NULL,0,NULL,'Rum&Co GmbH',NULL),(31,'2019-01-26 23:50:05','2019-01-26 23:50:05','2019-01-23','2019-01-23',695.91000000,'(CustomerInvoicePayment)',1,1,NULL,'VIR',NULL,NULL,'',0,NULL,0,NULL,'Rum&Co GmbH',NULL),(32,'2019-01-28 14:30:30','2019-01-28 14:30:30','2019-01-28','2019-01-28',74.73000000,'(CustomerInvoicePayment)',1,1,NULL,'LIQ',NULL,NULL,'',0,NULL,0,NULL,NULL,NULL),(35,'2019-04-09 21:59:17','2019-04-09 21:59:17','2019-04-03','2019-04-03',3152.07000000,'(CustomerInvoicePayment)',1,1,NULL,'VIR',NULL,NULL,'',0,NULL,0,NULL,'Rum&Co GmbH',NULL),(36,'2019-05-09 13:04:18','2019-05-09 13:04:18','2019-04-25','2019-04-25',299.88000000,'(CustomerInvoicePayment)',1,1,NULL,'VIR',NULL,NULL,'',0,NULL,0,NULL,'Geniesserei - Maren Bergholz',NULL),(37,'2019-05-09 13:07:21','2019-05-09 13:07:21','2019-04-10','2019-04-10',781.59000000,'(CustomerInvoicePayment)',1,1,NULL,'VIR',NULL,NULL,'',0,NULL,0,NULL,'Rum&Co GmbH',NULL),(38,'2019-05-31 02:22:36','2019-05-31 02:22:36','2019-05-29','2019-05-29',200.87000000,'(CustomerInvoicePayment)',1,1,NULL,'VIR',NULL,NULL,'',0,NULL,0,NULL,'Henric Martens',NULL),(39,'2019-06-09 18:22:53','2019-06-09 18:22:53','2019-06-28','2019-06-28',-535.50000000,'(SupplierInvoicePayment)',1,1,NULL,'VIR',NULL,NULL,'',0,NULL,0,NULL,NULL,NULL),(40,'2019-06-09 18:31:26','2019-06-09 18:31:26','2019-01-04','2019-01-04',-18.60000000,'(SupplierInvoicePayment)',1,1,NULL,'VIR',NULL,NULL,'',0,NULL,0,NULL,NULL,NULL),(41,'2019-06-09 18:33:32','2019-06-09 18:33:32','2019-05-16','2019-05-16',-27.90000000,'(SupplierInvoicePayment)',1,1,NULL,'VIR',NULL,NULL,'',0,NULL,0,NULL,NULL,NULL),(42,'2019-06-09 18:36:00','2019-06-09 18:36:00','2019-04-10','2019-04-10',-59.80000000,'(SupplierInvoicePayment)',1,1,NULL,'VIR',NULL,NULL,'',0,NULL,0,NULL,NULL,NULL),(43,'2019-06-09 18:38:34','2019-06-09 18:38:34','2019-04-10','2019-04-10',-407.84000000,'(SupplierInvoicePayment)',1,1,NULL,'VIR',NULL,NULL,'',0,NULL,0,NULL,NULL,NULL),(44,'2019-06-09 18:41:14','2019-06-09 18:41:14','2019-02-06','2019-02-06',-37.20000000,'(SupplierInvoicePayment)',1,1,NULL,'VIR',NULL,NULL,'',0,NULL,0,NULL,NULL,NULL),(45,'2019-06-09 18:43:08','2019-06-09 18:43:08','2019-03-11','2019-03-11',-40.32000000,'(SupplierInvoicePayment)',1,1,NULL,'VIR',NULL,NULL,'',0,NULL,0,NULL,NULL,NULL),(46,'2019-06-09 18:45:21','2019-06-09 18:45:21','2019-02-08','2019-02-08',-55.44000000,'(SupplierInvoicePayment)',1,1,NULL,'VIR',NULL,NULL,'',0,NULL,0,NULL,NULL,NULL),(47,'2019-06-09 18:47:10','2019-06-09 18:47:10','2019-01-16','2019-01-16',-47.96000000,'(SupplierInvoicePayment)',1,1,NULL,'VIR',NULL,NULL,'',0,NULL,0,NULL,NULL,NULL),(48,'2019-06-09 18:49:32','2019-06-09 18:49:32','2019-05-16','2019-05-16',-110.33000000,'(SupplierInvoicePayment)',1,1,NULL,'VIR',NULL,NULL,'',0,NULL,0,NULL,NULL,NULL),(49,'2019-06-09 18:52:11','2019-06-09 18:52:11','2019-05-16','2019-05-16',-78.18000000,'(SupplierInvoicePayment)',1,1,NULL,'VIR',NULL,NULL,'',0,NULL,0,NULL,NULL,NULL),(50,'2019-06-13 00:29:27','2019-06-13 00:29:27','2019-06-11','2019-06-11',134.00000000,'(CustomerInvoicePayment)',1,1,NULL,'VIR',NULL,NULL,'',0,NULL,0,NULL,'Fonk Media BV',NULL),(51,'2019-06-26 13:54:09','2019-06-26 13:54:09','2019-06-25','2019-06-25',477.90000000,'(CustomerInvoicePayment)',1,1,NULL,'VIR',NULL,NULL,'',0,NULL,0,NULL,'Andreas Klüver-Harms',NULL),(53,'2019-08-05 15:13:28','2019-08-05 15:13:28','2019-08-01','2019-08-01',661.16000000,'(CustomerInvoicePayment)',1,1,NULL,'VIR',NULL,NULL,'',0,NULL,0,NULL,'Rum&Co GmbH',NULL),(54,'2019-08-05 15:14:38','2019-08-05 15:14:38','2019-07-03','2019-07-03',1434.04000000,'(CustomerInvoicePayment)',1,1,NULL,'VIR',NULL,NULL,'',0,NULL,0,NULL,'Rum&Co GmbH',NULL),(55,'2019-08-08 00:11:55','2019-08-08 00:11:55','2019-07-12','2019-07-12',846.00000000,'(CustomerInvoicePayment)',1,1,NULL,'VIR',NULL,NULL,'',0,NULL,0,NULL,'Brandimex',NULL),(56,'2019-08-17 22:55:35','2019-08-17 22:55:35','2019-08-17','2019-08-17',200.00000000,'(Initial balance)',2,1,NULL,'SOLD',NULL,NULL,'',0,NULL,0,NULL,NULL,NULL),(58,'2019-09-07 13:35:02','2019-09-07 13:35:02','2019-03-25','2019-03-25',181.83000000,'(CustomerInvoicePayment)',1,1,NULL,'VIR',NULL,NULL,'',0,NULL,0,NULL,'MGS Münchner Getränke Service GmbH',NULL),(59,'2019-09-26 13:09:51','2019-09-26 13:09:51','2019-09-25','2019-09-25',3064.80000000,'(CustomerInvoicePayment)',2,1,NULL,'VIR',NULL,NULL,'',0,NULL,0,NULL,'SARL BGT SELECTION',NULL),(60,'2019-10-20 01:41:40','2019-10-20 01:41:40','2019-10-18','2019-10-18',28.56000000,'(CustomerInvoicePayment)',2,1,NULL,'VIR',NULL,NULL,'',0,NULL,0,NULL,'Top Logistik GmbH',NULL),(61,'2019-10-23 12:05:57','2019-10-23 12:05:57','2019-10-21','2019-10-21',400.00000000,'(CustomerInvoicePayment)',2,1,NULL,'VIR',NULL,NULL,'',0,NULL,0,NULL,'Brandimex',NULL),(62,'2019-10-28 19:08:19','2019-10-28 19:08:19','2019-10-28','2019-10-28',410.31000000,'(CustomerInvoicePayment)',2,1,NULL,'VIR',NULL,NULL,'',0,NULL,0,NULL,'Rum Company GmbH & Co. KG',NULL),(63,'2019-10-28 19:09:49','2019-10-28 19:09:49','2019-10-28','2019-10-28',686.00000000,'(CustomerInvoicePayment)',2,1,NULL,'VIR',NULL,NULL,'',0,NULL,0,NULL,'Brandimex',NULL),(64,'2019-11-10 13:24:44','2019-11-10 13:24:44','2019-11-01','2019-11-01',220.42000000,'(CustomerInvoicePayment)',2,1,NULL,'VIR',NULL,NULL,'',0,NULL,0,NULL,'Fonk Media BV',NULL),(65,'2019-11-10 13:27:45','2019-11-10 13:27:45','2019-10-31','2019-10-31',302.31000000,'(CustomerInvoicePayment)',2,1,NULL,'VIR',NULL,NULL,'',0,NULL,0,NULL,'Rum & Co GmbH',NULL),(66,'2019-11-13 17:11:08','2019-11-13 17:11:08','2019-11-13','2019-11-13',40.50000000,'(CustomerInvoicePayment)',2,1,NULL,'VIR',NULL,NULL,'',0,NULL,0,NULL,'Oliver Kleinfeld',NULL),(67,'2019-12-03 14:29:46','2019-12-03 14:29:46','2019-11-27','2019-11-27',221.75000000,'(CustomerInvoicePayment)',2,1,NULL,'VIR',NULL,NULL,'',0,NULL,0,NULL,'Sven Stapelfeldt',NULL),(68,'2019-12-03 14:33:15','2019-12-03 14:33:15','2019-11-19','2019-11-19',112.07000000,'(CustomerInvoicePayment)',2,1,NULL,'VIR',NULL,NULL,'',0,NULL,0,NULL,'SSG Trading GmbH',NULL),(69,'2019-12-04 10:41:20','2019-12-04 10:41:20','2019-12-04','2019-12-04',4609.94000000,'(CustomerInvoicePayment)',2,1,NULL,'VIR',NULL,NULL,'',0,NULL,0,NULL,'Rum & Co GmbH',NULL),(79,'2019-12-23 17:01:16','2019-12-23 17:01:16','2019-12-23','2019-12-23',600.00000000,'(CustomerInvoicePayment)',2,1,NULL,'VIR',NULL,NULL,'',0,NULL,0,NULL,'Brandimex',NULL),(81,'2019-12-24 20:11:32','2019-12-24 20:11:32','2019-09-02','2019-09-02',512.90000000,'(CustomerInvoicePayment)',2,1,NULL,'VIR',NULL,NULL,'',0,NULL,0,NULL,'Amazon Europe Core S.à r.l.',NULL),(82,'2019-12-24 20:12:42','2019-12-24 20:12:42','2019-09-16','2019-09-16',107.71000000,'(CustomerInvoicePayment)',2,1,NULL,'VIR',NULL,NULL,'',0,NULL,0,NULL,'Amazon Europe Core S.à r.l.',NULL),(83,'2019-12-24 20:14:01','2019-12-24 20:14:01','2019-09-30','2019-09-30',806.72000000,'(CustomerInvoicePayment)',2,1,NULL,'VIR',NULL,NULL,'',0,NULL,0,NULL,'Amazon Europe Core S.à r.l.',NULL),(84,'2019-12-24 20:14:57','2019-12-24 20:14:57','2019-10-14','2019-10-14',598.97000000,'(CustomerInvoicePayment)',2,1,NULL,'VIR',NULL,NULL,'',0,NULL,0,NULL,'Amazon Europe Core S.à r.l.',NULL),(85,'2019-12-24 20:15:33','2019-12-24 20:15:33','2019-10-28','2019-10-28',410.31000000,'(CustomerInvoicePayment)',2,1,NULL,'VIR',NULL,NULL,'',0,NULL,0,NULL,'Amazon Europe Core S.à r.l.',NULL),(86,'2019-12-24 20:16:26','2019-12-24 20:16:26','2019-11-11','2019-11-11',934.34000000,'(CustomerInvoicePayment)',2,1,NULL,'VIR',NULL,NULL,'',0,NULL,0,NULL,'Amazon Europe Core S.à r.l.',NULL),(88,'2019-12-24 20:21:18','2019-12-24 20:21:18','2019-12-24','2019-12-24',622.75000000,'(CustomerInvoicePayment)',2,1,NULL,'VIR',NULL,NULL,'',0,NULL,0,NULL,'Rum & Co GmbH',NULL),(89,'2019-12-24 20:21:53','2019-12-24 20:21:53','2019-12-23','2019-12-23',937.63000000,'(CustomerInvoicePayment)',2,1,NULL,'VIR',NULL,NULL,'',0,NULL,0,NULL,'Spirits Island GmbH',NULL),(90,'2019-12-25 18:42:08','2019-12-25 18:42:08','2019-07-04','2019-07-04',-476.00000000,'(SupplierInvoicePayment)',2,1,NULL,'VIR',NULL,NULL,'',0,NULL,0,NULL,NULL,NULL),(91,'2019-12-27 12:27:31','2019-12-27 12:27:31','2019-12-26','2019-12-26',166.51000000,'(CustomerInvoicePayment)',2,1,NULL,'VIR',NULL,NULL,'',0,NULL,0,NULL,'Henric Martens',NULL),(92,'2020-01-04 16:18:33','2020-01-04 16:18:33','2020-01-03','2020-01-03',600.04000000,'(CustomerInvoicePayment)',2,1,NULL,'VIR',NULL,NULL,'',0,NULL,0,NULL,'Rum Company GmbH & Co. KG',NULL),(93,'2020-01-07 16:46:21','2020-01-07 16:46:21','2020-01-07','2020-01-07',7874.40000000,'(CustomerInvoicePayment)',2,1,NULL,'VIR',NULL,NULL,'',0,NULL,0,NULL,'SARL BGT SELECTION',NULL),(94,'2020-01-30 21:26:40','2020-01-30 21:26:40','2020-01-22','2020-01-22',175.01000000,'(CustomerInvoicePayment)',2,1,NULL,'VIR',NULL,NULL,'',0,NULL,0,NULL,'Rum & Co GmbH',NULL),(95,'2020-01-30 21:28:13','2020-01-30 21:28:13','2020-01-28','2020-01-28',757.06000000,'(CustomerInvoicePayment)',2,1,NULL,'VIR',NULL,NULL,'',0,NULL,0,NULL,'Rum & Co GmbH',NULL),(96,'2020-02-15 18:02:12','2020-02-15 18:02:12','2020-02-13','2020-02-13',257.33000000,'(CustomerInvoicePayment)',2,1,NULL,'VIR',NULL,NULL,'',0,NULL,0,NULL,'Geniesserei - Maren Bergholz',NULL),(97,'2020-02-23 20:31:55','2020-02-23 20:31:55','2019-08-19','2019-08-19',495.47000000,'(CustomerInvoicePayment)',2,1,NULL,'VIR',NULL,NULL,'',0,NULL,0,NULL,'Amazon Europe Core S.à r.l.',NULL),(104,'2020-02-23 21:10:25','2020-02-23 21:10:25','2019-11-25','2019-11-25',1250.22000000,'(CustomerInvoicePayment)',2,1,NULL,'VIR',NULL,NULL,'',0,NULL,0,NULL,'Amazon Europe Core S.à r.l.',NULL),(105,'2020-02-23 21:11:25','2020-02-23 21:11:25','2019-12-09','2019-12-09',2705.59000000,'(CustomerInvoicePayment)',2,1,NULL,'VIR',NULL,NULL,'',0,NULL,0,NULL,'Amazon Europe Core S.à r.l.',NULL),(106,'2020-02-23 21:12:15','2020-02-23 21:12:15','2019-12-09','2019-12-09',178.23000000,'(CustomerInvoicePayment)',2,1,NULL,'VIR',NULL,NULL,'',0,NULL,0,NULL,'Amazon Europe Core S.à r.l.',NULL),(107,'2020-02-23 21:13:04','2020-02-23 21:13:04','2019-12-23','2019-12-23',1850.14000000,'(CustomerInvoicePayment)',2,1,NULL,'VIR',NULL,NULL,'',0,NULL,0,NULL,'Amazon Europe Core S.à r.l.',NULL),(108,'2020-02-23 21:14:29','2020-02-23 21:14:29','2020-01-06','2020-01-06',391.28000000,'(CustomerInvoicePayment)',2,1,NULL,'VIR',NULL,NULL,'',0,NULL,0,NULL,'Amazon Europe Core S.à r.l.',NULL),(111,'2020-02-23 21:51:17','2020-02-23 21:51:17','2020-01-06','2020-01-06',-530.34000000,'(CustomerInvoicePayment)',2,1,NULL,'VIR',NULL,NULL,'',0,NULL,0,NULL,'Amazon Europe Core S.à r.l.',NULL),(113,'2020-03-11 14:45:44','2020-03-11 14:45:44','2020-03-02','2020-03-02',87.55000000,'(CustomerInvoicePayment)',2,1,NULL,'VIR',NULL,NULL,'',0,NULL,0,NULL,'Albert Albou',NULL),(114,'2020-03-18 19:31:56','2020-03-18 19:31:56','2020-01-03','2020-01-03',218.39000000,'(CustomerInvoicePayment)',2,1,NULL,'VIR',NULL,NULL,'',0,NULL,0,NULL,'Rum Company GmbH & Co. KG',NULL),(115,'2020-03-18 19:32:57','2020-03-18 19:32:57','2020-03-18','2020-03-18',1086.00000000,'(CustomerInvoicePayment)',2,1,NULL,'VIR',NULL,NULL,'',0,NULL,0,NULL,'Brandimex',NULL),(116,'2020-03-23 19:58:15','2020-03-23 19:58:15','2020-03-19','2020-03-19',1853.96000000,'(CustomerInvoicePayment)',2,1,NULL,'VIR',NULL,NULL,'',0,NULL,0,NULL,'Rum & Co GmbH',NULL),(117,'2020-03-25 16:22:01','2020-03-25 16:22:01','2020-02-19','2020-02-19',150.37000000,'(CustomerInvoicePayment)',2,1,NULL,'VIR',NULL,NULL,'',0,NULL,0,NULL,'Rum & Co GmbH',NULL),(118,'2020-03-28 16:22:44','2020-03-28 16:22:44','2020-02-10','2020-02-10',680.17000000,'(CustomerInvoicePayment)',2,1,NULL,'VIR',NULL,NULL,'',0,NULL,0,NULL,'Amazon Europe Core S.à r.l.',NULL),(119,'2020-03-28 16:23:53','2020-03-28 16:23:53','2020-03-10','2020-03-10',338.28000000,'(CustomerInvoicePayment)',2,1,NULL,'VIR',NULL,NULL,'',0,NULL,0,NULL,'Amazon Europe Core S.à r.l.',NULL),(120,'2020-03-28 16:30:13','2020-03-28 16:30:13','2020-03-10','2020-03-10',402.03000000,'(CustomerInvoicePayment)',2,1,NULL,'VIR',NULL,NULL,'',0,NULL,0,NULL,'Amazon Europe Core S.à r.l.',NULL),(121,'2020-03-28 16:31:26','2020-03-28 16:31:26','2020-03-10','2020-03-10',449.45000000,'(CustomerInvoicePayment)',2,1,NULL,'VIR',NULL,NULL,'',0,NULL,0,NULL,'Amazon Europe Core S.à r.l.',NULL),(122,'2020-03-28 16:32:39','2020-03-28 16:32:39','2020-03-10','2020-03-10',482.98000000,'(CustomerInvoicePayment)',2,1,NULL,'VIR',NULL,NULL,'',0,NULL,0,NULL,'Amazon Europe Core S.à r.l.',NULL),(123,'2020-04-02 18:20:28','2020-04-02 18:20:28','2020-04-02','2020-04-02',2964.00000000,'(CustomerInvoicePayment)',2,1,NULL,'VIR',NULL,NULL,'',0,NULL,0,NULL,'Svet nápojov s.r.o.',NULL),(124,'2020-04-07 12:37:38','2020-04-07 12:37:38','2020-04-06','2020-04-06',125.00000000,'(CustomerInvoicePayment)',2,1,NULL,'VIR',NULL,NULL,'',0,NULL,0,NULL,'Svet nápojov s.r.o.',NULL),(125,'2020-04-07 12:40:29','2020-04-07 12:40:29','2020-04-03','2020-04-03',671.72000000,'(CustomerInvoicePayment)',2,1,NULL,'VIR',NULL,NULL,'',0,NULL,0,NULL,'Rum & Co GmbH',NULL),(126,'2020-04-09 19:40:57','2020-04-09 19:40:57','2020-04-09','2020-04-09',593.11000000,'(CustomerInvoicePayment)',2,1,NULL,'VIR',NULL,NULL,'',0,NULL,0,NULL,'Geniesserei - Maren Bergholz',NULL),(127,'2020-04-09 19:41:40','2020-04-09 19:41:40','2020-04-09','2020-04-09',1144.63000000,'(CustomerInvoicePayment)',2,1,NULL,'VIR',NULL,NULL,'',0,NULL,0,NULL,'Conalco OHG',NULL),(128,'2020-04-12 19:23:41','2020-04-12 19:23:41','2020-03-30','2020-03-30',86.15000000,'(CustomerInvoicePayment)',2,1,NULL,'PAYPAL',NULL,'5H661150LG261242A','',0,NULL,0,NULL,NULL,NULL),(129,'2020-04-30 22:44:27','2020-04-30 22:44:27','2020-04-14','2020-04-14',1428.00000000,'(CustomerInvoicePayment)',2,1,NULL,'VIR',NULL,NULL,'',0,NULL,0,NULL,'Rum & Co GmbH',NULL),(130,'2020-04-30 22:45:18','2020-04-30 22:45:18','2020-04-22','2020-04-22',1439.42000000,'(CustomerInvoicePayment)',2,1,NULL,'VIR',NULL,NULL,'',0,NULL,0,NULL,'Rum & Co GmbH',NULL),(131,'2020-04-30 22:46:04','2020-04-30 22:46:04','2020-04-22','2020-04-22',77.05000000,'(CustomerInvoicePayment)',2,1,NULL,'VIR',NULL,NULL,'',0,NULL,0,NULL,'Sven Stapelfeldt',NULL),(132,'2020-05-13 15:56:40','2020-05-13 15:56:40','2020-05-07','2020-05-07',298.30000000,'(CustomerInvoicePayment)',2,1,NULL,'VIR',NULL,NULL,'',0,NULL,0,NULL,'Rodrigo A. Franco',NULL),(133,'2020-06-05 18:07:58','2020-06-05 18:07:58','2020-06-05','2020-06-05',1873.32000000,'(CustomerInvoicePayment)',2,1,NULL,'VIR',NULL,NULL,'',0,NULL,0,NULL,'Rum & Co GmbH',NULL),(134,'2020-06-30 17:33:47','2020-06-30 17:33:47','2020-06-30','2020-06-30',144.14000000,'(CustomerInvoicePayment)',2,1,NULL,'VIR',NULL,NULL,'',0,NULL,0,NULL,'Pedro Eikelenboom',NULL),(135,'2020-07-09 13:08:26','2020-07-09 13:08:26','2020-07-09','2020-07-09',0.00000000,'(Initial balance)',3,1,NULL,'SOLD',NULL,NULL,'',0,NULL,0,NULL,NULL,NULL),(136,'2020-10-06 13:13:46','2020-10-06 13:13:46','2020-10-05','2020-10-05',1973.23000000,'(CustomerInvoicePayment)',2,1,NULL,'VIR',NULL,NULL,'',0,NULL,0,NULL,'Atom Supplies Limited',NULL),(137,'2020-10-06 13:15:18','2020-10-06 13:15:18','2020-09-30','2020-09-30',2648.05000000,'(CustomerInvoicePayment)',2,1,NULL,'VIR',NULL,NULL,'',0,NULL,0,NULL,'Rum & Co GmbH',NULL),(138,'2020-10-06 13:17:55','2020-10-06 13:17:55','2020-08-06','2020-08-06',214.60000000,'(CustomerInvoicePayment)',2,1,NULL,'VIR',NULL,NULL,'',0,NULL,0,NULL,'Henric Martens',NULL),(139,'2020-10-06 13:23:40','2020-10-06 13:23:40','2020-06-30','2020-06-30',479.27000000,'(CustomerInvoicePayment)',2,1,NULL,'VIR',NULL,NULL,'',0,NULL,0,NULL,'Volker Klima',NULL),(140,'2020-10-06 13:27:43','2020-10-06 13:27:43','2020-06-16','2020-06-16',920.67000000,'(CustomerInvoicePayment)',2,1,NULL,'VIR',NULL,NULL,'',0,NULL,0,NULL,'Volker Klima',NULL);

--
-- Table structure for table `llxml_bank_account`
--

CREATE TABLE `llxml_bank_account` (
  `rowid` int(11) NOT NULL AUTO_INCREMENT,
  `datec` datetime DEFAULT NULL,
  `tms` timestamp NOT NULL DEFAULT current_timestamp() ON UPDATE current_timestamp(),
  `ref` varchar(12) NOT NULL,
  `label` varchar(30) NOT NULL,
  `entity` int(11) NOT NULL DEFAULT 1,
  `fk_user_author` int(11) DEFAULT NULL,
  `fk_user_modif` int(11) DEFAULT NULL,
  `bank` varchar(60) DEFAULT NULL,
  `code_banque` varchar(128) DEFAULT NULL,
  `code_guichet` varchar(6) DEFAULT NULL,
  `number` varchar(255) DEFAULT NULL,
  `cle_rib` varchar(5) DEFAULT NULL,
  `bic` varchar(11) DEFAULT NULL,
  `iban_prefix` varchar(34) DEFAULT NULL,
  `country_iban` varchar(2) DEFAULT NULL,
  `cle_iban` varchar(2) DEFAULT NULL,
  `domiciliation` varchar(255) DEFAULT NULL,
  `state_id` int(11) DEFAULT NULL,
  `fk_pays` int(11) NOT NULL,
  `proprio` varchar(60) DEFAULT NULL,
  `owner_address` varchar(255) DEFAULT NULL,
  `courant` smallint(6) NOT NULL DEFAULT 0,
  `clos` smallint(6) NOT NULL DEFAULT 0,
  `rappro` smallint(6) DEFAULT 1,
  `url` varchar(128) DEFAULT NULL,
  `account_number` varchar(32) DEFAULT NULL,
  `fk_accountancy_journal` int(11) DEFAULT NULL,
  `currency_code` varchar(3) NOT NULL,
  `min_allowed` int(11) DEFAULT 0,
  `min_desired` int(11) DEFAULT 0,
  `comment` text DEFAULT NULL,
  `note_public` text DEFAULT NULL,
  `model_pdf` varchar(255) DEFAULT NULL,
  `import_key` varchar(14) DEFAULT NULL,
  `extraparams` varchar(255) DEFAULT NULL,
  PRIMARY KEY (`rowid`),
  UNIQUE KEY `uk_bank_account_label` (`label`,`entity`),
  KEY `idx_fk_accountancy_journal` (`fk_accountancy_journal`),
  CONSTRAINT `fk_bank_account_accountancy_journal` FOREIGN KEY (`fk_accountancy_journal`) REFERENCES `llxml_accounting_journal` (`rowid`)
) ENGINE=InnoDB AUTO_INCREMENT=4 DEFAULT CHARSET=utf8;

--
-- Dumping data for table `llxml_bank_account`
--

INSERT INTO `llxml_bank_account` VALUES (1,'2018-09-06 22:25:59','2019-09-15 18:15:11','GLS_Bank','GLS',1,NULL,NULL,'GLS Gemeinschaftsbank eG','','','','','GENODEM1GLS','DE09430609672003427501',NULL,NULL,'Christstraße 9\r\nBochum 44789',NULL,5,'Timm Hogerzeil','',1,1,1,'www.gls.de','',NULL,'EUR',NULL,NULL,'',NULL,NULL,NULL,NULL),(2,'2019-08-17 22:55:35','2020-07-21 13:00:38','paysera','PaySera',1,NULL,NULL,'Paysera','','','','','EVIULT2VXXX','LT563500010005642873',NULL,NULL,'Pilaitės pr. 16\r\nLT-04352 Vilnius',NULL,139,'Astrid & Solveig OÜ','Sakala 7\r\nEE 10141 Tallinn',1,0,1,'www.paysera.com','',NULL,'EUR',NULL,NULL,'',NULL,NULL,NULL,NULL),(3,'2020-07-09 13:08:26','2020-10-02 13:23:30','Payoneer','Barclays',1,NULL,NULL,'Barclays','231486','','06291329','','','',NULL,NULL,'',NULL,7,'Astrid & Solveig OÜ','',1,1,1,NULL,'',NULL,'GBP',NULL,NULL,'<h2><br />\r\n&nbsp;</h2>',NULL,NULL,NULL,NULL);

--
-- Table structure for table `llxml_bank_account_extrafields`
--

CREATE TABLE `llxml_bank_account_extrafields` (
  `rowid` int(11) NOT NULL AUTO_INCREMENT,
  `tms` timestamp NOT NULL DEFAULT current_timestamp() ON UPDATE current_timestamp(),
  `fk_object` int(11) NOT NULL,
  `import_key` varchar(14) DEFAULT NULL,
  PRIMARY KEY (`rowid`),
  KEY `idx_bank_account_extrafields` (`fk_object`)
) ENGINE=InnoDB DEFAULT CHARSET=utf8;

--
-- Dumping data for table `llxml_bank_account_extrafields`
--


--
-- Table structure for table `llxml_bank_categ`
--

CREATE TABLE `llxml_bank_categ` (
  `rowid` int(11) NOT NULL AUTO_INCREMENT,
  `label` varchar(255) DEFAULT NULL,
  `entity` int(11) NOT NULL DEFAULT 1,
  PRIMARY KEY (`rowid`)
) ENGINE=InnoDB DEFAULT CHARSET=utf8;

--
-- Dumping data for table `llxml_bank_categ`
--


--
-- Table structure for table `llxml_bank_class`
--

CREATE TABLE `llxml_bank_class` (
  `lineid` int(11) NOT NULL,
  `fk_categ` int(11) NOT NULL,
  UNIQUE KEY `uk_bank_class_lineid` (`lineid`,`fk_categ`)
) ENGINE=InnoDB DEFAULT CHARSET=utf8;

--
-- Dumping data for table `llxml_bank_class`
--


--
-- Table structure for table `llxml_bank_url`
--

CREATE TABLE `llxml_bank_url` (
  `rowid` int(11) NOT NULL AUTO_INCREMENT,
  `fk_bank` int(11) DEFAULT NULL,
  `url_id` int(11) DEFAULT NULL,
  `url` varchar(255) DEFAULT NULL,
  `label` varchar(255) DEFAULT NULL,
  `type` varchar(24) NOT NULL,
  PRIMARY KEY (`rowid`),
  UNIQUE KEY `uk_bank_url` (`fk_bank`,`url_id`,`type`)
) ENGINE=InnoDB AUTO_INCREMENT=275 DEFAULT CHARSET=utf8;

--
-- Dumping data for table `llxml_bank_url`
--

INSERT INTO `llxml_bank_url` VALUES (1,2,1,'/germany/compta/paiement/card.php?id=','(paiement)','payment'),(2,2,134,'/germany/comm/card.php?socid=','IWS GmbH','company'),(3,3,2,'/germany/compta/paiement/card.php?id=','(paiement)','payment'),(4,3,131,'/germany/comm/card.php?socid=','Rum&Co GmbH','company'),(5,4,3,'/germany/compta/paiement/card.php?id=','(paiement)','payment'),(6,4,402,'/germany/comm/card.php?socid=','HAYUNGA´s  Kohfurth GmbH','company'),(7,5,1,'/germany/fourn/paiement/card.php?id=','(paiement)','payment_supplier'),(8,5,134,'/germany/fourn/card.php?socid=','IWS GmbH','company'),(9,6,2,'/germany/fourn/paiement/card.php?id=','(paiement)','payment_supplier'),(10,6,134,'/germany/fourn/card.php?socid=','IWS GmbH','company'),(11,7,3,'/germany/fourn/paiement/card.php?id=','(paiement)','payment_supplier'),(12,7,134,'/germany/fourn/card.php?socid=','IWS GmbH','company'),(13,8,4,'/germany/fourn/paiement/card.php?id=','(paiement)','payment_supplier'),(14,8,134,'/germany/fourn/card.php?socid=','IWS GmbH','company'),(15,9,5,'/germany/fourn/paiement/card.php?id=','(paiement)','payment_supplier'),(16,9,134,'/germany/fourn/card.php?socid=','IWS GmbH','company'),(17,10,6,'/germany/fourn/paiement/card.php?id=','(paiement)','payment_supplier'),(18,10,134,'/germany/fourn/card.php?socid=','IWS GmbH','company'),(19,11,4,'/germany/compta/paiement/card.php?id=','(paiement)','payment'),(20,11,134,'/germany/comm/card.php?socid=','IWS GmbH','company'),(21,12,7,'/germany/fourn/paiement/card.php?id=','(paiement)','payment_supplier'),(22,12,134,'/germany/fourn/card.php?socid=','IWS GmbH','company'),(23,13,5,'/germany/compta/paiement/card.php?id=','(paiement)','payment'),(24,13,401,'/germany/comm/card.php?socid=','HAYUNGA´s E center  GmbH','company'),(25,14,6,'/germany/compta/paiement/card.php?id=','(paiement)','payment'),(26,14,139,'/germany/comm/card.php?socid=','La Despensa','company'),(27,15,8,'/germany/fourn/paiement/card.php?id=','(paiement)','payment_supplier'),(28,15,134,'/germany/fourn/card.php?socid=','IWS GmbH','company'),(29,16,9,'/germany/fourn/paiement/card.php?id=','(paiement)','payment_supplier'),(30,16,134,'/germany/fourn/card.php?socid=','IWS GmbH','company'),(31,17,10,'/germany/fourn/paiement/card.php?id=','(paiement)','payment_supplier'),(32,17,134,'/germany/fourn/card.php?socid=','IWS GmbH','company'),(33,18,11,'/germany/fourn/paiement/card.php?id=','(paiement)','payment_supplier'),(34,18,134,'/germany/fourn/card.php?socid=','IWS GmbH','company'),(35,19,7,'/germany/compta/paiement/card.php?id=','(paiement)','payment'),(36,19,134,'/germany/comm/card.php?socid=','IWS GmbH','company'),(37,20,8,'/germany/compta/paiement/card.php?id=','(paiement)','payment'),(38,20,134,'/germany/comm/card.php?socid=','IWS GmbH','company'),(39,21,9,'/germany/compta/paiement/card.php?id=','(paiement)','payment'),(40,21,639,'/germany/comm/card.php?socid=','Oliver Kleinfeld','company'),(41,22,10,'/germany/compta/paiement/card.php?id=','(paiement)','payment'),(42,22,653,'/germany/comm/card.php?socid=','Becketts Kopf','company'),(43,23,12,'/germany/fourn/paiement/card.php?id=','(paiement)','payment_supplier'),(44,23,679,'/germany/fourn/card.php?socid=','Top Logistik GmbH','company'),(45,24,13,'/germany/fourn/paiement/card.php?id=','(paiement)','payment_supplier'),(46,24,679,'/germany/fourn/card.php?socid=','Top Logistik GmbH','company'),(47,25,11,'/germany/compta/paiement/card.php?id=','(paiement)','payment'),(48,25,131,'/germany/comm/card.php?socid=','Rum&Co GmbH','company'),(49,26,14,'/germany/fourn/paiement/card.php?id=','(paiement)','payment_supplier'),(50,26,131,'/germany/fourn/card.php?socid=','Rum&Co GmbH','company'),(51,27,15,'/germany/fourn/paiement/card.php?id=','(paiement)','payment_supplier'),(52,27,687,'/germany/fourn/card.php?socid=','Dr Hillinger & Bremer GmbH','company'),(53,28,16,'/germany/fourn/paiement/card.php?id=','(paiement)','payment_supplier'),(54,28,679,'/germany/fourn/card.php?socid=','Top Logistik GmbH','company'),(55,29,17,'/germany/fourn/paiement/card.php?id=','(paiement)','payment_supplier'),(56,29,679,'/germany/fourn/card.php?socid=','Top Logistik GmbH','company'),(57,30,12,'/germany/compta/paiement/card.php?id=','(paiement)','payment'),(58,30,131,'/germany/comm/card.php?socid=','Rum&Co GmbH','company'),(59,31,13,'/germany/compta/paiement/card.php?id=','(paiement)','payment'),(60,31,131,'/germany/comm/card.php?socid=','Rum&Co GmbH','company'),(61,32,14,'/germany/compta/paiement/card.php?id=','(paiement)','payment'),(62,32,688,'/germany/comm/card.php?socid=','Herbert Hoppe','company'),(67,35,17,'/germany/compta/paiement/card.php?id=','(paiement)','payment'),(68,35,131,'/germany/comm/card.php?socid=','Rum&Co GmbH','company'),(69,36,18,'/germany/compta/paiement/card.php?id=','(paiement)','payment'),(70,36,132,'/germany/comm/card.php?socid=','Geniesserei - Maren Bergholz','company'),(71,37,19,'/germany/compta/paiement/card.php?id=','(paiement)','payment'),(72,37,131,'/germany/comm/card.php?socid=','Rum&Co GmbH','company'),(73,38,20,'/germany/compta/paiement/card.php?id=','(paiement)','payment'),(74,38,2,'/germany/comm/card.php?socid=','Henric Martens','company'),(75,39,18,'/germany/fourn/paiement/card.php?id=','(paiement)','payment_supplier'),(76,39,131,'/germany/fourn/card.php?socid=','Rum&Co GmbH','company'),(77,40,19,'/germany/fourn/paiement/card.php?id=','(paiement)','payment_supplier'),(78,40,679,'/germany/fourn/card.php?socid=','Top Logistik GmbH','company'),(79,41,20,'/germany/fourn/paiement/card.php?id=','(paiement)','payment_supplier'),(80,41,679,'/germany/fourn/card.php?socid=','Top Logistik GmbH','company'),(81,42,21,'/germany/fourn/paiement/card.php?id=','(paiement)','payment_supplier'),(82,42,679,'/germany/fourn/card.php?socid=','Top Logistik GmbH','company'),(83,43,22,'/germany/fourn/paiement/card.php?id=','(paiement)','payment_supplier'),(84,43,679,'/germany/fourn/card.php?socid=','Top Logistik GmbH','company'),(85,44,23,'/germany/fourn/paiement/card.php?id=','(paiement)','payment_supplier'),(86,44,679,'/germany/fourn/card.php?socid=','Top Logistik GmbH','company'),(87,45,24,'/germany/fourn/paiement/card.php?id=','(paiement)','payment_supplier'),(88,45,679,'/germany/fourn/card.php?socid=','Top Logistik GmbH','company'),(89,46,25,'/germany/fourn/paiement/card.php?id=','(paiement)','payment_supplier'),(90,46,679,'/germany/fourn/card.php?socid=','Top Logistik GmbH','company'),(91,47,26,'/germany/fourn/paiement/card.php?id=','(paiement)','payment_supplier'),(92,47,679,'/germany/fourn/card.php?socid=','Top Logistik GmbH','company'),(93,48,27,'/germany/fourn/paiement/card.php?id=','(paiement)','payment_supplier'),(94,48,679,'/germany/fourn/card.php?socid=','Top Logistik GmbH','company'),(95,49,28,'/germany/fourn/paiement/card.php?id=','(paiement)','payment_supplier'),(96,49,679,'/germany/fourn/card.php?socid=','Top Logistik GmbH','company'),(97,50,21,'/germany/compta/paiement/card.php?id=','(paiement)','payment'),(98,50,704,'/germany/comm/card.php?socid=','Fonk Media BV','company'),(99,51,22,'/germany/compta/paiement/card.php?id=','(paiement)','payment'),(100,51,709,'/germany/comm/card.php?socid=','Andreas Klüver-Harms','company'),(103,53,24,'/germany/compta/paiement/card.php?id=','(paiement)','payment'),(104,53,131,'/germany/comm/card.php?socid=','Rum&Co GmbH','company'),(105,54,25,'/germany/compta/paiement/card.php?id=','(paiement)','payment'),(106,54,131,'/germany/comm/card.php?socid=','Rum&Co GmbH','company'),(107,55,26,'/germany/compta/paiement/card.php?id=','(paiement)','payment'),(108,55,705,'/germany/comm/card.php?socid=','Brandimex','company'),(111,58,28,'/germany/compta/paiement/card.php?id=','(paiement)','payment'),(112,58,576,'/germany/comm/card.php?socid=','MGS Münchner Getränke Service GmbH','company'),(113,59,29,'/germany/compta/paiement/card.php?id=','(paiement)','payment'),(114,59,135,'/germany/comm/card.php?socid=','SARL BGT SELECTION','company'),(115,60,30,'/germany/compta/paiement/card.php?id=','(paiement)','payment'),(116,60,679,'/germany/comm/card.php?socid=','Top Logistik GmbH','company'),(117,61,31,'/germany/compta/paiement/card.php?id=','(paiement)','payment'),(118,61,705,'/germany/comm/card.php?socid=','Brandimex','company'),(119,62,32,'/germany/compta/paiement/card.php?id=','(paiement)','payment'),(120,62,145,'/germany/comm/card.php?socid=','Rum Company GmbH & Co. KG','company'),(121,63,33,'/germany/compta/paiement/card.php?id=','(paiement)','payment'),(122,63,705,'/germany/comm/card.php?socid=','Brandimex','company'),(123,64,34,'/germany/compta/paiement/card.php?id=','(paiement)','payment'),(124,64,704,'/germany/comm/card.php?socid=','Fonk Media BV','company'),(125,65,35,'/germany/compta/paiement/card.php?id=','(paiement)','payment'),(126,65,131,'/germany/comm/card.php?socid=','Rum & Co GmbH','company'),(127,66,36,'/germany/compta/paiement/card.php?id=','(paiement)','payment'),(128,66,639,'/germany/comm/card.php?socid=','Oliver Kleinfeld','company'),(129,67,37,'/germany/compta/paiement/card.php?id=','(paiement)','payment'),(130,67,867,'/germany/comm/card.php?socid=','Sven Stapelfeldt','company'),(131,68,38,'/germany/compta/paiement/card.php?id=','(paiement)','payment'),(132,68,658,'/germany/comm/card.php?socid=','SSG Trading GmbH','company'),(133,69,39,'/germany/compta/paiement/card.php?id=','(paiement)','payment'),(134,69,131,'/germany/comm/card.php?socid=','Rum & Co GmbH','company'),(153,79,49,'/germany/compta/paiement/card.php?id=','(paiement)','payment'),(154,79,705,'/germany/comm/card.php?socid=','Brandimex','company'),(157,81,51,'/germany/compta/paiement/card.php?id=','(paiement)','payment'),(158,81,745,'/germany/comm/card.php?socid=','Amazon Europe Core S.à r.l.','company'),(159,82,52,'/germany/compta/paiement/card.php?id=','(paiement)','payment'),(160,82,745,'/germany/comm/card.php?socid=','Amazon Europe Core S.à r.l.','company'),(161,83,53,'/germany/compta/paiement/card.php?id=','(paiement)','payment'),(162,83,745,'/germany/comm/card.php?socid=','Amazon Europe Core S.à r.l.','company'),(163,84,54,'/germany/compta/paiement/card.php?id=','(paiement)','payment'),(164,84,745,'/germany/comm/card.php?socid=','Amazon Europe Core S.à r.l.','company'),(165,85,55,'/germany/compta/paiement/card.php?id=','(paiement)','payment'),(166,85,745,'/germany/comm/card.php?socid=','Amazon Europe Core S.à r.l.','company'),(167,86,56,'/germany/compta/paiement/card.php?id=','(paiement)','payment'),(168,86,745,'/germany/comm/card.php?socid=','Amazon Europe Core S.à r.l.','company'),(171,88,58,'/germany/compta/paiement/card.php?id=','(paiement)','payment'),(172,88,131,'/germany/comm/card.php?socid=','Rum & Co GmbH','company'),(173,89,59,'/germany/compta/paiement/card.php?id=','(paiement)','payment'),(174,89,836,'/germany/comm/card.php?socid=','Spirits Island GmbH','company'),(175,90,29,'/germany/fourn/paiement/card.php?id=','(paiement)','payment_supplier'),(176,90,131,'/germany/fourn/card.php?socid=','Rum & Co GmbH','company'),(177,91,60,'/germany/compta/paiement/card.php?id=','(paiement)','payment'),(178,91,2,'/germany/comm/card.php?socid=','Henric Martens','company'),(179,92,61,'/germany/compta/paiement/card.php?id=','(paiement)','payment'),(180,92,145,'/germany/comm/card.php?socid=','Rum Company GmbH & Co. KG','company'),(181,93,62,'/germany/compta/paiement/card.php?id=','(paiement)','payment'),(182,93,135,'/germany/comm/card.php?socid=','SARL BGT SELECTION','company'),(183,94,63,'/germany/compta/paiement/card.php?id=','(paiement)','payment'),(184,94,131,'/germany/comm/card.php?socid=','Rum & Co GmbH','company'),(185,95,64,'/germany/compta/paiement/card.php?id=','(paiement)','payment'),(186,95,131,'/germany/comm/card.php?socid=','Rum & Co GmbH','company'),(187,96,65,'/germany/compta/paiement/card.php?id=','(paiement)','payment'),(188,96,132,'/germany/comm/card.php?socid=','Geniesserei - Maren Bergholz','company'),(189,97,66,'/germany/compta/paiement/card.php?id=','(paiement)','payment'),(190,97,745,'/germany/comm/card.php?socid=','Amazon Europe Core S.à r.l.','company'),(203,104,73,'/germany/compta/paiement/card.php?id=','(paiement)','payment'),(204,104,745,'/germany/comm/card.php?socid=','Amazon Europe Core S.à r.l.','company'),(205,105,74,'/germany/compta/paiement/card.php?id=','(paiement)','payment'),(206,105,745,'/germany/comm/card.php?socid=','Amazon Europe Core S.à r.l.','company'),(207,106,75,'/germany/compta/paiement/card.php?id=','(paiement)','payment'),(208,106,745,'/germany/comm/card.php?socid=','Amazon Europe Core S.à r.l.','company'),(209,107,76,'/germany/compta/paiement/card.php?id=','(paiement)','payment'),(210,107,745,'/germany/comm/card.php?socid=','Amazon Europe Core S.à r.l.','company'),(211,108,77,'/germany/compta/paiement/card.php?id=','(paiement)','payment'),(212,108,745,'/germany/comm/card.php?socid=','Amazon Europe Core S.à r.l.','company'),(217,111,80,'/germany/compta/paiement/card.php?id=','(paiement)','payment'),(218,111,745,'/germany/comm/card.php?socid=','Amazon Europe Core S.à r.l.','company'),(221,113,82,'/germany/compta/paiement/card.php?id=','(paiement)','payment'),(222,113,1022,'/germany/comm/card.php?socid=','Albert Albou','company'),(223,114,83,'/germany/compta/paiement/card.php?id=','(paiement)','payment'),(224,114,145,'/germany/comm/card.php?socid=','Rum Company GmbH & Co. KG','company'),(225,115,84,'/germany/compta/paiement/card.php?id=','(paiement)','payment'),(226,115,705,'/germany/comm/card.php?socid=','Brandimex','company'),(227,116,85,'/germany/compta/paiement/card.php?id=','(paiement)','payment'),(228,116,131,'/germany/comm/card.php?socid=','Rum & Co GmbH','company'),(229,117,86,'/germany/compta/paiement/card.php?id=','(paiement)','payment'),(230,117,131,'/germany/comm/card.php?socid=','Rum & Co GmbH','company'),(231,118,87,'/germany/compta/paiement/card.php?id=','(paiement)','payment'),(232,118,745,'/germany/comm/card.php?socid=','Amazon Europe Core S.à r.l.','company'),(233,119,88,'/germany/compta/paiement/card.php?id=','(paiement)','payment'),(234,119,745,'/germany/comm/card.php?socid=','Amazon Europe Core S.à r.l.','company'),(235,120,89,'/germany/compta/paiement/card.php?id=','(paiement)','payment'),(236,120,745,'/germany/comm/card.php?socid=','Amazon Europe Core S.à r.l.','company'),(237,121,90,'/germany/compta/paiement/card.php?id=','(paiement)','payment'),(238,121,745,'/germany/comm/card.php?socid=','Amazon Europe Core S.à r.l.','company'),(239,122,91,'/germany/compta/paiement/card.php?id=','(paiement)','payment'),(240,122,745,'/germany/comm/card.php?socid=','Amazon Europe Core S.à r.l.','company'),(241,123,92,'/germany/compta/paiement/card.php?id=','(paiement)','payment'),(242,123,1025,'/germany/comm/card.php?socid=','Svet nápojov s.r.o.','company'),(243,124,93,'/germany/compta/paiement/card.php?id=','(paiement)','payment'),(244,124,1025,'/germany/comm/card.php?socid=','Svet nápojov s.r.o.','company'),(245,125,94,'/germany/compta/paiement/card.php?id=','(paiement)','payment'),(246,125,131,'/germany/comm/card.php?socid=','Rum & Co GmbH','company'),(247,126,95,'/germany/compta/paiement/card.php?id=','(paiement)','payment'),(248,126,132,'/germany/comm/card.php?socid=','Geniesserei - Maren Bergholz','company'),(249,127,96,'/germany/compta/paiement/card.php?id=','(paiement)','payment'),(250,127,663,'/germany/comm/card.php?socid=','Conalco OHG','company'),(251,128,97,'/germany/compta/paiement/card.php?id=','(paiement)','payment'),(252,128,1030,'/germany/comm/card.php?socid=','Heiner Kaller','company'),(253,129,98,'/germany/compta/paiement/card.php?id=','(paiement)','payment'),(254,129,131,'/germany/comm/card.php?socid=','Rum & Co GmbH','company'),(255,130,99,'/germany/compta/paiement/card.php?id=','(paiement)','payment'),(256,130,131,'/germany/comm/card.php?socid=','Rum & Co GmbH','company'),(257,131,100,'/germany/compta/paiement/card.php?id=','(paiement)','payment'),(258,131,867,'/germany/comm/card.php?socid=','Sven Stapelfeldt','company'),(259,132,101,'/germany/compta/paiement/card.php?id=','(paiement)','payment'),(260,132,139,'/germany/comm/card.php?socid=','Rodrigo A. Franco','company'),(261,133,102,'/germany/compta/paiement/card.php?id=','(paiement)','payment'),(262,133,131,'/germany/comm/card.php?socid=','Rum & Co GmbH','company'),(263,134,103,'/germany/compta/paiement/card.php?id=','(paiement)','payment'),(264,134,1002,'/germany/comm/card.php?socid=','Pedro Eikelenboom','company'),(265,136,104,'/germany/compta/paiement/card.php?id=','(paiement)','payment'),(266,136,777,'/germany/comm/card.php?socid=','Atom Supplies Limited','company'),(267,137,105,'/germany/compta/paiement/card.php?id=','(paiement)','payment'),(268,137,131,'/germany/comm/card.php?socid=','Rum & Co GmbH','company'),(269,138,106,'/germany/compta/paiement/card.php?id=','(paiement)','payment'),(270,138,2,'/germany/comm/card.php?socid=','Henric Martens','company'),(271,139,107,'/germany/compta/paiement/card.php?id=','(paiement)','payment'),(272,139,621,'/germany/comm/card.php?socid=','Volker Klima','company'),(273,140,108,'/germany/compta/paiement/card.php?id=','(paiement)','payment'),(274,140,621,'/germany/comm/card.php?socid=','Volker Klima','company');

--
-- Table structure for table `llxml_blockedlog`
--

CREATE TABLE `llxml_blockedlog` (
  `rowid` int(11) NOT NULL AUTO_INCREMENT,
  `entity` int(11) NOT NULL DEFAULT 1,
  `date_creation` datetime DEFAULT NULL,
  `tms` timestamp NOT NULL DEFAULT current_timestamp() ON UPDATE current_timestamp(),
  `action` varchar(50) DEFAULT NULL,
  `amounts` double(24,8) NOT NULL,
  `element` varchar(50) DEFAULT NULL,
  `fk_user` int(11) DEFAULT NULL,
  `user_fullname` varchar(255) DEFAULT NULL,
  `fk_object` int(11) DEFAULT NULL,
  `ref_object` varchar(255) DEFAULT NULL,
  `date_object` datetime DEFAULT NULL,
  `signature` varchar(100) NOT NULL,
  `signature_line` varchar(100) NOT NULL,
  `object_data` text DEFAULT NULL,
  `certified` int(11) DEFAULT NULL,
  PRIMARY KEY (`rowid`),
  KEY `signature` (`signature`),
  KEY `fk_object_element` (`fk_object`,`element`),
  KEY `entity` (`entity`),
  KEY `fk_user` (`fk_user`),
  KEY `entity_action` (`entity`,`action`),
  KEY `entity_action_certified` (`entity`,`action`,`certified`)
) ENGINE=InnoDB DEFAULT CHARSET=utf8;

--
-- Dumping data for table `llxml_blockedlog`
--


--
-- Table structure for table `llxml_blockedlog_authority`
--

CREATE TABLE `llxml_blockedlog_authority` (
  `rowid` int(11) NOT NULL AUTO_INCREMENT,
  `blockchain` longtext NOT NULL,
  `signature` varchar(100) NOT NULL,
  `tms` timestamp NOT NULL DEFAULT current_timestamp() ON UPDATE current_timestamp(),
  PRIMARY KEY (`rowid`),
  KEY `signature` (`signature`)
) ENGINE=InnoDB DEFAULT CHARSET=utf8;

--
-- Dumping data for table `llxml_blockedlog_authority`
--


--
-- Table structure for table `llxml_bom_bom`
--

CREATE TABLE `llxml_bom_bom` (
  `rowid` int(11) NOT NULL AUTO_INCREMENT,
  `entity` int(11) NOT NULL DEFAULT 1,
  `ref` varchar(128) NOT NULL,
  `label` varchar(255) DEFAULT NULL,
  `description` text DEFAULT NULL,
  `note_public` text DEFAULT NULL,
  `note_private` text DEFAULT NULL,
  `fk_product` int(11) DEFAULT NULL,
  `qty` double(24,8) DEFAULT NULL,
  `efficiency` double(8,4) DEFAULT NULL,
  `date_creation` datetime NOT NULL,
  `tms` timestamp NOT NULL DEFAULT current_timestamp() ON UPDATE current_timestamp(),
  `date_valid` datetime DEFAULT NULL,
  `fk_user_creat` int(11) NOT NULL,
  `fk_user_modif` int(11) DEFAULT NULL,
  `fk_user_valid` int(11) DEFAULT NULL,
  `import_key` varchar(14) DEFAULT NULL,
  `status` int(11) NOT NULL,
  `duration` double(24,8) DEFAULT NULL,
  `fk_warehouse` int(11) DEFAULT NULL,
  `model_pdf` varchar(255) DEFAULT NULL,
  PRIMARY KEY (`rowid`),
  UNIQUE KEY `uk_bom_bom_ref` (`ref`,`entity`),
  KEY `idx_bom_bom_rowid` (`rowid`),
  KEY `idx_bom_bom_ref` (`ref`),
  KEY `llxml_bom_bom_fk_user_creat` (`fk_user_creat`),
  KEY `idx_bom_bom_status` (`status`),
  KEY `idx_bom_bom_fk_product` (`fk_product`),
  CONSTRAINT `llxml_bom_bom_fk_user_creat` FOREIGN KEY (`fk_user_creat`) REFERENCES `llxml_user` (`rowid`)
) ENGINE=InnoDB DEFAULT CHARSET=latin1;

--
-- Dumping data for table `llxml_bom_bom`
--


--
-- Table structure for table `llxml_bom_bom_extrafields`
--

CREATE TABLE `llxml_bom_bom_extrafields` (
  `rowid` int(11) NOT NULL AUTO_INCREMENT,
  `tms` timestamp NOT NULL DEFAULT current_timestamp() ON UPDATE current_timestamp(),
  `fk_object` int(11) NOT NULL,
  `import_key` varchar(14) DEFAULT NULL,
  PRIMARY KEY (`rowid`)
) ENGINE=InnoDB DEFAULT CHARSET=latin1;

--
-- Dumping data for table `llxml_bom_bom_extrafields`
--


--
-- Table structure for table `llxml_bom_bomline`
--

CREATE TABLE `llxml_bom_bomline` (
  `rowid` int(11) NOT NULL AUTO_INCREMENT,
  `fk_bom` int(11) NOT NULL,
  `fk_product` int(11) NOT NULL,
  `fk_bom_child` int(11) DEFAULT NULL,
  `description` text DEFAULT NULL,
  `import_key` varchar(14) DEFAULT NULL,
  `qty` double(24,8) NOT NULL,
  `efficiency` double(8,4) NOT NULL DEFAULT 1.0000,
  `position` int(11) NOT NULL,
  `qty_frozen` smallint(6) DEFAULT 0,
  `disable_stock_change` smallint(6) DEFAULT 0,
  PRIMARY KEY (`rowid`),
  KEY `idx_bom_bomline_rowid` (`rowid`),
  KEY `idx_bom_bomline_fk_product` (`fk_product`),
  KEY `idx_bom_bomline_fk_bom` (`fk_bom`),
  CONSTRAINT `llxml_bom_bomline_fk_bom` FOREIGN KEY (`fk_bom`) REFERENCES `llxml_bom_bom` (`rowid`)
) ENGINE=InnoDB DEFAULT CHARSET=latin1;

--
-- Dumping data for table `llxml_bom_bomline`
--


--
-- Table structure for table `llxml_bom_bomline_extrafields`
--

CREATE TABLE `llxml_bom_bomline_extrafields` (
  `rowid` int(11) NOT NULL AUTO_INCREMENT,
  `tms` timestamp NOT NULL DEFAULT current_timestamp() ON UPDATE current_timestamp(),
  `fk_object` int(11) NOT NULL,
  `import_key` varchar(14) DEFAULT NULL,
  PRIMARY KEY (`rowid`)
) ENGINE=InnoDB DEFAULT CHARSET=latin1;

--
-- Dumping data for table `llxml_bom_bomline_extrafields`
--


--
-- Table structure for table `llxml_bookmark`
--

CREATE TABLE `llxml_bookmark` (
  `rowid` int(11) NOT NULL AUTO_INCREMENT,
  `fk_user` int(11) NOT NULL,
  `dateb` datetime DEFAULT NULL,
  `url` varchar(255) NOT NULL,
  `target` varchar(16) DEFAULT NULL,
  `title` varchar(64) DEFAULT NULL,
  `favicon` varchar(24) DEFAULT NULL,
  `position` int(11) DEFAULT 0,
  `entity` int(11) NOT NULL DEFAULT 1,
  PRIMARY KEY (`rowid`),
  UNIQUE KEY `uk_bookmark_url` (`fk_user`,`url`),
  UNIQUE KEY `uk_bookmark_title` (`fk_user`,`title`)
) ENGINE=InnoDB DEFAULT CHARSET=utf8;

--
-- Dumping data for table `llxml_bookmark`
--


--
-- Table structure for table `llxml_bordereau_cheque`
--

CREATE TABLE `llxml_bordereau_cheque` (
  `rowid` int(11) NOT NULL AUTO_INCREMENT,
  `ref` varchar(30) NOT NULL,
  `ref_ext` varchar(255) DEFAULT NULL,
  `datec` datetime NOT NULL,
  `date_bordereau` date DEFAULT NULL,
  `amount` double(24,8) NOT NULL,
  `nbcheque` smallint(6) NOT NULL,
  `fk_bank_account` int(11) DEFAULT NULL,
  `fk_user_author` int(11) DEFAULT NULL,
  `statut` smallint(6) NOT NULL DEFAULT 0,
  `tms` timestamp NOT NULL DEFAULT current_timestamp() ON UPDATE current_timestamp(),
  `note` text DEFAULT NULL,
  `entity` int(11) NOT NULL DEFAULT 1,
  PRIMARY KEY (`rowid`),
  UNIQUE KEY `uk_bordereau_cheque` (`ref`,`entity`)
) ENGINE=InnoDB DEFAULT CHARSET=utf8;

--
-- Dumping data for table `llxml_bordereau_cheque`
--


--
-- Table structure for table `llxml_boxes`
--

CREATE TABLE `llxml_boxes` (
  `rowid` int(11) NOT NULL AUTO_INCREMENT,
  `entity` int(11) NOT NULL DEFAULT 1,
  `box_id` int(11) NOT NULL,
  `position` smallint(6) NOT NULL,
  `box_order` varchar(3) NOT NULL,
  `fk_user` int(11) NOT NULL DEFAULT 0,
  `maxline` int(11) DEFAULT NULL,
  `params` varchar(255) DEFAULT NULL,
  PRIMARY KEY (`rowid`),
  UNIQUE KEY `uk_boxes` (`entity`,`box_id`,`position`,`fk_user`),
  KEY `idx_boxes_boxid` (`box_id`),
  KEY `idx_boxes_fk_user` (`fk_user`),
  CONSTRAINT `fk_boxes_box_id` FOREIGN KEY (`box_id`) REFERENCES `llxml_boxes_def` (`rowid`)
) ENGINE=InnoDB AUTO_INCREMENT=31 DEFAULT CHARSET=utf8;

--
-- Dumping data for table `llxml_boxes`
--

INSERT INTO `llxml_boxes` VALUES (1,1,1,0,'B02',0,NULL,NULL),(3,1,3,0,'B10',0,NULL,NULL),(4,1,4,0,'A23',0,NULL,NULL),(5,1,5,0,'A11',0,NULL,NULL),(6,1,6,0,'B24',0,NULL,NULL),(7,1,7,0,'B12',0,NULL,NULL),(8,1,8,0,'A25',0,NULL,NULL),(9,1,9,0,'A13',0,NULL,NULL),(10,1,10,0,'B26',0,NULL,NULL),(11,1,11,0,'B14',0,NULL,NULL),(12,1,12,0,'A27',0,NULL,NULL),(13,1,13,0,'A09',0,NULL,NULL),(14,1,14,0,'B22',0,NULL,NULL),(15,1,15,0,'B08',0,NULL,NULL),(16,1,16,0,'B16',0,NULL,NULL),(17,1,17,0,'A03',0,NULL,NULL),(18,1,18,0,'A17',0,NULL,NULL),(19,1,19,0,'B04',0,NULL,NULL),(20,1,20,0,'B18',0,NULL,NULL),(21,1,21,0,'A05',0,NULL,NULL),(22,1,22,0,'A19',0,NULL,NULL),(23,1,23,0,'B06',0,NULL,NULL),(24,1,24,0,'B20',0,NULL,NULL),(25,1,25,0,'A07',0,NULL,NULL),(26,1,26,0,'A21',0,NULL,NULL),(28,1,28,0,'A01',0,NULL,NULL),(29,1,29,0,'0',0,NULL,NULL),(30,1,32,0,'0',0,NULL,NULL);

--
-- Table structure for table `llxml_boxes_def`
--

CREATE TABLE `llxml_boxes_def` (
  `rowid` int(11) NOT NULL AUTO_INCREMENT,
  `file` varchar(200) NOT NULL,
  `entity` int(11) NOT NULL DEFAULT 1,
  `tms` timestamp NOT NULL DEFAULT current_timestamp() ON UPDATE current_timestamp(),
  `note` varchar(130) DEFAULT NULL,
  PRIMARY KEY (`rowid`),
  UNIQUE KEY `uk_boxes_def` (`file`,`entity`,`note`)
) ENGINE=InnoDB AUTO_INCREMENT=33 DEFAULT CHARSET=utf8;

--
-- Dumping data for table `llxml_boxes_def`
--

INSERT INTO `llxml_boxes_def` VALUES (1,'box_lastlogin.php',1,'2018-08-31 15:23:21',NULL),(3,'box_clients.php',1,'2018-08-31 19:28:25',NULL),(4,'box_prospect.php',1,'2018-08-31 19:28:25',NULL),(5,'box_contacts.php',1,'2018-08-31 19:28:25',NULL),(6,'box_activity.php',1,'2018-08-31 19:28:25','(WarningUsingThisBoxSlowDown)'),(7,'box_goodcustomers.php',1,'2018-08-31 19:28:25','(WarningUsingThisBoxSlowDown)'),(8,'box_graph_propales_permonth.php',1,'2018-08-31 19:28:32',NULL),(9,'box_propales.php',1,'2018-08-31 19:28:32',NULL),(10,'box_commandes.php',1,'2018-08-31 19:28:40',NULL),(11,'box_graph_orders_permonth.php',1,'2018-08-31 19:28:40',NULL),(12,'box_graph_invoices_supplier_permonth.php',1,'2018-08-31 19:28:54',NULL),(13,'box_graph_orders_supplier_permonth.php',1,'2018-08-31 19:28:54',NULL),(14,'box_fournisseurs.php',1,'2018-08-31 19:28:54',NULL),(15,'box_factures_fourn_imp.php',1,'2018-08-31 19:28:54',NULL),(16,'box_factures_fourn.php',1,'2018-08-31 19:28:54',NULL),(17,'box_supplier_orders.php',1,'2018-08-31 19:28:54',NULL),(18,'box_factures_imp.php',1,'2018-08-31 19:29:15',NULL),(19,'box_factures.php',1,'2018-08-31 19:29:15',NULL),(20,'box_graph_invoices_permonth.php',1,'2018-08-31 19:29:15',NULL),(21,'box_comptes.php',1,'2018-08-31 19:29:33',NULL),(22,'box_produits.php',1,'2018-08-31 19:30:01',NULL),(23,'box_produits_alerte_stock.php',1,'2018-08-31 19:30:01',NULL),(24,'box_graph_product_distribution.php',1,'2018-08-31 19:30:01',NULL),(25,'box_project.php',1,'2018-08-31 19:33:08',NULL),(26,'box_task.php',1,'2018-08-31 19:33:08',NULL),(28,'box_services_contracts.php',1,'2018-10-13 21:24:33',NULL),(29,'box_actions.php',1,'2019-07-21 15:33:25',NULL),(30,'box_birthdays.php',1,'2019-07-30 01:05:01',NULL),(31,'box_supplier_orders_awaiting_reception.php',1,'2020-02-15 13:02:04',NULL),(32,'box_boms.php',1,'2020-04-19 18:41:16',NULL);

--
-- Table structure for table `llxml_budget`
--

CREATE TABLE `llxml_budget` (
  `rowid` int(11) NOT NULL AUTO_INCREMENT,
  `entity` int(11) NOT NULL DEFAULT 1,
  `label` varchar(255) NOT NULL,
  `status` int(11) DEFAULT NULL,
  `note` text DEFAULT NULL,
  `date_start` date DEFAULT NULL,
  `date_end` date DEFAULT NULL,
  `datec` datetime DEFAULT NULL,
  `tms` timestamp NOT NULL DEFAULT current_timestamp() ON UPDATE current_timestamp(),
  `fk_user_creat` int(11) DEFAULT NULL,
  `fk_user_modif` int(11) DEFAULT NULL,
  `import_key` int(11) DEFAULT NULL,
  PRIMARY KEY (`rowid`)
) ENGINE=InnoDB DEFAULT CHARSET=utf8;

--
-- Dumping data for table `llxml_budget`
--


--
-- Table structure for table `llxml_budget_lines`
--

CREATE TABLE `llxml_budget_lines` (
  `rowid` int(11) NOT NULL AUTO_INCREMENT,
  `fk_budget` int(11) NOT NULL,
  `fk_project_ids` varchar(180) NOT NULL,
  `amount` double(24,8) NOT NULL,
  `datec` datetime DEFAULT NULL,
  `tms` timestamp NOT NULL DEFAULT current_timestamp() ON UPDATE current_timestamp(),
  `fk_user_creat` int(11) DEFAULT NULL,
  `fk_user_modif` int(11) DEFAULT NULL,
  `import_key` int(11) DEFAULT NULL,
  PRIMARY KEY (`rowid`),
  UNIQUE KEY `uk_budget_lines` (`fk_budget`,`fk_project_ids`),
  CONSTRAINT `fk_budget_lines_budget` FOREIGN KEY (`fk_budget`) REFERENCES `llxml_budget` (`rowid`)
) ENGINE=InnoDB DEFAULT CHARSET=utf8;

--
-- Dumping data for table `llxml_budget_lines`
--


--
-- Table structure for table `llxml_c_accounting_category`
--

CREATE TABLE `llxml_c_accounting_category` (
  `rowid` int(11) NOT NULL AUTO_INCREMENT,
  `entity` int(11) NOT NULL DEFAULT 1,
  `code` varchar(16) NOT NULL,
  `label` varchar(255) NOT NULL,
  `range_account` varchar(255) NOT NULL,
  `sens` tinyint(4) NOT NULL DEFAULT 0,
  `category_type` tinyint(4) NOT NULL DEFAULT 0,
  `formula` varchar(255) NOT NULL,
  `position` int(11) DEFAULT 0,
  `fk_country` int(11) DEFAULT NULL,
  `active` int(11) DEFAULT 1,
  PRIMARY KEY (`rowid`),
  UNIQUE KEY `uk_c_accounting_category` (`code`,`entity`)
) ENGINE=InnoDB AUTO_INCREMENT=4 DEFAULT CHARSET=utf8;

--
-- Dumping data for table `llxml_c_accounting_category`
--

INSERT INTO `llxml_c_accounting_category` VALUES (1,1,'INCOMES','Income of products/services','Example: 7xxxxx',0,0,'',10,0,1),(2,1,'EXPENSES','Expenses of products/services','Example: 6xxxxx',0,0,'',20,0,1),(3,1,'PROFIT','Balance','',0,1,'INCOMES+EXPENSES',30,0,1);

--
-- Table structure for table `llxml_c_action_trigger`
--

CREATE TABLE `llxml_c_action_trigger` (
  `rowid` int(11) NOT NULL AUTO_INCREMENT,
  `elementtype` varchar(64) NOT NULL,
  `code` varchar(32) NOT NULL,
  `label` varchar(128) NOT NULL,
  `description` varchar(255) DEFAULT NULL,
  `rang` int(11) DEFAULT 0,
  PRIMARY KEY (`rowid`),
  UNIQUE KEY `uk_action_trigger_code` (`code`),
  KEY `idx_action_trigger_rang` (`rang`)
) ENGINE=InnoDB AUTO_INCREMENT=144 DEFAULT CHARSET=utf8;

--
-- Dumping data for table `llxml_c_action_trigger`
--

INSERT INTO `llxml_c_action_trigger` VALUES (1,'societe','COMPANY_CREATE','Third party created','Executed when a third party is created',1),(2,'societe','COMPANY_SENTBYMAIL','Mails sent from third party card','Executed when you send email from third party card',1),(3,'propal','PROPAL_VALIDATE','Customer proposal validated','Executed when a commercial proposal is validated',2),(4,'propal','PROPAL_SENTBYMAIL','Commercial proposal sent by mail','Executed when a commercial proposal is sent by mail',3),(5,'propal','PROPAL_CLOSE_SIGNED','Customer proposal closed signed','Executed when a customer proposal is closed signed',2),(6,'propal','PROPAL_CLOSE_REFUSED','Customer proposal closed refused','Executed when a customer proposal is closed refused',2),(7,'propal','PROPAL_CLASSIFY_BILLED','Customer proposal set billed','Executed when a customer proposal is set to billed',2),(8,'commande','ORDER_VALIDATE','Customer order validate','Executed when a customer order is validated',4),(9,'commande','ORDER_CLOSE','Customer order classify delivered','Executed when a customer order is set delivered',5),(10,'commande','ORDER_CLASSIFY_BILLED','Customer order classify billed','Executed when a customer order is set to billed',5),(11,'commande','ORDER_CANCEL','Customer order canceled','Executed when a customer order is canceled',5),(12,'commande','ORDER_SENTBYMAIL','Customer order sent by mail','Executed when a customer order is sent by mail ',5),(13,'facture','BILL_VALIDATE','Customer invoice validated','Executed when a customer invoice is approved',6),(14,'facture','BILL_PAYED','Customer invoice payed','Executed when a customer invoice is payed',7),(15,'facture','BILL_CANCEL','Customer invoice canceled','Executed when a customer invoice is conceled',8),(16,'facture','BILL_SENTBYMAIL','Customer invoice sent by mail','Executed when a customer invoice is sent by mail',9),(17,'facture','BILL_UNVALIDATE','Customer invoice unvalidated','Executed when a customer invoice status set back to draft',9),(18,'proposal_supplier','PROPOSAL_SUPPLIER_VALIDATE','Price request validated','Executed when a commercial proposal is validated',10),(19,'proposal_supplier','PROPOSAL_SUPPLIER_SENTBYMAIL','Price request sent by mail','Executed when a commercial proposal is sent by mail',10),(20,'proposal_supplier','PROPOSAL_SUPPLIER_CLOSE_SIGNED','Price request closed signed','Executed when a customer proposal is closed signed',10),(21,'proposal_supplier','PROPOSAL_SUPPLIER_CLOSE_REFUSED','Price request closed refused','Executed when a customer proposal is closed refused',10),(22,'order_supplier','ORDER_SUPPLIER_VALIDATE','Supplier order validated','Executed when a supplier order is validated',12),(23,'order_supplier','ORDER_SUPPLIER_APPROVE','Supplier order request approved','Executed when a supplier order is approved',13),(24,'order_supplier','ORDER_SUPPLIER_SUBMIT','Supplier order request submited','Executed when a supplier order is approved',13),(25,'order_supplier','ORDER_SUPPLIER_RECEIVE','Supplier order request received','Executed when a supplier order is received',13),(26,'order_supplier','ORDER_SUPPLIER_REFUSE','Supplier order request refused','Executed when a supplier order is refused',13),(27,'order_supplier','ORDER_SUPPLIER_SENTBYMAIL','Supplier order sent by mail','Executed when a supplier order is sent by mail',14),(28,'order_supplier','ORDER_SUPPLIER_CLASSIFY_BILLED','Supplier order set billed','Executed when a supplier order is set as billed',14),(29,'invoice_supplier','BILL_SUPPLIER_VALIDATE','Supplier invoice validated','Executed when a supplier invoice is validated',15),(30,'invoice_supplier','BILL_SUPPLIER_UNVALIDATE','Supplier invoice unvalidated','Executed when a supplier invoice status is set back to draft',15),(31,'invoice_supplier','BILL_SUPPLIER_PAYED','Supplier invoice payed','Executed when a supplier invoice is payed',16),(32,'invoice_supplier','BILL_SUPPLIER_SENTBYMAIL','Supplier invoice sent by mail','Executed when a supplier invoice is sent by mail',17),(33,'invoice_supplier','BILL_SUPPLIER_CANCELED','Supplier invoice cancelled','Executed when a supplier invoice is cancelled',17),(34,'contrat','CONTRACT_VALIDATE','Contract validated','Executed when a contract is validated',18),(35,'contrat','CONTRACT_SENTBYMAIL','Contract sent by mail','Executed when a contract is sent by mail',18),(36,'shipping','SHIPPING_VALIDATE','Shipping validated','Executed when a shipping is validated',20),(37,'shipping','SHIPPING_SENTBYMAIL','Shipping sent by mail','Executed when a shipping is sent by mail',21),(38,'member','MEMBER_VALIDATE','Member validated','Executed when a member is validated',22),(39,'member','MEMBER_SENTBYMAIL','Mails sent from member card','Executed when you send email from member card',23),(40,'member','MEMBER_SUBSCRIPTION_CREATE','Member subscribtion recorded','Executed when a member subscribtion is deleted',24),(41,'member','MEMBER_SUBSCRIPTION_MODIFY','Member subscribtion modified','Executed when a member subscribtion is modified',24),(42,'member','MEMBER_SUBSCRIPTION_DELETE','Member subscribtion deleted','Executed when a member subscribtion is deleted',24),(43,'member','MEMBER_RESILIATE','Member resiliated','Executed when a member is resiliated',25),(44,'member','MEMBER_DELETE','Member deleted','Executed when a member is deleted',26),(45,'ficheinter','FICHINTER_VALIDATE','Intervention validated','Executed when a intervention is validated',30),(46,'ficheinter','FICHINTER_CLASSIFY_BILLED','Intervention set billed','Executed when a intervention is set to billed (when option FICHINTER_CLASSIFY_BILLED is set)',32),(47,'ficheinter','FICHINTER_CLASSIFY_UNBILLED','Intervention set unbilled','Executed when a intervention is set to unbilled (when option FICHINTER_CLASSIFY_BILLED is set)',33),(48,'ficheinter','FICHINTER_REOPEN','Intervention opened','Executed when a intervention is re-opened',34),(49,'ficheinter','FICHINTER_SENTBYMAIL','Intervention sent by mail','Executed when a intervention is sent by mail',35),(50,'product','PRODUCT_CREATE','Product or service created','Executed when a product or sevice is created',40),(51,'product','PRODUCT_DELETE','Product or service deleted','Executed when a product or sevice is deleted',42),(52,'expensereport','EXPENSE_REPORT_CREATE','Expense report created','Executed when an expense report is created',201),(53,'expensereport','EXPENSE_REPORT_VALIDATE','Expense report validated','Executed when an expense report is validated',202),(54,'expensereport','EXPENSE_REPORT_APPROVE','Expense report approved','Executed when an expense report is approved',203),(55,'expensereport','EXPENSE_REPORT_PAYED','Expense report billed','Executed when an expense report is set as billed',204),(56,'project','PROJECT_VALIDATE','Project validation','Executed when a project is validated',141),(57,'project','PROJECT_DELETE','Project deleted','Executed when a project is deleted',143),(58,'product','PRODUCT_MODIFY','Product or service modified','Executed when a product or sevice is modified',41),(59,'member','MEMBER_MODIFY','Member modified','Executed when a member is modified',23),(60,'ficheinter','FICHINTER_MODIFY','Intervention modified','Executed when a intervention is modified',31),(61,'project','PROJECT_CREATE','Project creation','Executed when a project is created',140),(62,'project','PROJECT_MODIFY','Project modified','Executed when a project is modified',142),(63,'project','TASK_CREATE','Task created','Executed when a project task is created',150),(64,'project','TASK_MODIFY','Task modified','Executed when a project task is modified',151),(65,'project','TASK_DELETE','Task deleted','Executed when a project task is deleted',152),(66,'societe','COMPANY_DELETE','Third party deleted','Executed when you delete third party',1),(67,'propal','PROPAL_DELETE','Customer proposal deleted','Executed when a customer proposal is deleted',2),(68,'commande','ORDER_DELETE','Customer order deleted','Executed when a customer order is deleted',5),(69,'facture','BILL_DELETE','Customer invoice deleted','Executed when a customer invoice is deleted',9),(70,'proposal_supplier','PROPOSAL_SUPPLIER_DELETE','Price request deleted','Executed when a customer proposal delete',10),(71,'order_supplier','ORDER_SUPPLIER_DELETE','Supplier order deleted','Executed when a supplier order is deleted',14),(72,'invoice_supplier','BILL_SUPPLIER_DELETE','Supplier invoice deleted','Executed when a supplier invoice is deleted',17),(73,'contrat','CONTRACT_DELETE','Contract deleted','Executed when a contract is deleted',18),(74,'ficheinter','FICHINTER_DELETE','Intervention is deleted','Executed when a intervention is deleted',35),(75,'expensereport','EXPENSE_DELETE','Expense report deleted','Executed when an expense report is deleted',204),(76,'expensereport','HOLIDAY_VALIDATE','Expense report validated','Executed when an expense report is validated',202),(77,'expensereport','HOLIDAY_APPROVE','Expense report approved','Executed when an expense report is approved',203),(78,'ticket','TICKET_CREATE','Ticket created','Executed when a ticket is created',161),(79,'ticket','TICKET_MODIFY','Ticket modified','Executed when a ticket is modified',163),(80,'ticket','TICKET_ASSIGNED','Ticket assigned','Executed when a ticket is assigned to another user',164),(81,'ticket','TICKET_CLOSE','Ticket closed','Executed when a ticket is closed',165),(82,'ticket','TICKET_SENTBYMAIL','Ticket message sent by email','Executed when a message is sent from the ticket record',166),(83,'ticket','TICKET_DELETE','Ticket deleted','Executed when a ticket is deleted',167),(114,'user','USER_SENTBYMAIL','Email sent','Executed when an email is sent from user card',300),(115,'bom','BOM_VALIDATE','BOM validated','Executed when a BOM is validated',650),(116,'bom','BOM_UNVALIDATE','BOM unvalidated','Executed when a BOM is unvalidated',651),(117,'bom','BOM_CLOSE','BOM disabled','Executed when a BOM is disabled',652),(118,'bom','BOM_REOPEN','BOM reopen','Executed when a BOM is re-open',653),(119,'bom','BOM_DELETE','BOM deleted','Executed when a BOM deleted',654),(120,'bom','MRP_MO_VALIDATE','MO validated','Executed when a MO is validated',660),(121,'bom','MRP_MO_PRODUCED','MO produced','Executed when a MO is produced',661),(122,'bom','MRP_MO_DELETE','MO deleted','Executed when a MO is deleted',662),(123,'bom','MRP_MO_CANCEL','MO canceled','Executed when a MO is canceled',663);

--
-- Table structure for table `llxml_c_actioncomm`
--

CREATE TABLE `llxml_c_actioncomm` (
  `id` int(11) NOT NULL,
  `code` varchar(12) NOT NULL,
  `type` varchar(50) NOT NULL DEFAULT 'system',
  `libelle` varchar(48) NOT NULL,
  `module` varchar(16) DEFAULT NULL,
  `active` tinyint(4) NOT NULL DEFAULT 1,
  `todo` tinyint(4) DEFAULT NULL,
  `color` varchar(9) DEFAULT NULL,
  `picto` varchar(48) DEFAULT NULL,
  `position` int(11) NOT NULL DEFAULT 0,
  PRIMARY KEY (`id`),
  UNIQUE KEY `uk_c_actioncomm` (`code`)
) ENGINE=InnoDB DEFAULT CHARSET=utf8;

--
-- Dumping data for table `llxml_c_actioncomm`
--

INSERT INTO `llxml_c_actioncomm` VALUES (1,'AC_TEL','system','Phone call',NULL,1,NULL,NULL,NULL,2),(2,'AC_FAX','system','Send Fax',NULL,0,NULL,NULL,NULL,3),(4,'AC_EMAIL','system','Send Email',NULL,1,NULL,NULL,NULL,4),(5,'AC_RDV','system','Rendez-vous',NULL,1,NULL,NULL,NULL,1),(11,'AC_INT','system','Intervention on site',NULL,1,NULL,NULL,NULL,4),(40,'AC_OTH_AUTO','systemauto','Other (automatically inserted events)',NULL,1,NULL,NULL,NULL,20),(50,'AC_OTH','system','Other (manually inserted events)',NULL,1,NULL,NULL,NULL,5),(51,'AC_CONTAINER','user','Container Import',NULL,1,NULL,NULL,NULL,3),(52,'AC_FAIR','user','Trade Fair',NULL,1,NULL,NULL,NULL,5);

--
-- Table structure for table `llxml_c_availability`
--

CREATE TABLE `llxml_c_availability` (
  `rowid` int(11) NOT NULL AUTO_INCREMENT,
  `code` varchar(30) NOT NULL,
  `label` varchar(60) NOT NULL,
  `active` tinyint(4) NOT NULL DEFAULT 1,
  PRIMARY KEY (`rowid`),
  UNIQUE KEY `uk_c_availability` (`code`)
) ENGINE=InnoDB AUTO_INCREMENT=5 DEFAULT CHARSET=utf8;

--
-- Dumping data for table `llxml_c_availability`
--

INSERT INTO `llxml_c_availability` VALUES (1,'AV_NOW','Immediate',1),(2,'AV_1W','1 week',1),(3,'AV_2W','2 weeks',1),(4,'AV_3W','3 weeks',1);

--
-- Table structure for table `llxml_c_barcode_type`
--

CREATE TABLE `llxml_c_barcode_type` (
  `rowid` int(11) NOT NULL AUTO_INCREMENT,
  `code` varchar(16) NOT NULL,
  `entity` int(11) NOT NULL DEFAULT 1,
  `libelle` varchar(50) NOT NULL,
  `coder` varchar(16) NOT NULL,
  `example` varchar(16) NOT NULL,
  PRIMARY KEY (`rowid`),
  UNIQUE KEY `uk_c_barcode_type` (`code`,`entity`)
) ENGINE=InnoDB AUTO_INCREMENT=81 DEFAULT CHARSET=utf8;

--
-- Dumping data for table `llxml_c_barcode_type`
--

INSERT INTO `llxml_c_barcode_type` VALUES (1,'EAN8',1,'EAN8','0','1234567'),(2,'EAN13',1,'EAN13','tcpdfbarcode','123456789012'),(3,'UPC',1,'UPC','0','123456789012'),(4,'ISBN',1,'ISBN','0','123456789'),(5,'C39',1,'Code 39','0','1234567890'),(6,'C128',1,'Code 128','0','ABCD1234567890'),(7,'DATAMATRIX',1,'Datamatrix','0','1234567xyz'),(8,'QRCODE',1,'Qr Code','0','www.dolibarr.org');

--
-- Table structure for table `llxml_c_chargesociales`
--

CREATE TABLE `llxml_c_chargesociales` (
  `id` int(11) NOT NULL AUTO_INCREMENT,
  `libelle` varchar(80) DEFAULT NULL,
  `deductible` smallint(6) NOT NULL DEFAULT 0,
  `active` tinyint(4) NOT NULL DEFAULT 1,
  `code` varchar(12) NOT NULL,
  `accountancy_code` varchar(32) DEFAULT NULL,
  `fk_pays` int(11) NOT NULL DEFAULT 1,
  `module` varchar(32) DEFAULT NULL,
  PRIMARY KEY (`id`)
) ENGINE=InnoDB AUTO_INCREMENT=4110 DEFAULT CHARSET=utf8;

--
-- Dumping data for table `llxml_c_chargesociales`
--

INSERT INTO `llxml_c_chargesociales` VALUES (1,'Allocations familiales',1,1,'TAXFAM',NULL,1,NULL),(2,'CSG Deductible',1,1,'TAXCSGD',NULL,1,NULL),(3,'CSG/CRDS NON Deductible',0,1,'TAXCSGND',NULL,1,NULL),(10,'Taxe apprentissage',0,1,'TAXAPP',NULL,1,NULL),(11,'Taxe professionnelle',0,1,'TAXPRO',NULL,1,NULL),(12,'Cotisation fonciere des entreprises',0,1,'TAXCFE',NULL,1,NULL),(13,'Cotisation sur la valeur ajoutee des entreprises',0,1,'TAXCVAE',NULL,1,NULL),(20,'Impots locaux/fonciers',0,1,'TAXFON',NULL,1,NULL),(25,'Impots revenus',0,1,'TAXREV',NULL,1,NULL),(30,'Assurance Sante',0,1,'TAXSECU',NULL,1,NULL),(40,'Mutuelle',0,1,'TAXMUT',NULL,1,NULL),(50,'Assurance vieillesse',0,1,'TAXRET',NULL,1,NULL),(60,'Assurance Chomage',0,1,'TAXCHOM',NULL,1,NULL),(201,'ONSS',1,1,'TAXBEONSS',NULL,2,NULL),(210,'Precompte professionnel',1,1,'TAXBEPREPRO',NULL,2,NULL),(220,'Prime existence',1,1,'TAXBEPRIEXI',NULL,2,NULL),(230,'Precompte immobilier',1,1,'TAXBEPREIMMO',NULL,2,NULL),(4101,'Krankenversicherung',1,1,'TAXATKV',NULL,41,NULL),(4102,'Unfallversicherung',1,1,'TAXATUV',NULL,41,NULL),(4103,'Pensionsversicherung',1,1,'TAXATPV',NULL,41,NULL),(4104,'Arbeitslosenversicherung',1,1,'TAXATAV',NULL,41,NULL),(4105,'Insolvenzentgeltsicherungsfond',1,1,'TAXATIESG',NULL,41,NULL),(4106,'Wohnbauförderung',1,1,'TAXATWF',NULL,41,NULL),(4107,'Arbeiterkammerumlage',1,1,'TAXATAK',NULL,41,NULL),(4108,'Mitarbeitervorsorgekasse',1,1,'TAXATMVK',NULL,41,NULL),(4109,'Familienlastenausgleichsfond',1,1,'TAXATFLAF',NULL,41,NULL);

--
-- Table structure for table `llxml_c_civility`
--

CREATE TABLE `llxml_c_civility` (
  `rowid` int(11) NOT NULL,
  `code` varchar(6) NOT NULL,
  `label` varchar(50) DEFAULT NULL,
  `active` tinyint(4) NOT NULL DEFAULT 1,
  `module` varchar(32) DEFAULT NULL,
  PRIMARY KEY (`rowid`),
  UNIQUE KEY `uk_c_civility` (`code`)
) ENGINE=InnoDB DEFAULT CHARSET=utf8;

--
-- Dumping data for table `llxml_c_civility`
--

INSERT INTO `llxml_c_civility` VALUES (1,'MME','Madame',1,NULL),(3,'MR','Monsieur',1,NULL),(5,'MLE','Mademoiselle',1,NULL),(7,'MTRE','Maître',1,NULL),(8,'DR','Docteur',1,NULL);

--
-- Table structure for table `llxml_c_country`
--

CREATE TABLE `llxml_c_country` (
  `rowid` int(11) NOT NULL,
  `code` varchar(2) NOT NULL,
  `code_iso` varchar(3) DEFAULT NULL,
  `label` varchar(50) NOT NULL,
  `active` tinyint(4) NOT NULL DEFAULT 1,
  `favorite` tinyint(4) NOT NULL DEFAULT 0,
  PRIMARY KEY (`rowid`),
  UNIQUE KEY `idx_c_country_code` (`code`),
  UNIQUE KEY `idx_c_country_label` (`label`),
  UNIQUE KEY `idx_c_country_code_iso` (`code_iso`)
) ENGINE=InnoDB DEFAULT CHARSET=utf8;

--
-- Dumping data for table `llxml_c_country`
--

INSERT INTO `llxml_c_country` VALUES (0,'',NULL,'-',1,1),(1,'FR','FRA','France',1,1),(2,'BE','BEL','Belgium',1,0),(3,'IT','ITA','Italy',1,0),(4,'ES','ESP','Spain',1,0),(5,'DE','DEU','Germany',1,1),(6,'CH','CHE','Switzerland',1,0),(7,'GB','GBR','United Kingdom',1,1),(8,'IE','IRL','Irland',1,0),(9,'CN','CHN','China',1,0),(10,'TN','TUN','Tunisia',1,0),(11,'US','USA','United States',1,0),(12,'MA','MAR','Maroc',1,0),(13,'DZ','DZA','Algeria',1,0),(14,'CA','CAN','Canada',1,0),(15,'TG','TGO','Togo',1,0),(16,'GA','GAB','Gabon',1,0),(17,'NL','NLD','Nederland',1,0),(18,'HU','HUN','Hongrie',1,0),(19,'RU','RUS','Russia',1,0),(20,'SE','SWE','Sweden',1,0),(21,'CI','CIV','Côte d\'Ivoire',1,0),(22,'SN','SEN','Senegal',1,0),(23,'AR','ARG','Argentine',1,0),(24,'CM','CMR','Cameroun',1,0),(25,'PT','PRT','Portugal',1,0),(26,'SA','SAU','Saudi Arabia',1,0),(27,'MC','MCO','Monaco',1,0),(28,'AU','AUS','Australia',1,0),(29,'SG','SGP','Singapour',1,0),(30,'AF','AFG','Afghanistan',1,0),(31,'AX','ALA','Iles Aland',1,0),(32,'AL','ALB','Albanie',1,0),(33,'AS','ASM','Samoa américaines',1,0),(34,'AD','AND','Andorre',1,0),(35,'AO','AGO','Angola',1,0),(36,'AI','AIA','Anguilla',1,0),(37,'AQ','ATA','Antarctique',1,0),(38,'AG','ATG','Antigua-et-Barbuda',1,0),(39,'AM','ARM','Arménie',1,0),(40,'AW','ABW','Aruba',1,0),(41,'AT','AUT','Autriche',1,0),(42,'AZ','AZE','Azerbaïdjan',1,0),(43,'BS','BHS','Bahamas',1,0),(44,'BH','BHR','Bahreïn',1,0),(45,'BD','BGD','Bangladesh',1,0),(46,'BB','BRB','Barbade',1,0),(47,'BY','BLR','Biélorussie',1,0),(48,'BZ','BLZ','Belize',1,0),(49,'BJ','BEN','Bénin',1,0),(50,'BM','BMU','Bermudes',1,0),(51,'BT','BTN','Bhoutan',1,0),(52,'BO','BOL','Bolivie',1,0),(53,'BA','BIH','Bosnie-Herzégovine',1,0),(54,'BW','BWA','Botswana',1,0),(55,'BV','BVT','Ile Bouvet',1,0),(56,'BR','BRA','Brazil',1,0),(57,'IO','IOT','Territoire britannique de l\'Océan Indien',1,0),(58,'BN','BRN','Brunei',1,0),(59,'BG','BGR','Bulgarie',1,0),(60,'BF','BFA','Burkina Faso',1,0),(61,'BI','BDI','Burundi',1,0),(62,'KH','KHM','Cambodge',1,0),(63,'CV','CPV','Cap-Vert',1,0),(64,'KY','CYM','Iles Cayman',1,0),(65,'CF','CAF','République centrafricaine',1,0),(66,'TD','TCD','Tchad',1,0),(67,'CL','CHL','Chili',1,0),(68,'CX','CXR','Ile Christmas',1,0),(69,'CC','CCK','Iles des Cocos (Keeling)',1,0),(70,'CO','COL','Colombie',1,0),(71,'KM','COM','Comores',1,0),(72,'CG','COG','Congo',1,0),(73,'CD','COD','République démocratique du Congo',1,0),(74,'CK','COK','Iles Cook',1,0),(75,'CR','CRI','Costa Rica',1,0),(76,'HR','HRV','Croatie',1,0),(77,'CU','CUB','Cuba',1,0),(78,'CY','CYP','Cyprus',1,0),(79,'CZ','CZE','République Tchèque',1,1),(80,'DK','DNK','Danemark',1,0),(81,'DJ','DJI','Djibouti',1,0),(82,'DM','DMA','Dominique',1,0),(83,'DO','DOM','République Dominicaine',1,0),(84,'EC','ECU','Equateur',1,0),(85,'EG','EGY','Egypte',1,0),(86,'SV','SLV','Salvador',1,0),(87,'GQ','GNQ','Guinée Equatoriale',1,0),(88,'ER','ERI','Erythrée',1,0),(89,'EE','EST','Estonia',1,0),(90,'ET','ETH','Ethiopie',1,0),(91,'FK','FLK','Iles Falkland',1,0),(92,'FO','FRO','Iles Féroé',1,0),(93,'FJ','FJI','Iles Fidji',1,0),(94,'FI','FIN','Finlande',1,0),(95,'GF','GUF','Guyane française',1,0),(96,'PF','PYF','Polynésie française',1,0),(97,'TF','ATF','Terres australes françaises',1,0),(98,'GM','GMB','Gambie',1,0),(99,'GE','GEO','Georgia',1,0),(100,'GH','GHA','Ghana',1,0),(101,'GI','GIB','Gibraltar',1,0),(102,'GR','GRC','Greece',1,0),(103,'GL','GRL','Groenland',1,0),(104,'GD','GRD','Grenade',1,0),(106,'GU','GUM','Guam',1,0),(107,'GT','GTM','Guatemala',1,0),(108,'GN','GIN','Guinea',1,0),(109,'GW','GNB','Guinea-Bissao',1,0),(111,'HT','HTI','Haiti',1,0),(112,'HM','HMD','Iles Heard et McDonald',1,0),(113,'VA','VAT','Saint-Siège (Vatican)',1,0),(114,'HN','HND','Honduras',1,0),(115,'HK','HKG','Hong Kong',1,0),(116,'IS','ISL','Islande',1,0),(117,'IN','IND','India',1,0),(118,'ID','IDN','Indonésie',1,0),(119,'IR','IRN','Iran',1,0),(120,'IQ','IRQ','Iraq',1,0),(121,'IL','ISR','Israel',1,0),(122,'JM','JAM','Jamaïque',1,0),(123,'JP','JPN','Japon',1,0),(124,'JO','JOR','Jordanie',1,0),(125,'KZ','KAZ','Kazakhstan',1,0),(126,'KE','KEN','Kenya',1,0),(127,'KI','KIR','Kiribati',1,0),(128,'KP','PRK','North Corea',1,0),(129,'KR','KOR','South Corea',1,0),(130,'KW','KWT','Koweït',1,0),(131,'KG','KGZ','Kirghizistan',1,0),(132,'LA','LAO','Laos',1,0),(133,'LV','LVA','Lettonie',1,0),(134,'LB','LBN','Liban',1,0),(135,'LS','LSO','Lesotho',1,0),(136,'LR','LBR','Liberia',1,0),(137,'LY','LBY','Libye',1,0),(138,'LI','LIE','Liechtenstein',1,0),(139,'LT','LTU','Lituanie',1,0),(140,'LU','LUX','Luxembourg',1,0),(141,'MO','MAC','Macao',1,0),(142,'MK','MKD','ex-République yougoslave de Macédoine',1,0),(143,'MG','MDG','Madagascar',1,0),(144,'MW','MWI','Malawi',1,0),(145,'MY','MYS','Malaisie',1,0),(146,'MV','MDV','Maldives',1,0),(147,'ML','MLI','Mali',1,0),(148,'MT','MLT','Malte',1,0),(149,'MH','MHL','Iles Marshall',1,0),(151,'MR','MRT','Mauritanie',1,0),(152,'MU','MUS','Maurice',1,0),(153,'YT','MYT','Mayotte',1,0),(154,'MX','MEX','Mexique',1,0),(155,'FM','FSM','Micronésie',1,0),(156,'MD','MDA','Moldavie',1,0),(157,'MN','MNG','Mongolie',1,0),(158,'MS','MSR','Monserrat',1,0),(159,'MZ','MOZ','Mozambique',1,0),(160,'MM','MMR','Birmanie (Myanmar)',1,0),(161,'NA','NAM','Namibie',1,0),(162,'NR','NRU','Nauru',1,0),(163,'NP','NPL','Népal',1,0),(165,'NC','NCL','Nouvelle-Calédonie',1,0),(166,'NZ','NZL','Nouvelle-Zélande',1,0),(167,'NI','NIC','Nicaragua',1,0),(168,'NE','NER','Niger',1,0),(169,'NG','NGA','Nigeria',1,0),(170,'NU','NIU','Nioué',1,0),(171,'NF','NFK','Ile Norfolk',1,0),(172,'MP','MNP','Mariannes du Nord',1,0),(173,'NO','NOR','Norvège',1,0),(174,'OM','OMN','Oman',1,0),(175,'PK','PAK','Pakistan',1,0),(176,'PW','PLW','Palaos',1,0),(177,'PS','PSE','Territoire Palestinien Occupé',1,0),(178,'PA','PAN','Panama',1,0),(179,'PG','PNG','Papouasie-Nouvelle-Guinée',1,0),(180,'PY','PRY','Paraguay',1,0),(181,'PE','PER','Peru',1,0),(182,'PH','PHL','Philippines',1,0),(183,'PN','PCN','Iles Pitcairn',1,0),(184,'PL','POL','Pologne',1,0),(185,'PR','PRI','Porto Rico',1,0),(186,'QA','QAT','Qatar',1,0),(188,'RO','ROU','Roumanie',1,0),(189,'RW','RWA','Rwanda',1,0),(190,'SH','SHN','Sainte-Hélène',1,0),(191,'KN','KNA','Saint-Christophe-et-Niévès',1,0),(192,'LC','LCA','Sainte-Lucie',1,0),(193,'PM','SPM','Saint-Pierre-et-Miquelon',1,0),(194,'VC','VCT','Saint-Vincent-et-les-Grenadines',1,0),(195,'WS','WSM','Samoa',1,0),(196,'SM','SMR','Saint-Marin',1,0),(197,'ST','STP','Sao Tomé-et-Principe',1,0),(198,'RS','SRB','Serbie',1,0),(199,'SC','SYC','Seychelles',1,0),(200,'SL','SLE','Sierra Leone',1,0),(201,'SK','SVK','Slovaquie',1,1),(202,'SI','SVN','Slovénie',1,0),(203,'SB','SLB','Iles Salomon',1,0),(204,'SO','SOM','Somalie',1,0),(205,'ZA','ZAF','South Africa',1,0),(206,'GS','SGS','Iles Géorgie du Sud et Sandwich du Sud',1,0),(207,'LK','LKA','Sri Lanka',1,0),(208,'SD','SDN','Soudan',1,0),(209,'SR','SUR','Suriname',1,0),(210,'SJ','SJM','Iles Svalbard et Jan Mayen',1,0),(211,'SZ','SWZ','Swaziland',1,0),(212,'SY','SYR','Syrie',1,0),(213,'TW','TWN','Taïwan',1,0),(214,'TJ','TJK','Tadjikistan',1,0),(215,'TZ','TZA','Tanzanie',1,0),(216,'TH','THA','Thaïlande',1,0),(217,'TL','TLS','Timor Oriental',1,0),(218,'TK','TKL','Tokélaou',1,0),(219,'TO','TON','Tonga',1,0),(220,'TT','TTO','Trinité-et-Tobago',1,0),(221,'TR','TUR','Turquie',1,0),(222,'TM','TKM','Turkménistan',1,0),(223,'TC','TCA','Iles Turks-et-Caicos',1,0),(224,'TV','TUV','Tuvalu',1,0),(225,'UG','UGA','Ouganda',1,0),(226,'UA','UKR','Ukraine',1,0),(227,'AE','ARE','United Arab Emirates',1,0),(228,'UM','UMI','Iles mineures éloignées des États-Unis',1,0),(229,'UY','URY','Uruguay',1,0),(230,'UZ','UZB','Ouzbékistan',1,0),(231,'VU','VUT','Vanuatu',1,0),(232,'VE','VEN','Vénézuela',1,0),(233,'VN','VNM','Viêt Nam',1,0),(234,'VG','VGB','Iles Vierges britanniques',1,0),(235,'VI','VIR','Iles Vierges américaines',1,0),(236,'WF','WLF','Wallis-et-Futuna',1,0),(237,'EH','ESH','Sahara occidental',1,0),(238,'YE','YEM','Yémen',1,0),(239,'ZM','ZMB','Zambie',1,0),(240,'ZW','ZWE','Zimbabwe',1,0),(241,'GG','GGY','Guernesey',1,0),(242,'IM','IMN','Ile de Man',1,0),(243,'JE','JEY','Jersey',1,0),(244,'ME','MNE','Monténégro',1,0),(245,'BL','BLM','Saint-Barthélemy',1,0),(246,'MF','MAF','Saint-Martin',1,0),(300,'CW','CUW','Curaçao',1,0),(301,'SX','SXM','Sint Maarten',1,0);

--
-- Table structure for table `llxml_c_currencies`
--

CREATE TABLE `llxml_c_currencies` (
  `code_iso` varchar(3) NOT NULL,
  `label` varchar(64) NOT NULL,
  `unicode` varchar(32) DEFAULT NULL,
  `active` tinyint(4) NOT NULL DEFAULT 1,
  PRIMARY KEY (`code_iso`),
  UNIQUE KEY `uk_c_currencies_code_iso` (`code_iso`)
) ENGINE=InnoDB DEFAULT CHARSET=utf8;

--
-- Dumping data for table `llxml_c_currencies`
--

INSERT INTO `llxml_c_currencies` VALUES ('AED','United Arab Emirates Dirham',NULL,1),('AFN','Afghanistan Afghani','[1547]',1),('ALL','Albania Lek','[76,101,107]',1),('ANG','Netherlands Antilles Guilder','[402]',1),('ARP','Pesos argentins',NULL,0),('ARS','Argentino Peso','[36]',1),('ATS','Shiliing autrichiens',NULL,0),('AUD','Australia Dollar','[36]',1),('AWG','Aruba Guilder','[402]',1),('AZN','Azerbaijan New Manat','[1084,1072,1085]',1),('BAM','Bosnia and Herzegovina Convertible Marka','[75,77]',1),('BBD','Barbados Dollar','[36]',1),('BDT','Bangladeshi Taka','[2547]',1),('BEF','Francs belges',NULL,0),('BGN','Bulgaria Lev','[1083,1074]',1),('BHD','Bahrain',NULL,1),('BMD','Bermuda Dollar','[36]',1),('BND','Brunei Darussalam Dollar','[36]',1),('BOB','Bolivia Boliviano','[36,98]',1),('BRL','Brazil Real','[82,36]',1),('BSD','Bahamas Dollar','[36]',1),('BWP','Botswana Pula','[80]',1),('BYR','Belarus Ruble','[112,46]',1),('BZD','Belize Dollar','[66,90,36]',1),('CAD','Canada Dollar','[36]',1),('CHF','Switzerland Franc','[67,72,70]',1),('CLP','Chile Peso','[36]',1),('CNY','China Yuan Renminbi','[165]',1),('COP','Colombia Peso','[36]',1),('CRC','Costa Rica Colon','[8353]',1),('CUP','Cuba Peso','[8369]',1),('CZK','Czech Republic Koruna','[75,269]',1),('DEM','Deutsch mark',NULL,0),('DKK','Denmark Krone','[107,114]',1),('DOP','Dominican Republic Peso','[82,68,36]',1),('DZD','Algeria Dinar',NULL,1),('EEK','Estonia Kroon','[107,114]',1),('EGP','Egypt Pound','[163]',1),('ESP','Pesete',NULL,0),('EUR','Euro Member Countries','[8364]',1),('FIM','Mark finlandais',NULL,0),('FJD','Fiji Dollar','[36]',1),('FKP','Falkland Islands (Malvinas) Pound','[163]',1),('FRF','Francs francais',NULL,0),('GBP','United Kingdom Pound','[163]',1),('GGP','Guernsey Pound','[163]',1),('GHC','Ghana Cedis','[162]',1),('GIP','Gibraltar Pound','[163]',1),('GNF','Franc Guinéen','[70,71]',1),('GRD','Drachme (grece)',NULL,0),('GTQ','Guatemala Quetzal','[81]',1),('GYD','Guyana Dollar','[36]',1),('HKD','Hong Kong Dollar','[36]',1),('HNL','Honduras Lempira','[76]',1),('HRK','Croatia Kuna','[107,110]',1),('HUF','Hungary Forint','[70,116]',1),('IDR','Indonesia Rupiah','[82,112]',1),('IEP','Livres irlandaises',NULL,0),('ILS','Israel Shekel','[8362]',1),('IMP','Isle of Man Pound','[163]',1),('INR','India Rupee',NULL,1),('IRR','Iran Rial','[65020]',1),('ISK','Iceland Krona','[107,114]',1),('ITL','Lires',NULL,0),('JEP','Jersey Pound','[163]',1),('JMD','Jamaica Dollar','[74,36]',1),('JPY','Japan Yen','[165]',1),('KES','Kenya Shilling',NULL,1),('KGS','Kyrgyzstan Som','[1083,1074]',1),('KHR','Cambodia Riel','[6107]',1),('KPW','Korea (North) Won','[8361]',1),('KRW','Korea (South) Won','[8361]',1),('KYD','Cayman Islands Dollar','[36]',1),('KZT','Kazakhstan Tenge','[1083,1074]',1),('LAK','Laos Kip','[8365]',1),('LBP','Lebanon Pound','[163]',1),('LKR','Sri Lanka Rupee','[8360]',1),('LRD','Liberia Dollar','[36]',1),('LTL','Lithuania Litas','[76,116]',1),('LUF','Francs luxembourgeois',NULL,0),('LVL','Latvia Lat','[76,115]',1),('MAD','Morocco Dirham',NULL,1),('MGA','Ariary',NULL,1),('MKD','Macedonia Denar','[1076,1077,1085]',1),('MNT','Mongolia Tughrik','[8366]',1),('MRO','Mauritania Ouguiya',NULL,1),('MUR','Mauritius Rupee','[8360]',1),('MXN','Mexico Peso','[36]',1),('MXP','Pesos Mexicans',NULL,0),('MYR','Malaysia Ringgit','[82,77]',1),('MZN','Mozambique Metical','[77,84]',1),('NAD','Namibia Dollar','[36]',1),('NGN','Nigeria Naira','[8358]',1),('NIO','Nicaragua Cordoba','[67,36]',1),('NLG','Florins',NULL,0),('NOK','Norway Krone','[107,114]',1),('NPR','Nepal Rupee','[8360]',1),('NZD','New Zealand Dollar','[36]',1),('OMR','Oman Rial','[65020]',1),('PAB','Panama Balboa','[66,47,46]',1),('PEN','Peru Nuevo Sol','[83,47,46]',1),('PHP','Philippines Peso','[8369]',1),('PKR','Pakistan Rupee','[8360]',1),('PLN','Poland Zloty','[122,322]',1),('PTE','Escudos',NULL,0),('PYG','Paraguay Guarani','[71,115]',1),('QAR','Qatar Riyal','[65020]',1),('RON','Romania New Leu','[108,101,105]',1),('RSD','Serbia Dinar','[1044,1080,1085,46]',1),('RUB','Russia Ruble','[1088,1091,1073]',1),('SAR','Saudi Arabia Riyal','[65020]',1),('SBD','Solomon Islands Dollar','[36]',1),('SCR','Seychelles Rupee','[8360]',1),('SEK','Sweden Krona','[107,114]',1),('SGD','Singapore Dollar','[36]',1),('SHP','Saint Helena Pound','[163]',1),('SKK','Couronnes slovaques',NULL,0),('SOS','Somalia Shilling','[83]',1),('SRD','Suriname Dollar','[36]',1),('SUR','Rouble',NULL,0),('SVC','El Salvador Colon','[36]',1),('SYP','Syria Pound','[163]',1),('THB','Thailand Baht','[3647]',1),('TND','Tunisia Dinar',NULL,1),('TRL','Turkey Lira','[84,76]',1),('TRY','Turkey Lira','[8356]',1),('TTD','Trinidad and Tobago Dollar','[84,84,36]',1),('TVD','Tuvalu Dollar','[36]',1),('TWD','Taiwan New Dollar','[78,84,36]',1),('UAH','Ukraine Hryvna','[8372]',1),('USD','United States Dollar','[36]',1),('UYU','Uruguay Peso','[36,85]',1),('UZS','Uzbekistan Som','[1083,1074]',1),('VEF','Venezuela Bolivar Fuerte','[66,115]',1),('VND','Viet Nam Dong','[8363]',1),('XAF','Communaute Financiere Africaine (BEAC) CFA Franc',NULL,1),('XCD','East Caribbean Dollar','[36]',1),('XEU','Ecus',NULL,0),('XOF','Communaute Financiere Africaine (BCEAO) Franc',NULL,1),('XPF','Franc CFP','[70]',1),('YER','Yemen Rial','[65020]',1),('ZAR','South Africa Rand','[82]',1),('ZWD','Zimbabwe Dollar','[90,36]',1);

--
-- Table structure for table `llxml_c_departements`
--

CREATE TABLE `llxml_c_departements` (
  `rowid` int(11) NOT NULL AUTO_INCREMENT,
  `code_departement` varchar(6) NOT NULL,
  `fk_region` int(11) DEFAULT NULL,
  `cheflieu` varchar(50) DEFAULT NULL,
  `tncc` int(11) DEFAULT NULL,
  `ncc` varchar(50) DEFAULT NULL,
  `nom` varchar(50) DEFAULT NULL,
  `active` tinyint(4) NOT NULL DEFAULT 1,
  PRIMARY KEY (`rowid`),
  UNIQUE KEY `uk_departements` (`code_departement`,`fk_region`),
  KEY `idx_departements_fk_region` (`fk_region`),
  CONSTRAINT `fk_departements_fk_region` FOREIGN KEY (`fk_region`) REFERENCES `llxml_c_regions` (`code_region`)
) ENGINE=InnoDB AUTO_INCREMENT=1500 DEFAULT CHARSET=utf8;

--
-- Dumping data for table `llxml_c_departements`
--

INSERT INTO `llxml_c_departements` VALUES (1,'0',0,'0',0,'-','-',1),(2,'971',1,'97105',3,'GUADELOUPE','Guadeloupe',1),(3,'972',2,'97209',3,'MARTINIQUE','Martinique',1),(4,'973',3,'97302',3,'GUYANE','Guyane',1),(5,'974',4,'97411',3,'REUNION','Réunion',1),(6,'976',6,'97601',3,'MAYOTTE','Mayotte',1),(7,'01',82,'01053',5,'AIN','Ain',1),(8,'02',22,'02408',5,'AISNE','Aisne',1),(9,'03',83,'03190',5,'ALLIER','Allier',1),(10,'04',93,'04070',4,'ALPES-DE-HAUTE-PROVENCE','Alpes-de-Haute-Provence',1),(11,'05',93,'05061',4,'HAUTES-ALPES','Hautes-Alpes',1),(12,'06',93,'06088',4,'ALPES-MARITIMES','Alpes-Maritimes',1),(13,'07',82,'07186',5,'ARDECHE','Ardèche',1),(14,'08',21,'08105',4,'ARDENNES','Ardennes',1),(15,'09',73,'09122',5,'ARIEGE','Ariège',1),(16,'10',21,'10387',5,'AUBE','Aube',1),(17,'11',91,'11069',5,'AUDE','Aude',1),(18,'12',73,'12202',5,'AVEYRON','Aveyron',1),(19,'13',93,'13055',4,'BOUCHES-DU-RHONE','Bouches-du-Rhône',1),(20,'14',25,'14118',2,'CALVADOS','Calvados',1),(21,'15',83,'15014',2,'CANTAL','Cantal',1),(22,'16',54,'16015',3,'CHARENTE','Charente',1),(23,'17',54,'17300',3,'CHARENTE-MARITIME','Charente-Maritime',1),(24,'18',24,'18033',2,'CHER','Cher',1),(25,'19',74,'19272',3,'CORREZE','Corrèze',1),(26,'2A',94,'2A004',3,'CORSE-DU-SUD','Corse-du-Sud',1),(27,'2B',94,'2B033',3,'HAUTE-CORSE','Haute-Corse',1),(28,'21',26,'21231',3,'COTE-D OR','Côte-d Or',1),(29,'22',53,'22278',4,'COTES-D ARMOR','Côtes-d Armor',1),(30,'23',74,'23096',3,'CREUSE','Creuse',1),(31,'24',72,'24322',3,'DORDOGNE','Dordogne',1),(32,'25',43,'25056',2,'DOUBS','Doubs',1),(33,'26',82,'26362',3,'DROME','Drôme',1),(34,'27',23,'27229',5,'EURE','Eure',1),(35,'28',24,'28085',1,'EURE-ET-LOIR','Eure-et-Loir',1),(36,'29',53,'29232',2,'FINISTERE','Finistère',1),(37,'30',91,'30189',2,'GARD','Gard',1),(38,'31',73,'31555',3,'HAUTE-GARONNE','Haute-Garonne',1),(39,'32',73,'32013',2,'GERS','Gers',1),(40,'33',72,'33063',3,'GIRONDE','Gironde',1),(41,'34',91,'34172',5,'HERAULT','Hérault',1),(42,'35',53,'35238',1,'ILLE-ET-VILAINE','Ille-et-Vilaine',1),(43,'36',24,'36044',5,'INDRE','Indre',1),(44,'37',24,'37261',1,'INDRE-ET-LOIRE','Indre-et-Loire',1),(45,'38',82,'38185',5,'ISERE','Isère',1),(46,'39',43,'39300',2,'JURA','Jura',1),(47,'40',72,'40192',4,'LANDES','Landes',1),(48,'41',24,'41018',0,'LOIR-ET-CHER','Loir-et-Cher',1),(49,'42',82,'42218',3,'LOIRE','Loire',1),(50,'43',83,'43157',3,'HAUTE-LOIRE','Haute-Loire',1),(51,'44',52,'44109',3,'LOIRE-ATLANTIQUE','Loire-Atlantique',1),(52,'45',24,'45234',2,'LOIRET','Loiret',1),(53,'46',73,'46042',2,'LOT','Lot',1),(54,'47',72,'47001',0,'LOT-ET-GARONNE','Lot-et-Garonne',1),(55,'48',91,'48095',3,'LOZERE','Lozère',1),(56,'49',52,'49007',0,'MAINE-ET-LOIRE','Maine-et-Loire',1),(57,'50',25,'50502',3,'MANCHE','Manche',1),(58,'51',21,'51108',3,'MARNE','Marne',1),(59,'52',21,'52121',3,'HAUTE-MARNE','Haute-Marne',1),(60,'53',52,'53130',3,'MAYENNE','Mayenne',1),(61,'54',41,'54395',0,'MEURTHE-ET-MOSELLE','Meurthe-et-Moselle',1),(62,'55',41,'55029',3,'MEUSE','Meuse',1),(63,'56',53,'56260',2,'MORBIHAN','Morbihan',1),(64,'57',41,'57463',3,'MOSELLE','Moselle',1),(65,'58',26,'58194',3,'NIEVRE','Nièvre',1),(66,'59',31,'59350',2,'NORD','Nord',1),(67,'60',22,'60057',5,'OISE','Oise',1),(68,'61',25,'61001',5,'ORNE','Orne',1),(69,'62',31,'62041',2,'PAS-DE-CALAIS','Pas-de-Calais',1),(70,'63',83,'63113',2,'PUY-DE-DOME','Puy-de-Dôme',1),(71,'64',72,'64445',4,'PYRENEES-ATLANTIQUES','Pyrénées-Atlantiques',1),(72,'65',73,'65440',4,'HAUTES-PYRENEES','Hautes-Pyrénées',1),(73,'66',91,'66136',4,'PYRENEES-ORIENTALES','Pyrénées-Orientales',1),(74,'67',42,'67482',2,'BAS-RHIN','Bas-Rhin',1),(75,'68',42,'68066',2,'HAUT-RHIN','Haut-Rhin',1),(76,'69',82,'69123',2,'RHONE','Rhône',1),(77,'70',43,'70550',3,'HAUTE-SAONE','Haute-Saône',1),(78,'71',26,'71270',0,'SAONE-ET-LOIRE','Saône-et-Loire',1),(79,'72',52,'72181',3,'SARTHE','Sarthe',1),(80,'73',82,'73065',3,'SAVOIE','Savoie',1),(81,'74',82,'74010',3,'HAUTE-SAVOIE','Haute-Savoie',1),(82,'75',11,'75056',0,'PARIS','Paris',1),(83,'76',23,'76540',3,'SEINE-MARITIME','Seine-Maritime',1),(84,'77',11,'77288',0,'SEINE-ET-MARNE','Seine-et-Marne',1),(85,'78',11,'78646',4,'YVELINES','Yvelines',1),(86,'79',54,'79191',4,'DEUX-SEVRES','Deux-Sèvres',1),(87,'80',22,'80021',3,'SOMME','Somme',1),(88,'81',73,'81004',2,'TARN','Tarn',1),(89,'82',73,'82121',0,'TARN-ET-GARONNE','Tarn-et-Garonne',1),(90,'83',93,'83137',2,'VAR','Var',1),(91,'84',93,'84007',0,'VAUCLUSE','Vaucluse',1),(92,'85',52,'85191',3,'VENDEE','Vendée',1),(93,'86',54,'86194',3,'VIENNE','Vienne',1),(94,'87',74,'87085',3,'HAUTE-VIENNE','Haute-Vienne',1),(95,'88',41,'88160',4,'VOSGES','Vosges',1),(96,'89',26,'89024',5,'YONNE','Yonne',1),(97,'90',43,'90010',0,'TERRITOIRE DE BELFORT','Territoire de Belfort',1),(98,'91',11,'91228',5,'ESSONNE','Essonne',1),(99,'92',11,'92050',4,'HAUTS-DE-SEINE','Hauts-de-Seine',1),(100,'93',11,'93008',3,'SEINE-SAINT-DENIS','Seine-Saint-Denis',1),(101,'94',11,'94028',2,'VAL-DE-MARNE','Val-de-Marne',1),(102,'95',11,'95500',2,'VAL-D OISE','Val-d Oise',1),(103,'B',4101,NULL,NULL,'BURGENLAND','Burgenland',1),(104,'K',4101,NULL,NULL,'KAERNTEN','Kärnten',1),(105,'N',4101,NULL,NULL,'NIEDEROESTERREICH','Niederösterreich',1),(106,'O',4101,NULL,NULL,'OBEROESTERREICH','Oberösterreich',1),(107,'S',4101,NULL,NULL,'SALZBURG','Salzburg',1),(108,'ST',4101,NULL,NULL,'STEIERMARK','Steiermark',1),(109,'T',4101,NULL,NULL,'TIROL','Tirol',1),(110,'V',4101,NULL,NULL,'VORARLBERG','Vorarlberg',1),(111,'W',4101,NULL,NULL,'WIEN','Wien',1),(112,'01',201,'',1,'ANVERS','Anvers',1),(113,'02',203,'',3,'BRUXELLES-CAPITALE','Bruxelles-Capitale',1),(114,'03',202,'',2,'BRABANT-WALLON','Brabant-Wallon',1),(115,'04',201,'',1,'BRABANT-FLAMAND','Brabant-Flamand',1),(116,'05',201,'',1,'FLANDRE-OCCIDENTALE','Flandre-Occidentale',1),(117,'06',201,'',1,'FLANDRE-ORIENTALE','Flandre-Orientale',1),(118,'07',202,'',2,'HAINAUT','Hainaut',1),(119,'08',201,'',2,'LIEGE','Liège',1),(120,'09',202,'',1,'LIMBOURG','Limbourg',1),(121,'10',202,'',2,'LUXEMBOURG','Luxembourg',1),(122,'11',201,'',2,'NAMUR','Namur',1),(123,'AG',315,NULL,NULL,NULL,'AGRIGENTO',1),(124,'AL',312,NULL,NULL,NULL,'ALESSANDRIA',1),(125,'AN',310,NULL,NULL,NULL,'ANCONA',1),(126,'AO',319,NULL,NULL,NULL,'AOSTA',1),(127,'AR',316,NULL,NULL,NULL,'AREZZO',1),(128,'AP',310,NULL,NULL,NULL,'ASCOLI PICENO',1),(129,'AT',312,NULL,NULL,NULL,'ASTI',1),(130,'AV',304,NULL,NULL,NULL,'AVELLINO',1),(131,'BA',313,NULL,NULL,NULL,'BARI',1),(132,'BT',313,NULL,NULL,NULL,'BARLETTA-ANDRIA-TRANI',1),(133,'BL',320,NULL,NULL,NULL,'BELLUNO',1),(134,'BN',304,NULL,NULL,NULL,'BENEVENTO',1),(135,'BG',309,NULL,NULL,NULL,'BERGAMO',1),(136,'BI',312,NULL,NULL,NULL,'BIELLA',1),(137,'BO',305,NULL,NULL,NULL,'BOLOGNA',1),(138,'BZ',317,NULL,NULL,NULL,'BOLZANO',1),(139,'BS',309,NULL,NULL,NULL,'BRESCIA',1),(140,'BR',313,NULL,NULL,NULL,'BRINDISI',1),(141,'CA',314,NULL,NULL,NULL,'CAGLIARI',1),(142,'CL',315,NULL,NULL,NULL,'CALTANISSETTA',1),(143,'CB',311,NULL,NULL,NULL,'CAMPOBASSO',1),(144,'CI',314,NULL,NULL,NULL,'CARBONIA-IGLESIAS',1),(145,'CE',304,NULL,NULL,NULL,'CASERTA',1),(146,'CT',315,NULL,NULL,NULL,'CATANIA',1),(147,'CZ',303,NULL,NULL,NULL,'CATANZARO',1),(148,'CH',301,NULL,NULL,NULL,'CHIETI',1),(149,'CO',309,NULL,NULL,NULL,'COMO',1),(150,'CS',303,NULL,NULL,NULL,'COSENZA',1),(151,'CR',309,NULL,NULL,NULL,'CREMONA',1),(152,'KR',303,NULL,NULL,NULL,'CROTONE',1),(153,'CN',312,NULL,NULL,NULL,'CUNEO',1),(154,'EN',315,NULL,NULL,NULL,'ENNA',1),(155,'FM',310,NULL,NULL,NULL,'FERMO',1),(156,'FE',305,NULL,NULL,NULL,'FERRARA',1),(157,'FI',316,NULL,NULL,NULL,'FIRENZE',1),(158,'FG',313,NULL,NULL,NULL,'FOGGIA',1),(159,'FC',305,NULL,NULL,NULL,'FORLI-CESENA',1),(160,'FR',307,NULL,NULL,NULL,'FROSINONE',1),(161,'GE',308,NULL,NULL,NULL,'GENOVA',1),(162,'GO',306,NULL,NULL,NULL,'GORIZIA',1),(163,'GR',316,NULL,NULL,NULL,'GROSSETO',1),(164,'IM',308,NULL,NULL,NULL,'IMPERIA',1),(165,'IS',311,NULL,NULL,NULL,'ISERNIA',1),(166,'SP',308,NULL,NULL,NULL,'LA SPEZIA',1),(167,'AQ',301,NULL,NULL,NULL,'L AQUILA',1),(168,'LT',307,NULL,NULL,NULL,'LATINA',1),(169,'LE',313,NULL,NULL,NULL,'LECCE',1),(170,'LC',309,NULL,NULL,NULL,'LECCO',1),(171,'LI',314,NULL,NULL,NULL,'LIVORNO',1),(172,'LO',309,NULL,NULL,NULL,'LODI',1),(173,'LU',316,NULL,NULL,NULL,'LUCCA',1),(174,'MC',310,NULL,NULL,NULL,'MACERATA',1),(175,'MN',309,NULL,NULL,NULL,'MANTOVA',1),(176,'MS',316,NULL,NULL,NULL,'MASSA-CARRARA',1),(177,'MT',302,NULL,NULL,NULL,'MATERA',1),(178,'VS',314,NULL,NULL,NULL,'MEDIO CAMPIDANO',1),(179,'ME',315,NULL,NULL,NULL,'MESSINA',1),(180,'MI',309,NULL,NULL,NULL,'MILANO',1),(181,'MB',309,NULL,NULL,NULL,'MONZA e BRIANZA',1),(182,'MO',305,NULL,NULL,NULL,'MODENA',1),(183,'NA',304,NULL,NULL,NULL,'NAPOLI',1),(184,'NO',312,NULL,NULL,NULL,'NOVARA',1),(185,'NU',314,NULL,NULL,NULL,'NUORO',1),(186,'OG',314,NULL,NULL,NULL,'OGLIASTRA',1),(187,'OT',314,NULL,NULL,NULL,'OLBIA-TEMPIO',1),(188,'OR',314,NULL,NULL,NULL,'ORISTANO',1),(189,'PD',320,NULL,NULL,NULL,'PADOVA',1),(190,'PA',315,NULL,NULL,NULL,'PALERMO',1),(191,'PR',305,NULL,NULL,NULL,'PARMA',1),(192,'PV',309,NULL,NULL,NULL,'PAVIA',1),(193,'PG',318,NULL,NULL,NULL,'PERUGIA',1),(194,'PU',310,NULL,NULL,NULL,'PESARO e URBINO',1),(195,'PE',301,NULL,NULL,NULL,'PESCARA',1),(196,'PC',305,NULL,NULL,NULL,'PIACENZA',1),(197,'PI',316,NULL,NULL,NULL,'PISA',1),(198,'PT',316,NULL,NULL,NULL,'PISTOIA',1),(199,'PN',306,NULL,NULL,NULL,'PORDENONE',1),(200,'PZ',302,NULL,NULL,NULL,'POTENZA',1),(201,'PO',316,NULL,NULL,NULL,'PRATO',1),(202,'RG',315,NULL,NULL,NULL,'RAGUSA',1),(203,'RA',305,NULL,NULL,NULL,'RAVENNA',1),(204,'RC',303,NULL,NULL,NULL,'REGGIO CALABRIA',1),(205,'RE',305,NULL,NULL,NULL,'REGGIO NELL EMILIA',1),(206,'RI',307,NULL,NULL,NULL,'RIETI',1),(207,'RN',305,NULL,NULL,NULL,'RIMINI',1),(208,'RM',307,NULL,NULL,NULL,'ROMA',1),(209,'RO',320,NULL,NULL,NULL,'ROVIGO',1),(210,'SA',304,NULL,NULL,NULL,'SALERNO',1),(211,'SS',314,NULL,NULL,NULL,'SASSARI',1),(212,'SV',308,NULL,NULL,NULL,'SAVONA',1),(213,'SI',316,NULL,NULL,NULL,'SIENA',1),(214,'SR',315,NULL,NULL,NULL,'SIRACUSA',1),(215,'SO',309,NULL,NULL,NULL,'SONDRIO',1),(216,'TA',313,NULL,NULL,NULL,'TARANTO',1),(217,'TE',301,NULL,NULL,NULL,'TERAMO',1),(218,'TR',318,NULL,NULL,NULL,'TERNI',1),(219,'TO',312,NULL,NULL,NULL,'TORINO',1),(220,'TP',315,NULL,NULL,NULL,'TRAPANI',1),(221,'TN',317,NULL,NULL,NULL,'TRENTO',1),(222,'TV',320,NULL,NULL,NULL,'TREVISO',1),(223,'TS',306,NULL,NULL,NULL,'TRIESTE',1),(224,'UD',306,NULL,NULL,NULL,'UDINE',1),(225,'VA',309,NULL,NULL,NULL,'VARESE',1),(226,'VE',320,NULL,NULL,NULL,'VENEZIA',1),(227,'VB',312,NULL,NULL,NULL,'VERBANO-CUSIO-OSSOLA',1),(228,'VC',312,NULL,NULL,NULL,'VERCELLI',1),(229,'VR',320,NULL,NULL,NULL,'VERONA',1),(230,'VV',303,NULL,NULL,NULL,'VIBO VALENTIA',1),(231,'VI',320,NULL,NULL,NULL,'VICENZA',1),(232,'VT',307,NULL,NULL,NULL,'VITERBO',1),(233,'AL01',1301,'',0,'','Wilaya d\'Adrar',1),(234,'AL02',1301,'',0,'','Wilaya de Chlef',1),(235,'AL03',1301,'',0,'','Wilaya de Laghouat',1),(236,'AL04',1301,'',0,'','Wilaya d\'Oum El Bouaghi',1),(237,'AL05',1301,'',0,'','Wilaya de Batna',1),(238,'AL06',1301,'',0,'','Wilaya de Béjaïa',1),(239,'AL07',1301,'',0,'','Wilaya de Biskra',1),(240,'AL08',1301,'',0,'','Wilaya de Béchar',1),(241,'AL09',1301,'',0,'','Wilaya de Blida',1),(242,'AL10',1301,'',0,'','Wilaya de Bouira',1),(243,'AL11',1301,'',0,'','Wilaya de Tamanrasset',1),(244,'AL12',1301,'',0,'','Wilaya de Tébessa',1),(245,'AL13',1301,'',0,'','Wilaya de Tlemcen',1),(246,'AL14',1301,'',0,'','Wilaya de Tiaret',1),(247,'AL15',1301,'',0,'','Wilaya de Tizi Ouzou',1),(248,'AL16',1301,'',0,'','Wilaya d\'Alger',1),(249,'AL17',1301,'',0,'','Wilaya de Djelfa',1),(250,'AL18',1301,'',0,'','Wilaya de Jijel',1),(251,'AL19',1301,'',0,'','Wilaya de Sétif	',1),(252,'AL20',1301,'',0,'','Wilaya de Saïda',1),(253,'AL21',1301,'',0,'','Wilaya de Skikda',1),(254,'AL22',1301,'',0,'','Wilaya de Sidi Bel Abbès',1),(255,'AL23',1301,'',0,'','Wilaya d\'Annaba',1),(256,'AL24',1301,'',0,'','Wilaya de Guelma',1),(257,'AL25',1301,'',0,'','Wilaya de Constantine',1),(258,'AL26',1301,'',0,'','Wilaya de Médéa',1),(259,'AL27',1301,'',0,'','Wilaya de Mostaganem',1),(260,'AL28',1301,'',0,'','Wilaya de M\'Sila',1),(261,'AL29',1301,'',0,'','Wilaya de Mascara',1),(262,'AL30',1301,'',0,'','Wilaya d\'Ouargla',1),(263,'AL31',1301,'',0,'','Wilaya d\'Oran',1),(264,'AL32',1301,'',0,'','Wilaya d\'El Bayadh',1),(265,'AL33',1301,'',0,'','Wilaya d\'Illizi',1),(266,'AL34',1301,'',0,'','Wilaya de Bordj Bou Arreridj',1),(267,'AL35',1301,'',0,'','Wilaya de Boumerdès',1),(268,'AL36',1301,'',0,'','Wilaya d\'El Tarf',1),(269,'AL37',1301,'',0,'','Wilaya de Tindouf',1),(270,'AL38',1301,'',0,'','Wilaya de Tissemsilt',1),(271,'AL39',1301,'',0,'','Wilaya d\'El Oued',1),(272,'AL40',1301,'',0,'','Wilaya de Khenchela',1),(273,'AL41',1301,'',0,'','Wilaya de Souk Ahras',1),(274,'AL42',1301,'',0,'','Wilaya de Tipaza',1),(275,'AL43',1301,'',0,'','Wilaya de Mila',1),(276,'AL44',1301,'',0,'','Wilaya d\'Aïn Defla',1),(277,'AL45',1301,'',0,'','Wilaya de Naâma',1),(278,'AL46',1301,'',0,'','Wilaya d\'Aïn Témouchent',1),(279,'AL47',1301,'',0,'','Wilaya de Ghardaia',1),(280,'AL48',1301,'',0,'','Wilaya de Relizane',1),(281,'MA',1209,'',0,'','Province de Benslimane',1),(282,'MA1',1209,'',0,'','Province de Berrechid',1),(283,'MA2',1209,'',0,'','Province de Khouribga',1),(284,'MA3',1209,'',0,'','Province de Settat',1),(285,'MA4',1210,'',0,'','Province d\'El Jadida',1),(286,'MA5',1210,'',0,'','Province de Safi',1),(287,'MA6',1210,'',0,'','Province de Sidi Bennour',1),(288,'MA7',1210,'',0,'','Province de Youssoufia',1),(289,'MA6B',1205,'',0,'','Préfecture de Fès',1),(290,'MA7B',1205,'',0,'','Province de Boulemane',1),(291,'MA8',1205,'',0,'','Province de Moulay Yacoub',1),(292,'MA9',1205,'',0,'','Province de Sefrou',1),(293,'MA8A',1202,'',0,'','Province de Kénitra',1),(294,'MA9A',1202,'',0,'','Province de Sidi Kacem',1),(295,'MA10',1202,'',0,'','Province de Sidi Slimane',1),(296,'MA11',1208,'',0,'','Préfecture de Casablanca',1),(297,'MA12',1208,'',0,'','Préfecture de Mohammédia',1),(298,'MA13',1208,'',0,'','Province de Médiouna',1),(299,'MA14',1208,'',0,'','Province de Nouaceur',1),(300,'MA15',1214,'',0,'','Province d\'Assa-Zag',1),(301,'MA16',1214,'',0,'','Province d\'Es-Semara',1),(302,'MA17A',1214,'',0,'','Province de Guelmim',1),(303,'MA18',1214,'',0,'','Province de Tata',1),(304,'MA19',1214,'',0,'','Province de Tan-Tan',1),(305,'MA15',1215,'',0,'','Province de Boujdour',1),(306,'MA16',1215,'',0,'','Province de Lâayoune',1),(307,'MA17',1215,'',0,'','Province de Tarfaya',1),(308,'MA18',1211,'',0,'','Préfecture de Marrakech',1),(309,'MA19',1211,'',0,'','Province d\'Al Haouz',1),(310,'MA20',1211,'',0,'','Province de Chichaoua',1),(311,'MA21',1211,'',0,'','Province d\'El Kelâa des Sraghna',1),(312,'MA22',1211,'',0,'','Province d\'Essaouira',1),(313,'MA23',1211,'',0,'','Province de Rehamna',1),(314,'MA24',1206,'',0,'','Préfecture de Meknès',1),(315,'MA25',1206,'',0,'','Province d’El Hajeb',1),(316,'MA26',1206,'',0,'','Province d\'Errachidia',1),(317,'MA27',1206,'',0,'','Province d’Ifrane',1),(318,'MA28',1206,'',0,'','Province de Khénifra',1),(319,'MA29',1206,'',0,'','Province de Midelt',1),(320,'MA30',1204,'',0,'','Préfecture d\'Oujda-Angad',1),(321,'MA31',1204,'',0,'','Province de Berkane',1),(322,'MA32',1204,'',0,'','Province de Driouch',1),(323,'MA33',1204,'',0,'','Province de Figuig',1),(324,'MA34',1204,'',0,'','Province de Jerada',1),(325,'MA35',1204,'',0,'','Province de Nador',1),(326,'MA36',1204,'',0,'','Province de Taourirt',1),(327,'MA37',1216,'',0,'','Province d\'Aousserd',1),(328,'MA38',1216,'',0,'','Province d\'Oued Ed-Dahab',1),(329,'MA39',1207,'',0,'','Préfecture de Rabat',1),(330,'MA40',1207,'',0,'','Préfecture de Skhirat-Témara',1),(331,'MA41',1207,'',0,'','Préfecture de Salé',1),(332,'MA42',1207,'',0,'','Province de Khémisset',1),(333,'MA43',1213,'',0,'','Préfecture d\'Agadir Ida-Outanane',1),(334,'MA44',1213,'',0,'','Préfecture d\'Inezgane-Aït Melloul',1),(335,'MA45',1213,'',0,'','Province de Chtouka-Aït Baha',1),(336,'MA46',1213,'',0,'','Province d\'Ouarzazate',1),(337,'MA47',1213,'',0,'','Province de Sidi Ifni',1),(338,'MA48',1213,'',0,'','Province de Taroudant',1),(339,'MA49',1213,'',0,'','Province de Tinghir',1),(340,'MA50',1213,'',0,'','Province de Tiznit',1),(341,'MA51',1213,'',0,'','Province de Zagora',1),(342,'MA52',1212,'',0,'','Province d\'Azilal',1),(343,'MA53',1212,'',0,'','Province de Beni Mellal',1),(344,'MA54',1212,'',0,'','Province de Fquih Ben Salah',1),(345,'MA55',1201,'',0,'','Préfecture de M\'diq-Fnideq',1),(346,'MA56',1201,'',0,'','Préfecture de Tanger-Asilah',1),(347,'MA57',1201,'',0,'','Province de Chefchaouen',1),(348,'MA58',1201,'',0,'','Province de Fahs-Anjra',1),(349,'MA59',1201,'',0,'','Province de Larache',1),(350,'MA60',1201,'',0,'','Province d\'Ouezzane',1),(351,'MA61',1201,'',0,'','Province de Tétouan',1),(352,'MA62',1203,'',0,'','Province de Guercif',1),(353,'MA63',1203,'',0,'','Province d\'Al Hoceïma',1),(354,'MA64',1203,'',0,'','Province de Taounate',1),(355,'MA65',1203,'',0,'','Province de Taza',1),(356,'MA6A',1205,'',0,'','Préfecture de Fès',1),(357,'MA7A',1205,'',0,'','Province de Boulemane',1),(358,'MA15A',1214,'',0,'','Province d\'Assa-Zag',1),(359,'MA16A',1214,'',0,'','Province d\'Es-Semara',1),(360,'MA18A',1211,'',0,'','Préfecture de Marrakech',1),(361,'MA19A',1214,'',0,'','Province de Tan-Tan',1),(362,'MA19B',1214,'',0,'','Province de Tan-Tan',1),(363,'TN01',1001,'',0,'','Ariana',1),(364,'TN02',1001,'',0,'','Béja',1),(365,'TN03',1001,'',0,'','Ben Arous',1),(366,'TN04',1001,'',0,'','Bizerte',1),(367,'TN05',1001,'',0,'','Gabès',1),(368,'TN06',1001,'',0,'','Gafsa',1),(369,'TN07',1001,'',0,'','Jendouba',1),(370,'TN08',1001,'',0,'','Kairouan',1),(371,'TN09',1001,'',0,'','Kasserine',1),(372,'TN10',1001,'',0,'','Kébili',1),(373,'TN11',1001,'',0,'','La Manouba',1),(374,'TN12',1001,'',0,'','Le Kef',1),(375,'TN13',1001,'',0,'','Mahdia',1),(376,'TN14',1001,'',0,'','Médenine',1),(377,'TN15',1001,'',0,'','Monastir',1),(378,'TN16',1001,'',0,'','Nabeul',1),(379,'TN17',1001,'',0,'','Sfax',1),(380,'TN18',1001,'',0,'','Sidi Bouzid',1),(381,'TN19',1001,'',0,'','Siliana',1),(382,'TN20',1001,'',0,'','Sousse',1),(383,'TN21',1001,'',0,'','Tataouine',1),(384,'TN22',1001,'',0,'','Tozeur',1),(385,'TN23',1001,'',0,'','Tunis',1),(386,'TN24',1001,'',0,'','Zaghouan',1),(387,'001',5201,'',0,'','Belisario Boeto',1),(388,'002',5201,'',0,'','Hernando Siles',1),(389,'003',5201,'',0,'','Jaime Zudáñez',1),(390,'004',5201,'',0,'','Juana Azurduy de Padilla',1),(391,'005',5201,'',0,'','Luis Calvo',1),(392,'006',5201,'',0,'','Nor Cinti',1),(393,'007',5201,'',0,'','Oropeza',1),(394,'008',5201,'',0,'','Sud Cinti',1),(395,'009',5201,'',0,'','Tomina',1),(396,'010',5201,'',0,'','Yamparáez',1),(397,'011',5202,'',0,'','Abel Iturralde',1),(398,'012',5202,'',0,'','Aroma',1),(399,'013',5202,'',0,'','Bautista Saavedra',1),(400,'014',5202,'',0,'','Caranavi',1),(401,'015',5202,'',0,'','Eliodoro Camacho',1),(402,'016',5202,'',0,'','Franz Tamayo',1),(403,'017',5202,'',0,'','Gualberto Villarroel',1),(404,'018',5202,'',0,'','Ingaví',1),(405,'019',5202,'',0,'','Inquisivi',1),(406,'020',5202,'',0,'','José Ramón Loayza',1),(407,'021',5202,'',0,'','Larecaja',1),(408,'022',5202,'',0,'','Los Andes (Bolivia)',1),(409,'023',5202,'',0,'','Manco Kapac',1),(410,'024',5202,'',0,'','Muñecas',1),(411,'025',5202,'',0,'','Nor Yungas',1),(412,'026',5202,'',0,'','Omasuyos',1),(413,'027',5202,'',0,'','Pacajes',1),(414,'028',5202,'',0,'','Pedro Domingo Murillo',1),(415,'029',5202,'',0,'','Sud Yungas',1),(416,'030',5202,'',0,'','General José Manuel Pando',1),(417,'031',5203,'',0,'','Arani',1),(418,'032',5203,'',0,'','Arque',1),(419,'033',5203,'',0,'','Ayopaya',1),(420,'034',5203,'',0,'','Bolívar (Bolivia)',1),(421,'035',5203,'',0,'','Campero',1),(422,'036',5203,'',0,'','Capinota',1),(423,'037',5203,'',0,'','Cercado (Cochabamba)',1),(424,'038',5203,'',0,'','Esteban Arze',1),(425,'039',5203,'',0,'','Germán Jordán',1),(426,'040',5203,'',0,'','José Carrasco',1),(427,'041',5203,'',0,'','Mizque',1),(428,'042',5203,'',0,'','Punata',1),(429,'043',5203,'',0,'','Quillacollo',1),(430,'044',5203,'',0,'','Tapacarí',1),(431,'045',5203,'',0,'','Tiraque',1),(432,'046',5203,'',0,'','Chapare',1),(433,'047',5204,'',0,'','Carangas',1),(434,'048',5204,'',0,'','Cercado (Oruro)',1),(435,'049',5204,'',0,'','Eduardo Avaroa',1),(436,'050',5204,'',0,'','Ladislao Cabrera',1),(437,'051',5204,'',0,'','Litoral de Atacama',1),(438,'052',5204,'',0,'','Mejillones',1),(439,'053',5204,'',0,'','Nor Carangas',1),(440,'054',5204,'',0,'','Pantaleón Dalence',1),(441,'055',5204,'',0,'','Poopó',1),(442,'056',5204,'',0,'','Sabaya',1),(443,'057',5204,'',0,'','Sajama',1),(444,'058',5204,'',0,'','San Pedro de Totora',1),(445,'059',5204,'',0,'','Saucarí',1),(446,'060',5204,'',0,'','Sebastián Pagador',1),(447,'061',5204,'',0,'','Sud Carangas',1),(448,'062',5204,'',0,'','Tomás Barrón',1),(449,'063',5205,'',0,'','Alonso de Ibáñez',1),(450,'064',5205,'',0,'','Antonio Quijarro',1),(451,'065',5205,'',0,'','Bernardino Bilbao',1),(452,'066',5205,'',0,'','Charcas (Potosí)',1),(453,'067',5205,'',0,'','Chayanta',1),(454,'068',5205,'',0,'','Cornelio Saavedra',1),(455,'069',5205,'',0,'','Daniel Campos',1),(456,'070',5205,'',0,'','Enrique Baldivieso',1),(457,'071',5205,'',0,'','José María Linares',1),(458,'072',5205,'',0,'','Modesto Omiste',1),(459,'073',5205,'',0,'','Nor Chichas',1),(460,'074',5205,'',0,'','Nor Lípez',1),(461,'075',5205,'',0,'','Rafael Bustillo',1),(462,'076',5205,'',0,'','Sud Chichas',1),(463,'077',5205,'',0,'','Sud Lípez',1),(464,'078',5205,'',0,'','Tomás Frías',1),(465,'079',5206,'',0,'','Aniceto Arce',1),(466,'080',5206,'',0,'','Burdet O\'Connor',1),(467,'081',5206,'',0,'','Cercado (Tarija)',1),(468,'082',5206,'',0,'','Eustaquio Méndez',1),(469,'083',5206,'',0,'','José María Avilés',1),(470,'084',5206,'',0,'','Gran Chaco',1),(471,'085',5207,'',0,'','Andrés Ibáñez',1),(472,'086',5207,'',0,'','Caballero',1),(473,'087',5207,'',0,'','Chiquitos',1),(474,'088',5207,'',0,'','Cordillera (Bolivia)',1),(475,'089',5207,'',0,'','Florida',1),(476,'090',5207,'',0,'','Germán Busch',1),(477,'091',5207,'',0,'','Guarayos',1),(478,'092',5207,'',0,'','Ichilo',1),(479,'093',5207,'',0,'','Obispo Santistevan',1),(480,'094',5207,'',0,'','Sara',1),(481,'095',5207,'',0,'','Vallegrande',1),(482,'096',5207,'',0,'','Velasco',1),(483,'097',5207,'',0,'','Warnes',1),(484,'098',5207,'',0,'','Ángel Sandóval',1),(485,'099',5207,'',0,'','Ñuflo de Chaves',1),(486,'100',5208,'',0,'','Cercado (Beni)',1),(487,'101',5208,'',0,'','Iténez',1),(488,'102',5208,'',0,'','Mamoré',1),(489,'103',5208,'',0,'','Marbán',1),(490,'104',5208,'',0,'','Moxos',1),(491,'105',5208,'',0,'','Vaca Díez',1),(492,'106',5208,'',0,'','Yacuma',1),(493,'107',5208,'',0,'','General José Ballivián Segurola',1),(494,'108',5209,'',0,'','Abuná',1),(495,'109',5209,'',0,'','Madre de Dios',1),(496,'110',5209,'',0,'','Manuripi',1),(497,'111',5209,'',0,'','Nicolás Suárez',1),(498,'112',5209,'',0,'','General Federico Román',1),(499,'NSW',2801,'',1,'','New South Wales',1),(500,'VIC',2801,'',1,'','Victoria',1),(501,'QLD',2801,'',1,'','Queensland',1),(502,'SA',2801,'',1,'','South Australia',1),(503,'ACT',2801,'',1,'','Australia Capital Territory',1),(504,'TAS',2801,'',1,'','Tasmania',1),(505,'WA',2801,'',1,'','Western Australia',1),(506,'NT',2801,'',1,'','Northern Territory',1),(507,'ON',1401,'',1,'','Ontario',1),(508,'QC',1401,'',1,'','Quebec',1),(509,'NS',1401,'',1,'','Nova Scotia',1),(510,'NB',1401,'',1,'','New Brunswick',1),(511,'MB',1401,'',1,'','Manitoba',1),(512,'BC',1401,'',1,'','British Columbia',1),(513,'PE',1401,'',1,'','Prince Edward Island',1),(514,'SK',1401,'',1,'','Saskatchewan',1),(515,'AB',1401,'',1,'','Alberta',1),(516,'NL',1401,'',1,'','Newfoundland and Labrador',1),(517,'VI',419,'',19,'ALAVA','Álava',1),(518,'AB',404,'',4,'ALBACETE','Albacete',1),(519,'A',411,'',11,'ALICANTE','Alicante',1),(520,'AL',401,'',1,'ALMERIA','Almería',1),(521,'AV',403,'',3,'AVILA','Avila',1),(522,'BA',412,'',12,'BADAJOZ','Badajoz',1),(523,'PM',414,'',14,'ISLAS BALEARES','Islas Baleares',1),(524,'B',406,'',6,'BARCELONA','Barcelona',1),(525,'BU',403,'',8,'BURGOS','Burgos',1),(526,'CC',412,'',12,'CACERES','Cáceres',1),(527,'CA',401,'',1,'CADIZ','Cádiz',1),(528,'CS',411,'',11,'CASTELLON','Castellón',1),(529,'CR',404,'',4,'CIUDAD REAL','Ciudad Real',1),(530,'CO',401,'',1,'CORDOBA','Córdoba',1),(531,'C',413,'',13,'LA CORUÑA','La Coruña',1),(532,'CU',404,'',4,'CUENCA','Cuenca',1),(533,'GI',406,'',6,'GERONA','Gerona',1),(534,'GR',401,'',1,'GRANADA','Granada',1),(535,'GU',404,'',4,'GUADALAJARA','Guadalajara',1),(536,'SS',419,'',19,'GUIPUZCOA','Guipúzcoa',1),(537,'H',401,'',1,'HUELVA','Huelva',1),(538,'HU',402,'',2,'HUESCA','Huesca',1),(539,'J',401,'',1,'JAEN','Jaén',1),(540,'LE',403,'',3,'LEON','León',1),(541,'L',406,'',6,'LERIDA','Lérida',1),(542,'LO',415,'',15,'LA RIOJA','La Rioja',1),(543,'LU',413,'',13,'LUGO','Lugo',1),(544,'M',416,'',16,'MADRID','Madrid',1),(545,'MA',401,'',1,'MALAGA','Málaga',1),(546,'MU',417,'',17,'MURCIA','Murcia',1),(547,'NA',408,'',8,'NAVARRA','Navarra',1),(548,'OR',413,'',13,'ORENSE','Orense',1),(549,'O',418,'',18,'ASTURIAS','Asturias',1),(550,'P',403,'',3,'PALENCIA','Palencia',1),(551,'GC',405,'',5,'LAS PALMAS','Las Palmas',1),(552,'PO',413,'',13,'PONTEVEDRA','Pontevedra',1),(553,'SA',403,'',3,'SALAMANCA','Salamanca',1),(554,'TF',405,'',5,'STA. CRUZ DE TENERIFE','Sta. Cruz de Tenerife',1),(555,'S',410,'',10,'CANTABRIA','Cantabria',1),(556,'SG',403,'',3,'SEGOVIA','Segovia',1),(557,'SE',401,'',1,'SEVILLA','Sevilla',1),(558,'SO',403,'',3,'SORIA','Soria',1),(559,'T',406,'',6,'TARRAGONA','Tarragona',1),(560,'TE',402,'',2,'TERUEL','Teruel',1),(561,'TO',404,'',5,'TOLEDO','Toledo',1),(562,'V',411,'',11,'VALENCIA','Valencia',1),(563,'VA',403,'',3,'VALLADOLID','Valladolid',1),(564,'BI',419,'',19,'VIZCAYA','Vizcaya',1),(565,'ZA',403,'',3,'ZAMORA','Zamora',1),(566,'Z',402,'',1,'ZARAGOZA','Zaragoza',1),(567,'CE',407,'',7,'CEUTA','Ceuta',1),(568,'ML',409,'',9,'MELILLA','Melilla',1),(569,'BW',501,NULL,NULL,'BADEN-WÜRTTEMBERG','Baden-Württemberg',1),(570,'BY',501,NULL,NULL,'BAYERN','Bayern',1),(571,'BE',501,NULL,NULL,'BERLIN','Berlin',1),(572,'BB',501,NULL,NULL,'BRANDENBURG','Brandenburg',1),(573,'HB',501,NULL,NULL,'BREMEN','Bremen',1),(574,'HH',501,NULL,NULL,'HAMBURG','Hamburg',1),(575,'HE',501,NULL,NULL,'HESSEN','Hessen',1),(576,'MV',501,NULL,NULL,'MECKLENBURG-VORPOMMERN','Mecklenburg-Vorpommern',1),(577,'NI',501,NULL,NULL,'NIEDERSACHSEN','Niedersachsen',1),(578,'NW',501,NULL,NULL,'NORDRHEIN-WESTFALEN','Nordrhein-Westfalen',1),(579,'RP',501,NULL,NULL,'RHEINLAND-PFALZ','Rheinland-Pfalz',1),(580,'SL',501,NULL,NULL,'SAARLAND','Saarland',1),(581,'SN',501,NULL,NULL,'SACHSEN','Sachsen',1),(582,'ST',501,NULL,NULL,'SACHSEN-ANHALT','Sachsen-Anhalt',1),(583,'SH',501,NULL,NULL,'SCHLESWIG-HOLSTEIN','Schleswig-Holstein',1),(584,'TH',501,NULL,NULL,'THÜRINGEN','Thüringen',1),(585,'66',10201,'',0,'','Αθήνα',1),(586,'67',10205,'',0,'','Δράμα',1),(587,'01',10205,'',0,'','Έβρος',1),(588,'02',10205,'',0,'','Θάσος',1),(589,'03',10205,'',0,'','Καβάλα',1),(590,'04',10205,'',0,'','Ξάνθη',1),(591,'05',10205,'',0,'','Ροδόπη',1),(592,'06',10203,'',0,'','Ημαθία',1),(593,'07',10203,'',0,'','Θεσσαλονίκη',1),(594,'08',10203,'',0,'','Κιλκίς',1),(595,'09',10203,'',0,'','Πέλλα',1),(596,'10',10203,'',0,'','Πιερία',1),(597,'11',10203,'',0,'','Σέρρες',1),(598,'12',10203,'',0,'','Χαλκιδική',1),(599,'13',10206,'',0,'','Άρτα',1),(600,'14',10206,'',0,'','Θεσπρωτία',1),(601,'15',10206,'',0,'','Ιωάννινα',1),(602,'16',10206,'',0,'','Πρέβεζα',1),(603,'17',10213,'',0,'','Γρεβενά',1),(604,'18',10213,'',0,'','Καστοριά',1),(605,'19',10213,'',0,'','Κοζάνη',1),(606,'20',10213,'',0,'','Φλώρινα',1),(607,'21',10212,'',0,'','Καρδίτσα',1),(608,'22',10212,'',0,'','Λάρισα',1),(609,'23',10212,'',0,'','Μαγνησία',1),(610,'24',10212,'',0,'','Τρίκαλα',1),(611,'25',10212,'',0,'','Σποράδες',1),(612,'26',10212,'',0,'','Βοιωτία',1),(613,'27',10202,'',0,'','Εύβοια',1),(614,'28',10202,'',0,'','Ευρυτανία',1),(615,'29',10202,'',0,'','Φθιώτιδα',1),(616,'30',10202,'',0,'','Φωκίδα',1),(617,'31',10209,'',0,'','Αργολίδα',1),(618,'32',10209,'',0,'','Αρκαδία',1),(619,'33',10209,'',0,'','Κορινθία',1),(620,'34',10209,'',0,'','Λακωνία',1),(621,'35',10209,'',0,'','Μεσσηνία',1),(622,'36',10211,'',0,'','Αιτωλοακαρνανία',1),(623,'37',10211,'',0,'','Αχαΐα',1),(624,'38',10211,'',0,'','Ηλεία',1),(625,'39',10207,'',0,'','Ζάκυνθος',1),(626,'40',10207,'',0,'','Κέρκυρα',1),(627,'41',10207,'',0,'','Κεφαλληνία',1),(628,'42',10207,'',0,'','Ιθάκη',1),(629,'43',10207,'',0,'','Λευκάδα',1),(630,'44',10208,'',0,'','Ικαρία',1),(631,'45',10208,'',0,'','Λέσβος',1),(632,'46',10208,'',0,'','Λήμνος',1),(633,'47',10208,'',0,'','Σάμος',1),(634,'48',10208,'',0,'','Χίος',1),(635,'49',10210,'',0,'','Άνδρος',1),(636,'50',10210,'',0,'','Θήρα',1),(637,'51',10210,'',0,'','Κάλυμνος',1),(638,'52',10210,'',0,'','Κάρπαθος',1),(639,'53',10210,'',0,'','Κέα-Κύθνος',1),(640,'54',10210,'',0,'','Κω',1),(641,'55',10210,'',0,'','Μήλος',1),(642,'56',10210,'',0,'','Μύκονος',1),(643,'57',10210,'',0,'','Νάξος',1),(644,'58',10210,'',0,'','Πάρος',1),(645,'59',10210,'',0,'','Ρόδος',1),(646,'60',10210,'',0,'','Σύρος',1),(647,'61',10210,'',0,'','Τήνος',1),(648,'62',10204,'',0,'','Ηράκλειο',1),(649,'63',10204,'',0,'','Λασίθι',1),(650,'64',10204,'',0,'','Ρέθυμνο',1),(651,'65',10204,'',0,'','Χανιά',1),(652,'AG',601,NULL,NULL,'ARGOVIE','Argovie',1),(653,'AI',601,NULL,NULL,'APPENZELL RHODES INTERIEURES','Appenzell Rhodes intérieures',1),(654,'AR',601,NULL,NULL,'APPENZELL RHODES EXTERIEURES','Appenzell Rhodes extérieures',1),(655,'BE',601,NULL,NULL,'BERNE','Berne',1),(656,'BL',601,NULL,NULL,'BALE CAMPAGNE','Bâle Campagne',1),(657,'BS',601,NULL,NULL,'BALE VILLE','Bâle Ville',1),(658,'FR',601,NULL,NULL,'FRIBOURG','Fribourg',1),(659,'GE',601,NULL,NULL,'GENEVE','Genève',1),(660,'GL',601,NULL,NULL,'GLARIS','Glaris',1),(661,'GR',601,NULL,NULL,'GRISONS','Grisons',1),(662,'JU',601,NULL,NULL,'JURA','Jura',1),(663,'LU',601,NULL,NULL,'LUCERNE','Lucerne',1),(664,'NE',601,NULL,NULL,'NEUCHATEL','Neuchâtel',1),(665,'NW',601,NULL,NULL,'NIDWALD','Nidwald',1),(666,'OW',601,NULL,NULL,'OBWALD','Obwald',1),(667,'SG',601,NULL,NULL,'SAINT-GALL','Saint-Gall',1),(668,'SH',601,NULL,NULL,'SCHAFFHOUSE','Schaffhouse',1),(669,'SO',601,NULL,NULL,'SOLEURE','Soleure',1),(670,'SZ',601,NULL,NULL,'SCHWYZ','Schwyz',1),(671,'TG',601,NULL,NULL,'THURGOVIE','Thurgovie',1),(672,'TI',601,NULL,NULL,'TESSIN','Tessin',1),(673,'UR',601,NULL,NULL,'URI','Uri',1),(674,'VD',601,NULL,NULL,'VAUD','Vaud',1),(675,'VS',601,NULL,NULL,'VALAIS','Valais',1),(676,'ZG',601,NULL,NULL,'ZUG','Zug',1),(677,'ZH',601,NULL,NULL,'ZURICH','Zürich',1),(678,'701',701,NULL,0,NULL,'Bedfordshire',1),(679,'702',701,NULL,0,NULL,'Berkshire',1),(680,'703',701,NULL,0,NULL,'Bristol, City of',1),(681,'704',701,NULL,0,NULL,'Buckinghamshire',1),(682,'705',701,NULL,0,NULL,'Cambridgeshire',1),(683,'706',701,NULL,0,NULL,'Cheshire',1),(684,'707',701,NULL,0,NULL,'Cleveland',1),(685,'708',701,NULL,0,NULL,'Cornwall',1),(686,'709',701,NULL,0,NULL,'Cumberland',1),(687,'710',701,NULL,0,NULL,'Cumbria',1),(688,'711',701,NULL,0,NULL,'Derbyshire',1),(689,'712',701,NULL,0,NULL,'Devon',1),(690,'713',701,NULL,0,NULL,'Dorset',1),(691,'714',701,NULL,0,NULL,'Co. Durham',1),(692,'715',701,NULL,0,NULL,'East Riding of Yorkshire',1),(693,'716',701,NULL,0,NULL,'East Sussex',1),(694,'717',701,NULL,0,NULL,'Essex',1),(695,'718',701,NULL,0,NULL,'Gloucestershire',1),(696,'719',701,NULL,0,NULL,'Greater Manchester',1),(697,'720',701,NULL,0,NULL,'Hampshire',1),(698,'721',701,NULL,0,NULL,'Hertfordshire',1),(699,'722',701,NULL,0,NULL,'Hereford and Worcester',1),(700,'723',701,NULL,0,NULL,'Herefordshire',1),(701,'724',701,NULL,0,NULL,'Huntingdonshire',1),(702,'725',701,NULL,0,NULL,'Isle of Man',1),(703,'726',701,NULL,0,NULL,'Isle of Wight',1),(704,'727',701,NULL,0,NULL,'Jersey',1),(705,'728',701,NULL,0,NULL,'Kent',1),(706,'729',701,NULL,0,NULL,'Lancashire',1),(707,'730',701,NULL,0,NULL,'Leicestershire',1),(708,'731',701,NULL,0,NULL,'Lincolnshire',1),(709,'732',701,NULL,0,NULL,'London - City of London',1),(710,'733',701,NULL,0,NULL,'Merseyside',1),(711,'734',701,NULL,0,NULL,'Middlesex',1),(712,'735',701,NULL,0,NULL,'Norfolk',1),(713,'736',701,NULL,0,NULL,'North Yorkshire',1),(714,'737',701,NULL,0,NULL,'North Riding of Yorkshire',1),(715,'738',701,NULL,0,NULL,'Northamptonshire',1),(716,'739',701,NULL,0,NULL,'Northumberland',1),(717,'740',701,NULL,0,NULL,'Nottinghamshire',1),(718,'741',701,NULL,0,NULL,'Oxfordshire',1),(719,'742',701,NULL,0,NULL,'Rutland',1),(720,'743',701,NULL,0,NULL,'Shropshire',1),(721,'744',701,NULL,0,NULL,'Somerset',1),(722,'745',701,NULL,0,NULL,'Staffordshire',1),(723,'746',701,NULL,0,NULL,'Suffolk',1),(724,'747',701,NULL,0,NULL,'Surrey',1),(725,'748',701,NULL,0,NULL,'Sussex',1),(726,'749',701,NULL,0,NULL,'Tyne and Wear',1),(727,'750',701,NULL,0,NULL,'Warwickshire',1),(728,'751',701,NULL,0,NULL,'West Midlands',1),(729,'752',701,NULL,0,NULL,'West Sussex',1),(730,'753',701,NULL,0,NULL,'West Yorkshire',1),(731,'754',701,NULL,0,NULL,'West Riding of Yorkshire',1),(732,'755',701,NULL,0,NULL,'Wiltshire',1),(733,'756',701,NULL,0,NULL,'Worcestershire',1),(734,'757',701,NULL,0,NULL,'Yorkshire',1),(735,'758',702,NULL,0,NULL,'Anglesey',1),(736,'759',702,NULL,0,NULL,'Breconshire',1),(737,'760',702,NULL,0,NULL,'Caernarvonshire',1),(738,'761',702,NULL,0,NULL,'Cardiganshire',1),(739,'762',702,NULL,0,NULL,'Carmarthenshire',1),(740,'763',702,NULL,0,NULL,'Ceredigion',1),(741,'764',702,NULL,0,NULL,'Denbighshire',1),(742,'765',702,NULL,0,NULL,'Flintshire',1),(743,'766',702,NULL,0,NULL,'Glamorgan',1),(744,'767',702,NULL,0,NULL,'Gwent',1),(745,'768',702,NULL,0,NULL,'Gwynedd',1),(746,'769',702,NULL,0,NULL,'Merionethshire',1),(747,'770',702,NULL,0,NULL,'Monmouthshire',1),(748,'771',702,NULL,0,NULL,'Mid Glamorgan',1),(749,'772',702,NULL,0,NULL,'Montgomeryshire',1),(750,'773',702,NULL,0,NULL,'Pembrokeshire',1),(751,'774',702,NULL,0,NULL,'Powys',1),(752,'775',702,NULL,0,NULL,'Radnorshire',1),(753,'776',702,NULL,0,NULL,'South Glamorgan',1),(754,'777',703,NULL,0,NULL,'Aberdeen, City of',1),(755,'778',703,NULL,0,NULL,'Angus',1),(756,'779',703,NULL,0,NULL,'Argyll',1),(757,'780',703,NULL,0,NULL,'Ayrshire',1),(758,'781',703,NULL,0,NULL,'Banffshire',1),(759,'782',703,NULL,0,NULL,'Berwickshire',1),(760,'783',703,NULL,0,NULL,'Bute',1),(761,'784',703,NULL,0,NULL,'Caithness',1),(762,'785',703,NULL,0,NULL,'Clackmannanshire',1),(763,'786',703,NULL,0,NULL,'Dumfriesshire',1),(764,'787',703,NULL,0,NULL,'Dumbartonshire',1),(765,'788',703,NULL,0,NULL,'Dundee, City of',1),(766,'789',703,NULL,0,NULL,'East Lothian',1),(767,'790',703,NULL,0,NULL,'Fife',1),(768,'791',703,NULL,0,NULL,'Inverness',1),(769,'792',703,NULL,0,NULL,'Kincardineshire',1),(770,'793',703,NULL,0,NULL,'Kinross-shire',1),(771,'794',703,NULL,0,NULL,'Kirkcudbrightshire',1),(772,'795',703,NULL,0,NULL,'Lanarkshire',1),(773,'796',703,NULL,0,NULL,'Midlothian',1),(774,'797',703,NULL,0,NULL,'Morayshire',1),(775,'798',703,NULL,0,NULL,'Nairnshire',1),(776,'799',703,NULL,0,NULL,'Orkney',1),(777,'800',703,NULL,0,NULL,'Peebleshire',1),(778,'801',703,NULL,0,NULL,'Perthshire',1),(779,'802',703,NULL,0,NULL,'Renfrewshire',1),(780,'803',703,NULL,0,NULL,'Ross & Cromarty',1),(781,'804',703,NULL,0,NULL,'Roxburghshire',1),(782,'805',703,NULL,0,NULL,'Selkirkshire',1),(783,'806',703,NULL,0,NULL,'Shetland',1),(784,'807',703,NULL,0,NULL,'Stirlingshire',1),(785,'808',703,NULL,0,NULL,'Sutherland',1),(786,'809',703,NULL,0,NULL,'West Lothian',1),(787,'810',703,NULL,0,NULL,'Wigtownshire',1),(788,'811',704,NULL,0,NULL,'Antrim',1),(789,'812',704,NULL,0,NULL,'Armagh',1),(790,'813',704,NULL,0,NULL,'Co. Down',1),(791,'814',704,NULL,0,NULL,'Co. Fermanagh',1),(792,'815',704,NULL,0,NULL,'Co. Londonderry',1),(793,'AL',1101,'',0,'ALABAMA','Alabama',1),(794,'AK',1101,'',0,'ALASKA','Alaska',1),(795,'AZ',1101,'',0,'ARIZONA','Arizona',1),(796,'AR',1101,'',0,'ARKANSAS','Arkansas',1),(797,'CA',1101,'',0,'CALIFORNIA','California',1),(798,'CO',1101,'',0,'COLORADO','Colorado',1),(799,'CT',1101,'',0,'CONNECTICUT','Connecticut',1),(800,'DE',1101,'',0,'DELAWARE','Delaware',1),(801,'FL',1101,'',0,'FLORIDA','Florida',1),(802,'GA',1101,'',0,'GEORGIA','Georgia',1),(803,'HI',1101,'',0,'HAWAII','Hawaii',1),(804,'ID',1101,'',0,'IDAHO','Idaho',1),(805,'IL',1101,'',0,'ILLINOIS','Illinois',1),(806,'IN',1101,'',0,'INDIANA','Indiana',1),(807,'IA',1101,'',0,'IOWA','Iowa',1),(808,'KS',1101,'',0,'KANSAS','Kansas',1),(809,'KY',1101,'',0,'KENTUCKY','Kentucky',1),(810,'LA',1101,'',0,'LOUISIANA','Louisiana',1),(811,'ME',1101,'',0,'MAINE','Maine',1),(812,'MD',1101,'',0,'MARYLAND','Maryland',1),(813,'MA',1101,'',0,'MASSACHUSSETTS','Massachusetts',1),(814,'MI',1101,'',0,'MICHIGAN','Michigan',1),(815,'MN',1101,'',0,'MINNESOTA','Minnesota',1),(816,'MS',1101,'',0,'MISSISSIPPI','Mississippi',1),(817,'MO',1101,'',0,'MISSOURI','Missouri',1),(818,'MT',1101,'',0,'MONTANA','Montana',1),(819,'NE',1101,'',0,'NEBRASKA','Nebraska',1),(820,'NV',1101,'',0,'NEVADA','Nevada',1),(821,'NH',1101,'',0,'NEW HAMPSHIRE','New Hampshire',1),(822,'NJ',1101,'',0,'NEW JERSEY','New Jersey',1),(823,'NM',1101,'',0,'NEW MEXICO','New Mexico',1),(824,'NY',1101,'',0,'NEW YORK','New York',1),(825,'NC',1101,'',0,'NORTH CAROLINA','North Carolina',1),(826,'ND',1101,'',0,'NORTH DAKOTA','North Dakota',1),(827,'OH',1101,'',0,'OHIO','Ohio',1),(828,'OK',1101,'',0,'OKLAHOMA','Oklahoma',1),(829,'OR',1101,'',0,'OREGON','Oregon',1),(830,'PA',1101,'',0,'PENNSYLVANIA','Pennsylvania',1),(831,'RI',1101,'',0,'RHODE ISLAND','Rhode Island',1),(832,'SC',1101,'',0,'SOUTH CAROLINA','South Carolina',1),(833,'SD',1101,'',0,'SOUTH DAKOTA','South Dakota',1),(834,'TN',1101,'',0,'TENNESSEE','Tennessee',1),(835,'TX',1101,'',0,'TEXAS','Texas',1),(836,'UT',1101,'',0,'UTAH','Utah',1),(837,'VT',1101,'',0,'VERMONT','Vermont',1),(838,'VA',1101,'',0,'VIRGINIA','Virginia',1),(839,'WA',1101,'',0,'WASHINGTON','Washington',1),(840,'WV',1101,'',0,'WEST VIRGINIA','West Virginia',1),(841,'WI',1101,'',0,'WISCONSIN','Wisconsin',1),(842,'WY',1101,'',0,'WYOMING','Wyoming',1),(843,'GR',1701,NULL,NULL,NULL,'Groningen',1),(844,'FR',1701,NULL,NULL,NULL,'Friesland',1),(845,'DR',1701,NULL,NULL,NULL,'Drenthe',1),(846,'OV',1701,NULL,NULL,NULL,'Overijssel',1),(847,'GD',1701,NULL,NULL,NULL,'Gelderland',1),(848,'FL',1701,NULL,NULL,NULL,'Flevoland',1),(849,'UT',1701,NULL,NULL,NULL,'Utrecht',1),(850,'NH',1701,NULL,NULL,NULL,'Noord-Holland',1),(851,'ZH',1701,NULL,NULL,NULL,'Zuid-Holland',1),(852,'ZL',1701,NULL,NULL,NULL,'Zeeland',1),(853,'NB',1701,NULL,NULL,NULL,'Noord-Brabant',1),(854,'LB',1701,NULL,NULL,NULL,'Limburg',1),(855,'SS',8601,'',0,'','San Salvador',1),(856,'SA',8603,'',0,'','Santa Ana',1),(857,'AH',8603,'',0,'','Ahuachapan',1),(858,'SO',8603,'',0,'','Sonsonate',1),(859,'US',8602,'',0,'','Usulutan',1),(860,'SM',8602,'',0,'','San Miguel',1),(861,'MO',8602,'',0,'','Morazan',1),(862,'LU',8602,'',0,'','La Union',1),(863,'LL',8601,'',0,'','La Libertad',1),(864,'CH',8601,'',0,'','Chalatenango',1),(865,'CA',8601,'',0,'','Cabañas',1),(866,'LP',8601,'',0,'','La Paz',1),(867,'SV',8601,'',0,'','San Vicente',1),(868,'CU',8601,'',0,'','Cuscatlan',1),(869,'2301',2301,'',0,'CATAMARCA','Catamarca',1),(870,'2302',2301,'',0,'JUJUY','Jujuy',1),(871,'2303',2301,'',0,'TUCAMAN','Tucamán',1),(872,'2304',2301,'',0,'SANTIAGO DEL ESTERO','Santiago del Estero',1),(873,'2305',2301,'',0,'SALTA','Salta',1),(874,'2306',2302,'',0,'CHACO','Chaco',1),(875,'2307',2302,'',0,'CORRIENTES','Corrientes',1),(876,'2308',2302,'',0,'ENTRE RIOS','Entre Ríos',1),(877,'2309',2302,'',0,'FORMOSA','Formosa',1),(878,'2310',2302,'',0,'SANTA FE','Santa Fe',1),(879,'2311',2303,'',0,'LA RIOJA','La Rioja',1),(880,'2312',2303,'',0,'MENDOZA','Mendoza',1),(881,'2313',2303,'',0,'SAN JUAN','San Juan',1),(882,'2314',2303,'',0,'SAN LUIS','San Luis',1),(883,'2315',2304,'',0,'CORDOBA','Córdoba',1),(884,'2316',2304,'',0,'BUENOS AIRES','Buenos Aires',1),(885,'2317',2304,'',0,'CABA','Caba',1),(886,'2318',2305,'',0,'LA PAMPA','La Pampa',1),(887,'2319',2305,'',0,'NEUQUEN','Neuquén',1),(888,'2320',2305,'',0,'RIO NEGRO','Río Negro',1),(889,'2321',2305,'',0,'CHUBUT','Chubut',1),(890,'2322',2305,'',0,'SANTA CRUZ','Santa Cruz',1),(891,'2323',2305,'',0,'TIERRA DEL FUEGO','Tierra del Fuego',1),(892,'2324',2305,'',0,'ISLAS MALVINAS','Islas Malvinas',1),(893,'2325',2305,'',0,'ANTARTIDA','Antártida',1),(894,'2326',2305,'',0,'MISIONES','Misiones',1),(895,'CC',4601,'Oistins',0,'CC','Christ Church',1),(896,'SA',4601,'Greenland',0,'SA','Saint Andrew',1),(897,'SG',4601,'Bulkeley',0,'SG','Saint George',1),(898,'JA',4601,'Holetown',0,'JA','Saint James',1),(899,'SJ',4601,'Four Roads',0,'SJ','Saint John',1),(900,'SB',4601,'Bathsheba',0,'SB','Saint Joseph',1),(901,'SL',4601,'Crab Hill',0,'SL','Saint Lucy',1),(902,'SM',4601,'Bridgetown',0,'SM','Saint Michael',1),(903,'SP',4601,'Speightstown',0,'SP','Saint Peter',1),(904,'SC',4601,'Crane',0,'SC','Saint Philip',1),(905,'ST',4601,'Hillaby',0,'ST','Saint Thomas',1),(906,'AC',5601,'ACRE',0,'AC','Acre',1),(907,'AL',5601,'ALAGOAS',0,'AL','Alagoas',1),(908,'AP',5601,'AMAPA',0,'AP','Amapá',1),(909,'AM',5601,'AMAZONAS',0,'AM','Amazonas',1),(910,'BA',5601,'BAHIA',0,'BA','Bahia',1),(911,'CE',5601,'CEARA',0,'CE','Ceará',1),(912,'ES',5601,'ESPIRITO SANTO',0,'ES','Espirito Santo',1),(913,'GO',5601,'GOIAS',0,'GO','Goiás',1),(914,'MA',5601,'MARANHAO',0,'MA','Maranhão',1),(915,'MT',5601,'MATO GROSSO',0,'MT','Mato Grosso',1),(916,'MS',5601,'MATO GROSSO DO SUL',0,'MS','Mato Grosso do Sul',1),(917,'MG',5601,'MINAS GERAIS',0,'MG','Minas Gerais',1),(918,'PA',5601,'PARA',0,'PA','Pará',1),(919,'PB',5601,'PARAIBA',0,'PB','Paraiba',1),(920,'PR',5601,'PARANA',0,'PR','Paraná',1),(921,'PE',5601,'PERNAMBUCO',0,'PE','Pernambuco',1),(922,'PI',5601,'PIAUI',0,'PI','Piauí',1),(923,'RJ',5601,'RIO DE JANEIRO',0,'RJ','Rio de Janeiro',1),(924,'RN',5601,'RIO GRANDE DO NORTE',0,'RN','Rio Grande do Norte',1),(925,'RS',5601,'RIO GRANDE DO SUL',0,'RS','Rio Grande do Sul',1),(926,'RO',5601,'RONDONIA',0,'RO','Rondônia',1),(927,'RR',5601,'RORAIMA',0,'RR','Roraima',1),(928,'SC',5601,'SANTA CATARINA',0,'SC','Santa Catarina',1),(929,'SE',5601,'SERGIPE',0,'SE','Sergipe',1),(930,'SP',5601,'SAO PAULO',0,'SP','Sao Paulo',1),(931,'TO',5601,'TOCANTINS',0,'TO','Tocantins',1),(932,'DF',5601,'DISTRITO FEDERAL',0,'DF','Distrito Federal',1),(933,'151',6715,'',0,'151','Arica',1),(934,'152',6715,'',0,'152','Parinacota',1),(935,'011',6701,'',0,'011','Iquique',1),(936,'014',6701,'',0,'014','Tamarugal',1),(937,'021',6702,'',0,'021','Antofagasa',1),(938,'022',6702,'',0,'022','El Loa',1),(939,'023',6702,'',0,'023','Tocopilla',1),(940,'031',6703,'',0,'031','Copiapó',1),(941,'032',6703,'',0,'032','Chañaral',1),(942,'033',6703,'',0,'033','Huasco',1),(943,'041',6704,'',0,'041','Elqui',1),(944,'042',6704,'',0,'042','Choapa',1),(945,'043',6704,'',0,'043','Limarí',1),(946,'051',6705,'',0,'051','Valparaíso',1),(947,'052',6705,'',0,'052','Isla de Pascua',1),(948,'053',6705,'',0,'053','Los Andes',1),(949,'054',6705,'',0,'054','Petorca',1),(950,'055',6705,'',0,'055','Quillota',1),(951,'056',6705,'',0,'056','San Antonio',1),(952,'057',6705,'',0,'057','San Felipe de Aconcagua',1),(953,'058',6705,'',0,'058','Marga Marga',1),(954,'061',6706,'',0,'061','Cachapoal',1),(955,'062',6706,'',0,'062','Cardenal Caro',1),(956,'063',6706,'',0,'063','Colchagua',1),(957,'071',6707,'',0,'071','Talca',1),(958,'072',6707,'',0,'072','Cauquenes',1),(959,'073',6707,'',0,'073','Curicó',1),(960,'074',6707,'',0,'074','Linares',1),(961,'081',6708,'',0,'081','Concepción',1),(962,'082',6708,'',0,'082','Arauco',1),(963,'083',6708,'',0,'083','Biobío',1),(964,'084',6708,'',0,'084','Ñuble',1),(965,'091',6709,'',0,'091','Cautín',1),(966,'092',6709,'',0,'092','Malleco',1),(967,'141',6714,'',0,'141','Valdivia',1),(968,'142',6714,'',0,'142','Ranco',1),(969,'101',6710,'',0,'101','Llanquihue',1),(970,'102',6710,'',0,'102','Chiloé',1),(971,'103',6710,'',0,'103','Osorno',1),(972,'104',6710,'',0,'104','Palena',1),(973,'111',6711,'',0,'111','Coihaique',1),(974,'112',6711,'',0,'112','Aisén',1),(975,'113',6711,'',0,'113','Capitán Prat',1),(976,'114',6711,'',0,'114','General Carrera',1),(977,'121',6712,'',0,'121','Magallanes',1),(978,'122',6712,'',0,'122','Antártica Chilena',1),(979,'123',6712,'',0,'123','Tierra del Fuego',1),(980,'124',6712,'',0,'124','Última Esperanza',1),(981,'131',6713,'',0,'131','Santiago',1),(982,'132',6713,'',0,'132','Cordillera',1),(983,'133',6713,'',0,'133','Chacabuco',1),(984,'134',6713,'',0,'134','Maipo',1),(985,'135',6713,'',0,'135','Melipilla',1),(986,'136',6713,'',0,'136','Talagante',1),(987,'AN',11701,NULL,0,'AN','Andaman & Nicobar',1),(988,'AP',11701,NULL,0,'AP','Andhra Pradesh',1),(989,'AR',11701,NULL,0,'AR','Arunachal Pradesh',1),(990,'AS',11701,NULL,0,'AS','Assam',1),(991,'BR',11701,NULL,0,'BR','Bihar',1),(992,'CG',11701,NULL,0,'CG','Chattisgarh',1),(993,'CH',11701,NULL,0,'CH','Chandigarh',1),(994,'DD',11701,NULL,0,'DD','Daman & Diu',1),(995,'DL',11701,NULL,0,'DL','Delhi',1),(996,'DN',11701,NULL,0,'DN','Dadra and Nagar Haveli',1),(997,'GA',11701,NULL,0,'GA','Goa',1),(998,'GJ',11701,NULL,0,'GJ','Gujarat',1),(999,'HP',11701,NULL,0,'HP','Himachal Pradesh',1),(1000,'HR',11701,NULL,0,'HR','Haryana',1),(1001,'JH',11701,NULL,0,'JH','Jharkhand',1),(1002,'JK',11701,NULL,0,'JK','Jammu & Kashmir',1),(1003,'KA',11701,NULL,0,'KA','Karnataka',1),(1004,'KL',11701,NULL,0,'KL','Kerala',1),(1005,'LD',11701,NULL,0,'LD','Lakshadweep',1),(1006,'MH',11701,NULL,0,'MH','Maharashtra',1),(1007,'ML',11701,NULL,0,'ML','Meghalaya',1),(1008,'MN',11701,NULL,0,'MN','Manipur',1),(1009,'MP',11701,NULL,0,'MP','Madhya Pradesh',1),(1010,'MZ',11701,NULL,0,'MZ','Mizoram',1),(1011,'NL',11701,NULL,0,'NL','Nagaland',1),(1012,'OR',11701,NULL,0,'OR','Orissa',1),(1013,'PB',11701,NULL,0,'PB','Punjab',1),(1014,'PY',11701,NULL,0,'PY','Puducherry',1),(1015,'RJ',11701,NULL,0,'RJ','Rajasthan',1),(1016,'SK',11701,NULL,0,'SK','Sikkim',1),(1017,'TN',11701,NULL,0,'TN','Tamil Nadu',1),(1018,'TR',11701,NULL,0,'TR','Tripura',1),(1019,'UL',11701,NULL,0,'UL','Uttarakhand',1),(1020,'UP',11701,NULL,0,'UP','Uttar Pradesh',1),(1021,'WB',11701,NULL,0,'WB','West Bengal',1),(1022,'BA',11801,NULL,0,'BA','Bali',1),(1023,'BB',11801,NULL,0,'BB','Bangka Belitung',1),(1024,'BT',11801,NULL,0,'BT','Banten',1),(1025,'BE',11801,NULL,0,'BA','Bengkulu',1),(1026,'YO',11801,NULL,0,'YO','DI Yogyakarta',1),(1027,'JK',11801,NULL,0,'JK','DKI Jakarta',1),(1028,'GO',11801,NULL,0,'GO','Gorontalo',1),(1029,'JA',11801,NULL,0,'JA','Jambi',1),(1030,'JB',11801,NULL,0,'JB','Jawa Barat',1),(1031,'JT',11801,NULL,0,'JT','Jawa Tengah',1),(1032,'JI',11801,NULL,0,'JI','Jawa Timur',1),(1033,'KB',11801,NULL,0,'KB','Kalimantan Barat',1),(1034,'KS',11801,NULL,0,'KS','Kalimantan Selatan',1),(1035,'KT',11801,NULL,0,'KT','Kalimantan Tengah',1),(1036,'KI',11801,NULL,0,'KI','Kalimantan Timur',1),(1037,'KU',11801,NULL,0,'KU','Kalimantan Utara',1),(1038,'KR',11801,NULL,0,'KR','Kepulauan Riau',1),(1039,'LA',11801,NULL,0,'LA','Lampung',1),(1040,'MA',11801,NULL,0,'MA','Maluku',1),(1041,'MU',11801,NULL,0,'MU','Maluku Utara',1),(1042,'AC',11801,NULL,0,'AC','Nanggroe Aceh Darussalam',1),(1043,'NB',11801,NULL,0,'NB','Nusa Tenggara Barat',1),(1044,'NT',11801,NULL,0,'NT','Nusa Tenggara Timur',1),(1045,'PA',11801,NULL,0,'PA','Papua',1),(1046,'PB',11801,NULL,0,'PB','Papua Barat',1),(1047,'RI',11801,NULL,0,'RI','Riau',1),(1048,'SR',11801,NULL,0,'SR','Sulawesi Barat',1),(1049,'SN',11801,NULL,0,'SN','Sulawesi Selatan',1),(1050,'ST',11801,NULL,0,'ST','Sulawesi Tengah',1),(1051,'SG',11801,NULL,0,'SG','Sulawesi Tenggara',1),(1052,'SA',11801,NULL,0,'SA','Sulawesi Utara',1),(1053,'SB',11801,NULL,0,'SB','Sumatera Barat',1),(1054,'SS',11801,NULL,0,'SS','Sumatera Selatan',1),(1055,'SU',11801,NULL,0,'SU','Sumatera Utara	',1),(1056,'DIF',15401,'',0,'DIF','Distrito Federal',1),(1057,'AGS',15401,'',0,'AGS','Aguascalientes',1),(1058,'BCN',15401,'',0,'BCN','Baja California Norte',1),(1059,'BCS',15401,'',0,'BCS','Baja California Sur',1),(1060,'CAM',15401,'',0,'CAM','Campeche',1),(1061,'CHP',15401,'',0,'CHP','Chiapas',1),(1062,'CHI',15401,'',0,'CHI','Chihuahua',1),(1063,'COA',15401,'',0,'COA','Coahuila',1),(1064,'COL',15401,'',0,'COL','Colima',1),(1065,'DUR',15401,'',0,'DUR','Durango',1),(1066,'GTO',15401,'',0,'GTO','Guanajuato',1),(1067,'GRO',15401,'',0,'GRO','Guerrero',1),(1068,'HGO',15401,'',0,'HGO','Hidalgo',1),(1069,'JAL',15401,'',0,'JAL','Jalisco',1),(1070,'MEX',15401,'',0,'MEX','México',1),(1071,'MIC',15401,'',0,'MIC','Michoacán de Ocampo',1),(1072,'MOR',15401,'',0,'MOR','Morelos',1),(1073,'NAY',15401,'',0,'NAY','Nayarit',1),(1074,'NLE',15401,'',0,'NLE','Nuevo León',1),(1075,'OAX',15401,'',0,'OAX','Oaxaca',1),(1076,'PUE',15401,'',0,'PUE','Puebla',1),(1077,'QRO',15401,'',0,'QRO','Querétaro',1),(1078,'ROO',15401,'',0,'ROO','Quintana Roo',1),(1079,'SLP',15401,'',0,'SLP','San Luis Potosí',1),(1080,'SIN',15401,'',0,'SIN','Sinaloa',1),(1081,'SON',15401,'',0,'SON','Sonora',1),(1082,'TAB',15401,'',0,'TAB','Tabasco',1),(1083,'TAM',15401,'',0,'TAM','Tamaulipas',1),(1084,'TLX',15401,'',0,'TLX','Tlaxcala',1),(1085,'VER',15401,'',0,'VER','Veracruz',1),(1086,'YUC',15401,'',0,'YUC','Yucatán',1),(1087,'ZAC',15401,'',0,'ZAC','Zacatecas',1),(1088,'ANT',7001,'',0,'ANT','Antioquia',1),(1089,'BOL',7001,'',0,'BOL','Bolívar',1),(1090,'BOY',7001,'',0,'BOY','Boyacá',1),(1091,'CAL',7001,'',0,'CAL','Caldas',1),(1092,'CAU',7001,'',0,'CAU','Cauca',1),(1093,'CUN',7001,'',0,'CUN','Cundinamarca',1),(1094,'HUI',7001,'',0,'HUI','Huila',1),(1095,'LAG',7001,'',0,'LAG','La Guajira',1),(1096,'MET',7001,'',0,'MET','Meta',1),(1097,'NAR',7001,'',0,'NAR','Nariño',1),(1098,'NDS',7001,'',0,'NDS','Norte de Santander',1),(1099,'SAN',7001,'',0,'SAN','Santander',1),(1100,'SUC',7001,'',0,'SUC','Sucre',1),(1101,'TOL',7001,'',0,'TOL','Tolima',1),(1102,'VAC',7001,'',0,'VAC','Valle del Cauca',1),(1103,'RIS',7001,'',0,'RIS','Risalda',1),(1104,'ATL',7001,'',0,'ATL','Atlántico',1),(1105,'COR',7001,'',0,'COR','Córdoba',1),(1106,'SAP',7001,'',0,'SAP','San Andrés, Providencia y Santa Catalina',1),(1107,'ARA',7001,'',0,'ARA','Arauca',1),(1108,'CAS',7001,'',0,'CAS','Casanare',1),(1109,'AMA',7001,'',0,'AMA','Amazonas',1),(1110,'CAQ',7001,'',0,'CAQ','Caquetá',1),(1111,'CHO',7001,'',0,'CHO','Chocó',1),(1112,'GUA',7001,'',0,'GUA','Guainía',1),(1113,'GUV',7001,'',0,'GUV','Guaviare',1),(1114,'PUT',7001,'',0,'PUT','Putumayo',1),(1115,'QUI',7001,'',0,'QUI','Quindío',1),(1116,'VAU',7001,'',0,'VAU','Vaupés',1),(1117,'BOG',7001,'',0,'BOG','Bogotá',1),(1118,'VID',7001,'',0,'VID','Vichada',1),(1119,'CES',7001,'',0,'CES','Cesar',1),(1120,'MAG',7001,'',0,'MAG','Magdalena',1),(1121,'AT',11401,'',0,'AT','Atlántida',1),(1122,'CH',11401,'',0,'CH','Choluteca',1),(1123,'CL',11401,'',0,'CL','Colón',1),(1124,'CM',11401,'',0,'CM','Comayagua',1),(1125,'CO',11401,'',0,'CO','Copán',1),(1126,'CR',11401,'',0,'CR','Cortés',1),(1127,'EP',11401,'',0,'EP','El Paraíso',1),(1128,'FM',11401,'',0,'FM','Francisco Morazán',1),(1129,'GD',11401,'',0,'GD','Gracias a Dios',1),(1130,'IN',11401,'',0,'IN','Intibucá',1),(1131,'IB',11401,'',0,'IB','Islas de la Bahía',1),(1132,'LP',11401,'',0,'LP','La Paz',1),(1133,'LM',11401,'',0,'LM','Lempira',1),(1134,'OC',11401,'',0,'OC','Ocotepeque',1),(1135,'OL',11401,'',0,'OL','Olancho',1),(1136,'SB',11401,'',0,'SB','Santa Bárbara',1),(1137,'VL',11401,'',0,'VL','Valle',1),(1138,'YO',11401,'',0,'YO','Yoro',1),(1139,'DC',11401,'',0,'DC','Distrito Central',1),(1140,'AB',18801,'',0,'','Alba',1),(1141,'AR',18801,'',0,'','Arad',1),(1142,'AG',18801,'',0,'','Argeș',1),(1143,'BC',18801,'',0,'','Bacău',1),(1144,'BH',18801,'',0,'','Bihor',1),(1145,'BN',18801,'',0,'','Bistrița-Năsăud',1),(1146,'BT',18801,'',0,'','Botoșani',1),(1147,'BV',18801,'',0,'','Brașov',1),(1148,'BR',18801,'',0,'','Brăila',1),(1149,'BZ',18801,'',0,'','Buzău',1),(1150,'CL',18801,'',0,'','Călărași',1),(1151,'CS',18801,'',0,'','Caraș-Severin',1),(1152,'CJ',18801,'',0,'','Cluj',1),(1153,'CT',18801,'',0,'','Constanța',1),(1154,'CV',18801,'',0,'','Covasna',1),(1155,'DB',18801,'',0,'','Dâmbovița',1),(1156,'DJ',18801,'',0,'','Dolj',1),(1157,'GL',18801,'',0,'','Galați',1),(1158,'GR',18801,'',0,'','Giurgiu',1),(1159,'GJ',18801,'',0,'','Gorj',1),(1160,'HR',18801,'',0,'','Harghita',1),(1161,'HD',18801,'',0,'','Hunedoara',1),(1162,'IL',18801,'',0,'','Ialomița',1),(1163,'IS',18801,'',0,'','Iași',1),(1164,'IF',18801,'',0,'','Ilfov',1),(1165,'MM',18801,'',0,'','Maramureș',1),(1166,'MH',18801,'',0,'','Mehedinți',1),(1167,'MS',18801,'',0,'','Mureș',1),(1168,'NT',18801,'',0,'','Neamț',1),(1169,'OT',18801,'',0,'','Olt',1),(1170,'PH',18801,'',0,'','Prahova',1),(1171,'SM',18801,'',0,'','Satu Mare',1),(1172,'SJ',18801,'',0,'','Sălaj',1),(1173,'SB',18801,'',0,'','Sibiu',1),(1174,'SV',18801,'',0,'','Suceava',1),(1175,'TR',18801,'',0,'','Teleorman',1),(1176,'TM',18801,'',0,'','Timiș',1),(1177,'TL',18801,'',0,'','Tulcea',1),(1178,'VS',18801,'',0,'','Vaslui',1),(1179,'VL',18801,'',0,'','Vâlcea',1),(1180,'VN',18801,'',0,'','Vrancea',1),(1181,'BU',18801,'',0,'','Bucuresti',1),(1182,'VE-L',23201,'',0,'VE-L','Mérida',1),(1183,'VE-T',23201,'',0,'VE-T','Trujillo',1),(1184,'VE-E',23201,'',0,'VE-E','Barinas',1),(1185,'VE-M',23202,'',0,'VE-M','Miranda',1),(1186,'VE-W',23202,'',0,'VE-W','Vargas',1),(1187,'VE-A',23202,'',0,'VE-A','Distrito Capital',1),(1188,'VE-D',23203,'',0,'VE-D','Aragua',1),(1189,'VE-G',23203,'',0,'VE-G','Carabobo',1),(1190,'VE-I',23204,'',0,'VE-I','Falcón',1),(1191,'VE-K',23204,'',0,'VE-K','Lara',1),(1192,'VE-U',23204,'',0,'VE-U','Yaracuy',1),(1193,'VE-F',23205,'',0,'VE-F','Bolívar',1),(1194,'VE-X',23205,'',0,'VE-X','Amazonas',1),(1195,'VE-Y',23205,'',0,'VE-Y','Delta Amacuro',1),(1196,'VE-O',23206,'',0,'VE-O','Nueva Esparta',1),(1197,'VE-Z',23206,'',0,'VE-Z','Dependencias Federales',1),(1198,'VE-C',23207,'',0,'VE-C','Apure',1),(1199,'VE-J',23207,'',0,'VE-J','Guárico',1),(1200,'VE-H',23207,'',0,'VE-H','Cojedes',1),(1201,'VE-P',23207,'',0,'VE-P','Portuguesa',1),(1202,'VE-B',23208,'',0,'VE-B','Anzoátegui',1),(1203,'VE-N',23208,'',0,'VE-N','Monagas',1),(1204,'VE-R',23208,'',0,'VE-R','Sucre',1),(1205,'VE-V',23209,'',0,'VE-V','Zulia',1),(1206,'VE-S',23209,'',0,'VE-S','Táchira',1),(1207,'LU0001',14001,'',0,'','Clervaux',1),(1208,'LU0002',14001,'',0,'','Diekirch',1),(1209,'LU0003',14001,'',0,'','Redange',1),(1210,'LU0004',14001,'',0,'','Vianden',1),(1211,'LU0005',14001,'',0,'','Wiltz',1),(1212,'LU0006',14002,'',0,'','Echternach',1),(1213,'LU0007',14002,'',0,'','Grevenmacher',1),(1214,'LU0008',14002,'',0,'','Remich',1),(1215,'LU0009',14003,'',0,'','Capellen',1),(1216,'LU0010',14003,'',0,'','Esch-sur-Alzette',1),(1217,'LU0011',14003,'',0,'','Luxembourg',1),(1218,'LU0012',14003,'',0,'','Mersch',1),(1219,'0101',18101,'',0,'','Chachapoyas',1),(1220,'0102',18101,'',0,'','Bagua',1),(1221,'0103',18101,'',0,'','Bongará',1),(1222,'0104',18101,'',0,'','Condorcanqui',1),(1223,'0105',18101,'',0,'','Luya',1),(1224,'0106',18101,'',0,'','Rodríguez de Mendoza',1),(1225,'0107',18101,'',0,'','Utcubamba',1),(1226,'0201',18102,'',0,'','Huaraz',1),(1227,'0202',18102,'',0,'','Aija',1),(1228,'0203',18102,'',0,'','Antonio Raymondi',1),(1229,'0204',18102,'',0,'','Asunción',1),(1230,'0205',18102,'',0,'','Bolognesi',1),(1231,'0206',18102,'',0,'','Carhuaz',1),(1232,'0207',18102,'',0,'','Carlos Fermín Fitzcarrald',1),(1233,'0208',18102,'',0,'','Casma',1),(1234,'0209',18102,'',0,'','Corongo',1),(1235,'0210',18102,'',0,'','Huari',1),(1236,'0211',18102,'',0,'','Huarmey',1),(1237,'0212',18102,'',0,'','Huaylas',1),(1238,'0213',18102,'',0,'','Mariscal Luzuriaga',1),(1239,'0214',18102,'',0,'','Ocros',1),(1240,'0215',18102,'',0,'','Pallasca',1),(1241,'0216',18102,'',0,'','Pomabamba',1),(1242,'0217',18102,'',0,'','Recuay',1),(1243,'0218',18102,'',0,'','Papá',1),(1244,'0219',18102,'',0,'','Sihuas',1),(1245,'0220',18102,'',0,'','Yungay',1),(1246,'0301',18103,'',0,'','Abancay',1),(1247,'0302',18103,'',0,'','Andahuaylas',1),(1248,'0303',18103,'',0,'','Antabamba',1),(1249,'0304',18103,'',0,'','Aymaraes',1),(1250,'0305',18103,'',0,'','Cotabambas',1),(1251,'0306',18103,'',0,'','Chincheros',1),(1252,'0307',18103,'',0,'','Grau',1),(1253,'0401',18104,'',0,'','Arequipa',1),(1254,'0402',18104,'',0,'','Camaná',1),(1255,'0403',18104,'',0,'','Caravelí',1),(1256,'0404',18104,'',0,'','Castilla',1),(1257,'0405',18104,'',0,'','Caylloma',1),(1258,'0406',18104,'',0,'','Condesuyos',1),(1259,'0407',18104,'',0,'','Islay',1),(1260,'0408',18104,'',0,'','La Unión',1),(1261,'0501',18105,'',0,'','Huamanga',1),(1262,'0502',18105,'',0,'','Cangallo',1),(1263,'0503',18105,'',0,'','Huanca Sancos',1),(1264,'0504',18105,'',0,'','Huanta',1),(1265,'0505',18105,'',0,'','La Mar',1),(1266,'0506',18105,'',0,'','Lucanas',1),(1267,'0507',18105,'',0,'','Parinacochas',1),(1268,'0508',18105,'',0,'','Páucar del Sara Sara',1),(1269,'0509',18105,'',0,'','Sucre',1),(1270,'0510',18105,'',0,'','Víctor Fajardo',1),(1271,'0511',18105,'',0,'','Vilcas Huamán',1),(1272,'0601',18106,'',0,'','Cajamarca',1),(1273,'0602',18106,'',0,'','Cajabamba',1),(1274,'0603',18106,'',0,'','Celendín',1),(1275,'0604',18106,'',0,'','Chota',1),(1276,'0605',18106,'',0,'','Contumazá',1),(1277,'0606',18106,'',0,'','Cutervo',1),(1278,'0607',18106,'',0,'','Hualgayoc',1),(1279,'0608',18106,'',0,'','Jaén',1),(1280,'0609',18106,'',0,'','San Ignacio',1),(1281,'0610',18106,'',0,'','San Marcos',1),(1282,'0611',18106,'',0,'','San Miguel',1),(1283,'0612',18106,'',0,'','San Pablo',1),(1284,'0613',18106,'',0,'','Santa Cruz',1),(1285,'0701',18107,'',0,'','Callao',1),(1286,'0801',18108,'',0,'','Cusco',1),(1287,'0802',18108,'',0,'','Acomayo',1),(1288,'0803',18108,'',0,'','Anta',1),(1289,'0804',18108,'',0,'','Calca',1),(1290,'0805',18108,'',0,'','Canas',1),(1291,'0806',18108,'',0,'','Canchis',1),(1292,'0807',18108,'',0,'','Chumbivilcas',1),(1293,'0808',18108,'',0,'','Espinar',1),(1294,'0809',18108,'',0,'','La Convención',1),(1295,'0810',18108,'',0,'','Paruro',1),(1296,'0811',18108,'',0,'','Paucartambo',1),(1297,'0812',18108,'',0,'','Quispicanchi',1),(1298,'0813',18108,'',0,'','Urubamba',1),(1299,'0901',18109,'',0,'','Huancavelica',1),(1300,'0902',18109,'',0,'','Acobamba',1),(1301,'0903',18109,'',0,'','Angaraes',1),(1302,'0904',18109,'',0,'','Castrovirreyna',1),(1303,'0905',18109,'',0,'','Churcampa',1),(1304,'0906',18109,'',0,'','Huaytará',1),(1305,'0907',18109,'',0,'','Tayacaja',1),(1306,'1001',18110,'',0,'','Huánuco',1),(1307,'1002',18110,'',0,'','Ambón',1),(1308,'1003',18110,'',0,'','Dos de Mayo',1),(1309,'1004',18110,'',0,'','Huacaybamba',1),(1310,'1005',18110,'',0,'','Huamalíes',1),(1311,'1006',18110,'',0,'','Leoncio Prado',1),(1312,'1007',18110,'',0,'','Marañón',1),(1313,'1008',18110,'',0,'','Pachitea',1),(1314,'1009',18110,'',0,'','Puerto Inca',1),(1315,'1010',18110,'',0,'','Lauricocha',1),(1316,'1011',18110,'',0,'','Yarowilca',1),(1317,'1101',18111,'',0,'','Ica',1),(1318,'1102',18111,'',0,'','Chincha',1),(1319,'1103',18111,'',0,'','Nazca',1),(1320,'1104',18111,'',0,'','Palpa',1),(1321,'1105',18111,'',0,'','Pisco',1),(1322,'1201',18112,'',0,'','Huancayo',1),(1323,'1202',18112,'',0,'','Concepción',1),(1324,'1203',18112,'',0,'','Chanchamayo',1),(1325,'1204',18112,'',0,'','Jauja',1),(1326,'1205',18112,'',0,'','Junín',1),(1327,'1206',18112,'',0,'','Satipo',1),(1328,'1207',18112,'',0,'','Tarma',1),(1329,'1208',18112,'',0,'','Yauli',1),(1330,'1209',18112,'',0,'','Chupaca',1),(1331,'1301',18113,'',0,'','Trujillo',1),(1332,'1302',18113,'',0,'','Ascope',1),(1333,'1303',18113,'',0,'','Bolívar',1),(1334,'1304',18113,'',0,'','Chepén',1),(1335,'1305',18113,'',0,'','Julcán',1),(1336,'1306',18113,'',0,'','Otuzco',1),(1337,'1307',18113,'',0,'','Pacasmayo',1),(1338,'1308',18113,'',0,'','Pataz',1),(1339,'1309',18113,'',0,'','Sánchez Carrión',1),(1340,'1310',18113,'',0,'','Santiago de Chuco',1),(1341,'1311',18113,'',0,'','Gran Chimú',1),(1342,'1312',18113,'',0,'','Virú',1),(1343,'1401',18114,'',0,'','Chiclayo',1),(1344,'1402',18114,'',0,'','Ferreñafe',1),(1345,'1403',18114,'',0,'','Lambayeque',1),(1346,'1501',18115,'',0,'','Lima',1),(1347,'1502',18116,'',0,'','Huaura',1),(1348,'1503',18116,'',0,'','Barranca',1),(1349,'1504',18116,'',0,'','Cajatambo',1),(1350,'1505',18116,'',0,'','Canta',1),(1351,'1506',18116,'',0,'','Cañete',1),(1352,'1507',18116,'',0,'','Huaral',1),(1353,'1508',18116,'',0,'','Huarochirí',1),(1354,'1509',18116,'',0,'','Oyón',1),(1355,'1510',18116,'',0,'','Yauyos',1),(1356,'1601',18117,'',0,'','Maynas',1),(1357,'1602',18117,'',0,'','Alto Amazonas',1),(1358,'1603',18117,'',0,'','Loreto',1),(1359,'1604',18117,'',0,'','Mariscal Ramón Castilla',1),(1360,'1605',18117,'',0,'','Requena',1),(1361,'1606',18117,'',0,'','Ucayali',1),(1362,'1607',18117,'',0,'','Datem del Marañón',1),(1363,'1701',18118,'',0,'','Tambopata',1),(1364,'1702',18118,'',0,'','Manú',1),(1365,'1703',18118,'',0,'','Tahuamanu',1),(1366,'1801',18119,'',0,'','Mariscal Nieto',1),(1367,'1802',18119,'',0,'','General Sánchez Cerro',1),(1368,'1803',18119,'',0,'','Ilo',1),(1369,'1901',18120,'',0,'','Pasco',1),(1370,'1902',18120,'',0,'','Daniel Alcides Carrión',1),(1371,'1903',18120,'',0,'','Oxapampa',1),(1372,'2001',18121,'',0,'','Piura',1),(1373,'2002',18121,'',0,'','Ayabaca',1),(1374,'2003',18121,'',0,'','Huancabamba',1),(1375,'2004',18121,'',0,'','Morropón',1),(1376,'2005',18121,'',0,'','Paita',1),(1377,'2006',18121,'',0,'','Sullana',1),(1378,'2007',18121,'',0,'','Talara',1),(1379,'2008',18121,'',0,'','Sechura',1),(1380,'2101',18122,'',0,'','Puno',1),(1381,'2102',18122,'',0,'','Azángaro',1),(1382,'2103',18122,'',0,'','Carabaya',1),(1383,'2104',18122,'',0,'','Chucuito',1),(1384,'2105',18122,'',0,'','El Collao',1),(1385,'2106',18122,'',0,'','Huancané',1),(1386,'2107',18122,'',0,'','Lampa',1),(1387,'2108',18122,'',0,'','Melgar',1),(1388,'2109',18122,'',0,'','Moho',1),(1389,'2110',18122,'',0,'','San Antonio de Putina',1),(1390,'2111',18122,'',0,'','San Román',1),(1391,'2112',18122,'',0,'','Sandia',1),(1392,'2113',18122,'',0,'','Yunguyo',1),(1393,'2201',18123,'',0,'','Moyobamba',1),(1394,'2202',18123,'',0,'','Bellavista',1),(1395,'2203',18123,'',0,'','El Dorado',1),(1396,'2204',18123,'',0,'','Huallaga',1),(1397,'2205',18123,'',0,'','Lamas',1),(1398,'2206',18123,'',0,'','Mariscal Cáceres',1),(1399,'2207',18123,'',0,'','Picota',1),(1400,'2208',18123,'',0,'','La Rioja',1),(1401,'2209',18123,'',0,'','San Martín',1),(1402,'2210',18123,'',0,'','Tocache',1),(1403,'2301',18124,'',0,'','Tacna',1),(1404,'2302',18124,'',0,'','Candarave',1),(1405,'2303',18124,'',0,'','Jorge Basadre',1),(1406,'2304',18124,'',0,'','Tarata',1),(1407,'2401',18125,'',0,'','Tumbes',1),(1408,'2402',18125,'',0,'','Contralmirante Villar',1),(1409,'2403',18125,'',0,'','Zarumilla',1),(1410,'2501',18126,'',0,'','Coronel Portillo',1),(1411,'2502',18126,'',0,'','Atalaya',1),(1412,'2503',18126,'',0,'','Padre Abad',1),(1413,'2504',18126,'',0,'','Purús',1),(1414,'PA-1',17801,'',0,'','Bocas del Toro',1),(1415,'PA-2',17801,'',0,'','Coclé',1),(1416,'PA-3',17801,'',0,'','Colón',1),(1417,'PA-4',17801,'',0,'','Chiriquí',1),(1418,'PA-5',17801,'',0,'','Darién',1),(1419,'PA-6',17801,'',0,'','Herrera',1),(1420,'PA-7',17801,'',0,'','Los Santos',1),(1421,'PA-8',17801,'',0,'','Panamá',1),(1422,'PA-9',17801,'',0,'','Veraguas',1),(1423,'PA-13',17801,'',0,'','Panamá Oeste',1),(1424,'AE-1',22701,'',0,'','Abu Dhabi',1),(1425,'AE-2',22701,'',0,'','Dubai',1),(1426,'AE-3',22701,'',0,'','Ajman',1),(1427,'AE-4',22701,'',0,'','Fujairah',1),(1428,'AE-5',22701,'',0,'','Ras al-Khaimah',1),(1429,'AE-6',22701,'',0,'','Sharjah',1),(1430,'AE-7',22701,'',0,'','Umm al-Quwain',1),(1431,'centra',0,NULL,NULL,NULL,'Central',1);

--
