-- Dumping data for table `llxml_ecm_files`
--

INSERT INTO `llxml_ecm_files` VALUES (1,'e9ff8c0f528da59ef2649c704a6f8fc2','e0c65d9e37d980a78b621d12725cc9f3',NULL,1,'produit/Marianne_700ml','Marianne_700ml-Marianne 01.jpg',NULL,NULL,'Marianne 01.jpg','',NULL,NULL,1,'uploaded',NULL,'2018-09-01 19:31:07','2018-09-01 23:31:07',1,NULL,NULL),(2,'c6031fce5d63e9d44f33016735c1ae09','3aa8a84d9d2cb0ba7f3b47542220f248',NULL,1,'propale/(PROV1)','(PROV1).pdf','propal',1,'','',NULL,NULL,1,'generated',NULL,'2018-09-01 22:11:42','2018-09-02 23:08:06',1,1,NULL),(3,'652b875a31dd87c1b187d271bc1b2427','ca8ff22da8e6b74244b60a413eb836cb',NULL,1,'societe/1','emanuel raviola.jpg',NULL,NULL,'emanuel raviola.jpg','',NULL,NULL,1,'uploaded',NULL,'2018-09-01 22:39:00','2018-09-02 02:39:00',1,NULL,NULL),(4,'f69b7b8a05ea7150ccfc623e153875c0','a0fc9e2a6ccc53065af3ac0ee2919fd1',NULL,1,'produit/Jules_Verne_Agricole_700ml','Jules_Verne_Agricole_700ml-IMG_20160629_153002.jpg',NULL,NULL,'IMG_20160629_153002.jpg','',NULL,NULL,1,'uploaded',NULL,'2018-09-02 17:57:32','2018-09-02 21:57:32',1,NULL,NULL),(5,'d2722a5ed53d513f8a2ce4067a028bcc','733f72d542495df338f47880288be4d4',NULL,1,'produit/Jules_Verne_Gold_700ml','Jules_Verne_Gold_700ml-Jules Verne Rum Gold packshot.jpg',NULL,NULL,'Jules Verne Rum Gold packshot.jpg','',NULL,NULL,1,'uploaded',NULL,'2018-09-02 17:58:08','2018-09-02 21:58:08',1,NULL,NULL),(7,'78910370a522d3450654c5566e7dca02','63874db1fec21bea559ab2974527ca73',NULL,1,'commande/(PROV1)','(PROV1).pdf','commande',1,'','',NULL,NULL,1,'generated',NULL,'2018-09-06 22:31:10','2018-09-07 17:30:49',1,1,NULL),(8,'0ed2c709a6a26240ebd83f81492ee1cd','e1f571112bb3cc3f5d48e2e9d948ff1b',NULL,1,'facture/(PROV2)','(PROV2).pdf','facture',2,'','',NULL,NULL,1,'generated',NULL,'2018-09-07 14:55:54','2018-09-07 14:56:32',1,1,NULL),(9,'73446cfb1798a44ebbe694302e4595f1','a7e8ae872ddcc5cfbab43fc571466870',NULL,1,'facture/FA1809-0001','FA1809-0001.pdf','facture',2,'','',NULL,NULL,1,'generated',NULL,'2018-09-07 14:57:05','2018-09-12 16:10:29',1,1,NULL),(10,'ebcfe61e1bfb51664d6c6b16f97f4109','4b93332669b4f28534938ec5f16098e9',NULL,1,'commande/CO1809-0001','CO1809-0001.pdf','commande',1,'','',NULL,NULL,1,'generated',NULL,'2018-09-07 17:31:39','2018-09-07 18:40:57',1,1,NULL),(11,'bc990f27261b4428ab4f5d446c281428','a0fc9e2a6ccc53065af3ac0ee2919fd1',NULL,1,'produit/4260109412524','Jules_Verne_Agricole_700ml-IMG_20160629_153002.jpg',NULL,NULL,'/home/marianne/germany/produit/4260109412524/Jules_Verne_Agricole_700ml-IMG_20160629_153002.jpg','',NULL,NULL,1,'unknown',NULL,'2018-09-07 17:44:52','2018-09-07 21:44:52',1,NULL,NULL),(12,'2b1eed0a0e563a05cf596e48d104ad07','e6d408e84de0df0f40a8b7ed04ac93cf',NULL,1,'produit/4260109412548','Jules_Verne_Gold_700ml-Jules Verne Rum Gold packshot.jpg',NULL,NULL,'/home/marianne/germany/produit/4260109412548/Jules_Verne_Gold_700ml-Jules Verne Rum Gold packshot.jpg','',NULL,NULL,1,'unknown',NULL,'2018-09-07 18:31:07','2018-10-28 16:41:48',1,1,NULL),(13,'b9ddf8d3d6aca5e533a7a1605e2c9643','e0c65d9e37d980a78b621d12725cc9f3',NULL,1,'produit/4260109412579','Marianne_700ml-Marianne 01.jpg',NULL,NULL,'/home/marianne/germany/produit/4260109412579/Marianne_700ml-Marianne 01.jpg','',NULL,NULL,1,'unknown',NULL,'2018-09-07 18:33:49','2018-09-07 22:33:49',1,NULL,NULL),(14,'e6dcac801f9999aa2fe3fea110b1be3b','05eb9313c2f36c28dbc0dd7a3274f4ef',NULL,1,'commande/(PROV2)','(PROV2).pdf','commande',2,'','',NULL,NULL,1,'generated',NULL,'2018-09-07 19:05:24','2018-09-07 19:28:10',1,1,NULL),(15,'ea498bc470889c0deefbf5224269a6ae','8ffa1f35ab433b19d222427f6e665001',NULL,1,'commande/CO1808-0002','CO1808-0002.pdf','commande',2,'','',NULL,NULL,1,'generated',NULL,'2018-09-07 19:28:19','2018-11-27 09:25:46',1,1,NULL),(16,'d78de64620f49fc585e5a4471be768ca','4c173e8b7a00384c74c70f6f532a8c01',NULL,1,'expedition/sending/SH1809-0001','SH1809-0001.pdf','expedition',1,'','',NULL,NULL,1,'generated',NULL,'2018-09-07 19:40:40','2018-09-07 23:40:40',1,NULL,NULL),(17,'667127b5e254043e06303a2398843d77','c39164b1dc74f2d00cb9a3da6cb2d506',NULL,1,'expedition/sending/SH1809-0002','SH1809-0002.pdf','expedition',2,'','',NULL,NULL,1,'generated',NULL,'2018-09-07 20:33:43','2018-09-07 20:34:09',1,1,NULL),(18,'8c21e5358b5054af139c0e64c0264900','67fd32da5b323562559ba42bb01c0448',NULL,1,'facture/FA1809-0002','FA1809-0002.pdf','facture',3,'','',NULL,NULL,1,'generated',NULL,'2018-09-12 15:07:54','2018-09-24 11:51:50',1,1,NULL),(19,'cb520e40854358a9761609fd128a29e2','bc3ed74e904b368c41a14958028c8735',NULL,1,'propale/(PROV2)','(PROV2).pdf','propal',2,'','',NULL,NULL,1,'generated',NULL,'2018-09-13 13:52:47','2018-09-13 14:08:09',1,1,NULL),(20,'1a430fe3858cd5f4796ecb535ed99468','832620a3400bf6935d3ba7cb1dc97f31',NULL,1,'propale/PR1809-0002','PR1809-0002.pdf','propal',2,'','',NULL,NULL,1,'generated',NULL,'2018-09-13 14:08:19','2018-11-04 12:18:59',1,1,NULL),(21,'87ef31da2529bf45a85671f74ec177c8','fa1893d01791014d82df8581cfcd4580',NULL,1,'commande/(PROV3)','(PROV3).pdf','commande',3,'','',NULL,NULL,1,'generated',NULL,'2018-09-18 14:25:57','2018-09-18 14:29:54',1,1,NULL),(22,'e47c82712fd1fcdd0be7fdfe3c32e6db','a532d7beb8a6d005e22a4176951089ce',NULL,1,'commande/CO1809-0003','CO1809-0003.pdf','commande',3,'','',NULL,NULL,1,'generated',NULL,'2018-09-18 14:30:12','2018-09-18 18:30:12',1,NULL,NULL),(23,'1de0f95ae39317c3aeb459877ba839ed','6aa60fa61ef9880e18d5d34222942ae0',NULL,1,'expedition/sending/SH1809-0003','SH1809-0003.pdf','expedition',3,'','',NULL,NULL,1,'generated',NULL,'2018-09-18 14:31:45','2018-09-18 18:31:45',1,NULL,NULL),(24,'4fb7903bf3549bc48d5405a424ddb8ae','5d8ac4e1b33a4493790e964726f155e0',NULL,1,'propale/(PROV3)','(PROV3).pdf','propal',3,'','',NULL,NULL,1,'generated',NULL,'2018-09-18 14:37:43','2018-09-18 14:39:38',1,1,NULL),(26,'f6c1e0e92685d094f0318b2d3310ac5c','383e0739fcd21a28669a71ffac60e4f4',NULL,1,'facture/FA1809-0003','FA1809-0003.pdf','facture',4,'','',NULL,NULL,1,'generated',NULL,'2018-09-18 14:51:24','2018-10-18 12:34:33',1,1,NULL),(27,'dfb0019c89ed4dc67e890a8d96380687','95524a9e30e781b0d07917cabac976eb',NULL,1,'commande/(PROV4)','(PROV4).pdf','commande',4,'','',NULL,NULL,1,'generated',NULL,'2018-09-18 14:58:51','2018-09-18 15:00:55',1,1,NULL),(30,'f24c36b5d3575a50746798eb33d985a9','c0c84fe5884c28ef681d9b02d2b25181',NULL,1,'facture/FA1809-0005','FA1809-0005.pdf','facture',6,'','',NULL,NULL,1,'generated',NULL,'2018-09-18 15:07:31','2018-10-05 16:14:48',1,1,NULL),(31,'56458a317ad42ae36c6de5ae80325497','d85ceee599bfce8e20d8befc3e96321d',NULL,1,'propale/(PROV4)','(PROV4).pdf','propal',4,'','',NULL,NULL,1,'generated',NULL,'2018-09-18 18:52:23','2018-09-18 18:53:18',1,1,NULL),(32,'6d183ad6114135f1efd53b886c3b943e','858dbd4d7a0de7a1dbeedb457a7d583d',NULL,1,'facture/(PROV8)','(PROV8).pdf','facture',8,'','',NULL,NULL,1,'generated',NULL,'2018-09-26 13:46:20','2018-09-26 17:46:20',1,NULL,NULL),(33,'e8da1131bcdce50484496c31e8125317','e39c3826610bc7f59541b2837bae2343',NULL,1,'facture/FA1809-0006','FA1809-0006.pdf','facture',8,'','',NULL,NULL,1,'generated',NULL,'2018-09-26 13:46:49','2018-11-04 00:09:43',1,1,NULL),(35,'536ab6f96cf9582a7a5525bbd7637b75','ce9b8a21a82a055b2f520ca3ea7d8494',NULL,1,'propale/(PROV5)','(PROV5).pdf','propal',5,'','',NULL,NULL,1,'generated',NULL,'2018-10-10 15:03:38','2018-10-10 15:04:49',1,1,NULL),(36,'814f69ad008c395e9a988ae49afda7d9','5e87b3903e3d35e4bf6f1305b57d5004',NULL,1,'propale/PR1810-0003','PR1810-0003.pdf','propal',5,'','',NULL,NULL,1,'generated',NULL,'2018-10-10 15:04:56','2018-11-04 12:18:59',1,1,NULL),(37,'708f67adab58eb0d81fb8c16c9fc1eb2','104ad84112a39dac3655f5679ff7b408',NULL,1,'propale/(PROV6)','(PROV6).pdf','propal',6,'','',NULL,NULL,1,'generated',NULL,'2018-10-11 21:09:50','2018-10-11 21:11:49',1,1,NULL),(38,'ab1da952772f7ce05498565aaf7d9501','9fada998ed5498a6ae5bb89ba2aac924',NULL,1,'propale/PR1810-0004','PR1810-0004.pdf','propal',6,'','',NULL,NULL,1,'generated',NULL,'2018-10-11 21:12:05','2018-11-04 12:18:59',1,1,NULL),(39,'a688d64500fa0376d01fa469ad7737d5','b73b21a7dc8a7ea73e0247a12649c862',NULL,1,'propale/(PROV7)','(PROV7).pdf','propal',7,'','',NULL,NULL,1,'generated',NULL,'2018-10-12 13:22:26','2018-10-12 13:23:24',1,1,NULL),(40,'ed92c35a9b30c4ee41b851769aad5b81','faab5eeb893b8c2a050cf6327fe3c649',NULL,1,'propale/PR1810-0005','PR1810-0005.pdf','propal',7,'','',NULL,NULL,1,'generated',NULL,'2018-10-12 13:23:36','2018-11-04 12:18:59',1,1,NULL),(41,'f1fe429c7361901488d096a776fecf26','16315b9d1d9e24cbc5c2bb7393a9ef08',NULL,1,'propale/(PROV8)','(PROV8).pdf','propal',8,'','',NULL,NULL,1,'generated',NULL,'2018-10-12 13:48:26','2018-10-12 13:49:01',1,1,NULL),(42,'d4557e248b934a14004a790a8864812d','ce688f7af542416a6501e9d8408e73c9',NULL,1,'propale/PR1810-0006','PR1810-0006.pdf','propal',8,'','',NULL,NULL,1,'generated',NULL,'2018-10-12 13:49:25','2018-11-04 12:18:59',1,1,NULL),(43,'e9bd30d6fda21892f80dfbf12c8653cd','24119a7ce6b3ad3a9c3cf03ddbbdbd99',NULL,1,'propale/(PROV9)','(PROV9).pdf','propal',9,'','',NULL,NULL,1,'generated',NULL,'2018-10-12 14:21:32','2018-10-12 14:22:02',1,1,NULL),(44,'989fc390042a593b19fe1cc54ee01cd9','de24f9a69781c303bc0b89237c1d3c42',NULL,1,'propale/PR1810-0007','PR1810-0007.pdf','propal',9,'','',NULL,NULL,1,'generated',NULL,'2018-10-12 14:22:30','2018-11-04 12:18:59',1,1,NULL),(45,'7a12d0e24d4625a1431697949f9e1ede','e18525a9dc1193f338459e87d4308239',NULL,1,'propale/(PROV10)','(PROV10).pdf','propal',10,'','',NULL,NULL,1,'generated',NULL,'2018-10-12 14:50:23','2018-10-12 14:50:58',1,1,NULL),(46,'1fab59a68de642494cb3a1b326314146','afbc5450514fcc91192e2ce97cd33fb4',NULL,1,'propale/PR1810-0008','PR1810-0008.pdf','propal',10,'','',NULL,NULL,1,'generated',NULL,'2018-10-12 14:51:05','2018-11-04 12:18:59',1,1,NULL),(47,'2353c5f22aae66c94d7656cde7c9f243','6a333e39c68cbf2d6b65e3a1773e88fe',NULL,1,'propale/(PROV11)','(PROV11).pdf','propal',11,'','',NULL,NULL,1,'generated',NULL,'2018-10-13 16:27:26','2018-10-13 16:29:06',1,1,NULL),(48,'b245be33e27e97fd310dda6ecf206874','8f5bc6c6dc97169d806e2102b24c98e0',NULL,1,'propale/PR1810-0009','PR1810-0009.pdf','propal',11,'','',NULL,NULL,1,'generated',NULL,'2018-10-13 16:29:16','2018-12-13 10:54:03',1,1,NULL),(49,'833daf02772e9e2ce97f644ad970d279','b9eedb181d90efb44b42e88f3f4e6a2b',NULL,1,'commande/CO1810-0004','CO1810-0004.pdf','commande',5,'','',NULL,NULL,1,'generated',NULL,'2018-10-13 21:17:30','2018-10-14 01:17:30',1,NULL,NULL),(50,'4d200b7fec48676e2b43ffe634e986ee','9686648bba417fbe6b64ee0407f5fbc3',NULL,1,'expedition/sending/(PROV4)','(PROV4).pdf','expedition',4,'','',NULL,NULL,1,'generated',NULL,'2018-10-13 21:19:00','2018-10-14 01:19:00',1,NULL,NULL),(51,'bfc1ff285723f1b7ca9154db082b6bce','d24cba26622016f110293c870346b948',NULL,1,'expedition/sending/SH1810-0004','SH1810-0004.pdf','expedition',4,'','',NULL,NULL,1,'generated',NULL,'2018-10-13 21:20:00','2018-10-14 01:20:00',1,NULL,NULL),(52,'8f6e1856bd4142fb1a1910c261bb7cf0','b9fe62682979762bb8883d606721131a',NULL,1,'facture/FA1810-0007','FA1810-0007.pdf','facture',9,'','',NULL,NULL,1,'generated',NULL,'2018-10-14 15:21:13','2018-10-27 22:17:04',1,1,NULL),(53,'c5a401acbdad0cf5d9d136a58734a837','5b8e9bb036658b38f538694339a6c53a',NULL,1,'facture/(PROV10)','(PROV10).pdf','facture',10,'','',NULL,NULL,1,'generated',NULL,'2018-10-14 23:22:02','2018-10-14 23:26:30',1,1,NULL),(54,'40ad21f881d9f8720ae42df1d585195b','94ed9214e805676a78c179494c8e8181',NULL,1,'facture/FA1805-0008','FA1805-0008.pdf','facture',10,'','',NULL,NULL,1,'generated',NULL,'2018-10-14 23:27:08','2018-10-14 23:28:02',1,1,NULL),(55,'e52e4bb91e156fc6d22393b1462f8108','90eb8f6d1c206b2861f07133efbf97f8',NULL,1,'produit/4260109412548','4260109412548-Jules Verne on the roof of Europe.jpg',NULL,NULL,'Jules Verne on the roof of Europe.jpg','',NULL,NULL,2,'uploaded',NULL,'2018-10-28 16:41:27','2018-10-28 16:42:57',1,1,NULL),(56,'da2c9b4b24bff9b1904471a44065012e','14d154728fc45e99bcbb4936b2555288',NULL,1,'commande/(PROV6)','(PROV6).pdf','commande',6,'','',NULL,NULL,1,'generated',NULL,'2018-11-03 23:43:19','2018-11-03 23:46:21',1,1,NULL),(57,'faaa7624928347c1aaf18b82c14f1b7c','7922d51420f314024245a50349325d2f',NULL,1,'commande/CO1811-0005','CO1811-0005.pdf','commande',6,'','',NULL,NULL,1,'generated',NULL,'2018-11-03 23:46:52','2018-11-06 12:56:11',1,1,NULL),(58,'fb8710e62c669fdf6246c025add7aa0e','218a1e7b321bb1109fefeb958514ee04',NULL,1,'expedition/sending/SH1811-0005','SH1811-0005.pdf','expedition',5,'','',NULL,NULL,1,'generated',NULL,'2018-11-03 23:58:54','2018-11-04 00:00:05',1,1,NULL),(59,'35e779d6c8a3197288847ec82fb6785d','7e9bfa995126b530154ccd49cb47f826',NULL,1,'facture/(PROV11)','(PROV11).pdf','facture',11,'','',NULL,NULL,1,'generated',NULL,'2018-11-04 00:13:31','2018-11-04 00:15:00',1,1,NULL),(60,'07ebd3fb609cc099c042a184ff333555','da24a22b7954731a32c41841043bd994',NULL,1,'facture/FA1811-0009','FA1811-0009.pdf','facture',11,'','',NULL,NULL,1,'generated',NULL,'2018-11-04 00:15:29','2018-11-23 17:54:15',1,1,NULL),(61,'f707814e0ae00e5cbc35802bb7f2713e','18f8459fcdc662e10cb741c92f986048',NULL,1,'commande/(PROV7)','(PROV7).pdf','commande',7,'','',NULL,NULL,1,'generated',NULL,'2018-11-04 12:30:21','2018-11-04 12:30:41',1,1,NULL),(62,'11f83829284d4294ac629bb7f7072985','8eeefc06a2071fd36f962de3dfae2809',NULL,1,'commande/CO1706-0006','CO1706-0006.pdf','commande',7,'','',NULL,NULL,1,'generated',NULL,'2018-11-04 12:30:46','2018-11-04 17:30:46',1,NULL,NULL),(63,'bc4cdb6bc34d35ff2d15ec8fcbb61c67','0df8cdb9d192d37ab96f306a3de7ced0',NULL,1,'facture/FA1706-0010','FA1706-0010.pdf','facture',12,'','',NULL,NULL,1,'generated',NULL,'2018-11-04 12:31:30','2018-11-04 17:31:30',1,NULL,NULL),(64,'c5f5d7fd02a8621646f29931134a69fd','d398982954cf6e32368a897ed2b70a51',NULL,1,'facture/(PROV13)','(PROV13).pdf','facture',13,'','',NULL,NULL,1,'generated',NULL,'2018-11-05 14:15:24','2018-11-05 14:15:47',1,1,NULL),(65,'a2ae4400b6fe368afea3209480984fc3','f6d23f0e201445aff4053368df2a3403',NULL,1,'facture/FA1811-0011','FA1811-0011.pdf','facture',13,'','',NULL,NULL,1,'generated',NULL,'2018-11-05 14:15:56','2018-11-09 17:59:13',1,1,NULL),(66,'72e3e626a1f0512d46a566055a718246','9157ef3c342f1c65552441fb29336b55',NULL,1,'facture/(PROV14)','(PROV14).pdf','facture',14,'','',NULL,NULL,1,'generated',NULL,'2018-11-06 13:11:10','2018-11-06 13:11:32',1,1,NULL),(67,'da50795fe48107cbc3b05709a25cf6c7','015ac7b290a1fa6ad740876c4efff018',NULL,1,'facture/FA1811-0012','FA1811-0012.pdf','facture',14,'','',NULL,NULL,1,'generated',NULL,'2018-11-06 13:11:42','2018-11-23 18:00:00',1,1,NULL),(68,'b930314a81f0db055764cc2ee9326a7e','ba1241b54d6f55ea59dab21ebab12c7d',NULL,1,'commande/(PROV8)','(PROV8).pdf','commande',8,'','',NULL,NULL,1,'generated',NULL,'2018-11-08 00:18:22','2018-11-08 00:19:07',1,1,NULL),(69,'bfe140612604743f773deebfd23445ad','eba1eb502d9f8aa5d29095415c92350b',NULL,1,'commande/CO1811-0007','CO1811-0007.pdf','commande',8,'','',NULL,NULL,1,'generated',NULL,'2018-11-08 00:19:23','2019-01-24 10:18:42',1,1,NULL),(70,'cbed725127bc979ddbc0088e9cd37742','76172727331a3a5c2d3599745d327e95',NULL,1,'facture/(PROV15)','(PROV15).pdf','facture',15,'','',NULL,NULL,1,'generated',NULL,'2018-11-13 09:52:07','2018-11-13 14:52:07',1,NULL,NULL),(71,'66f99a319d0380a90f3f7c863b3f012e','69cb90515db00e356cd343c8ac84e04d',NULL,1,'facture/AV1811-0001','AV1811-0001.pdf','facture',15,'','',NULL,NULL,1,'generated',NULL,'2018-11-13 09:52:42','2018-11-13 14:52:42',1,NULL,NULL),(72,'603cf64eb8417860adbc463e5cce873c','171a86c59334e347f249f624010c28a8',NULL,1,'commande/(PROV9)','(PROV9).pdf','commande',9,'','',NULL,NULL,1,'generated',NULL,'2018-11-13 09:56:06','2018-11-13 09:56:37',1,1,NULL),(75,'0d4eb9bfbf3306482328e97363ab9fe7','433adbb4d1a691e60a50d2e0cf5cfcda',NULL,1,'commande/(PROV10)','(PROV10).pdf','commande',10,'','',NULL,NULL,1,'generated',NULL,'2018-11-13 10:01:41','2018-11-13 10:01:50',1,1,NULL),(76,'d6a98ae23e1af0267b313df45964f76f','9d07aedad71d1b7f8a525e060a1221e7',NULL,1,'commande/CO1811-0008','CO1811-0008.pdf','commande',10,'','',NULL,NULL,1,'generated',NULL,'2018-11-13 10:01:57','2018-11-13 10:10:34',1,1,NULL),(77,'cf35c22a3501a608fc5a2a91cd8df62c','f77ff091bd0a7e068371ec0cb5217f60',NULL,1,'expedition/sending/SH1811-0006','SH1811-0006.pdf','expedition',9,'','',NULL,NULL,1,'generated',NULL,'2018-11-13 10:05:42','2018-11-13 15:05:42',1,NULL,NULL),(78,'560977eb6135c4cc2d161a38463bb5a9','99857a0531a12f9d9ad116709c946d38',NULL,1,'expedition/sending/SH1811-0007','SH1811-0007.pdf','expedition',10,'','',NULL,NULL,1,'generated',NULL,'2018-11-13 10:11:34','2018-11-13 15:11:34',1,NULL,NULL),(79,'ae97b5893ab6d247ec811fe68fd2a475','2f9fdd61f7daf8db65aebf10ffcaab3b',NULL,1,'commande/(PROV11)','(PROV11).pdf','commande',11,'','',NULL,NULL,1,'generated',NULL,'2018-11-13 13:00:42','2018-11-13 13:01:39',1,1,NULL),(80,'0855ea749ec7bc7247b7ab0a02b64fd8','0d0f7e57c412b5374066321b111cf04c',NULL,1,'commande/CO1811-0009','CO1811-0009.pdf','commande',11,'','',NULL,NULL,1,'generated',NULL,'2018-11-13 13:01:53','2018-12-07 10:31:44',1,1,NULL),(81,'3d80c884f68fe106a2c23cd67fd79679','4f8f5ec31739ffd78bbe6fd41c4788c4',NULL,1,'expedition/sending/SH1811-0008','SH1811-0008.pdf','expedition',11,'','',NULL,NULL,1,'generated',NULL,'2018-11-27 09:16:43','2018-11-27 14:16:43',1,NULL,NULL),(82,'278fa3b4ebfc7e1d52932a9a02c9cc09','ed388b672e35b457ba6f9b5685d3cd37',NULL,1,'commande/(PROV12)','(PROV12).pdf','commande',12,'','',NULL,NULL,1,'generated',NULL,'2018-11-27 09:37:59','2018-11-27 09:41:44',1,1,NULL),(83,'d7801465a9d724445e60c76ba6ab1221','ec90557ebad45afb32e2f8b7ed98c5bc',NULL,1,'commande/CO1811-0010','CO1811-0010.pdf','commande',12,'','',NULL,NULL,1,'generated',NULL,'2018-11-27 09:42:04','2018-11-27 14:42:04',1,NULL,NULL),(84,'c84d8169d8bd3788e6924752c95ed8fa','9d050ce937bca1458733849134370489',NULL,1,'expedition/sending/SH1811-0009','SH1811-0009.pdf','expedition',12,'','',NULL,NULL,1,'generated',NULL,'2018-11-27 09:44:23','2018-11-27 14:44:23',1,NULL,NULL),(85,'390fe20e323c143fb31eb277aa1f903e','b5336582a6da31b5a8ac53addf43b8bb',NULL,1,'propale/PR1812-0010','PR1812-0010.pdf','propal',4,'','',NULL,NULL,1,'generated',NULL,'2018-12-13 10:55:44','2018-12-13 10:56:00',1,1,NULL),(86,'6b8926cab4aaa977f188518dc702fe33','9e2a838e21225cd19fed64eba9491fb5',NULL,1,'facture/FA1811-0013','FA1811-0013.pdf','facture',16,'','',NULL,NULL,1,'generated',NULL,'2018-12-13 10:58:36','2018-12-14 10:17:15',1,1,NULL),(88,'c3a3a2b835d4f2e4ce46b7c74a398c4d','fe405a61eee90422c4469820413dc51b',NULL,1,'commande/(PROV14)','(PROV14).pdf','commande',14,'','',NULL,NULL,1,'generated',NULL,'2018-12-14 10:31:19','2018-12-14 10:46:15',1,1,NULL),(89,'d5b74c7ec58e3da33f6e89d180a6a5f3','3549cc6050886a7a67e0f972027ee28a',NULL,1,'commande/CO1812-0011','CO1812-0011.pdf','commande',14,'','',NULL,NULL,1,'generated',NULL,'2018-12-14 10:52:30','2018-12-14 10:58:33',1,1,NULL),(90,'0798fb46ac59a541d0330728554d9cc7','fa7f0ac76f2926393818aca4940da54e',NULL,1,'expedition/sending/SH1812-0010','SH1812-0010.pdf','expedition',13,'','',NULL,NULL,1,'generated',NULL,'2018-12-14 10:59:13','2018-12-14 15:59:13',1,NULL,NULL),(91,'1a49d4ae8d401ad1d2564c7305d09c3c','1097bb20a33c61619c8b38118d7b816f',NULL,1,'facture/FA1812-0014','FA1812-0014.pdf','facture',17,'','',NULL,NULL,1,'generated',NULL,'2018-12-15 11:46:13','2019-01-09 10:43:29',1,1,NULL),(92,'0086b108ca992e80ffebea9fa6c97647','9b8038dbd2df505dd57f14055a2c9e97',NULL,1,'facture/FA1812-0015','FA1812-0015.pdf','facture',18,'','',NULL,NULL,1,'generated',NULL,'2018-12-15 11:48:24','2019-01-08 10:52:05',1,1,NULL),(93,'1ea25c09cc41df50abe7ae6af2570230','d7c646232e85f76023214b3d0cfa0b1d',NULL,1,'commande/(PROV15)','(PROV15).pdf','commande',15,'','',NULL,NULL,1,'generated',NULL,'2019-01-04 13:57:13','2019-01-04 13:58:26',1,1,NULL),(94,'7229aee5651e976f17128d1839c4030a','ddac2cf73cc79e60484238f16206d6d7',NULL,1,'commande/CO1901-0012','CO1901-0012.pdf','commande',15,'','',NULL,NULL,1,'generated',NULL,'2019-01-04 13:58:40','2019-01-04 14:21:38',1,1,NULL),(95,'986f3628b889be7803997b39a9d80cef','b4706bad085ebdf6500d31e2dd3715f2',NULL,1,'expedition/sending/SH1901-0011','SH1901-0011.pdf','expedition',14,'','',NULL,NULL,1,'generated',NULL,'2019-01-04 14:03:56','2019-01-04 19:03:56',1,NULL,NULL),(96,'b1c453b12ed081a70ca2e652edff47cb','7fdbfec9a5ecc2c0d554a761b132c32a',NULL,1,'expedition/sending/SH1901-0012','SH1901-0012.pdf','expedition',15,'','',NULL,NULL,1,'generated',NULL,'2019-01-04 14:25:38','2019-01-04 19:25:38',1,NULL,NULL),(97,'126aeb1a91b757945f2df81ebafa7213','8ee3e08fe6d3ef81349558ff2577b197',NULL,1,'facture/FA1901-0016','FA1901-0016.pdf','facture',19,'','',NULL,NULL,1,'generated',NULL,'2019-01-04 14:30:38','2019-05-09 13:04:18',1,1,NULL),(98,'31fc3a28cc4fb7351ce212e28a518655','c7e94d7c7733d131e147f9f0d754491c',NULL,1,'commande/(PROV16)','(PROV16).pdf','commande',16,'','',NULL,NULL,1,'generated',NULL,'2019-01-07 19:22:14','2019-01-07 19:22:42',1,1,NULL),(99,'dd7f9f5c6ed66396f1f0881fd58e47c7','f2746c49b54ded4d6f7f969124832fd4',NULL,1,'commande/CO1901-0013','CO1901-0013.pdf','commande',16,'','',NULL,NULL,1,'generated',NULL,'2019-01-07 19:23:03','2019-01-08 00:23:03',1,NULL,NULL),(100,'a745ca63114db63ee434ab91df96c91b','0ac70f39798aa01ec856b7b7a1e56a99',NULL,1,'expedition/sending/SH1901-0013','SH1901-0013.pdf','expedition',16,'','',NULL,NULL,1,'generated',NULL,'2019-01-07 19:25:11','2019-01-07 19:51:36',1,1,NULL),(103,'5bd1c41c5950caa0d3c277da4a582801','62eb19324f596b486a938ce4072e1c4e',NULL,1,'commande/(PROV17)','(PROV17).pdf','commande',17,'','',NULL,NULL,1,'generated',NULL,'2019-01-16 15:52:44','2019-01-16 15:53:21',1,1,NULL),(104,'73a44b6a209d70261fc2b96325aa2c18','4c38c49c2fe7de16f4355b9ebe661f86',NULL,1,'commande/CO1901-0014','CO1901-0014.pdf','commande',17,'','',NULL,NULL,1,'generated',NULL,'2019-01-16 15:53:30','2019-01-16 20:53:30',1,NULL,NULL),(105,'3c086c4eb16ebf8992badaf53940c450','212bb262f47ba5736a56236f9b2591b5',NULL,1,'expedition/sending/SH1901-0014','SH1901-0014.pdf','expedition',17,'','',NULL,NULL,1,'generated',NULL,'2019-01-16 16:23:37','2019-01-16 21:23:37',1,NULL,NULL),(106,'edd1b91e6b665eb92f7ccfed15a6cfac','df93a120de7c5855728d8507cee452db',NULL,1,'facture/FA1901-0018','FA1901-0018.pdf','facture',23,'','',NULL,NULL,1,'generated',NULL,'2019-01-16 16:35:30','2019-01-26 23:50:05',1,1,NULL),(107,'818f6748a80fc41c739f26e7210790bf','971e6c95ff3e553823a458ed92f342b4',NULL,1,'facture/(PROV24)','(PROV24).pdf','facture',24,'','',NULL,NULL,1,'generated',NULL,'2019-01-24 10:20:29','2019-01-24 10:20:50',1,1,NULL),(108,'99db42bb8e49804b331ba2fee019e035','cead705a6bf074251e2ca6f634ced7a7',NULL,1,'facture/FA1901-0019','FA1901-0019.pdf','facture',24,'','',NULL,NULL,1,'generated',NULL,'2019-01-24 10:21:11','2019-01-28 14:30:30',1,1,NULL),(113,'e0719f680c4e505f4fcd8241595dda42','041d90625015e51db017b9b9d18e14d9',NULL,1,'facture/(PROV29)','(PROV29).pdf','facture',29,'','',NULL,NULL,1,'generated',NULL,'2019-02-01 19:57:19','2019-02-02 00:57:19',1,NULL,NULL),(115,'8d3e471d67f78e57234da4d128f144da','05102d3021aabf44d133851dc8898ea9',NULL,1,'propale/(PROV12)','(PROV12).pdf','propal',12,'','',NULL,NULL,1,'generated',NULL,'2019-03-11 13:25:34','2019-03-11 13:44:40',1,1,NULL),(116,'e21a254ca8f5af8c0aeb093588dff395','22fd699ddc927e142564145522da455e',NULL,1,'propale/PR1903-0011','PR1903-0011.pdf','propal',12,'','',NULL,NULL,1,'generated',NULL,'2019-03-11 13:44:59','2019-07-25 14:02:56',1,1,NULL),(117,'a75b7272528f220641f7ef917bd68423','138008649bfccb0ed05b6eb475ca15d8',NULL,1,'commande/(PROV18)','(PROV18).pdf','commande',18,'','',NULL,NULL,1,'generated',NULL,'2019-03-25 10:40:52','2019-03-25 10:41:57',1,1,NULL),(118,'7190cc1ea25b815d1c467fd980815f86','aff2ed8892bc81a26ad25c2a707e9e5b',NULL,1,'commande/CO1903-0015','CO1903-0015.pdf','commande',18,'','',NULL,NULL,1,'generated',NULL,'2019-03-25 13:34:20','2019-03-25 17:34:20',1,NULL,NULL),(119,'749b0b30b73b8b6d6b8af9f7e6b7d859','c040917c3298bccce66c194ebdf19b2c',NULL,1,'expedition/sending/SH1903-0015','SH1903-0015.pdf','expedition',18,'','',NULL,NULL,1,'generated',NULL,'2019-03-25 13:35:01','2019-03-25 17:35:01',1,NULL,NULL),(120,'b85ab50acf42c33a77f1648a1b6c5246','f3e2b08c9a195301b7b6158bd580687e',NULL,1,'facture/FA1903-0024','FA1903-0024.pdf','facture',31,'','',NULL,NULL,1,'generated',NULL,'2019-03-25 13:40:53','2019-04-09 21:59:17',1,1,NULL),(121,'c3a192e0fdc39db2edf19a55b43ffb26','88d74294966acdbe2750256e2cafd2d4',NULL,1,'commande/(PROV19)','(PROV19).pdf','commande',19,'','',NULL,NULL,1,'generated',NULL,'2019-04-04 11:37:51','2019-04-04 11:39:07',1,1,NULL),(122,'cc9f4b9e49828b7acb6e51427b0f42c3','683b0d44e9c1386ff2debc4723a2fa66',NULL,1,'commande/CO1904-0016','CO1904-0016.pdf','commande',19,'','',NULL,NULL,1,'generated',NULL,'2019-04-04 11:39:58','2019-04-04 15:39:58',1,NULL,NULL),(123,'bf4d3b50c2829583cfa87d8965f124a8','8a3f4f86670480b489dec16bbc2b297d',NULL,1,'expedition/sending/SH1904-0016','SH1904-0016.pdf','expedition',19,'','',NULL,NULL,1,'generated',NULL,'2019-04-04 11:40:51','2019-04-04 15:40:51',1,NULL,NULL),(124,'0e92c9319a2e95e9ad5d7b6de376eb55','5face243fd0460cb1e3bf3501f97d02f',NULL,1,'facture/(PROV32)','(PROV32).pdf','facture',32,'','',NULL,NULL,1,'generated',NULL,'2019-04-04 11:44:10','2019-04-04 15:44:10',1,NULL,NULL),(125,'f2654068863c052456265279b131f874','f84796eb27cf03d6aeb41c6fa299b187',NULL,1,'facture/FA1904-0025','FA1904-0025.pdf','facture',32,'','',NULL,NULL,1,'generated',NULL,'2019-04-04 11:44:21','2019-08-05 15:14:37',1,1,NULL),(126,'98b81e7a112402faed7aa80770799daf','0388e4d3d55ab36985a8596e053942cb',NULL,1,'facture/(PROV33)','(PROV33).pdf','facture',33,'','',NULL,NULL,1,'generated',NULL,'2019-04-04 11:51:51','2019-04-04 15:51:51',1,NULL,NULL),(127,'32ce9595ff0c660341d6361c7afbf87d','8f02b077d48a5487b370a2e17a6107d8',NULL,1,'facture/FA1904-0026','FA1904-0026.pdf','facture',33,'','',NULL,NULL,1,'generated',NULL,'2019-04-04 11:52:10','2019-05-09 13:07:21',1,1,NULL),(128,'ae005b2ad6d7b96ff58b0db793d010e3','4c1e51185f740a779d598fb0f35964be',NULL,1,'commande/(PROV20)','(PROV20).pdf','commande',20,'','',NULL,NULL,1,'generated',NULL,'2019-04-11 11:25:00','2019-04-11 11:25:59',1,1,NULL),(129,'4f4649e026bf902dedfdacd414f4705b','a5a8a639c80b65066c71c92fd556559a',NULL,1,'commande/CO1904-0017','CO1904-0017.pdf','commande',20,'','',NULL,NULL,1,'generated',NULL,'2019-04-11 11:30:43','2019-04-11 15:30:43',1,NULL,NULL),(130,'4fc63279c9f46dc19fc5b90020da0729','92a30bbcae1a430874d02e2b0b65dfca',NULL,1,'expedition/sending/SH1904-0017','SH1904-0017.pdf','expedition',20,'','',NULL,NULL,1,'generated',NULL,'2019-04-11 11:31:39','2019-04-11 15:31:39',1,NULL,NULL),(131,'09615e99209cdc09021ec774d9ad49f0','c0a67f4fc48650477a70a43c67d4af39',NULL,1,'commande/(PROV21)','(PROV21).pdf','commande',21,'','',NULL,NULL,1,'generated',NULL,'2019-04-11 22:28:07','2019-04-11 22:29:10',1,1,NULL),(132,'a9ff950fa85df2f85b928396879ebce0','f76a720798e0c6cb6fe95857c45de03f',NULL,1,'commande/CO1904-0018','CO1904-0018.pdf','commande',21,'','',NULL,NULL,1,'generated',NULL,'2019-04-11 22:29:25','2019-04-12 02:29:25',1,NULL,NULL),(133,'bf543026b2d306d0e28bf58b0d446a60','86a3ec91cb00c9abe435731d40b7e135',NULL,1,'expedition/sending/SH1904-0018','SH1904-0018.pdf','expedition',21,'','',NULL,NULL,1,'generated',NULL,'2019-04-11 22:30:34','2019-04-12 02:30:34',1,NULL,NULL),(134,'e580e3b9055006bde4c63df3773a9eb6','a71d9f168f4e14e47c8dfc77cb2b642a',NULL,1,'commande/(PROV22)','(PROV22).pdf','commande',22,'','',NULL,NULL,1,'generated',NULL,'2019-04-14 03:52:02','2019-04-14 03:52:29',1,1,NULL),(135,'aabb20fbf6ed24c589fc45b16da18976','3946e7bd1a562ce603d4dd6a012cb624',NULL,1,'commande/CO1904-0019','CO1904-0019.pdf','commande',22,'','',NULL,NULL,1,'generated',NULL,'2019-04-14 03:52:43','2019-04-14 07:52:43',1,NULL,NULL),(136,'302b75689c374f984be85bffe1ce50cd','4a8061849001b060e61be0f022c3217b',NULL,1,'expedition/sending/SH1904-0019','SH1904-0019.pdf','expedition',22,'','',NULL,NULL,1,'generated',NULL,'2019-04-14 03:53:38','2019-04-14 07:53:38',1,NULL,NULL),(137,'038a840a75a0f8b836e07b12fd5a8cf6','83611c18eb8e7d4d8e840c8dee8f5883',NULL,1,'expedition/sending/SH1904-0020','SH1904-0020.pdf','expedition',23,'','',NULL,NULL,1,'generated',NULL,'2019-04-14 03:57:05','2019-04-14 07:57:05',1,NULL,NULL),(138,'6cd7c317105722be88c36dde2cf2367d','c011e49c2d3759b19ba76fc0022e8632',NULL,1,'commande/(PROV23)','(PROV23).pdf','commande',23,'','',NULL,NULL,1,'generated',NULL,'2019-04-26 17:21:10','2019-04-26 17:22:41',1,1,NULL),(139,'bcbc28173e6d56ab4bb467747d253cc3','cd1ee788807266bdf79d44d09813dc25',NULL,1,'commande/CO1904-0020','CO1904-0020.pdf','commande',23,'','',NULL,NULL,1,'generated',NULL,'2019-04-26 17:23:22','2019-04-26 21:23:22',1,NULL,NULL),(140,'cb5b249af9fa175bcdf04cc8c6082123','69dd01624201abad1f64b474d253ee89',NULL,1,'propale/(PROV13)','(PROV13).pdf','propal',13,'','',NULL,NULL,1,'generated',NULL,'2019-04-26 21:41:36','2019-04-26 21:45:58',1,1,NULL),(141,'d496675c05502feb7585810be9043557','7029e29690adeb4063be38bd6788d684',NULL,1,'propale/PR1904-0012','PR1904-0012.pdf','propal',13,'','',NULL,NULL,1,'generated',NULL,'2019-04-26 21:46:21','2019-07-25 14:01:24',1,1,NULL),(142,'22eec49bef0ae404caca7b1469c40170','169eaca684fd249c8502d76296e34112',NULL,1,'commande/(PROV24)','(PROV24).pdf','commande',24,'','',NULL,NULL,1,'generated',NULL,'2019-05-01 19:58:22','2019-05-01 20:00:09',1,1,NULL),(143,'046523db88ee026378d690dd67680c16','a858614db4a663a97ec7c1896472a312',NULL,1,'commande/CO1905-0021','CO1905-0021.pdf','commande',24,'','',NULL,NULL,1,'generated',NULL,'2019-05-01 20:00:36','2019-05-02 00:00:36',1,NULL,NULL),(144,'9ef6dbaf51a20ea9a766c1cbfeea5ea2','8b9382df10edacd53c58f8ea94817582',NULL,1,'expedition/sending/SH1905-0021','SH1905-0021.pdf','expedition',24,'','',NULL,NULL,1,'generated',NULL,'2019-05-01 20:01:15','2019-05-02 00:01:15',1,NULL,NULL),(145,'10192a19eb6287c24cf8f945dd74d543','7ae77b77a9403bac7cd2229c3acb5c0a',NULL,1,'facture/FA1905-0027','FA1905-0027.pdf','facture',34,'','',NULL,NULL,1,'generated',NULL,'2019-05-01 20:04:30','2019-06-13 00:29:27',1,1,NULL),(147,'7db99b462ab6e34eff47ff79f79de000','60541a736113601ff7a0bfa5ca6c3940',NULL,1,'commande/(PROV26)','(PROV26).pdf','commande',26,'','',NULL,NULL,1,'generated',NULL,'2019-05-02 20:38:33','2019-05-02 20:45:18',1,1,NULL),(148,'e66c00483c15858571755205ba599adb','71a677d12d18985150be0907438dde79',NULL,1,'commande/CO1905-0022','CO1905-0022.pdf','commande',26,'','',NULL,NULL,1,'generated',NULL,'2019-05-02 20:45:30','2019-05-02 20:50:40',1,1,NULL),(149,'a628e28364589416bf385f65bcb465e1','ab7469100ba9a7a65b281e217534c4b5',NULL,1,'expedition/sending/SH1905-0022','SH1905-0022.pdf','expedition',26,'','',NULL,NULL,1,'generated',NULL,'2019-05-02 20:48:49','2019-05-03 00:48:49',1,NULL,NULL),(150,'5303619e79122652c3779c16835d7b88','0a256112e4132e16c90061bd8bef5004',NULL,1,'expedition/sending/SH1905-0023','SH1905-0023.pdf','expedition',27,'','',NULL,NULL,1,'generated',NULL,'2019-05-02 20:51:50','2019-05-03 00:51:50',1,NULL,NULL),(151,'fe0c2a467a436cef2e708bb26f548ddd','ed0b3d442e1ab5191c6ed519e4e42660',NULL,1,'commande/(PROV27)','(PROV27).pdf','commande',27,'','',NULL,NULL,1,'generated',NULL,'2019-05-11 15:26:37','2019-05-11 15:29:59',1,1,NULL),(152,'9979170b613a779013870ccee7654c4b','8356c8299a91953368c1380eda1734e8',NULL,1,'commande/CO1905-0023','CO1905-0023.pdf','commande',27,'','',NULL,NULL,1,'generated',NULL,'2019-05-11 15:34:10','2019-05-11 19:34:10',1,NULL,NULL),(153,'4dbbab86543b226e2e42a26807c91271','c47b004d975dde1e24b05e2e014def9b',NULL,1,'expedition/sending/SH1905-0024','SH1905-0024.pdf','expedition',28,'','',NULL,NULL,1,'generated',NULL,'2019-05-11 15:35:35','2019-05-11 19:35:35',1,NULL,NULL),(154,'7d8ad62c468178157b0fe57505bfe8ed','6d94a2a86017b96c5b86647dab5ea7e6',NULL,1,'commande/(PROV28)','(PROV28).pdf','commande',28,'','',NULL,NULL,1,'generated',NULL,'2019-05-24 00:19:40','2019-05-24 00:21:45',1,1,NULL),(155,'b3bf39c401f3199f66564b7ef827ae05','bc4e77af8a85b0df8b6937d4e26caada',NULL,1,'commande/CO1905-0024','CO1905-0024.pdf','commande',28,'','',NULL,NULL,1,'generated',NULL,'2019-05-24 00:22:07','2019-05-24 04:22:07',1,NULL,NULL),(156,'ac7e2fce9cefe03f5451a7da46a90148','81851281c823101c3069aabb244c33b8',NULL,1,'expedition/sending/SH1905-0025','SH1905-0025.pdf','expedition',29,'','',NULL,NULL,1,'generated',NULL,'2019-05-24 00:23:46','2019-05-24 00:24:52',1,1,NULL),(157,'00fe68e4ba092e37e6cdf05a80ae3015','a30d2b4b65ba4c06cbae6acf47453aa7',NULL,1,'commande/(PROV29)','(PROV29).pdf','commande',29,'','',NULL,NULL,1,'generated',NULL,'2019-05-27 22:21:41','2019-05-27 22:23:53',1,1,NULL),(158,'db62730d9dc361e7fc4bbc9d85969dbc','0fd141ef953ea642462d4cfea2408581',NULL,1,'commande/CO1905-0025','CO1905-0025.pdf','commande',29,'','',NULL,NULL,1,'generated',NULL,'2019-05-27 22:25:08','2019-05-28 02:25:08',1,NULL,NULL),(159,'10a9ab623437c37fb762b1b3a710e327','bb4ea0434c0f1d5656d4bd78b34cc031',NULL,1,'expedition/sending/SH1905-0026','SH1905-0026.pdf','expedition',30,'','',NULL,NULL,1,'generated',NULL,'2019-05-27 22:25:49','2019-05-28 02:25:49',1,NULL,NULL),(160,'2ef2775ae91afee144c59444d640c93d','a6cc9fcc0c152b3436cc154fb32d2bba',NULL,1,'facture/FA1905-0028','FA1905-0028.pdf','facture',36,'','',NULL,NULL,1,'generated',NULL,'2019-05-27 23:53:28','2019-05-31 02:22:36',1,1,NULL),(161,'71abf9f2f68e57119b13ed9fb05dee80','4970e04ae5afc181d420fbac81d82ac0',NULL,1,'propale/(PROV14)','(PROV14).pdf','propal',14,'','',NULL,NULL,1,'generated',NULL,'2019-06-04 19:26:01','2019-06-04 19:29:35',1,1,NULL),(162,'07f2fb17944bd08c3ecd80d7276bae17','224cd452969c25703c9727a874be4dd6',NULL,1,'propale/PR1906-0013','PR1906-0013.pdf','propal',14,'','',NULL,NULL,1,'generated',NULL,'2019-06-04 19:30:16','2019-09-07 13:45:36',1,1,NULL),(163,'f85ed6613b56da9ea85232942b3a911f','b41c0280aa77fbcaaebf749f50340e73',NULL,1,'commande/CO1906-0026','CO1906-0026.pdf','commande',30,'','',NULL,NULL,1,'generated',NULL,'2019-06-04 19:33:29','2019-06-04 23:33:29',1,NULL,NULL),(164,'65f8e17c96f72203c44f98a3c1bc0839','d35b3951e6933ced4683226b15e9afbe',NULL,1,'expedition/sending/SH1906-0027','SH1906-0027.pdf','expedition',31,'','',NULL,NULL,1,'generated',NULL,'2019-06-04 19:34:08','2019-06-04 23:34:08',1,NULL,NULL),(165,'b470701ce8baa566cfb1a221caf99180','589da7dde62952d1696f9e319a047670',NULL,1,'facture/FA1906-0029','FA1906-0029.pdf','facture',37,'','',NULL,NULL,1,'generated',NULL,'2019-06-04 19:35:34','2019-08-05 15:14:38',1,1,NULL),(166,'61f147bb4c0e5bcd7f97d3068a177829','aba8f5d017aed428380ace1ea7cc52b2',NULL,1,'propale/(PROV15)','(PROV15).pdf','propal',15,'','',NULL,NULL,1,'generated',NULL,'2019-06-09 20:48:04','2019-06-14 23:20:39',1,1,NULL),(167,'ae17399e83402ca53b8feae25178a8f9','4d9f3c6d4c6710a2462a6d3cf9c39ac2',NULL,1,'commande/(PROV31)','(PROV31).pdf','commande',31,'','',NULL,NULL,1,'generated',NULL,'2019-06-11 21:10:30','2019-06-11 21:10:42',1,1,NULL),(168,'037777fab7459fe82d6e21eb79ed7e90','d86e26a88dc81a8dc54443b1f9a471a7',NULL,1,'commande/CO1906-0027','CO1906-0027.pdf','commande',31,'','',NULL,NULL,1,'generated',NULL,'2019-06-11 21:11:07','2020-02-14 13:19:27',1,1,NULL),(169,'e914ef1f3803a5063cca048e8cec3794','58910a21648c8d075774c88bf63b1855',NULL,1,'expedition/sending/SH1906-0028','SH1906-0028.pdf','expedition',32,'','',NULL,NULL,1,'generated',NULL,'2019-06-11 21:11:45','2019-06-12 01:11:45',1,NULL,NULL),(170,'25e94d27652e88ba1962b18d0158cab1','2ccd7a31a1a700667e39d01ce3274d59',NULL,1,'propale/(PROV16)','(PROV16).pdf','propal',16,'','',NULL,NULL,1,'generated',NULL,'2019-06-12 12:58:48','2019-06-12 12:59:29',1,1,NULL),(173,'0dd26e80d79ff3384ecfe978b55205d5','c7979271121af54298d778ec7301c997',NULL,1,'propale/PR1906-0015','PR1906-0015.pdf','propal',15,'','',NULL,NULL,1,'generated',NULL,'2019-06-14 23:21:02','2019-08-19 21:55:27',1,1,NULL),(174,'0b4e766cb2d9961676e07f2699e65423','803e6f8b7550f4d6b2686797ea599461',NULL,1,'commande/CO1906-0028','CO1906-0028.pdf','commande',32,'','',NULL,NULL,1,'generated',NULL,'2019-06-15 00:15:00','2019-06-15 00:15:54',1,1,NULL),(175,'2e95331ebd39bc12331f3a1248581d70','bdd1c809700cecdd54842cadc8c377c6',NULL,1,'expedition/sending/SH1906-0029','SH1906-0029.pdf','expedition',33,'','',NULL,NULL,1,'generated',NULL,'2019-06-15 00:21:17','2019-06-15 04:21:17',1,NULL,NULL),(176,'c2aaee5e0ce60bdb230589404509a153','89011addc445aa6ace6e3a1326a1eb13',NULL,1,'expedition/sending/(PROV34)','(PROV34).pdf','expedition',34,'','',NULL,NULL,1,'generated',NULL,'2019-06-17 16:06:08','2019-06-17 20:06:08',1,NULL,NULL),(177,'d608b05f03d81dff2d4ba7a4074b059b','94e3d50d263c453b2e933cbcad87aaf2',NULL,1,'expedition/sending/SH1906-0030','SH1906-0030.pdf','expedition',34,'','',NULL,NULL,1,'generated',NULL,'2019-06-17 16:06:12','2019-06-17 20:06:12',1,NULL,NULL),(178,'c6570423513491bb3a65574ca7e82a83','560dfbaf453f1c99a9135b2aee894bcd',NULL,1,'commande/(PROV33)','(PROV33).pdf','commande',33,'','',NULL,NULL,1,'generated',NULL,'2019-06-21 18:37:17','2019-06-21 18:41:09',1,1,NULL),(182,'35610a2c846f5d5f9070a38a567a2c05','98f729d3b8da7405627e4f4d1abe7f7d',NULL,1,'commande/(PROV34)','(PROV34).pdf','commande',34,'','',NULL,NULL,1,'generated',NULL,'2019-06-21 19:09:17','2019-06-21 19:09:42',1,1,NULL),(183,'9c47217881014b32f33224d0e55f64b7','8e85962f236a4c74858f2c1173480a74',NULL,1,'commande/CO1906-0030','CO1906-0030.pdf','commande',34,'','',NULL,NULL,1,'generated',NULL,'2019-06-21 19:10:16','2019-06-21 19:15:51',1,1,NULL),(184,'56b1b41874142a8b4ee4a5e4e9b08a46','e1a6b2ce38bea67e8754e13992c29fd9',NULL,1,'expedition/sending/SH1906-0033','SH1906-0033.pdf','expedition',38,'','',NULL,NULL,1,'generated',NULL,'2019-06-21 19:23:20','2019-06-21 19:24:00',1,1,NULL),(185,'30216983f887212a060b954fbb3487d7','5677ca387179199341769a656056f303',NULL,1,'facture/FA1906-0030','FA1906-0030.pdf','facture',38,'','',NULL,NULL,1,'generated',NULL,'2019-06-21 19:34:19','2019-06-26 13:54:09',1,1,NULL),(187,'271936df298f27abd89b5eae4d9dab9d','12464bdd451d48831a6f0ec9443b3cf1',NULL,1,'propale/(PROV19)','(PROV19).pdf','propal',19,'','',NULL,NULL,1,'generated',NULL,'2019-06-22 20:27:52','2019-06-22 20:28:48',1,1,NULL),(188,'a6efb8cccc976aedcc31365f46d79816','11b0fa43e60fc3d61e0b4c3645958579',NULL,1,'propale/PR1906-0016','PR1906-0016.pdf','propal',19,'','',NULL,NULL,1,'generated',NULL,'2019-06-22 20:30:21','2019-09-07 13:20:15',1,1,NULL),(189,'10b1446f0364d16a51cc0008d8e37db7','6ea49861cfd58136ecf45dfda5c1cd12',NULL,1,'facture/(PROV39)','(PROV39).pdf','facture',39,'','',NULL,NULL,1,'generated',NULL,'2019-06-26 13:58:08','2019-06-26 17:58:08',1,NULL,NULL),(191,'367b4b9715da9b36a4d2db2690794eeb','c61489bb456bf04bcaab8c7c7a20a764',NULL,1,'facture/(PROV40)','(PROV40).pdf','facture',40,'','',NULL,NULL,1,'generated',NULL,'2019-06-26 14:00:20','2019-06-26 18:00:20',1,NULL,NULL),(193,'9d26258e09ddd039c1e57ca3ca05181e','97500e2cdb93a609363f39970f37cda1',NULL,1,'facture/FA1906-0031','FA1906-0031.pdf','facture',41,'','',NULL,NULL,1,'generated',NULL,'2019-06-30 23:48:34','2019-08-08 00:11:55',1,1,NULL),(195,'0bce594d0e29c9d2aaa7a71ec0d5cc99','cbe53fa1f7826afa6e829bd1ae766784',NULL,1,'commande/(PROV35)','(PROV35).pdf','commande',35,'','',NULL,NULL,1,'generated',NULL,'2019-07-25 13:44:49','2019-07-25 13:50:06',1,1,NULL),(196,'267f7054946f4310421610cc938c2d90','f3e60ceb287dd3e717b03c1e925c665a',NULL,1,'commande/CO1907-0031','CO1907-0031.pdf','commande',35,'','',NULL,NULL,1,'generated',NULL,'2019-07-25 13:50:39','2019-07-25 17:50:39',1,NULL,NULL),(197,'3b12f3e9d2c7876b715434cbbe83c7ea','4b0c535f5002a584aada893ae5ffcc86',NULL,1,'expedition/sending/SH1907-0034','SH1907-0034.pdf','expedition',39,'','',NULL,NULL,1,'generated',NULL,'2019-07-25 13:51:42','2019-07-25 17:51:42',1,NULL,NULL),(198,'c117aef77662a048ee3405fddaa7ff79','aa9f8311b89534d3753e28c3a0e0ac53',NULL,1,'facture/FA1907-0032','FA1907-0032.pdf','facture',42,'','',NULL,NULL,1,'generated',NULL,'2019-07-25 13:58:29','2019-08-05 15:13:28',1,1,NULL),(199,'28eccfc885ca5eba074e132eca992f65','23c2ab0f31c8e88eb2bceb99acb32448',NULL,1,'commande/(PROV36)','(PROV36).pdf','commande',36,'','',NULL,NULL,1,'generated',NULL,'2019-08-03 19:13:45','2019-08-03 19:21:51',1,1,NULL),(200,'49865f386f698c5d56b8e28b083e9f19','5fd3bf9e4ff8aa09a4cb6ef686f7642e',NULL,1,'commande/CO1908-0032','CO1908-0032.pdf','commande',36,'','',NULL,NULL,1,'generated',NULL,'2019-08-03 19:24:59','2019-08-03 23:24:59',1,NULL,NULL),(201,'6dcfd0dcc96325c2bccb0a92deab05a6','0bf059f237e4cf5bc8691047b4746d63',NULL,1,'facture/(PROV43)','(PROV43).pdf','facture',43,'','',NULL,NULL,1,'generated',NULL,'2019-08-06 11:10:57','2019-08-06 15:10:57',1,NULL,NULL),(202,'ed57610155e8bb92659a8e0f8c56b105','9dc5967a586ea00d10b21d0d1b9bda1a',NULL,1,'facture/FA1908-0033','FA1908-0033.pdf','facture',43,'','',NULL,NULL,1,'generated',NULL,'2019-08-06 11:11:10','2019-10-20 01:41:40',1,1,NULL),(203,'cf0d896c2f7f2a2377d4acf54bfdf0ab','80b3c81a968c430f2ee687a2ad30a587',NULL,1,'expedition/sending/SH1908-0035','SH1908-0035.pdf','expedition',40,'','',NULL,NULL,1,'generated',NULL,'2019-08-07 23:29:37','2019-08-08 03:29:37',1,NULL,NULL),(204,'7467342d761bdeab1360fa660c1660d3','b2f6b2fdaae089dfd28ab801e1d7a7d4',NULL,1,'expedition/sending/SH1908-0036','SH1908-0036.pdf','expedition',41,'','',NULL,NULL,1,'generated',NULL,'2019-08-12 20:34:09','2019-08-13 00:34:09',1,NULL,NULL),(209,'ce8b660097b0dc43139ea7d307659e4b','a23db90c3511b905763ce9679b43c58f',NULL,1,'fournisseur/commande/PO1908-0001','PO1908-0001-201908002199-0005.pdf',NULL,NULL,'201908002199-0005.PDF','',NULL,NULL,1,'uploaded',NULL,'2019-08-17 17:28:14','2019-08-17 19:39:11',1,NULL,NULL),(210,'4b2107c877d2efbb31452c1ade2c9645','02ef73b80687eab56f6f05e05282138a',NULL,1,'fournisseur/commande/PO1908-0001','PO1908-0001-BL draft.pdf',NULL,NULL,'BL draft.pdf','',NULL,NULL,2,'uploaded',NULL,'2019-08-17 17:28:14','2019-08-17 19:39:11',1,NULL,NULL),(211,'f9e42902c638c70b6246f51cb212cccc','5f612a376e1effb43e6aa7c4c828ec93',NULL,1,'fournisseur/commande/PO1908-0001','PO1908-0001-Export Invoice 2019.pdf',NULL,NULL,'Export Invoice 2019.pdf','',NULL,NULL,3,'uploaded',NULL,'2019-08-17 17:28:14','2019-08-17 19:39:11',1,NULL,NULL),(212,'2498db23386a7e97de9250956d722360','3c07bc0dc63b4db61108a27508fcfa71',NULL,1,'fournisseur/commande/PO1908-0001','PO1908-0001-LCR_CMACGM_LoadingConfirmation_GUARANF504_0ESSRPFSR-901863A8509B043CE0530A008761528C.pdf',NULL,NULL,'LCR_CMACGM_LoadingConfirmation_GUARANF504_0ESSRPFSR-901863A8509B043CE0530A008761528C.pdf','',NULL,NULL,4,'uploaded',NULL,'2019-08-17 17:28:14','2019-08-17 19:39:11',1,NULL,NULL),(214,'d77647acceb7505b6f23fb35dc15e947','fc34281df23b2f0593189a0197dddc1e',NULL,1,'facture/FA1908-0034','FA1908-0034.pdf','facture',44,'','',NULL,NULL,1,'generated',NULL,'2019-08-17 22:58:48','2020-03-18 19:32:57',1,1,NULL),(215,'2068f0ed80e533eee0cdc4f41d7161c3','4e658961a086ab5d55de396df08a883a',NULL,1,'propale/PR1908-0017','PR1908-0017.pdf','propal',21,'','',NULL,NULL,1,'generated',NULL,'2019-08-19 21:23:58','2019-09-07 13:19:29',1,1,NULL),(216,'03d5ae64e166699799b9b1ebc8754b91','243de0e4ee107d18c293194c683d6bd3',NULL,1,'commande/CO1908-0033','CO1908-0033.pdf','commande',37,'','',NULL,NULL,1,'generated',NULL,'2019-08-25 20:39:52','2019-08-25 21:39:10',1,1,NULL),(217,'76dbd3317fd3be7f7863d04c2dcd3b60','649c731285542c1be215b1998558ecf5',NULL,1,'expedition/sending/SH1908-0037','SH1908-0037.pdf','expedition',42,'','',NULL,NULL,1,'generated',NULL,'2019-08-25 21:39:53','2019-08-25 21:40:21',1,1,NULL),(218,'3466e440c3f2bfc4462bed2deef4d1e3','e3bd5b13a917579ae60df75849c6bbd2',NULL,1,'facture/FA1909-0035','FA1909-0035.pdf','facture',45,'','',NULL,NULL,1,'generated',NULL,'2019-08-25 21:43:38','2020-02-15 18:02:12',1,1,NULL),(220,'3faca69aa5ca081aa6bb26da631ab4d0','c68abfd3a794c5bc6d0d668497d9ea63',NULL,1,'facture/FA1908-0037','FA1908-0037.pdf','facture',47,'','',NULL,NULL,1,'generated',NULL,'2019-08-27 00:01:27','2019-12-24 20:14:01',1,1,NULL),(221,'ca2b7f91c33914faff119af85bcb94f3','d4f6f1d32f9a9b9111d49eace94142ef',NULL,1,'facture/FA1908-0038','FA1908-0038.pdf','facture',48,'','',NULL,NULL,1,'generated',NULL,'2019-08-27 00:04:36','2019-12-24 20:16:26',1,1,NULL),(222,'628512df2913c336907deb163c4be2e5','77fa4c928a0b100f6924316675c27f90',NULL,1,'commande/CO1908-0034','CO1908-0034.pdf','commande',38,'','',NULL,NULL,1,'generated',NULL,'2019-08-28 18:34:56','2019-08-28 19:32:43',1,1,NULL),(223,'0f5a25ac1019b5de8aa89d0a0a9bb45f','d6362b5eefd4b9bc0719cf98c67fd5cb',NULL,1,'expedition/sending/SH1908-0038','SH1908-0038.pdf','expedition',43,'','',NULL,NULL,1,'generated',NULL,'2019-08-28 19:36:06','2019-08-28 23:36:06',1,NULL,NULL),(224,'522afbc7c3b1d98a764df79eeda27df4','25a4ab88f149ef7562a01fc0e2f426c3',NULL,1,'expedition/sending/SH1908-0039','SH1908-0039.pdf','expedition',44,'','',NULL,NULL,1,'generated',NULL,'2019-08-28 19:44:12','2019-08-28 23:44:12',1,NULL,NULL),(225,'cd20d2feafe9f049831e5d871c897348','475006a5c5e697ea9e47809e7c427162',NULL,1,'facture/FA1909-0039','FA1909-0039.pdf','facture',49,'','',NULL,NULL,1,'generated',NULL,'2019-08-28 21:17:23','2019-10-28 19:08:19',1,1,NULL),(226,'e937815ed8fd6ef14a6f565b5df0748b','f852ea80565b2d2c76e192a12d7b8d74',NULL,1,'facture/FA1901-0017','FA1901-0017.pdf','facture',21,'','',NULL,NULL,1,'generated',NULL,'2019-09-07 13:30:13','2019-09-07 13:35:02',1,1,NULL),(227,'bc962a85070f555e1e7093186118aa4a','faab853ca85c07b740a0a7183d5d23b6',NULL,1,'facture/FA1909-0040','FA1909-0040.pdf','facture',50,'','',NULL,NULL,1,'generated',NULL,'2019-09-07 13:47:47','2019-12-24 20:21:18',1,1,NULL),(228,'12176df42adf7583af54c20900f7a3cb','e992db4ea1835fe29b36d8826e5dadf0',NULL,1,'commande/CO1909-0035','CO1909-0035.pdf','commande',39,'','',NULL,NULL,1,'generated',NULL,'2019-09-15 17:01:03','2019-09-15 18:21:02',1,1,NULL),(229,'4d5c9261bcd0aa147b1bfffe9070ac5e','788a1c08a2781420096e275135779db3',NULL,1,'commande/CO1909-0036','CO1909-0036.pdf','commande',40,'','',NULL,NULL,1,'generated',NULL,'2019-09-16 11:43:26','2019-09-16 11:46:53',1,1,NULL),(230,'dc227d0feb9fa527de6af22a9603363f','75c95dd8518164b0fb604e3fdaa2d0ae',NULL,1,'expedition/sending/SH1909-0040','SH1909-0040.pdf','expedition',45,'','',NULL,NULL,1,'generated',NULL,'2019-09-16 11:47:17','2019-09-16 15:47:17',1,NULL,NULL),(231,'9652691445fbc2adfeb2a1a280f68378','d5c7b3037f9b6e808a07b24cb28ceadd',NULL,1,'facture/FA1909-0041','FA1909-0041.pdf','facture',51,'','',NULL,NULL,1,'generated',NULL,'2019-09-16 11:49:29','2019-12-24 20:21:18',1,1,NULL),(232,'3db7ffc45b1092a7dbf9a6142f76869f','2b9aced722ebf8b30c9a62ba0faa8464',NULL,1,'facture/FA1907-0042','FA1907-0042.pdf','facture',52,'','',NULL,NULL,1,'generated',NULL,'2019-09-21 16:04:48','2019-09-21 16:18:34',1,1,NULL),(233,'abb944fb883f0ffc8d9fa42399ede2b8','328957b2330f8ce3a4b3e2da93df3ae4',NULL,1,'facture/FA1909-0043','FA1909-0043.pdf','facture',53,'','',NULL,NULL,1,'generated',NULL,'2019-09-23 23:43:37','2019-09-26 13:09:51',1,1,NULL),(234,'827b8315b1df2307f6319b35bb8fd3cb','749298551bdeb3dc8ba17b8cb4e1441f',NULL,1,'propale/PR1909-0018','PR1909-0018.pdf','propal',22,'','',NULL,NULL,1,'generated',NULL,'2019-09-24 15:54:13','2019-10-17 23:50:09',1,1,NULL),(236,'76e5ac17382229fd1661633ced3a409c','a0298549a3b0bef1e36bb88f521bba8f',NULL,1,'expedition/sending/SH1909-0041','SH1909-0041.pdf','expedition',46,'','',NULL,NULL,1,'generated',NULL,'2019-09-26 13:17:14','2019-09-26 17:17:14',1,NULL,NULL),(238,'564f3e427fca17c6586f8e8f87f6f6e0','50660728d421230875f3d1cef70b2f69',NULL,1,'facture/FA1908-0044','FA1908-0044.pdf','facture',54,'','',NULL,NULL,1,'generated',NULL,'2019-10-02 10:10:36','2020-02-23 21:11:25',1,1,NULL),(243,'af8918d4d16640b1908ed0fd8730bd11','a8c1851274035cfb305a564fc060c3ff',NULL,1,'commande/CO1910-0037','CO1910-0037.pdf','commande',41,'','',NULL,NULL,1,'generated',NULL,'2019-10-16 17:31:31','2019-10-16 19:08:39',1,1,NULL),(245,'409cfba0f353ca1a2e37f9b1f686a1ff','e2e7c5244a634bf4047ae6b64cf1843a',NULL,1,'expedition/sending/SH1910-0042','SH1910-0042.pdf','expedition',48,'','',NULL,NULL,1,'generated',NULL,'2019-10-16 19:09:20','2019-10-16 23:09:20',1,NULL,NULL),(246,'cf5bd1b0cd12e3df0c996cb6bf2a1b6e','1b0fc9463852dcb27e537143b2a75a6e',NULL,1,'commande/CO1910-0038','CO1910-0038.pdf','commande',42,'','',NULL,NULL,1,'generated',NULL,'2019-10-16 19:11:21','2019-10-16 19:14:24',1,1,NULL),(247,'fa8945525a689a75c6f478eed7aa815f','7dd53135adcbe0517af0718362d7c1e4',NULL,1,'expedition/sending/SH1910-0043','SH1910-0043.pdf','expedition',49,'','',NULL,NULL,1,'generated',NULL,'2019-10-16 19:14:55','2019-10-16 23:14:55',1,NULL,NULL),(248,'2918433b3ddbcee132fcbef2cfd503cf','38a5ba524b705cd16ffffede16933fa1',NULL,1,'commande/CO1910-0039','CO1910-0039.pdf','commande',43,'','',NULL,NULL,1,'generated',NULL,'2019-10-16 19:36:33','2019-10-16 19:38:52',1,1,NULL),(249,'fefa8e4f76ccf7a23564a12fce0a9619','64336337b357f333aef59d3cbbb3004b',NULL,1,'expedition/sending/SH1910-0044','SH1910-0044.pdf','expedition',50,'','',NULL,NULL,1,'generated',NULL,'2019-10-16 19:45:59','2019-10-16 23:45:59',1,NULL,NULL),(250,'c373b9503c53963770e03bb1bb501230','935f748a106b3a4f0d0caebbb599a874',NULL,1,'commande/CO1910-0040','CO1910-0040.pdf','commande',44,'','',NULL,NULL,1,'generated',NULL,'2019-10-16 21:35:16','2019-10-16 21:37:45',1,1,NULL),(251,'ebc4e2c8d8ea6b894b0263e7763695e3','a4b83385dcb1b26b8c32848c66f81771',NULL,1,'expedition/sending/SH1910-0045','SH1910-0045.pdf','expedition',51,'','',NULL,NULL,1,'generated',NULL,'2019-10-16 21:38:55','2019-10-17 01:38:55',1,NULL,NULL),(252,'ebda87f40ba021bce939665b0314de75','df8a5dc25e9e41fb6e345d2d6d849396',NULL,1,'commande/CO1910-0041','CO1910-0041.pdf','commande',45,'','',NULL,NULL,1,'generated',NULL,'2019-10-17 10:35:46','2019-10-17 10:40:05',1,1,NULL),(253,'30c989fb6451d92006eb4e9134875bb6','1230b83e629c020dc0f987917ec1b791',NULL,1,'expedition/sending/SH1910-0046','SH1910-0046.pdf','expedition',52,'','',NULL,NULL,1,'generated',NULL,'2019-10-17 10:42:05','2019-10-17 14:42:05',1,NULL,NULL),(254,'45583e16d58d86f6d384fc6e251c4b9a','2b13832b284f22e42a5e86e27b4a076e',NULL,1,'facture/FA1910-0046','FA1910-0046.pdf','facture',58,'','',NULL,NULL,1,'generated',NULL,'2019-10-17 10:43:34','2019-11-11 22:07:20',1,1,NULL),(255,'de74baa965ec51db444384ed502eaaea','fed7858dfa88cf27951d6f85f761051c',NULL,1,'facture/FA1910-0047','FA1910-0047.pdf','facture',59,'','',NULL,NULL,1,'generated',NULL,'2019-10-17 10:48:01','2019-11-10 13:24:44',1,1,NULL),(256,'ce786a54ec5e021978c50c5450d202b3','6284449a25628ee6b8fcbf982c3ce2f5',NULL,1,'commande/CO1910-0042','CO1910-0042.pdf','commande',46,'','',NULL,NULL,1,'generated',NULL,'2019-10-17 11:55:44','2019-10-17 11:56:11',1,1,NULL),(257,'31f1c666cfcfec9b0c9b03d0bdc3dffa','f0b062a15a803c4e8d2847abef78d87c',NULL,1,'expedition/sending/SH1910-0047','SH1910-0047.pdf','expedition',53,'','',NULL,NULL,1,'generated',NULL,'2019-10-17 11:56:36','2019-10-17 15:56:36',1,NULL,NULL),(259,'f2a66170be4a564e8231973f99dac7fa','3165516efed11cf3ecd7ceda946ed1f0',NULL,1,'commande/CO1910-0043','CO1910-0043.pdf','commande',47,'','',NULL,NULL,1,'generated',NULL,'2019-10-19 17:09:40','2019-10-19 17:13:05',1,1,NULL),(260,'63c29bca6ff65ab82447e33893ec55da','5ef7b1c78218903e1a84e861587b642f',NULL,1,'expedition/sending/SH1910-0048','SH1910-0048.pdf','expedition',54,'','',NULL,NULL,1,'generated',NULL,'2019-10-19 17:13:54','2019-10-19 21:13:54',1,NULL,NULL),(264,'d6291715ade0cf9a8d7aa85372c01497','2fcc97228b73d3d12851b809ebbe776d',NULL,1,'commande/CO1910-0044','CO1910-0044.pdf','commande',51,'','',NULL,NULL,1,'generated',NULL,'2019-10-21 14:37:04','2019-10-21 14:37:55',1,1,NULL),(265,'f6c7e5711f481f50830abaa08cb53137','87637b84f174a3333d1b0c3777817af3',NULL,1,'commande/CO1910-0045','CO1910-0045.pdf','commande',52,'','',NULL,NULL,1,'generated',NULL,'2019-10-21 14:59:55','2019-10-21 15:05:26',1,1,NULL),(266,'3ea8e06734484f1555deb9645c6a8fc9','4697b167f39717cd7f781f9e3063714a',NULL,1,'expedition/sending/SH1910-0049','SH1910-0049.pdf','expedition',57,'','',NULL,NULL,1,'generated',NULL,'2019-10-21 15:06:05','2019-10-21 19:06:05',1,NULL,NULL),(267,'5c627a0a89940c08f6358158a122e457','db363ed94eaf3f2491e639a84be78974',NULL,1,'facture/FA1910-0048','FA1910-0048.pdf','facture',60,'','',NULL,NULL,1,'generated',NULL,'2019-10-21 15:08:16','2020-04-09 19:40:57',1,1,NULL),(268,'c020f7f50359440cc1bd6620fd89e04b','9c34dbf27460997d60df47ef6045177e',NULL,1,'fournisseur/commande/PO1910-0002','PO1910-0002.pdf','commande_fournisseur',3,'','',NULL,NULL,1,'generated',NULL,'2019-10-21 18:25:52','2019-10-21 18:34:05',1,1,NULL),(269,'079815c753c01d404b1e9a1f76570c3a','4458e51552f061c5cd159294d8117312',NULL,1,'commande/CO1910-0046','CO1910-0046.pdf','commande',53,'','',NULL,NULL,1,'generated',NULL,'2019-10-22 12:49:03','2019-10-22 12:50:32',1,1,NULL),(270,'fac51811ec60b0197490afc5aa6ed629','3ad1c4b909bb495bd383eca782aefa5d',NULL,1,'expedition/sending/SH1910-0050','SH1910-0050.pdf','expedition',58,'','',NULL,NULL,1,'generated',NULL,'2019-10-22 12:51:07','2019-10-22 16:51:07',1,NULL,NULL),(271,'69102a8f246b29ac81df1a7c038eb5d4','ac9ff50ef9556e68863520f549274dd7',NULL,1,'facture/FA1910-0049','FA1910-0049.pdf','facture',61,'','',NULL,NULL,1,'generated',NULL,'2019-10-22 12:53:59','2020-01-04 16:18:33',1,1,NULL),(272,'4caa7957af61f88fff1f858c55a83bb9','274ae7f34909405d52c63c93d25442fb',NULL,1,'propale/PR1910-0021','PR1910-0021.pdf','propal',27,'','',NULL,NULL,1,'generated',NULL,'2019-10-29 18:34:53','2019-10-29 19:26:58',1,1,NULL),(273,'cc899b79e3d11b6c840d94ed729479a2','35677611cf183ea52feaf62aa56ad3e7',NULL,1,'commande/CO1910-0047','CO1910-0047.pdf','commande',54,'','',NULL,NULL,1,'generated',NULL,'2019-10-29 19:28:43','2019-10-29 23:28:43',1,NULL,NULL),(274,'f77108f90745d4a425e7de22c6260dfd','ac2ebef2c174d6ccb45f6ef4d9afde9d',NULL,1,'expedition/sending/SH1910-0051','SH1910-0051.pdf','expedition',59,'','',NULL,NULL,1,'generated',NULL,'2019-10-29 19:29:10','2019-10-29 23:29:10',1,NULL,NULL),(275,'3647bf1b661f454bc83f320d1b4d5505','a73d23daf933f5e1c20771b0d259f2e3',NULL,1,'facture/AV1911-0002','AV1911-0002.pdf','facture',62,'','',NULL,NULL,1,'generated',NULL,'2019-11-11 12:31:12','2019-11-11 12:33:30',1,1,NULL),(276,'4c0fda32da7637903e5d3a835e5bbbec','fdaa9292aa9c6fa3e3a546a8020ebc70',NULL,1,'commande/CO1911-0048','CO1911-0048.pdf','commande',55,'','',NULL,NULL,1,'generated',NULL,'2019-11-11 18:54:10','2019-11-11 19:01:37',1,1,NULL),(278,'073ab15094478939223536b0eaeb66b3','c749a2679dc0e11ab5180f8582481639',NULL,1,'facture/FA1911-0050','FA1911-0050.pdf','facture',63,'','',NULL,NULL,1,'generated',NULL,'2019-11-11 22:02:52','2019-12-04 10:41:20',1,1,NULL),(279,'9015e80da2e8b15fc1673b7776d4aaf2','1a849f4e1912570968493b3797c81acc',NULL,1,'propale/PR1911-0022','PR1911-0022.pdf','propal',28,'','',NULL,NULL,1,'generated',NULL,'2019-11-12 10:52:30','2019-11-12 18:09:13',1,1,NULL),(280,'dc034bdd6812a0588b7490a8e0a1e996','5f0ebe824c4b1be455a00f729fff4ffb',NULL,1,'commande/CO1911-0049','CO1911-0049.pdf','commande',56,'','',NULL,NULL,1,'generated',NULL,'2019-11-12 13:02:38','2019-11-12 13:06:13',1,1,NULL),(281,'26a177616f917bd722a38151fe3cc2be','8a394116be15b8516e109555264436a5',NULL,1,'facture/FA1911-0051','FA1911-0051.pdf','facture',64,'','',NULL,NULL,1,'generated',NULL,'2019-11-12 18:16:40','2019-11-13 17:11:08',1,1,NULL),(282,'b2f1590b5fff6eea4108ba4f00e93d30','2cd54814885ab346a27c1e0655b3f0ec',NULL,1,'commande/CO1911-0050','CO1911-0050.pdf','commande',57,'','',NULL,NULL,1,'generated',NULL,'2019-11-12 19:22:18','2019-11-14 13:16:23',1,1,NULL),(283,'867b1ded163e6572b916c1401b76cbad','b5ec9bed9deabff84468a3ced236d7e6',NULL,1,'facture/FA1911-0052','FA1911-0052.pdf','facture',65,'','',NULL,NULL,1,'generated',NULL,'2019-11-14 00:04:17','2020-04-01 16:44:52',1,1,NULL),(285,'d27d72d1d546ef8704ad7c7b37ac2b5d','0c8a2d743b9cdb58740f8dde472451c9',NULL,1,'expedition/sending/SH1911-0054','SH1911-0054.pdf','expedition',62,'','',NULL,NULL,1,'generated',NULL,'2019-11-14 13:17:46','2019-11-14 18:17:46',1,NULL,NULL),(286,'5d09888c8a5f53cd3e5dad88a75b6f0b','aa67101b6135f348d1a160e54d7601ee',NULL,1,'facture/FA1911-0053','FA1911-0053.pdf','facture',66,'','',NULL,NULL,1,'generated',NULL,'2019-11-14 13:21:38','2019-12-24 20:21:53',1,1,NULL),(287,'a92ee654d022c0d9e16e68437c5ffd71','8365065db19771c7efb0924bcfa20141',NULL,1,'commande/CO1911-0051','CO1911-0051.pdf','commande',58,'','',NULL,NULL,1,'generated',NULL,'2019-11-14 14:41:21','2019-11-14 16:52:13',1,1,NULL),(288,'fe5d934ee51d09f94a8fa8f25a87a72f','e5853f71c9db93b9cdaf61de8576725e',NULL,1,'expedition/sending/SH1911-0055','SH1911-0055.pdf','expedition',64,'','',NULL,NULL,1,'generated',NULL,'2019-11-14 16:56:55','2019-11-14 21:56:55',1,NULL,NULL),(289,'27aa8989c542c0683fb2450cc68f21c4','af9243bdb74681dc6655f6fd5bfcb5fd',NULL,1,'commande/CO1911-0052','CO1911-0052.pdf','commande',59,'','',NULL,NULL,1,'generated',NULL,'2019-11-16 16:40:50','2019-11-18 15:48:02',1,1,NULL),(290,'5a4bf28f3da7f86cfe0bd93d35136546','43653bb553d8e89f0c3d6995e6c7e5d4',NULL,1,'facture/FA1911-0054','FA1911-0054.pdf','facture',67,'','',NULL,NULL,1,'generated',NULL,'2019-11-17 14:44:53','2019-12-03 14:33:15',1,1,NULL),(291,'f28de6eafca84c488a25127e16c3da5e','8fe94ecba515468e4f964769d9b89f38',NULL,1,'expedition/sending/SH1911-0056','SH1911-0056.pdf','expedition',65,'','',NULL,NULL,1,'generated',NULL,'2019-11-18 11:50:34','2019-11-18 16:50:34',1,NULL,NULL),(292,'f5443e6377e046cbce66b96549203fc2','1cdc1b1e9b2c7014eb15ff7fbedb94d7',NULL,1,'commande/CO1911-0053','CO1911-0053.pdf','commande',60,'','',NULL,NULL,1,'generated',NULL,'2019-11-18 15:13:29','2019-11-18 20:34:34',1,1,NULL),(294,'10e8fd4613ce93dd78c3797614a20077','27e6d05a4ed75dae419dcdf0a91c494d',NULL,1,'expedition/sending/SH1911-0057','SH1911-0057.pdf','expedition',67,'','',NULL,NULL,1,'generated',NULL,'2019-11-18 21:32:30','2019-11-19 02:32:30',1,NULL,NULL),(295,'f2526c8bdf77a019c8cce85289a0d88a','6473d466c2ea104002deb3a5a8e09fe1',NULL,1,'facture/FA1911-0055','FA1911-0055.pdf','facture',69,'','',NULL,NULL,1,'generated',NULL,'2019-11-18 21:36:25','2020-01-07 16:46:21',1,1,NULL),(296,'64a6e6a08bd55bb82d83c7d4cc8a565e','b62e834089a40b1afd7c1da502a6dd27',NULL,1,'commande/CO1911-0054','CO1911-0054.pdf','commande',61,'','',NULL,NULL,1,'generated',NULL,'2019-11-21 20:51:01','2019-11-21 20:51:40',1,1,NULL),(297,'1e6e6dd013d5dc591b43205b204d9757','809f06e45a6ce3658d1c5e3c07dbf534',NULL,1,'expedition/sending/SH1911-0058','SH1911-0058.pdf','expedition',68,'','',NULL,NULL,1,'generated',NULL,'2019-11-21 20:52:54','2019-11-21 20:53:30',1,1,NULL),(298,'e968ac5c308f1168a8f200f512c29b25','c96ff86cf482dd81569f8abb0e0f2732',NULL,1,'facture/FA1911-0056','FA1911-0056.pdf','facture',70,'','',NULL,NULL,1,'generated',NULL,'2019-11-21 20:57:47','2020-03-18 19:31:56',1,1,NULL),(299,'42cc860b885d2bd0af0b60d25d0cfb34','e464c3421c5efba14626c35ba3362c11',NULL,1,'propale/PR1911-0023','PR1911-0023.pdf','propal',29,'','',NULL,NULL,1,'generated',NULL,'2019-11-22 20:49:47','2019-11-23 15:17:35',1,1,NULL),(300,'a948dbc1754ac871db5c1429fa789c2e','3ce6c18c59ed093c733602c8e6fa7cc8',NULL,1,'commande/CO1911-0055','CO1911-0055.pdf','commande',62,'','',NULL,NULL,1,'generated',NULL,'2019-11-23 15:18:36','2019-11-23 20:18:36',1,NULL,NULL),(301,'55f4115435cffb3338f8b58f54db4ca5','cd5f21ac185e8a1fef14d7deeb37ae03',NULL,1,'expedition/sending/SH1911-0059','SH1911-0059.pdf','expedition',69,'','',NULL,NULL,1,'generated',NULL,'2019-11-23 15:19:16','2019-11-23 20:19:16',1,NULL,NULL),(302,'1610f129bdbbc63652d90f5ce64724f3','c0f838bac214f39ceef861e09992d255',NULL,1,'facture/FA1911-0057','FA1911-0057.pdf','facture',71,'','',NULL,NULL,1,'generated',NULL,'2019-11-23 15:21:44','2019-12-03 14:29:46',1,1,NULL),(304,'89834b836e6718bdefd462816e8cdc2c','66da3011a958b5c359eb530f1c80fb64',NULL,1,'commande/CO1912-0056','CO1912-0056.pdf','commande',63,'','',NULL,NULL,1,'generated',NULL,'2019-12-06 12:55:45','2019-12-06 12:56:19',1,1,NULL),(305,'01269437602543a7c11d599d57a4bf46','d821799f7be3d3a1975d871fe3462d70',NULL,1,'expedition/sending/SH1912-0060','SH1912-0060.pdf','expedition',70,'','',NULL,NULL,1,'generated',NULL,'2019-12-06 12:57:09','2019-12-06 17:57:09',1,NULL,NULL),(306,'19aa32d06f90dcd9a9a84268785f4b0e','eb6fff70baeb20ba4b51900f490b7e60',NULL,1,'facture/FA1912-0058','FA1912-0058.pdf','facture',72,'','',NULL,NULL,1,'generated',NULL,'2019-12-06 13:02:04','2019-12-23 17:01:16',1,1,NULL),(307,'0f704764c11b585f6f1d0f1df21a6337','af152fee56750e904bdec3238e25e113',NULL,1,'commande/CO1912-0057','CO1912-0057.pdf','commande',64,'','',NULL,NULL,1,'generated',NULL,'2019-12-17 21:14:01','2019-12-17 21:16:14',1,1,NULL),(308,'6a9f9b1515e3f0c299f1dcb694e64f6c','049c1499af931d2722e0833ef2f612d6',NULL,1,'expedition/sending/SH1912-0061','SH1912-0061.pdf','expedition',71,'','',NULL,NULL,1,'generated',NULL,'2019-12-17 21:17:42','2019-12-18 02:17:42',1,NULL,NULL),(309,'65f2ac303aeda99bcd4d1e7929f92d51','a3d82cc14e0479b4d9da890c1a9edda5',NULL,1,'facture/FA1908-0036','FA1908-0036.pdf','facture',46,'','',NULL,NULL,1,'generated',NULL,'2019-12-24 12:08:23','2020-02-23 20:31:55',1,1,NULL),(311,'55036aec9a0cdc8b9971f92321d7e7e0','87fb076dbf311b283d956e9a4f613b65',NULL,1,'commande/CO1912-0058','CO1912-0058.pdf','commande',65,'','',NULL,NULL,1,'generated',NULL,'2019-12-26 12:23:35','2019-12-26 12:35:49',1,1,NULL),(312,'a8c889fc793c46b02fbdd4e700dfe79f','b42f4e101fa584a4477c0ddb0b6dbe92',NULL,1,'expedition/sending/SH1912-0062','SH1912-0062.pdf','expedition',72,'','',NULL,NULL,1,'generated',NULL,'2019-12-26 12:36:43','2019-12-26 12:36:53',1,1,NULL),(313,'0161e3130d39cea75de832739b3f0e46','7f41e93c2a5110e4dc0eb9901746f10d',NULL,1,'facture/FA1912-0059','FA1912-0059.pdf','facture',75,'','',NULL,NULL,1,'generated',NULL,'2019-12-26 12:38:27','2019-12-27 12:27:31',1,1,NULL),(314,'09afdc23677fb69fdf9ad06f2290d397','1f7348fee4944747d47dbcca4fc63b48',NULL,1,'commande/CO1912-0059','CO1912-0059.pdf','commande',66,'','',NULL,NULL,1,'generated',NULL,'2019-12-27 16:29:01','2019-12-27 18:33:32',1,1,NULL),(315,'010ec502fd5fa30664f65430621ad89d','6ba7df44a5b17e63862dff050dd6919c',NULL,1,'commande/CO2001-0060','CO2001-0060.pdf','commande',67,'','',NULL,NULL,1,'generated',NULL,'2020-01-09 12:40:00','2020-01-09 17:34:49',1,1,NULL),(316,'b1b3221ac9546c718cdb3f8b7ff239a5','74754865cd30300638fc2bf985b75866',NULL,1,'expedition/sending/SH2001-0063','SH2001-0063.pdf','expedition',73,'','',NULL,NULL,1,'generated',NULL,'2020-01-09 18:07:23','2020-01-09 23:07:23',1,NULL,NULL),(317,'da9b425e01dbf2c8e15c249e6cae6679','b0e32bba33169f0b38ee1fa082fcbfdb',NULL,1,'facture/FA2001-0060','FA2001-0060.pdf','facture',76,'','',NULL,NULL,1,'generated',NULL,'2020-01-09 18:09:14','2020-01-30 21:26:40',1,1,NULL),(319,'02515c9bbaa748e2b3a4a3fde9a09cca','a02f25745deb5dadc62f60e72837130d',NULL,1,'facture/FA2001-0061','FA2001-0061.pdf','facture',77,'','',NULL,NULL,1,'generated',NULL,'2020-01-10 16:09:36','2020-01-13 13:50:29',1,1,NULL),(322,'47f5b31d74879d4c5b12d16ebbd42c37','49ab0ade0ef92a89baf2e37a3349c3f3',NULL,1,'commande/CO2001-0061','CO2001-0061.pdf','commande',68,'','',NULL,NULL,1,'generated',NULL,'2020-01-16 19:36:13','2020-01-16 19:41:50',1,1,NULL),(323,'5c321884653b7f9a4d0f428096612581','29d75669ff5be7a73c44ac94956943c6',NULL,1,'expedition/sending/SH2001-0064','SH2001-0064.pdf','expedition',74,'','',NULL,NULL,1,'generated',NULL,'2020-01-16 19:42:19','2020-01-17 00:42:19',1,NULL,NULL),(324,'0d30f2773eedf4e68ad508c66e987f34','c1980db96467c979493bda4996817bd6',NULL,1,'facture/FA2001-0062','FA2001-0062.pdf','facture',78,'','',NULL,NULL,1,'generated',NULL,'2020-01-16 19:45:56','2020-01-30 21:28:13',1,1,NULL),(325,'0ecdd420ce1d88eedfe905fb1a30065e','c6298d830b359277a8815974823dd58e',NULL,1,'commande/CO2001-0062','CO2001-0062.pdf','commande',69,'','',NULL,NULL,1,'generated',NULL,'2020-01-17 12:36:27','2020-01-17 12:36:43',1,1,NULL),(326,'19cdd2445e825848d334e03f45d872cf','3bbde6283ac91ab71520a1563a75d164',NULL,1,'expedition/sending/SH2001-0065','SH2001-0065.pdf','expedition',75,'','',NULL,NULL,1,'generated',NULL,'2020-01-17 12:37:25','2020-01-17 17:37:25',1,NULL,NULL),(327,'10d5a2c90e1ea4bf5c2da68b5fed9c6e','ce521f9393f857a1329824e7a17dcc6b',NULL,1,'facture/FA2001-0063','FA2001-0063.pdf','facture',79,'','',NULL,NULL,1,'generated',NULL,'2020-01-17 12:38:58','2020-01-30 21:28:13',1,1,NULL),(328,'9edd56d6ebfcca885ce4592efdfcd581','6c2cb8f31a565b5e88d75d3fa27bc3f5',NULL,1,'users/1','Timm_DHL_pimp.jpg',NULL,NULL,'/home/hogerz5/germanydata/users/1/Timm_DHL_pimp.jpg','',NULL,NULL,1,'unknown',NULL,'2020-01-19 15:16:38','2020-01-19 20:16:38',1,NULL,NULL),(329,'729fcfc7c539537ac5fd0d1952f03b3f','ab4ac42cf97be0fdd286c87051d83a04',NULL,1,'commande/CO2001-0063','CO2001-0063.pdf','commande',70,'','',NULL,NULL,1,'generated',NULL,'2020-01-24 14:59:58','2020-06-29 19:13:37',1,1,NULL),(330,'2e25550191b6919243c622c0229c677a','174907e96bea0a8ad79ea452194299ce',NULL,1,'expedition/sending/SH2001-0066','SH2001-0066.pdf','expedition',76,'','',NULL,NULL,1,'generated',NULL,'2020-01-24 15:05:46','2020-01-24 20:05:46',1,NULL,NULL),(332,'40b374f382d51c97b106d91c8b37d4a5','5018bbb31b916e6288a99bf14e5864e2',NULL,1,'commande/CO2002-0064','CO2002-0064.pdf','commande',71,'','',NULL,NULL,1,'generated',NULL,'2020-02-06 14:11:48','2020-02-06 14:12:24',1,1,NULL),(333,'4c313c8e812d120a9dd6ef76fedf63e5','6af7f894a4f849a62e80748a22a70f36',NULL,1,'expedition/sending/SH2002-0067','SH2002-0067.pdf','expedition',77,'','',NULL,NULL,1,'generated',NULL,'2020-02-06 14:12:52','2020-02-06 19:12:52',1,NULL,NULL),(334,'2d9a33ac1276567c807ddabb9b32b365','c840545eb98265729b67ccc239745b61',NULL,1,'facture/FA2002-0064','FA2002-0064.pdf','facture',80,'','',NULL,NULL,1,'generated',NULL,'2020-02-06 14:19:37','2020-03-25 16:22:01',1,1,NULL),(336,'45be10c740b076cc301a1c0d7a64c457','f865eb6185cd02ecabf236f5fe7e3bd9',NULL,1,'commande/CO2002-0065','CO2002-0065.pdf','commande',73,'','',NULL,NULL,1,'generated',NULL,'2020-02-09 15:00:28','2020-02-11 00:07:31',1,1,NULL),(337,'b5d9041ec72610ca8ceef02edae0e61a','586d4f500c8157c29c5e5bd6f846137d',NULL,1,'expedition/sending/SH2002-0068','SH2002-0068.pdf','expedition',78,'','',NULL,NULL,1,'generated',NULL,'2020-02-09 15:02:45','2020-02-09 20:02:45',1,NULL,NULL),(338,'f72bb2213bf0e7f56fd682a390ff9528','cbd74307ac406704144e1aae7b7e696f',NULL,1,'commande/CO2002-0066','CO2002-0066.pdf','commande',74,'','',NULL,NULL,1,'generated',NULL,'2020-02-11 13:37:19','2020-02-11 13:41:35',1,1,NULL),(339,'d462a476ace5112b9c5bcaac1f1e3277','60fa983fb93d26f901abf45288821a1a',NULL,1,'expedition/sending/SH2002-0069','SH2002-0069.pdf','expedition',79,'','',NULL,NULL,1,'generated',NULL,'2020-02-11 13:43:21','2020-02-11 18:43:21',1,NULL,NULL),(340,'43c8d7dc9efbcd4f4dcbb695759efcda','c34db09c5d81dcb64543297bff1afca2',NULL,1,'expedition/sending/SH2002-0070','SH2002-0070.pdf','expedition',37,'','',NULL,NULL,1,'generated',NULL,'2020-02-14 13:20:44','2020-02-14 18:20:44',1,NULL,NULL),(341,'9902c021d3caa7f84d274254c29c84f4','f7864f60e0371ae90b4636ad86c41bca',NULL,1,'propale/PR2002-0024','PR2002-0024.pdf','propal',34,'','',NULL,NULL,1,'generated',NULL,'2020-02-16 16:39:20','2020-04-06 12:56:20',1,1,NULL),(342,'8ab0e86fbe8661060f74152a9eaf0aad','43e2af9aef055aa6e64caab9fa76d198',NULL,1,'commande/(PROV75)','(PROV75).pdf','commande',75,'','',NULL,NULL,1,'generated',NULL,'2020-02-21 22:35:43','2020-02-21 22:36:00',1,1,NULL),(343,'adacf2cfb445e92c3855e464aec6e200','ba7c985a5bacb26404647a238d103e9b',NULL,1,'commande/CO2002-0067','CO2002-0067.pdf','commande',75,'','',NULL,NULL,1,'generated',NULL,'2020-02-21 22:36:52','2020-02-21 22:37:04',1,1,NULL),(344,'975184a2494dfd6857460c48cf4edeec','768ae84c8aa71857bc7737ad67671639',NULL,1,'expedition/sending/SH2002-0071','SH2002-0071.pdf','expedition',80,'','',NULL,NULL,1,'generated',NULL,'2020-02-21 22:47:00','2020-02-22 03:47:00',1,NULL,NULL),(345,'ca0876dc96611d5f3727a48187b62d06','fcc64ed13dc7052cf888b4e853bbfaee',NULL,1,'facture/(PROV73)','(PROV73).pdf','facture',73,'','',NULL,NULL,1,'generated',NULL,'2020-02-23 19:37:46','2020-02-23 20:20:38',1,1,NULL),(346,'a7645db845dbc0f0e9e682be4c389b4a','80f88c43d2a06dbe05217aecf930b3e1',NULL,1,'facture/FA2001-0065','FA2001-0065.pdf','facture',73,'','',NULL,NULL,1,'generated',NULL,'2020-02-23 20:21:04','2020-02-23 21:51:17',1,1,NULL),(348,'d823e1bf6bac75f78b9f8c5d70ceccee','b16a0d85a3f16b329cee59063e1cb471',NULL,1,'facture/(PROV82)','(PROV82).pdf','facture',82,'','',NULL,NULL,1,'generated',NULL,'2020-02-23 20:52:55','2020-02-23 21:38:40',1,1,NULL),(349,'b12f1cf8dc9592c5cb5f9025f6ad362a','ff91cd0548e5f9c3c9612249af3ca6be',NULL,1,'facture/FA2002-0066','FA2002-0066.pdf','facture',82,'','',NULL,NULL,1,'generated',NULL,'2020-02-23 21:39:46','2020-03-28 16:22:44',1,1,NULL),(350,'22a01f5596ea3a81ff76a27b2af14c26','bcfd6cfa8ff8a0886f5cb165a44b7c50',NULL,1,'propale/PR2002-0025','PR2002-0025.pdf','propal',35,'','',NULL,NULL,1,'generated',NULL,'2020-02-27 23:17:23','2020-03-11 14:43:30',1,1,NULL),(351,'a9e72054cb4db00fc952baa06344934c','fc3437d375dc0e3414eb4eb20e826325',NULL,1,'commande/CO2002-0068','CO2002-0068.pdf','commande',76,'','',NULL,NULL,1,'generated',NULL,'2020-02-28 12:13:30','2020-02-28 17:13:30',1,NULL,NULL),(352,'bf8d2a41e365e3551727fa6e4ce6816a','e408e527e99e4710f7c58a86a2e48241',NULL,1,'expedition/sending/SH2002-0072','SH2002-0072.pdf','expedition',81,'','',NULL,NULL,1,'generated',NULL,'2020-02-28 12:14:04','2020-02-28 17:14:04',1,NULL,NULL),(353,'f8aa2164faaf05eee97788deade28776','eae4f61c0052655d30852c21e0c2956f',NULL,1,'facture/FA2002-0067','FA2002-0067.pdf','facture',83,'','',NULL,NULL,1,'generated',NULL,'2020-02-28 12:15:55','2020-03-11 14:45:44',1,1,NULL),(354,'be8e4782e360487b016dde6c6460003f','c91d881f00d422d5ac3e0e5b55862d0b',NULL,1,'commande/(PROV77)','(PROV77).pdf','commande',77,'','',NULL,NULL,1,'generated',NULL,'2020-03-01 22:50:59','2020-03-01 22:55:03',1,1,NULL),(355,'8521d0e1fa03ab293a977aa4601ffd30','3a68e901742b39f3bf70822f88d3de65',NULL,1,'commande/CO2003-0069','CO2003-0069.pdf','commande',77,'','',NULL,NULL,1,'generated',NULL,'2020-03-01 22:55:17','2020-03-02 03:55:17',1,NULL,NULL),(356,'7cd1d375f58b134dbc460606607a2184','7725f4c7a6a8e4cff6311c10ad4ea6f3',NULL,1,'expedition/sending/SH2003-0073','SH2003-0073.pdf','expedition',82,'','',NULL,NULL,1,'generated',NULL,'2020-03-01 22:55:49','2020-03-01 22:56:03',1,1,NULL),(357,'36f4e350b5b372b57daccb4f11a7467c','cf1080aa0767f820a7d97c0d72352728',NULL,1,'propale/PR2003-0026','PR2003-0026.pdf','propal',36,'','',NULL,NULL,1,'generated',NULL,'2020-03-01 23:01:08','2020-04-06 12:55:24',1,1,NULL),(358,'593bee33b698bbf773091aa121d20c30','052b26e4912e6b400db03ef6390e6aa8',NULL,1,'commande/(PROV78)','(PROV78).pdf','commande',78,'','',NULL,NULL,1,'generated',NULL,'2020-03-04 01:33:19','2020-03-04 01:33:56',1,1,NULL),(360,'5050397109c474138f660b7ed0ffb18a','b6621c02ec0ce8aca1829c8e4c8db924',NULL,1,'propale/PR2003-0027','PR2003-0027.pdf','propal',37,'','',NULL,NULL,1,'generated',NULL,'2020-03-04 01:36:01','2020-03-04 13:15:47',1,1,NULL),(361,'b8bba33f0f2c2731b2ecac5ff9243243','fdb436115365e961ab916adb04031739',NULL,1,'commande/CO2003-0070','CO2003-0070.pdf','commande',79,'','',NULL,NULL,1,'generated',NULL,'2020-03-04 13:16:39','2020-03-04 18:16:39',1,NULL,NULL),(362,'ef4f8e0a407a1fb2fe1be25fd57836c3','d6cc12b61663d93b2a189a89a4631ac4',NULL,1,'facture/FA2003-0068','FA2003-0068.pdf','facture',84,'','',NULL,NULL,1,'generated',NULL,'2020-03-04 13:26:27','2020-04-07 12:37:38',1,1,NULL),(363,'6dcd61e046c0840a1b48912a5100465d','82751e26a04770e2d3f73a3a4fd77adb',NULL,1,'commande/(PROV80)','(PROV80).pdf','commande',80,'','',NULL,NULL,1,'generated',NULL,'2020-03-05 00:04:02','2020-03-05 00:04:27',1,1,NULL),(364,'cb118cc3518778b1c458150dd23f2801','1be9b9843951cd7a11802227a4f58cda',NULL,1,'commande/CO2003-0071','CO2003-0071.pdf','commande',80,'','',NULL,NULL,1,'generated',NULL,'2020-03-05 00:04:45','2020-03-05 05:04:45',1,NULL,NULL),(365,'1a2fb611e7ed0700813347b9471d6716','76739b3dc94348905cdbcdc7d9a9f302',NULL,1,'expedition/sending/SH2003-0074','SH2003-0074.pdf','expedition',83,'','',NULL,NULL,1,'generated',NULL,'2020-03-05 00:05:55','2020-03-05 05:05:55',1,NULL,NULL),(368,'5c092879f5fcf24ccfe6378c1919def9','1f505a0f92625078a6838a284bb83b11',NULL,1,'commande/(PROV81)','(PROV81).pdf','commande',81,'','',NULL,NULL,1,'generated',NULL,'2020-03-10 11:40:09','2020-03-10 11:41:34',1,1,NULL),(369,'e0be098039dcc8b4d6193ddcb76a152c','f04b99fb6e9b760f376082ff3c5e212c',NULL,1,'commande/CO2003-0072','CO2003-0072.pdf','commande',81,'','',NULL,NULL,1,'generated',NULL,'2020-03-10 11:41:49','2020-03-10 15:41:49',1,NULL,NULL),(370,'2099c6f74907dd1b1bbec9de4910fa38','4bc0c538016cd2c96fde79de5c8d6810',NULL,1,'expedition/sending/SH2003-0075','SH2003-0075.pdf','expedition',84,'','',NULL,NULL,1,'generated',NULL,'2020-03-10 11:49:45','2020-03-10 15:49:45',1,NULL,NULL),(371,'a77deca5d2c596b243b705ce253f3e3a','b9912a26ad6176a1197c5c62fa91b8c9',NULL,1,'facture/(PROV85)','(PROV85).pdf','facture',85,'','',NULL,NULL,1,'generated',NULL,'2020-03-10 11:52:49','2020-03-10 11:53:11',1,1,NULL),(372,'2836fa6c176eada5c00880c6d102d5e9','676a462c74013907c5f44290043e1502',NULL,1,'facture/FA2003-0069','FA2003-0069.pdf','facture',85,'','',NULL,NULL,1,'generated',NULL,'2020-03-10 11:53:26','2020-03-23 19:58:15',1,1,NULL),(374,'a9063dc0d22280991239f6bfecdf119e','5992a745ec19c32d47843f7f4f33f35d',NULL,1,'propale/PR2003-0028','PR2003-0028.pdf','propal',41,'','',NULL,NULL,1,'generated',NULL,'2020-03-12 13:54:59','2020-04-06 12:54:53',1,1,NULL),(377,'b0b506cb56d041c1e0d833e63c75e9be','0c5e6900ea3c5cd6847622369a7cd36b',NULL,1,'facture/(PROV87)','(PROV87).pdf','facture',87,'','',NULL,NULL,1,'generated',NULL,'2020-03-16 17:06:33','2020-03-16 17:18:33',1,1,NULL),(378,'95c03f66f2ff235279850b8f2dcc9d4d','d0510d3bdca89d0bfa9088e5304810e3',NULL,1,'commande/(PROV82)','(PROV82).pdf','commande',82,'','',NULL,NULL,1,'generated',NULL,'2020-03-23 14:22:04','2020-03-23 14:24:47',1,1,NULL),(379,'0df18030d909a385e47f8e3a46441c15','dd1abe7d12fbe1c0eca1a2f286f171d8',NULL,1,'commande/CO2003-0073','CO2003-0073.pdf','commande',82,'','',NULL,NULL,1,'generated',NULL,'2020-03-23 14:25:08','2020-03-23 18:25:08',1,NULL,NULL),(380,'7bc0d1000ccd127f6427b75472eaf870','d6c25f272ed724c9aa0f089d4b82b08b',NULL,1,'expedition/sending/SH2003-0076','SH2003-0076.pdf','expedition',86,'','',NULL,NULL,1,'generated',NULL,'2020-03-23 15:31:41','2020-03-23 19:31:41',1,NULL,NULL),(381,'f6c541c5509e3638013fddcf463e743a','d661ea93ce9dc96cd0c8322df98a2eda',NULL,1,'facture/FA2003-0070','FA2003-0070.pdf','facture',88,'','',NULL,NULL,1,'generated',NULL,'2020-03-23 15:35:39','2020-04-07 12:40:29',1,1,NULL),(382,'ca3702e05716219491fb3f38effb4af4','83fd660fa0436dea7046ef90e2392c60',NULL,1,'facture/(PROV89)','(PROV89).pdf','facture',89,'','',NULL,NULL,1,'generated',NULL,'2020-03-23 20:43:52','2020-03-24 02:43:31',1,1,NULL),(384,'db233459a824a521de5edc0e8acb0e04','5e9c3aa524b2224795346e7495d72b91',NULL,1,'facture/(PROV90)','(PROV90).pdf','facture',90,'','',NULL,NULL,1,'generated',NULL,'2020-03-24 02:48:36','2020-03-24 02:50:25',1,1,NULL),(385,'9753e20006b31033f3b4f73db92e81f0','afe9b5cdc119bc87ccbe70d15796f03f',NULL,1,'facture/FA2003-0071','FA2003-0071.pdf','facture',90,'','',NULL,NULL,1,'generated',NULL,'2020-03-24 02:52:57','2020-10-06 13:13:46',1,1,NULL),(386,'c985377eb88d8bb74871ee2b8ad4b71c','c3e4e41c7828930a5cf690b4f84e52cb',NULL,1,'propale/PR2003-0029','PR2003-0029.pdf','propal',43,'','',NULL,NULL,1,'generated',NULL,'2020-03-25 13:37:00','2020-03-26 13:36:44',1,1,NULL),(387,'5045d6951fc8d0b427d98c5826a23db8','cff3849cfb87d24f3483750cd25dab7b',NULL,1,'propale/PR2003-0030','PR2003-0030.pdf','propal',44,'','',NULL,NULL,1,'generated',NULL,'2020-03-25 23:24:08','2020-04-06 12:52:06',1,1,NULL),(388,'64cae10217fd1605df3c9d192b7586cc','e83e4db723a72eecd8b17ecc3b1550db',NULL,1,'commande/CO2003-0074','CO2003-0074.pdf','commande',83,'','',NULL,NULL,1,'generated',NULL,'2020-03-26 13:38:16','2020-03-26 17:38:16',1,NULL,NULL),(389,'d152f633cc72cd7e1ccc57ff707d1cef','6e1262010c30f8f35ea2371ae7e1cd2f',NULL,1,'expedition/sending/SH2003-0077','SH2003-0077.pdf','expedition',87,'','',NULL,NULL,1,'generated',NULL,'2020-03-26 13:39:17','2020-03-26 17:39:17',1,NULL,NULL),(390,'ce13bb33e68526525e129a512d905cd4','1af78f055eb82a227bb160a3bd6fca5d',NULL,1,'facture/FA2003-0072','FA2003-0072.pdf','facture',91,'','',NULL,NULL,1,'generated',NULL,'2020-03-26 13:44:57','2020-04-09 19:41:40',1,1,NULL),(391,'7150519a6e67ef91f84acdd24b64376c','7f7e6eaaa84721835c871a3f0a5e3739',NULL,1,'facture/(PROV92)','(PROV92).pdf','facture',92,'','',NULL,NULL,1,'generated',NULL,'2020-03-28 15:35:43','2020-03-28 15:46:56',1,1,NULL),(392,'5036997485457e22098059c617abb91e','9549a8575ea5bf36b86800443a54f459',NULL,1,'facture/FA2003-0073','FA2003-0073.pdf','facture',92,'','',NULL,NULL,1,'generated',NULL,'2020-03-28 15:47:14','2020-03-28 16:31:26',1,1,NULL),(393,'4311b903c5499340a7eb6999d045c80e','ab216ebff155b42846b489335c593528',NULL,1,'facture/(PROV93)','(PROV93).pdf','facture',93,'','',NULL,NULL,1,'generated',NULL,'2020-03-28 15:49:40','2020-03-28 15:53:24',1,1,NULL),(394,'8fd1c0d21008f8db7abe0584db35a489','864f63b1b58677956320715be58bb8a6',NULL,1,'facture/FA2004-0074','FA2004-0074.pdf','facture',93,'','',NULL,NULL,1,'generated',NULL,'2020-03-28 15:54:49','2020-03-28 16:32:39',1,1,NULL),(395,'de0939cf8877c669c42fff5d51cb00bf','f021b74397fa63a2ff41064ca9058d6a',NULL,1,'facture/(PROV94)','(PROV94).pdf','facture',94,'','',NULL,NULL,1,'generated',NULL,'2020-04-01 16:22:08','2020-04-01 16:37:18',1,1,NULL),(396,'738c978be332fd098b40dba7b7a4b373','813561f3b396ec9f7863505a5f2d9886',NULL,1,'facture/AV2004-0003','AV2004-0003.pdf','facture',94,'','',NULL,NULL,1,'generated',NULL,'2020-04-01 16:37:44','2020-04-01 20:37:44',1,NULL,NULL),(397,'688e5d2a0a857b93677a1b6f373e1249','4427ce7b4a72f4f96cb60aad469c78fd',NULL,1,'facture/FA2004-0075','FA2004-0075.pdf','facture',95,'','',NULL,NULL,1,'generated',NULL,'2020-04-01 16:43:12','2020-04-01 16:43:22',1,1,NULL),(398,'df3c1a77d5b754352a79df9cd3b43e01','08ed8003ba477827f370c6389bdf2410',NULL,1,'commande/(PROV84)','(PROV84).pdf','commande',84,'','',NULL,NULL,1,'generated',NULL,'2020-04-06 12:00:38','2020-04-06 16:00:38',1,NULL,NULL),(399,'3a10ae312f9c7b30ae6e700b358a2513','a7b386945ee8188d308c02d14ea9d9f9',NULL,1,'commande/CO2004-0075','CO2004-0075.pdf','commande',84,'','',NULL,NULL,1,'generated',NULL,'2020-04-06 12:02:35','2020-04-07 12:48:50',1,1,NULL),(400,'7485ca2b25d3e257a56856557b5b62ab','d4dbd30a8120c6382502958b6c394007',NULL,1,'expedition/sending/SH2004-0078','SH2004-0078.pdf','expedition',88,'','',NULL,NULL,1,'generated',NULL,'2020-04-06 12:03:24','2020-04-06 16:03:24',1,NULL,NULL),(401,'adc96cbdaabb4afaaef7c2164549ace8','b940923f193cd8bccd71963301db9494',NULL,1,'facture/FA2004-0076','FA2004-0076.pdf','facture',96,'','',NULL,NULL,1,'generated',NULL,'2020-04-07 12:49:30','2020-04-30 22:44:27',1,1,NULL),(402,'8d072945d10e450daa56488f7cf62325','c4a32845b1d70e7497d5c6f57473cd0e',NULL,1,'facture/(PROV97)','(PROV97).pdf','facture',97,'','',NULL,NULL,1,'generated',NULL,'2020-04-07 12:56:51','2020-04-07 16:56:51',1,NULL,NULL),(403,'2ee148f61ac3ae39c593c682af8c2f3f','701b69de5864bebb923cbb30ddab793e',NULL,1,'facture/(PROV98)','(PROV98).pdf','facture',98,'','',NULL,NULL,1,'generated',NULL,'2020-04-07 12:57:48','2020-04-07 16:57:48',1,NULL,NULL),(404,'2fc834bfffce97a0af4240a6597f2333','8427ddc057fa55be7c6b1f48abe6a2e6',NULL,1,'commande/(PROV85)','(PROV85).pdf','commande',85,'','',NULL,NULL,1,'generated',NULL,'2020-04-08 16:33:56','2020-04-08 20:33:56',1,NULL,NULL),(405,'c0a5db2e21dc4843f91acb6e77a66a30','3dd8645f80c3dabcbc2a521e02bc3377',NULL,1,'commande/CO2004-0076','CO2004-0076.pdf','commande',85,'','',NULL,NULL,1,'generated',NULL,'2020-04-08 16:34:15','2020-04-08 20:34:15',1,NULL,NULL),(406,'14a13555bb08edad7f8820de8ec212e0','0c9f1bb636019abbd6199c0cf2490b8a',NULL,1,'expedition/sending/SH2004-0079','SH2004-0079.pdf','expedition',89,'','',NULL,NULL,1,'generated',NULL,'2020-04-08 16:34:58','2020-04-08 16:40:44',1,1,NULL),(407,'6ff7f96a069896c0408f028b224a2bc7','7048a6968155187b86ee7b0dab908174',NULL,1,'facture/(PROV99)','(PROV99).pdf','facture',99,'','',NULL,NULL,1,'generated',NULL,'2020-04-09 19:45:48','2020-04-09 23:45:48',1,NULL,NULL),(408,'e8b8746a86249220a20a3d1dce4e4177','216fee84bcf609a994b83ff533813f39',NULL,1,'facture/FA2004-0077','FA2004-0077.pdf','facture',99,'','',NULL,NULL,1,'generated',NULL,'2020-04-09 19:45:57','2020-04-30 22:45:18',1,1,NULL),(409,'84e08d62762711d3b8c9ef6077abac3c','21f2b6f532afb7949d5b383373ec02c9',NULL,1,'commande/(PROV86)','(PROV86).pdf','commande',86,'','',NULL,NULL,1,'generated',NULL,'2020-04-12 19:13:59','2020-04-12 19:18:18',1,1,NULL),(410,'c47b6f747022ec5fb0aeaf265dd8b297','b40d0d378cbdd6d1afce91ba1d13546f',NULL,1,'commande/CO2004-0077','CO2004-0077.pdf','commande',86,'','',NULL,NULL,1,'generated',NULL,'2020-04-12 19:19:39','2020-04-12 23:19:39',1,NULL,NULL),(411,'c92daae786462ad5024b9862784e1578','5b5960837671d9c9b62fc06537715325',NULL,1,'expedition/sending/SH2004-0080','SH2004-0080.pdf','expedition',90,'','',NULL,NULL,1,'generated',NULL,'2020-04-12 19:20:33','2020-04-12 23:20:33',1,NULL,NULL),(412,'576bc43e6426ccae5916d59eb1da3d17','164e6c342147b2dfd9500516cef3c60b',NULL,1,'facture/FA2003-0078','FA2003-0078.pdf','facture',100,'','',NULL,NULL,1,'generated',NULL,'2020-04-12 19:22:59','2020-04-12 19:23:41',1,1,NULL),(413,'209083cce36a1c1b58d94ab87c384253','7f33849eb9b395e5730dca76a61ba048',NULL,1,'commande/(PROV87)','(PROV87).pdf','commande',87,'','',NULL,NULL,1,'generated',NULL,'2020-04-16 15:46:45','2020-04-16 19:46:45',1,NULL,NULL),(414,'af62a44c465692836fe7a64c09c8e0e1','4f837d38c7fc81ea2e6384661efdedea',NULL,1,'commande/CO2004-0078','CO2004-0078.pdf','commande',87,'','',NULL,NULL,1,'generated',NULL,'2020-04-16 15:47:07','2020-04-16 19:47:07',1,NULL,NULL),(415,'cebc8df30c62f88da1a8a59b05011ed1','2513c8dc31338618b4100be9cf63623f',NULL,1,'expedition/sending/SH2004-0081','SH2004-0081.pdf','expedition',91,'','',NULL,NULL,1,'generated',NULL,'2020-04-16 15:57:16','2020-04-16 19:57:16',1,NULL,NULL),(416,'03ddbfab410b79aca2f2b975c367aca3','d376944e21d10269b952ecaffacdfc19',NULL,1,'facture/(PROV101)','(PROV101).pdf','facture',101,'','',NULL,NULL,1,'generated',NULL,'2020-04-16 15:59:05','2020-04-16 19:59:05',1,NULL,NULL),(417,'6deef27101dc130d0d3dce57f705666b','6aead829455e95868644827ff43806c7',NULL,1,'facture/FA2004-0079','FA2004-0079.pdf','facture',101,'','',NULL,NULL,1,'generated',NULL,'2020-04-16 15:59:15','2020-04-30 22:46:04',1,1,NULL),(418,'857346199d63067000f5b9715ba37e4e','62061b2c12a23f2f8d973e27a84f9497',NULL,1,'propale/PR2004-0031','PR2004-0031.pdf','propal',45,'','',NULL,NULL,1,'generated',NULL,'2020-04-19 18:30:26','2020-04-23 00:16:15',1,1,NULL),(419,'e4ba56e403eb4db7ae82cc764e18fd1c','c4939091c209ab61ea200753efa8d0a5',NULL,1,'commande/CO2004-0079','CO2004-0079.pdf','commande',88,'','',NULL,NULL,1,'generated',NULL,'2020-04-23 00:17:04','2020-04-23 04:17:04',1,NULL,NULL),(420,'6b5910ab1392575146bde1c63a7ba43f','b30fa01c1b4219e8c23fb87957887fd5',NULL,1,'expedition/sending/SH2004-0082','SH2004-0082.pdf','expedition',92,'','',NULL,NULL,1,'generated',NULL,'2020-04-23 00:18:10','2020-04-23 04:18:10',1,NULL,NULL),(421,'2d6cc372c44db825c93269bc6e4e9d7d','03bc81072dcd584d1b41b3f92424393e',NULL,1,'facture/(PROV102)','(PROV102).pdf','facture',102,'','',NULL,NULL,1,'generated',NULL,'2020-04-23 00:21:24','2020-04-23 04:21:24',1,NULL,NULL),(422,'1671b20de1259500d067d6304071f0e3','311762f082353eba218314ff9b15e8cf',NULL,1,'facture/FA2004-0080','FA2004-0080.pdf','facture',102,'','',NULL,NULL,1,'generated',NULL,'2020-04-23 00:21:56','2020-05-13 15:56:40',1,1,NULL),(423,'36b38bafc067804adc1af931d66dfc4d','a1f5b3cdf3fdd9701fd2923b19f3c8fa',NULL,1,'commande/(PROV89)','(PROV89).pdf','commande',89,'','',NULL,NULL,1,'generated',NULL,'2020-05-15 21:31:18','2020-05-15 21:32:23',1,1,NULL),(424,'09e9c8fdae198769cd1f9e4b3239412a','5442355a2ff8729fa442a0bad100764c',NULL,1,'commande/CO2005-0080','CO2005-0080.pdf','commande',89,'','',NULL,NULL,1,'generated',NULL,'2020-05-15 21:32:53','2020-05-16 01:32:53',1,NULL,NULL),(425,'ca27730e64191b1f19be924f7eafabe8','fb59fe60b55786c6b10dc826c3edef40',NULL,1,'expedition/sending/SH2005-0083','SH2005-0083.pdf','expedition',93,'','',NULL,NULL,1,'generated',NULL,'2020-05-15 21:33:42','2020-05-16 01:33:42',1,NULL,NULL),(426,'0ebdf24c6c776a88cb2e592d780a5551','caef60ff942f21813340b6b582e97219',NULL,1,'facture/FA2005-0081','FA2005-0081.pdf','facture',104,'','',NULL,NULL,1,'generated',NULL,'2020-05-15 21:36:54','2020-06-22 11:22:32',1,1,NULL),(427,'a9d35fcfa0599166a82e80367eb550ab','7572a657aab68e7317eda1a6bde365ce',NULL,1,'commande/(PROV90)','(PROV90).pdf','commande',90,'','',NULL,NULL,1,'generated',NULL,'2020-05-29 12:21:28','2020-05-29 12:22:47',1,1,NULL),(428,'ca882a56275c3f6568574321d152a2f3','fc7b654a9f4b1ce7617d31b9f8bb1ecb',NULL,1,'commande/CO2005-0081','CO2005-0081.pdf','commande',90,'','',NULL,NULL,1,'generated',NULL,'2020-05-29 12:24:16','2020-05-29 12:25:22',1,1,NULL),(430,'2c94b026f923b6d45ee44ecc731b8c68','19d6948a22e1d648136d1b115aeba5ca',NULL,1,'facture/FA2005-0082','FA2005-0082.pdf','facture',105,'','',NULL,NULL,1,'generated',NULL,'2020-05-29 12:28:55','2020-06-05 18:07:58',1,1,NULL),(431,'57aae7f4b53c8fcd601c2a304bfc2d07','b707353c352ac4ab1e1b470dee6fa06f',NULL,1,'commande/(PROV91)','(PROV91).pdf','commande',91,'','',NULL,NULL,1,'generated',NULL,'2020-05-29 13:33:23','2020-05-29 13:33:59',1,1,NULL),(432,'d0ad851b641eac22e85b6e5fcbd467b2','c0d785bba5c3694da5d9225caee6a2d4',NULL,1,'commande/CO2005-0082','CO2005-0082.pdf','commande',91,'','',NULL,NULL,1,'generated',NULL,'2020-05-29 13:34:10','2020-05-29 17:34:10',1,NULL,NULL),(433,'e3d911904de1b7f490048d9578c659ba','6a064d704caaf9b18bc4de7643383f1d',NULL,1,'expedition/sending/SH2005-0084','SH2005-0084.pdf','expedition',96,'','',NULL,NULL,1,'generated',NULL,'2020-05-29 13:36:27','2020-05-29 13:36:33',1,1,NULL),(434,'e922533cfe4189b98639cad9082e993c','b9fc98704f91b2d9c2f1c5466fa3a34b',NULL,1,'facture/FA2005-0083','FA2005-0083.pdf','facture',106,'','',NULL,NULL,1,'generated',NULL,'2020-05-29 13:39:12','2020-06-05 18:07:58',1,1,NULL),(435,'edbf14fff1615c6599484aded56e2100','77517757e59bf1925c8b74d1c48b4b33',NULL,1,'commande/(PROV92)','(PROV92).pdf','commande',92,'','',NULL,NULL,1,'generated',NULL,'2020-06-12 19:46:19','2020-06-12 19:57:41',1,1,NULL),(436,'c942d2eaa1598500dfb53c3ab8ac504e','d2666bc5e5b14cf866edd0333806a428',NULL,1,'commande/CO2006-0083','CO2006-0083.pdf','commande',92,'','',NULL,NULL,1,'generated',NULL,'2020-06-12 19:59:04','2020-06-12 20:06:17',1,1,NULL),(437,'fd8dc7485f98f6543390c0bcc60c9d56','897a450a89044af3054bef7f3f9211c8',NULL,1,'expedition/sending/SH2006-0085','SH2006-0085.pdf','expedition',97,'','',NULL,NULL,1,'generated',NULL,'2020-06-12 20:07:30','2020-06-13 00:07:30',1,NULL,NULL),(438,'d7c5cad68e4a513602d3ae595efcfbbf','5c67a82cb30512cd14d6ec89a32dd341',NULL,1,'facture/FA2006-0084','FA2006-0084.pdf','facture',107,'','',NULL,NULL,1,'generated',NULL,'2020-06-12 20:09:58','2020-10-06 13:27:43',1,1,NULL),(439,'c3b8ddf09a95479423ff2e85d7a9a82b','f9eb5adc24cfd0c268397433ab7a09ef',NULL,1,'commande/(PROV93)','(PROV93).pdf','commande',93,'','',NULL,NULL,1,'generated',NULL,'2020-06-15 12:31:16','2020-06-15 12:48:56',1,1,NULL),(440,'723348f4277058495d7d089d616d836c','040c543453a87142a7c7b944dbe6fd28',NULL,1,'commande/CO2006-0084','CO2006-0084.pdf','commande',93,'','',NULL,NULL,1,'generated',NULL,'2020-06-15 12:49:12','2020-06-15 16:49:12',1,NULL,NULL),(441,'aa5102834406a57c50132470fad37ddc','1eaef747d9c4477718859df66ff53e76',NULL,1,'expedition/sending/SH2006-0086','SH2006-0086.pdf','expedition',98,'','',NULL,NULL,1,'generated',NULL,'2020-06-15 12:52:31','2020-06-15 16:52:31',1,NULL,NULL),(442,'225d3e22b1cfac1b8cac13efcea20328','762ba9f5fca3fbaffe12c2c2a4fd55c4',NULL,1,'facture/(PROV108)','(PROV108).pdf','facture',108,'','',NULL,NULL,1,'generated',NULL,'2020-06-15 12:55:05','2020-06-15 16:55:05',1,NULL,NULL),(443,'230cecc002d7429f18d31f3943c21890','ab6d8d3e79e196b78f5d5dacb22b7a24',NULL,1,'facture/FA2006-0085','FA2006-0085.pdf','facture',108,'','',NULL,NULL,1,'generated',NULL,'2020-06-15 12:55:59','2020-06-15 16:55:59',1,NULL,NULL),(444,'0ee45a4ab0fb969a3de2665fb4ad5904','19d22c797296f5100bd87f26100cf3a6',NULL,1,'commande/(PROV94)','(PROV94).pdf','commande',94,'','',NULL,NULL,1,'generated',NULL,'2020-06-15 22:28:36','2020-06-15 22:30:01',1,1,NULL),(445,'303e835b943b5d298b28ec4e91dedede','1cd52066747ddc27468db54e859f2b53',NULL,1,'commande/CO2006-0085','CO2006-0085.pdf','commande',94,'','',NULL,NULL,1,'generated',NULL,'2020-06-15 22:34:08','2020-06-16 02:34:08',1,NULL,NULL),(446,'de3a307f4c60489b0108a881136274f3','1203f8ae2021a396e0bac3bb99b401d8',NULL,1,'expedition/sending/SH2006-0087','SH2006-0087.pdf','expedition',99,'','',NULL,NULL,1,'generated',NULL,'2020-06-15 22:35:06','2020-06-16 02:35:06',1,NULL,NULL),(447,'d491eb3f97c122d61475fc45e6ae7c96','cf3ab3927e7537cbe6f68969daab16fb',NULL,1,'commande/(PROV95)','(PROV95).pdf','commande',95,'','',NULL,NULL,1,'generated',NULL,'2020-06-17 13:05:39','2020-06-17 13:12:17',1,1,NULL),(448,'6350f9bfadfb8d343e7b354eb85a0451','d38d9df317ec67725f8b2116e5bd1785',NULL,1,'commande/CO2007-0086','CO2007-0086.pdf','commande',95,'','',NULL,NULL,1,'generated',NULL,'2020-06-17 13:13:02','2020-06-17 17:13:02',1,NULL,NULL),(449,'2c0214c2abcedfa6dd35bd4c3920f8e3','bfad006df63ad7b21c85137ae943c3be',NULL,1,'expedition/sending/SH2006-0088','SH2006-0088.pdf','expedition',100,'','',NULL,NULL,1,'generated',NULL,'2020-06-17 13:14:22','2020-06-17 17:14:22',1,NULL,NULL),(450,'12b3b19d5ffb26b2ef26b0bef8975dfe','8a8c2c65b45f03a45fe31edfb7895d66',NULL,1,'facture/FA2007-0086','FA2007-0086.pdf','facture',109,'','',NULL,NULL,1,'generated',NULL,'2020-06-17 13:21:31','2020-10-06 13:23:40',1,1,NULL),(452,'7e1f3bd15011b95439f6feccba0b154f','afaa4ab70f7432d7c581698fa3beb1ce',NULL,1,'facture/(PROV110)','(PROV110).pdf','facture',110,'','',NULL,NULL,1,'generated',NULL,'2020-06-29 19:15:21','2020-06-29 19:19:38',1,1,NULL),(453,'f2b6e44145ad4980be36702608985d5b','8646c94fe28e4a12b8915f770ee97088',NULL,1,'facture/FA2002-0087','FA2002-0087.pdf','facture',110,'','',NULL,NULL,1,'generated',NULL,'2020-06-29 19:19:53','2020-06-30 17:33:47',1,1,NULL),(454,'949af1e2e21d9f20b7b0467fca1894b8','e9b58e1c5f7175afcfb68a84a9022acc',NULL,1,'facture/(PROV111)','(PROV111).pdf','facture',111,'','',NULL,NULL,1,'generated',NULL,'2020-07-04 19:26:01','2020-07-04 19:30:50',1,1,NULL),(455,'06572f20096bee3d259b84a2e85537ec','a1b1e3a0a870ed10db95ceb662fe2967',NULL,1,'facture/FA2007-0088','FA2007-0088.pdf','facture',111,'','',NULL,NULL,1,'generated',NULL,'2020-07-04 19:31:36','2020-07-04 19:49:41',1,1,NULL),(456,'b097d176c5e81c7e98bb32cdc7dd84bf','867c23a2abe2800a340b1924780a1875',NULL,1,'commande/(PROV96)','(PROV96).pdf','commande',96,'','',NULL,NULL,1,'generated',NULL,'2020-07-16 12:47:53','2020-07-16 13:30:23',1,1,NULL),(458,'45b6a2473c7178c7cc73c6aaac592f6b','515a69fd7b76f44ce594dafcf37a97f1',NULL,1,'propale/PR2007-0032','PR2007-0032.pdf','propal',47,'','',NULL,NULL,1,'generated',NULL,'2020-07-16 13:34:15','2020-07-16 13:42:16',1,1,NULL),(459,'632881f96668941929c245fc3b49f8c8','2d46412ab11c3258687e83b4a1677f26',NULL,1,'commande/(PROV97)','(PROV97).pdf','commande',97,'','',NULL,NULL,1,'generated',NULL,'2020-07-25 16:47:14','2020-07-25 16:47:25',1,1,NULL),(460,'ee8ea8b6ddbf24d380f9d38b25d3fa7a','24940c798ce5e406072c32be9800af89',NULL,1,'commande/CO2007-0087','CO2007-0087.pdf','commande',97,'','',NULL,NULL,1,'generated',NULL,'2020-07-25 16:48:26','2020-07-25 16:49:01',1,1,NULL),(461,'e82111f5b30149328555b113ecc582f7','1b640580a434fca43be2dcf35896d6e7',NULL,1,'expedition/sending/SH2007-0089','SH2007-0089.pdf','expedition',101,'','',NULL,NULL,1,'generated',NULL,'2020-07-25 16:49:32','2020-07-25 20:49:32',1,NULL,NULL),(462,'ec5333120fa02dfccce9aa0d3d6ba3f9','c61e3d0da02f8b19e40b327a5104cb2c',NULL,1,'commande/(PROV98)','(PROV98).pdf','commande',98,'','',NULL,NULL,1,'generated',NULL,'2020-08-03 14:44:45','2020-08-03 14:44:57',1,1,NULL),(463,'1e1167a2b014bf0a3ccb7e98eebca8a2','1e27cf89b2f5eae55e1b3de82c61afe3',NULL,1,'commande/CO2008-0088','CO2008-0088.pdf','commande',98,'','',NULL,NULL,1,'generated',NULL,'2020-08-03 14:45:11','2020-08-03 18:45:11',1,NULL,NULL),(464,'f2acfc0caf19fcc61da0079507ba7fe0','f8ed8229834c8a8b2d92b187fb175552',NULL,1,'expedition/sending/SH2008-0090','SH2008-0090.pdf','expedition',102,'','',NULL,NULL,1,'generated',NULL,'2020-08-03 14:46:46','2020-08-03 18:46:46',1,NULL,NULL),(465,'bf16a3261793ccf81fb12895e7742fb4','03b517fe5fab4825f121667b7e3cc6c7',NULL,1,'commande/(PROV99)','(PROV99).pdf','commande',99,'','',NULL,NULL,1,'generated',NULL,'2020-08-05 16:03:00','2020-08-05 20:03:00',1,NULL,NULL),(466,'a0ab36e04d1c751bbd3f4d83a311c10a','6107b171d71b00d313b31b3d2180fe97',NULL,1,'commande/CO2008-0089','CO2008-0089.pdf','commande',99,'','',NULL,NULL,1,'generated',NULL,'2020-08-05 16:03:24','2020-08-05 20:03:24',1,NULL,NULL),(467,'f189474b9b613a50c4f902e8bad49d99','d597b418b5ec7b2719892f12c11aeaf8',NULL,1,'expedition/sending/SH2008-0091','SH2008-0091.pdf','expedition',103,'','',NULL,NULL,1,'generated',NULL,'2020-08-05 18:02:24','2020-08-05 22:02:24',1,NULL,NULL),(468,'4663b6171cc54b070b3262f7b853332e','1f296c6ee774ae0e01fc278f14a3f937',NULL,1,'facture/(PROV112)','(PROV112).pdf','facture',112,'','',NULL,NULL,1,'generated',NULL,'2020-08-05 18:04:32','2020-08-05 18:05:45',1,1,NULL),(469,'71264070d626c22272ed8f8f09a88162','fe43bc14dcb5dddff78930b7b3686dc0',NULL,1,'facture/FA2008-0089','FA2008-0089.pdf','facture',112,'','',NULL,NULL,1,'generated',NULL,'2020-08-06 12:36:14','2020-10-06 13:17:55',1,1,NULL),(470,'688e92ce6c134313111c54e30343c788','923c5792978012a563762fa552e014ff',NULL,1,'commande/(PROV100)','(PROV100).pdf','commande',100,'','',NULL,NULL,1,'generated',NULL,'2020-08-07 03:07:46','2020-08-07 03:08:11',1,1,NULL),(471,'6abdbda15969bf416c065b8ba9982c7a','77d60910cb59836c7138e17f1b972048',NULL,1,'commande/CO2008-0090','CO2008-0090.pdf','commande',100,'','',NULL,NULL,1,'generated',NULL,'2020-08-12 16:35:13','2020-08-12 16:35:56',1,1,NULL),(472,'9e431e1bb86c328eec8271d382cce7e7','1ed3ea0f632b1ef4db0036959ab2ce42',NULL,1,'expedition/sending/SH2008-0092','SH2008-0092.pdf','expedition',104,'','',NULL,NULL,1,'generated',NULL,'2020-08-12 16:36:23','2020-08-12 16:42:56',1,1,NULL),(473,'be94e06d7696a42c08820e4480c0fe41','b4b73e0315e6dde3963c2e9f5c0cafbf',NULL,1,'facture/FA2008-0090','FA2008-0090.pdf','facture',113,'','',NULL,NULL,1,'generated',NULL,'2020-08-12 16:44:38','2020-08-12 20:44:38',1,NULL,NULL),(474,'a4fad912fe03d2ee26b11078a5cc1a28','afd83f76df9e3b87ce1e1ea752ea48d4',NULL,1,'commande/(PROV101)','(PROV101).pdf','commande',101,'','',NULL,NULL,1,'generated',NULL,'2020-08-13 13:41:58','2020-08-13 13:43:09',1,1,NULL),(475,'b691a3152b24aa0837814805f150c3d1','0202584e54fb0d3a394f79812c8b5b1d',NULL,1,'commande/CO2008-0091','CO2008-0091.pdf','commande',101,'','',NULL,NULL,1,'generated',NULL,'2020-08-13 13:43:27','2020-08-13 17:43:27',1,NULL,NULL),(476,'e14855864f829a7865c413e12cf63bea','543cfc9a5c58f3fd7e21b8f8e929427f',NULL,1,'expedition/sending/SH2008-0093','SH2008-0093.pdf','expedition',105,'','',NULL,NULL,1,'generated',NULL,'2020-08-13 13:44:25','2020-08-13 17:44:25',1,NULL,NULL),(477,'e8b6b9b7e21c0a3a7f7ae53d4cb2191f','9be42aafd3e2584374a44bcdec31665e',NULL,1,'facture/FA2008-0091','FA2008-0091.pdf','facture',115,'','',NULL,NULL,1,'generated',NULL,'2020-08-13 13:47:48','2020-08-13 17:47:48',1,NULL,NULL),(478,'9f8946785df163ef41ffd37000f7b884','1c9bf9b19449da6702b4eed81584f41e',NULL,1,'commande/(PROV102)','(PROV102).pdf','commande',102,'','',NULL,NULL,1,'generated',NULL,'2020-08-29 19:23:06','2020-08-30 21:21:04',1,1,NULL),(479,'e101346683446287f1049c15b9442bde','b1a1bb6ba3ffee986e059cc923ac0bee',NULL,1,'commande/CO2008-0092','CO2008-0092.pdf','commande',102,'','',NULL,NULL,1,'generated',NULL,'2020-09-01 00:19:55','2020-09-01 04:19:55',1,NULL,NULL),(480,'ae3f1cf65d62b363c94955dc2f4cbda1','a82a027533d996301d93b2a4b8c08968',NULL,1,'expedition/sending/SH2009-0094','SH2009-0094.pdf','expedition',106,'','',NULL,NULL,1,'generated',NULL,'2020-09-01 00:21:02','2020-09-01 04:21:02',1,NULL,NULL),(481,'329b71a23c8a911e02fbc870ff98bba7','4b3d098a3f628fab724f2bff25179c14',NULL,1,'commande/(PROV103)','(PROV103).pdf','commande',103,'','',NULL,NULL,1,'generated',NULL,'2020-09-03 13:39:48','2020-09-03 13:42:31',1,1,NULL),(482,'27a91afce2853308d2b90a76e21a8550','8c8d417a21d614d31164eb139f8fec41',NULL,1,'commande/CO2009-0093','CO2009-0093.pdf','commande',103,'','',NULL,NULL,1,'generated',NULL,'2020-09-03 13:53:22','2020-09-03 17:53:22',1,NULL,NULL),(483,'87d574dcc48d61dff1a4139e427c98e6','7c2d816078222ea38d02ac4e1f57c1bb',NULL,1,'expedition/sending/SH2009-0095','SH2009-0095.pdf','expedition',107,'','',NULL,NULL,1,'generated',NULL,'2020-09-03 13:53:54','2020-09-03 17:53:54',1,NULL,NULL),(484,'99b69a03fc95fe6d613f5d70262674a5','6f5ea3c636bed94ed380a9cf94baebd5',NULL,1,'facture/FA2009-0092','FA2009-0092.pdf','facture',116,'','',NULL,NULL,1,'generated',NULL,'2020-09-03 14:02:33','2020-10-06 13:15:18',1,1,NULL),(485,'bf4d01fb1844f7b33bcf4dbbb07f982c','65eaba42ea02ddfdae08ebc59186fa8d',NULL,1,'propale/PR2009-0033','PR2009-0033.pdf','propal',48,'','',NULL,NULL,1,'generated',NULL,'2020-09-19 15:56:55','2020-09-19 16:34:46',1,1,NULL),(486,'742847bd5bdacc1a0d3d439969e269de','2e1c0714436b7e86309ced894d85c673',NULL,1,'commande/(PROV104)','(PROV104).pdf','commande',104,'','',NULL,NULL,1,'generated',NULL,'2020-09-21 15:45:58','2020-09-21 15:46:12',1,1,NULL),(487,'f3ee7e2f3012088e0d70e93d9b7c90d3','2d93cb750c21dbf66c2d92b6430c95f8',NULL,1,'commande/CO2009-0094','CO2009-0094.pdf','commande',104,'','',NULL,NULL,1,'generated',NULL,'2020-09-21 15:47:29','2020-09-21 16:12:35',1,1,NULL),(488,'8754cb5a8e22b3e41fe0698b6824b518','70c78b0034350973edba1e883c47665e',NULL,1,'expedition/sending/SH2009-0096','SH2009-0096.pdf','expedition',108,'','',NULL,NULL,1,'generated',NULL,'2020-09-21 16:13:30','2020-09-21 20:13:30',1,NULL,NULL),(489,'d6d782c4a6fc26950ff9c8fe7a903996','370e18feca916805f2f9152341e6c302',NULL,1,'facture/FA2009-0093','FA2009-0093.pdf','facture',117,'','',NULL,NULL,1,'generated',NULL,'2020-09-21 16:15:31','2020-10-06 13:15:18',1,1,NULL),(490,'f441b351a034b5cafd065d18e33eade3','55c66ccbe2b7d50e31ddfec7d255de4f',NULL,1,'commande/(PROV105)','(PROV105).pdf','commande',105,'','',NULL,NULL,1,'generated',NULL,'2020-10-06 11:00:37','2020-10-06 11:01:32',1,1,NULL),(491,'d07ebd11c4c5028f30dab99771c3c439','9722017653429bb1dfa0aa109844b965',NULL,1,'commande/CO2010-0095','CO2010-0095.pdf','commande',105,'','',NULL,NULL,1,'generated',NULL,'2020-10-06 11:01:43','2020-10-06 15:01:43',1,NULL,NULL),(492,'63a32f8f3fc1182bb654c137cb097b26','c30e2b870b85fe95281f7a6b641477a8',NULL,1,'expedition/sending/SH2010-0097','SH2010-0097.pdf','expedition',109,'','',NULL,NULL,1,'generated',NULL,'2020-10-06 11:08:58','2020-10-06 15:08:58',1,NULL,NULL),(493,'8bf3c66663b0df88028ed0ab3d061203','ca6099ca539acd54b4f851e38c0dfd45',NULL,1,'facture/FA2010-0094','FA2010-0094.pdf','facture',118,'','',NULL,NULL,1,'generated',NULL,'2020-10-06 11:12:09','2020-10-06 15:12:09',1,NULL,NULL),(494,'42a37778a2bfdaab96396c5e5612bd0a','6b241c19bb39df5dec4c2af8a51f5a63',NULL,1,'commande/(PROV106)','(PROV106).pdf','commande',106,'','',NULL,NULL,1,'generated',NULL,'2020-10-06 11:16:44','2020-10-06 11:17:27',1,1,NULL),(495,'4c3789d85d90b1ddd86769a608a755a2','0e65e7da37a528424f50409324ae36bb',NULL,1,'commande/CO2010-0096','CO2010-0096.pdf','commande',106,'','',NULL,NULL,1,'generated',NULL,'2020-10-06 11:17:47','2020-10-06 15:17:47',1,NULL,NULL),(496,'a65156404d61c424e984829609c40812','aad8c4c2ba1c2b445a097dc52b5cd2ff',NULL,1,'expedition/sending/SH2010-0098','SH2010-0098.pdf','expedition',110,'','',NULL,NULL,1,'generated',NULL,'2020-10-06 11:33:09','2020-10-06 15:33:09',1,NULL,NULL),(497,'3136bc194b6fc907def0cb8b3c735bf2','f388faca5f7ac81fe65f6eb20abb24b4',NULL,1,'commande/CO2010-0097','CO2010-0097.pdf','commande',107,'','',NULL,NULL,1,'generated',NULL,'2020-10-12 13:44:29','2020-10-12 13:51:22',1,1,NULL),(498,'51766d95b68dc102d019d3965134178c','8c78ed5105e2dd6e0fbc4846632b2a95',NULL,1,'expedition/sending/SH2010-0099','SH2010-0099.pdf','expedition',111,'','',NULL,NULL,1,'generated',NULL,'2020-10-12 14:12:21','2020-10-12 18:12:21',1,NULL,NULL),(499,'9f76964173e57e49ef78f9a3beb81f8c','31b35ad3e703c0dfb40eff2609784c27',NULL,1,'facture/FA2010-0095','FA2010-0095.pdf','facture',120,'','',NULL,NULL,1,'generated',NULL,'2020-10-12 14:15:50','2020-10-12 18:15:50',1,NULL,NULL),(500,'3dbb8f5838c980e66d702c3bda2ae905','f9fe176e3d1f21caffb2f3b4fd8e1d7d',NULL,1,'commande/CO2010-0098','CO2010-0098.pdf','commande',108,'','',NULL,NULL,1,'generated',NULL,'2020-10-18 19:51:23','2020-10-18 19:54:38',1,1,NULL),(501,'2a255b67c1b039c25036276791a89565','fa4b23bf623910591f355094bd1f6f02',NULL,1,'expedition/sending/SH2010-0100','SH2010-0100.pdf','expedition',112,'','',NULL,NULL,1,'generated',NULL,'2020-10-18 20:43:55','2020-10-19 00:43:55',1,NULL,NULL),(502,'4f6b60ad22ecee30cf85de3f5369b4b9','94a9dd0cd3e56ea85a25027f30227c52',NULL,1,'facture/FA2010-0096','FA2010-0096.pdf','facture',121,'','',NULL,NULL,1,'generated',NULL,'2020-10-18 20:45:13','2020-10-19 00:45:13',1,NULL,NULL);

--
-- Table structure for table `llxml_element_contact`
--

CREATE TABLE `llxml_element_contact` (
  `rowid` int(11) NOT NULL AUTO_INCREMENT,
  `datecreate` datetime DEFAULT NULL,
  `statut` smallint(6) DEFAULT 5,
  `element_id` int(11) NOT NULL,
  `fk_c_type_contact` int(11) NOT NULL,
  `fk_socpeople` int(11) NOT NULL,
  PRIMARY KEY (`rowid`),
  UNIQUE KEY `idx_element_contact_idx1` (`element_id`,`fk_c_type_contact`,`fk_socpeople`),
  KEY `fk_element_contact_fk_c_type_contact` (`fk_c_type_contact`),
  KEY `idx_element_contact_fk_socpeople` (`fk_socpeople`),
  CONSTRAINT `fk_element_contact_fk_c_type_contact` FOREIGN KEY (`fk_c_type_contact`) REFERENCES `llxml_c_type_contact` (`rowid`)
) ENGINE=InnoDB AUTO_INCREMENT=35 DEFAULT CHARSET=utf8;

--
-- Dumping data for table `llxml_element_contact`
--

INSERT INTO `llxml_element_contact` VALUES (6,'2018-09-12 16:00:00',4,3,60,1),(7,'2018-09-18 18:52:22',4,4,41,16),(8,'2018-10-13 21:17:18',4,5,101,5),(9,'2018-11-08 00:18:10',4,8,101,111),(10,'2018-11-13 10:04:53',4,10,102,109),(11,'2019-04-11 11:24:31',4,20,101,125),(12,'2019-04-26 17:20:58',4,23,101,130),(13,'2019-05-02 20:38:04',4,26,102,132),(14,'2019-07-21 15:20:33',4,6,160,1),(15,'2019-07-21 15:39:05',4,7,160,1),(16,'2019-07-21 15:39:28',4,8,160,1),(17,'2019-07-21 15:39:47',4,9,160,1),(18,'2019-07-21 15:42:56',4,10,160,1),(20,'2019-08-08 00:02:35',4,12,160,1),(23,'2019-10-21 14:08:54',4,14,160,1),(24,'2019-10-29 19:28:31',4,54,101,133),(25,'2019-11-14 13:14:39',4,57,102,234),(26,'2019-11-14 13:21:16',4,66,61,234),(27,'2019-11-14 15:10:45',4,15,160,1),(28,'2020-01-24 14:59:34',4,16,160,1),(29,'2020-02-11 13:35:00',4,17,160,1),(30,'2020-03-04 01:32:01',4,18,160,1),(31,'2020-03-04 13:16:18',4,79,101,284),(32,'2020-03-26 13:37:43',4,83,101,292),(33,'2020-07-16 12:46:08',4,19,160,1),(34,'2020-09-19 16:00:28',4,20,160,1);

--
-- Table structure for table `llxml_element_element`
--

CREATE TABLE `llxml_element_element` (
  `rowid` int(11) NOT NULL AUTO_INCREMENT,
  `fk_source` int(11) NOT NULL,
  `sourcetype` varchar(32) NOT NULL,
  `fk_target` int(11) NOT NULL,
  `targettype` varchar(32) NOT NULL,
  PRIMARY KEY (`rowid`),
  UNIQUE KEY `idx_element_element_idx1` (`fk_source`,`sourcetype`,`fk_target`,`targettype`),
  KEY `idx_element_element_fk_target` (`fk_target`)
) ENGINE=InnoDB AUTO_INCREMENT=255 DEFAULT CHARSET=utf8;

--
-- Dumping data for table `llxml_element_element`
--

INSERT INTO `llxml_element_element` VALUES (2,1,'commande',2,'shipping'),(3,1,'commande',3,'facture'),(1,2,'commande',1,'shipping'),(4,3,'commande',3,'shipping'),(5,3,'commande',4,'facture'),(9,5,'commande',4,'shipping'),(11,6,'commande',5,'shipping'),(12,6,'commande',11,'facture'),(13,7,'commande',12,'facture'),(15,10,'commande',7,'shipping'),(17,10,'commande',9,'shipping'),(18,10,'commande',10,'shipping'),(19,11,'commande',11,'shipping'),(21,11,'commande',16,'facture'),(8,11,'propal',5,'commande'),(10,11,'propal',9,'facture'),(20,12,'commande',12,'shipping'),(23,12,'commande',17,'facture'),(22,14,'commande',13,'shipping'),(24,14,'commande',18,'facture'),(66,14,'propal',30,'commande'),(25,15,'commande',14,'shipping'),(26,15,'commande',15,'shipping'),(28,15,'commande',19,'facture'),(71,15,'propal',32,'commande'),(27,15,'shipping',19,'facture'),(29,16,'commande',16,'shipping'),(32,16,'commande',21,'facture'),(38,16,'commande',26,'facture'),(33,17,'commande',17,'shipping'),(36,17,'commande',23,'facture'),(42,18,'commande',18,'shipping'),(45,18,'commande',31,'facture'),(46,19,'commande',19,'shipping'),(48,19,'commande',32,'facture'),(49,19,'commande',33,'facture'),(47,19,'shipping',32,'facture'),(50,20,'commande',20,'shipping'),(51,21,'commande',21,'shipping'),(52,22,'commande',22,'shipping'),(53,22,'commande',23,'shipping'),(54,24,'commande',24,'shipping'),(56,24,'commande',34,'facture'),(55,24,'shipping',34,'facture'),(58,26,'commande',26,'shipping'),(59,26,'commande',27,'shipping'),(60,27,'commande',28,'shipping'),(116,27,'propal',54,'commande'),(61,28,'commande',29,'shipping'),(62,29,'commande',30,'shipping'),(65,29,'commande',36,'facture'),(140,29,'propal',62,'commande'),(67,30,'commande',31,'shipping'),(69,30,'commande',37,'facture'),(70,31,'commande',32,'shipping'),(68,31,'shipping',37,'facture'),(72,32,'commande',33,'shipping'),(73,32,'commande',34,'shipping'),(79,32,'commande',41,'facture'),(76,34,'commande',37,'shipping'),(78,34,'commande',38,'facture'),(77,34,'commande',38,'shipping'),(80,35,'commande',39,'shipping'),(82,35,'commande',42,'facture'),(167,35,'propal',76,'commande'),(83,36,'commande',40,'shipping'),(84,36,'commande',41,'shipping'),(85,36,'commande',44,'facture'),(190,36,'commande',97,'facture'),(191,36,'commande',98,'facture'),(86,37,'commande',42,'shipping'),(88,37,'commande',45,'facture'),(172,37,'propal',79,'commande'),(89,38,'commande',43,'shipping'),(90,38,'commande',44,'shipping'),(91,38,'commande',49,'facture'),(96,39,'commande',46,'shipping'),(95,39,'commande',53,'facture'),(81,39,'shipping',42,'facture'),(92,40,'commande',45,'shipping'),(94,40,'commande',51,'facture'),(98,41,'commande',48,'shipping'),(99,42,'commande',49,'shipping'),(87,42,'shipping',45,'facture'),(100,43,'commande',50,'shipping'),(183,43,'propal',83,'commande'),(101,44,'commande',51,'shipping'),(106,44,'commande',59,'facture'),(102,45,'commande',52,'shipping'),(104,45,'commande',58,'facture'),(118,45,'commande',62,'facture'),(200,45,'propal',88,'commande'),(93,45,'shipping',51,'facture'),(107,46,'commande',53,'shipping'),(108,47,'commande',54,'shipping'),(105,51,'shipping',59,'facture'),(111,52,'commande',57,'shipping'),(113,52,'commande',60,'facture'),(103,52,'shipping',58,'facture'),(119,52,'shipping',62,'facture'),(114,53,'commande',58,'shipping'),(115,53,'commande',61,'facture'),(117,54,'commande',59,'shipping'),(123,54,'commande',65,'facture'),(179,54,'commande',87,'facture'),(187,54,'commande',94,'facture'),(121,55,'commande',63,'facture'),(122,56,'commande',64,'facture'),(125,57,'commande',62,'shipping'),(127,57,'commande',66,'facture'),(112,57,'shipping',60,'facture'),(129,58,'commande',64,'shipping'),(130,59,'commande',65,'shipping'),(134,60,'commande',67,'shipping'),(136,60,'commande',69,'facture'),(137,61,'commande',68,'shipping'),(139,61,'commande',70,'facture'),(141,62,'commande',69,'shipping'),(143,62,'commande',71,'facture'),(126,62,'shipping',66,'facture'),(144,63,'commande',70,'shipping'),(146,63,'commande',72,'facture'),(147,64,'commande',71,'shipping'),(148,65,'commande',72,'shipping'),(150,65,'commande',75,'facture'),(151,67,'commande',73,'shipping'),(153,67,'commande',76,'facture'),(135,67,'shipping',69,'facture'),(154,68,'commande',74,'shipping'),(156,68,'commande',78,'facture'),(138,68,'shipping',70,'facture'),(157,69,'commande',75,'shipping'),(159,69,'commande',79,'facture'),(142,69,'shipping',71,'facture'),(160,70,'commande',76,'shipping'),(225,70,'commande',110,'facture'),(145,70,'shipping',72,'facture'),(161,71,'commande',77,'shipping'),(163,71,'commande',80,'facture'),(149,72,'shipping',75,'facture'),(164,73,'commande',78,'shipping'),(152,73,'shipping',76,'facture'),(165,74,'commande',79,'shipping'),(155,74,'shipping',78,'facture'),(166,75,'commande',80,'shipping'),(158,75,'shipping',79,'facture'),(168,76,'commande',81,'shipping'),(170,76,'commande',83,'facture'),(171,77,'commande',82,'shipping'),(162,77,'shipping',80,'facture'),(173,79,'commande',84,'facture'),(174,80,'commande',83,'shipping'),(175,81,'commande',84,'shipping'),(178,81,'commande',85,'facture'),(169,81,'shipping',83,'facture'),(180,82,'commande',86,'shipping'),(182,82,'commande',88,'facture'),(184,83,'commande',87,'shipping'),(186,83,'commande',91,'facture'),(188,84,'commande',88,'shipping'),(189,84,'commande',96,'facture'),(177,84,'shipping',85,'facture'),(192,85,'commande',89,'shipping'),(193,85,'commande',99,'facture'),(194,86,'commande',90,'shipping'),(196,86,'commande',100,'facture'),(181,86,'shipping',88,'facture'),(197,87,'commande',91,'shipping'),(199,87,'commande',101,'facture'),(185,87,'shipping',91,'facture'),(201,88,'commande',92,'shipping'),(203,88,'commande',102,'facture'),(204,89,'commande',93,'shipping'),(207,89,'commande',104,'facture'),(210,90,'commande',105,'facture'),(195,90,'shipping',100,'facture'),(212,91,'commande',96,'shipping'),(214,91,'commande',106,'facture'),(198,91,'shipping',101,'facture'),(215,92,'commande',97,'shipping'),(217,92,'commande',107,'facture'),(202,92,'shipping',102,'facture'),(218,93,'commande',98,'shipping'),(220,93,'commande',108,'facture'),(221,94,'commande',99,'shipping'),(222,95,'commande',100,'shipping'),(224,95,'commande',109,'facture'),(213,96,'shipping',106,'facture'),(226,97,'commande',101,'shipping'),(216,97,'shipping',107,'facture'),(227,98,'commande',102,'shipping'),(219,98,'shipping',108,'facture'),(228,99,'commande',103,'shipping'),(230,99,'commande',112,'facture'),(231,100,'commande',104,'shipping'),(233,100,'commande',113,'facture'),(223,100,'shipping',109,'facture'),(234,101,'commande',105,'shipping'),(237,101,'commande',115,'facture'),(238,102,'commande',106,'shipping'),(239,103,'commande',107,'shipping'),(241,103,'commande',116,'facture'),(229,103,'shipping',112,'facture'),(242,104,'commande',108,'shipping'),(243,104,'commande',117,'facture'),(232,104,'shipping',113,'facture'),(244,105,'commande',109,'shipping'),(246,105,'commande',118,'facture'),(247,106,'commande',110,'shipping'),(248,107,'commande',111,'shipping'),(251,107,'commande',120,'facture'),(240,107,'shipping',116,'facture'),(252,108,'commande',112,'shipping'),(254,108,'commande',121,'facture'),(245,109,'shipping',118,'facture'),(253,112,'shipping',121,'facture');

--
-- Table structure for table `llxml_element_resources`
--

CREATE TABLE `llxml_element_resources` (
  `rowid` int(11) NOT NULL AUTO_INCREMENT,
  `element_id` int(11) DEFAULT NULL,
  `element_type` varchar(64) DEFAULT NULL,
  `resource_id` int(11) DEFAULT NULL,
  `resource_type` varchar(64) DEFAULT NULL,
  `busy` int(11) DEFAULT NULL,
  `mandatory` int(11) DEFAULT NULL,
  `duree` double DEFAULT NULL,
  `fk_user_create` int(11) DEFAULT NULL,
  `tms` timestamp NOT NULL DEFAULT current_timestamp() ON UPDATE current_timestamp(),
  PRIMARY KEY (`rowid`),
  UNIQUE KEY `idx_element_resources_idx1` (`resource_id`,`resource_type`,`element_id`,`element_type`),
  KEY `idx_element_element_element_id` (`element_id`)
) ENGINE=InnoDB DEFAULT CHARSET=utf8;

--
-- Dumping data for table `llxml_element_resources`
--


--
-- Table structure for table `llxml_emailcollector_emailcollector`
--

CREATE TABLE `llxml_emailcollector_emailcollector` (
  `rowid` int(11) NOT NULL AUTO_INCREMENT,
  `entity` int(11) NOT NULL DEFAULT 1,
  `ref` varchar(128) NOT NULL,
  `label` varchar(255) DEFAULT NULL,
  `description` text DEFAULT NULL,
  `host` varchar(255) DEFAULT NULL,
  `login` varchar(128) DEFAULT NULL,
  `password` varchar(128) DEFAULT NULL,
  `source_directory` varchar(255) NOT NULL,
  `target_directory` varchar(255) DEFAULT NULL,
  `datelastresult` datetime DEFAULT NULL,
  `codelastresult` varchar(16) DEFAULT NULL,
  `lastresult` varchar(255) DEFAULT NULL,
  `note_public` text DEFAULT NULL,
  `note_private` text DEFAULT NULL,
  `date_creation` datetime NOT NULL,
  `tms` timestamp NOT NULL DEFAULT current_timestamp() ON UPDATE current_timestamp(),
  `fk_user_creat` int(11) NOT NULL,
  `fk_user_modif` int(11) DEFAULT NULL,
  `import_key` varchar(14) DEFAULT NULL,
  `status` int(11) NOT NULL,
  `datelastok` datetime DEFAULT NULL,
  `maxemailpercollect` int(11) DEFAULT 100,
  PRIMARY KEY (`rowid`),
  UNIQUE KEY `uk_emailcollector_emailcollector_ref` (`ref`,`entity`),
  KEY `idx_emailcollector_entity` (`entity`),
  KEY `idx_emailcollector_status` (`status`)
) ENGINE=InnoDB AUTO_INCREMENT=2 DEFAULT CHARSET=latin1;

--
-- Dumping data for table `llxml_emailcollector_emailcollector`
--

INSERT INTO `llxml_emailcollector_emailcollector` VALUES (1,1,'mail@astridsolveig.com','mail@astridsolveig.com',NULL,'mail.astridsolveig.com','mail@astridsolveig.com','naarden45','Inbox','','2019-08-25 02:02:32','OK','50 emails qualified, 50 emails successfully processed (for 0 record/actions done)',NULL,NULL,'2019-08-25 02:01:26','2019-08-25 02:01:26',1,1,NULL,1,'2019-08-25 02:02:32',50);

--
-- Table structure for table `llxml_emailcollector_emailcollectoraction`
--

CREATE TABLE `llxml_emailcollector_emailcollectoraction` (
  `rowid` int(11) NOT NULL AUTO_INCREMENT,
  `fk_emailcollector` int(11) NOT NULL,
  `type` varchar(128) NOT NULL,
  `actionparam` varchar(255) DEFAULT NULL,
  `date_creation` datetime NOT NULL,
  `tms` timestamp NOT NULL DEFAULT current_timestamp() ON UPDATE current_timestamp(),
  `fk_user_creat` int(11) NOT NULL,
  `fk_user_modif` int(11) DEFAULT NULL,
  `position` int(11) DEFAULT 0,
  `import_key` varchar(14) DEFAULT NULL,
  `status` int(11) NOT NULL,
  PRIMARY KEY (`rowid`),
  UNIQUE KEY `uk_emailcollector_emailcollectoraction` (`fk_emailcollector`,`type`),
  KEY `idx_emailcollector_fk_emailcollector` (`fk_emailcollector`),
  CONSTRAINT `fk_emailcollectoraction_fk_emailcollector` FOREIGN KEY (`fk_emailcollector`) REFERENCES `llxml_emailcollector_emailcollector` (`rowid`)
) ENGINE=InnoDB DEFAULT CHARSET=latin1;

--
-- Dumping data for table `llxml_emailcollector_emailcollectoraction`
--


--
-- Table structure for table `llxml_emailcollector_emailcollectorfilter`
--

CREATE TABLE `llxml_emailcollector_emailcollectorfilter` (
  `rowid` int(11) NOT NULL AUTO_INCREMENT,
  `fk_emailcollector` int(11) NOT NULL,
  `type` varchar(128) NOT NULL,
  `rulevalue` varchar(255) DEFAULT NULL,
  `date_creation` datetime NOT NULL,
  `tms` timestamp NOT NULL DEFAULT current_timestamp() ON UPDATE current_timestamp(),
  `fk_user_creat` int(11) NOT NULL,
  `fk_user_modif` int(11) DEFAULT NULL,
  `import_key` varchar(14) DEFAULT NULL,
  `status` int(11) NOT NULL,
  PRIMARY KEY (`rowid`),
  UNIQUE KEY `uk_emailcollector_emailcollectorfilter` (`fk_emailcollector`,`type`,`rulevalue`),
  KEY `idx_emailcollector_fk_emailcollector` (`fk_emailcollector`),
  CONSTRAINT `fk_emailcollectorfilter_fk_emailcollector` FOREIGN KEY (`fk_emailcollector`) REFERENCES `llxml_emailcollector_emailcollector` (`rowid`)
) ENGINE=InnoDB DEFAULT CHARSET=latin1;

--
-- Dumping data for table `llxml_emailcollector_emailcollectorfilter`
--


--
-- Table structure for table `llxml_entrepot`
--

CREATE TABLE `llxml_entrepot` (
  `rowid` int(11) NOT NULL AUTO_INCREMENT,
  `ref` varchar(255) NOT NULL,
  `datec` datetime DEFAULT NULL,
  `tms` timestamp NOT NULL DEFAULT current_timestamp() ON UPDATE current_timestamp(),
  `entity` int(11) NOT NULL DEFAULT 1,
  `description` text DEFAULT NULL,
  `lieu` varchar(64) DEFAULT NULL,
  `address` varchar(255) DEFAULT NULL,
  `zip` varchar(10) DEFAULT NULL,
  `town` varchar(50) DEFAULT NULL,
  `fk_departement` int(11) DEFAULT NULL,
  `fk_pays` int(11) DEFAULT 0,
  `statut` tinyint(4) DEFAULT 1,
  `fk_user_author` int(11) DEFAULT NULL,
  `model_pdf` varchar(255) DEFAULT NULL,
  `import_key` varchar(14) DEFAULT NULL,
  `fk_parent` int(11) DEFAULT 0,
  PRIMARY KEY (`rowid`),
  UNIQUE KEY `uk_entrepot_label` (`ref`,`entity`)
) ENGINE=InnoDB AUTO_INCREMENT=14 DEFAULT CHARSET=utf8;

--
-- Dumping data for table `llxml_entrepot`
--

INSERT INTO `llxml_entrepot` VALUES (1,'','2018-08-31 20:53:35','2019-10-31 10:49:46',1,'<p>&nbsp;</p>\r\n\r\n<p>&nbsp;</p>\r\n\r\n<p>&nbsp;</p>\r\n<br />\r\n&nbsp;','','','','',NULL,0,0,1,NULL,NULL,NULL),(4,'IWS','2018-09-07 18:56:42','2020-07-04 19:03:21',1,'','IWS','','','Hamburg',NULL,5,0,1,NULL,NULL,NULL),(9,'SSG','2019-08-03 19:07:39','2019-10-31 12:46:45',1,'<strong>Fellerstrasse 12</strong>','SSG - Essen','','42555','Velbert',NULL,5,1,1,NULL,NULL,NULL),(10,'LCB Ltd','2019-10-31 10:50:46','2020-07-04 16:42:48',1,'','London City Bond','Units 1 and 1A Towngate Link\r\nCross Green Way','LS9 0SE','Leeds',NULL,7,0,1,NULL,NULL,NULL),(11,'AWC - France','2019-11-17 14:58:03','2020-07-04 16:55:15',1,'','Amsterdam Warehouse Company - France','Slego 1a','1046 BM','Amsterdam',NULL,17,1,1,NULL,NULL,13),(12,'MECO.N','2019-11-18 11:47:51','2019-11-18 11:47:51',1,'','MECO.N','Grete-Schickedanz-Str. 9','55545','Bad Kreuznach',NULL,5,1,1,NULL,NULL,NULL),(13,'AWC - Bonded','2020-07-04 16:37:13','2020-07-04 16:55:41',1,'','Amsterdam Warehouse Company - Bonded','Slego 1a','1046 BM','Amsterdam',NULL,17,1,1,NULL,NULL,NULL);

--
-- Table structure for table `llxml_entrepot_extrafields`
--

CREATE TABLE `llxml_entrepot_extrafields` (
  `rowid` int(11) NOT NULL AUTO_INCREMENT,
  `tms` timestamp NOT NULL DEFAULT current_timestamp() ON UPDATE current_timestamp(),
  `fk_object` int(11) NOT NULL,
  `import_key` varchar(14) DEFAULT NULL,
  PRIMARY KEY (`rowid`),
  KEY `idx_entrepot_extrafields` (`fk_object`)
) ENGINE=InnoDB DEFAULT CHARSET=latin1;

--
-- Dumping data for table `llxml_entrepot_extrafields`
--


--
-- Table structure for table `llxml_establishment`
--

CREATE TABLE `llxml_establishment` (
  `rowid` int(11) NOT NULL AUTO_INCREMENT,
  `entity` int(11) NOT NULL DEFAULT 1,
  `name` varchar(50) DEFAULT NULL,
  `address` varchar(255) DEFAULT NULL,
  `zip` varchar(25) DEFAULT NULL,
  `town` varchar(50) DEFAULT NULL,
  `fk_state` int(11) DEFAULT 0,
  `fk_country` int(11) DEFAULT 0,
  `profid1` varchar(20) DEFAULT NULL,
  `profid2` varchar(20) DEFAULT NULL,
  `profid3` varchar(20) DEFAULT NULL,
  `phone` varchar(20) DEFAULT NULL,
  `fk_user_author` int(11) NOT NULL,
  `fk_user_mod` int(11) DEFAULT NULL,
  `datec` datetime NOT NULL,
  `tms` timestamp NOT NULL DEFAULT current_timestamp() ON UPDATE current_timestamp(),
  `status` tinyint(4) DEFAULT 1,
  PRIMARY KEY (`rowid`)
) ENGINE=InnoDB DEFAULT CHARSET=utf8;

--
-- Dumping data for table `llxml_establishment`
--


--
-- Table structure for table `llxml_event_element`
--

CREATE TABLE `llxml_event_element` (
  `rowid` int(11) NOT NULL AUTO_INCREMENT,
  `fk_source` int(11) NOT NULL,
  `fk_target` int(11) NOT NULL,
  `targettype` varchar(32) NOT NULL,
  PRIMARY KEY (`rowid`)
) ENGINE=InnoDB DEFAULT CHARSET=utf8;

--
-- Dumping data for table `llxml_event_element`
--


--
-- Table structure for table `llxml_events`
--

CREATE TABLE `llxml_events` (
  `rowid` int(11) NOT NULL AUTO_INCREMENT,
  `tms` timestamp NOT NULL DEFAULT current_timestamp() ON UPDATE current_timestamp(),
  `type` varchar(32) NOT NULL,
  `entity` int(11) NOT NULL DEFAULT 1,
  `dateevent` datetime DEFAULT NULL,
  `fk_user` int(11) DEFAULT NULL,
  `description` varchar(250) NOT NULL,
  `ip` varchar(250) NOT NULL,
  `user_agent` varchar(255) DEFAULT NULL,
  `fk_object` int(11) DEFAULT NULL,
  `prefix_session` varchar(255) DEFAULT NULL,
  PRIMARY KEY (`rowid`),
  KEY `idx_events_dateevent` (`dateevent`)
) ENGINE=InnoDB DEFAULT CHARSET=utf8;

--
-- Dumping data for table `llxml_events`
--


--
-- Table structure for table `llxml_expedition`
--

CREATE TABLE `llxml_expedition` (
  `rowid` int(11) NOT NULL AUTO_INCREMENT,
  `tms` timestamp NOT NULL DEFAULT current_timestamp() ON UPDATE current_timestamp(),
  `ref` varchar(30) NOT NULL,
  `entity` int(11) NOT NULL DEFAULT 1,
  `fk_soc` int(11) NOT NULL,
  `fk_projet` int(11) DEFAULT NULL,
  `ref_ext` varchar(255) DEFAULT NULL,
  `ref_int` varchar(255) DEFAULT NULL,
  `ref_customer` varchar(255) DEFAULT NULL,
  `date_creation` datetime DEFAULT NULL,
  `fk_user_author` int(11) DEFAULT NULL,
  `fk_user_modif` int(11) DEFAULT NULL,
  `date_valid` datetime DEFAULT NULL,
  `fk_user_valid` int(11) DEFAULT NULL,
  `date_delivery` datetime DEFAULT NULL,
  `date_expedition` datetime DEFAULT NULL,
  `fk_address` int(11) DEFAULT NULL,
  `fk_shipping_method` int(11) DEFAULT NULL,
  `tracking_number` varchar(50) DEFAULT NULL,
  `fk_statut` smallint(6) DEFAULT 0,
  `billed` smallint(6) DEFAULT 0,
  `height` float DEFAULT NULL,
  `width` float DEFAULT NULL,
  `size_units` int(11) DEFAULT NULL,
  `size` float DEFAULT NULL,
  `weight_units` int(11) DEFAULT NULL,
  `weight` float DEFAULT NULL,
  `note_private` text DEFAULT NULL,
  `note_public` text DEFAULT NULL,
  `model_pdf` varchar(255) DEFAULT NULL,
  `last_main_doc` varchar(255) DEFAULT NULL,
  `fk_incoterms` int(11) DEFAULT NULL,
  `location_incoterms` varchar(255) DEFAULT NULL,
  `import_key` varchar(14) DEFAULT NULL,
  `extraparams` varchar(255) DEFAULT NULL,
  PRIMARY KEY (`rowid`),
  UNIQUE KEY `idx_expedition_uk_ref` (`ref`,`entity`),
  KEY `idx_expedition_fk_soc` (`fk_soc`),
  KEY `idx_expedition_fk_user_author` (`fk_user_author`),
  KEY `idx_expedition_fk_user_valid` (`fk_user_valid`),
  KEY `idx_expedition_fk_shipping_method` (`fk_shipping_method`),
  CONSTRAINT `fk_expedition_fk_shipping_method` FOREIGN KEY (`fk_shipping_method`) REFERENCES `llxml_c_shipment_mode` (`rowid`),
  CONSTRAINT `fk_expedition_fk_soc` FOREIGN KEY (`fk_soc`) REFERENCES `llxml_societe` (`rowid`),
  CONSTRAINT `fk_expedition_fk_user_author` FOREIGN KEY (`fk_user_author`) REFERENCES `llxml_user` (`rowid`),
  CONSTRAINT `fk_expedition_fk_user_valid` FOREIGN KEY (`fk_user_valid`) REFERENCES `llxml_user` (`rowid`)
) ENGINE=InnoDB AUTO_INCREMENT=113 DEFAULT CHARSET=utf8;

--
-- Dumping data for table `llxml_expedition`
--

INSERT INTO `llxml_expedition` VALUES (1,'2018-09-07 19:40:40','SH1809-0001',1,1,0,NULL,NULL,NULL,'2018-09-07 19:29:15',1,NULL,'2018-09-07 19:40:40',1,'2018-08-13 00:00:00',NULL,NULL,9,'',1,0,NULL,NULL,0,NULL,0,NULL,NULL,NULL,NULL,NULL,0,'',NULL,NULL),(2,'2018-09-07 20:34:09','SH1809-0002',1,131,0,NULL,NULL,NULL,'2018-09-07 20:33:04',1,NULL,'2018-09-07 20:33:43',1,'2018-09-12 00:00:00',NULL,NULL,9,'',1,0,NULL,NULL,0,NULL,0,NULL,NULL,NULL,'rouget',NULL,0,'',NULL,NULL),(3,'2018-09-18 14:31:44','SH1809-0003',1,401,0,NULL,NULL,NULL,'2018-09-18 14:31:29',1,NULL,'2018-09-18 14:31:44',1,'2018-09-21 00:00:00',NULL,NULL,9,'',1,0,NULL,NULL,0,NULL,0,NULL,NULL,NULL,NULL,NULL,0,'',NULL,NULL),(4,'2018-10-13 21:20:00','SH1810-0004',1,139,0,NULL,NULL,NULL,'2018-10-13 21:18:52',1,NULL,'2018-10-13 21:20:00',1,'2018-10-19 00:00:00',NULL,NULL,9,'',1,0,NULL,NULL,0,NULL,0,NULL,NULL,NULL,'rouget',NULL,0,'',NULL,NULL),(5,'2018-11-04 00:00:05','SH1811-0005',1,639,0,NULL,NULL,NULL,'2018-11-03 23:58:42',1,NULL,'2018-11-03 23:58:54',1,'2018-11-07 00:00:00',NULL,NULL,2,'',1,0,NULL,NULL,0,NULL,0,NULL,NULL,NULL,'rouget',NULL,0,'',NULL,NULL),(7,'2018-11-13 10:02:31','(PROV7)',1,677,0,NULL,NULL,NULL,'2018-11-13 10:02:31',1,NULL,NULL,NULL,'2018-11-16 00:00:00',NULL,NULL,NULL,'',0,0,NULL,NULL,0,NULL,0,NULL,NULL,NULL,NULL,NULL,0,'',NULL,NULL),(9,'2018-11-13 10:05:42','SH1811-0006',1,677,0,NULL,NULL,NULL,'2018-11-13 10:05:35',1,NULL,'2018-11-13 10:05:42',1,'2018-11-16 00:00:00',NULL,NULL,NULL,'',1,0,NULL,NULL,0,NULL,0,NULL,NULL,NULL,NULL,NULL,0,'',NULL,NULL),(10,'2018-11-13 10:11:34','SH1811-0007',1,677,0,NULL,NULL,NULL,'2018-11-13 10:11:17',1,NULL,'2018-11-13 10:11:34',1,'2018-11-16 00:00:00',NULL,NULL,NULL,'',1,0,NULL,NULL,0,NULL,0,NULL,NULL,NULL,NULL,NULL,0,'',NULL,NULL),(11,'2018-11-27 09:16:43','SH1811-0008',1,653,0,NULL,NULL,NULL,'2018-11-27 09:16:32',1,NULL,'2018-11-27 09:16:43',1,'2018-11-16 00:00:00',NULL,NULL,2,'',1,0,NULL,NULL,0,NULL,0,NULL,NULL,NULL,NULL,NULL,0,'',NULL,NULL),(12,'2018-11-27 09:44:23','SH1811-0009',1,131,0,NULL,NULL,NULL,'2018-11-27 09:43:59',1,NULL,'2018-11-27 09:44:23',1,'2018-12-03 00:00:00',NULL,NULL,2,'',1,0,NULL,NULL,0,NULL,0,NULL,NULL,NULL,NULL,NULL,0,'',NULL,NULL),(13,'2018-12-14 10:59:12','SH1812-0010',1,131,0,NULL,NULL,'14332','2018-12-14 10:58:57',1,NULL,'2018-12-14 10:59:12',1,'2018-12-18 00:00:00',NULL,NULL,2,'',1,0,NULL,NULL,0,NULL,0,NULL,NULL,NULL,NULL,NULL,0,'',NULL,NULL),(14,'2019-01-04 14:03:56','SH1901-0011',1,132,0,NULL,NULL,NULL,'2019-01-04 14:03:40',1,NULL,'2019-01-04 14:03:56',1,'2019-01-09 00:00:00',NULL,NULL,2,'',1,0,NULL,NULL,0,NULL,0,NULL,NULL,'4260109412524F<br />\r\n4260109412548F',NULL,NULL,0,'',NULL,NULL),(15,'2019-01-04 14:25:37','SH1901-0012',1,132,0,NULL,NULL,NULL,'2019-01-04 14:25:20',1,NULL,'2019-01-04 14:25:37',1,'2019-01-09 00:00:00',NULL,NULL,2,'',1,0,NULL,NULL,0,NULL,0,NULL,NULL,NULL,NULL,NULL,0,'',NULL,NULL),(16,'2019-01-07 19:51:35','SH1901-0013',1,576,0,NULL,NULL,'VO15229','2019-01-07 19:24:54',1,NULL,'2019-01-07 19:25:10',1,'2019-01-10 00:00:00',NULL,NULL,2,'',1,0,NULL,NULL,0,NULL,0,NULL,NULL,NULL,'rouget',NULL,0,'',NULL,NULL),(17,'2019-01-16 16:23:35','SH1901-0014',1,131,0,NULL,NULL,'14553','2019-01-16 16:23:20',1,NULL,'2019-01-16 16:23:35',1,'2019-01-14 00:00:00',NULL,NULL,2,'',1,0,NULL,NULL,0,NULL,0,NULL,NULL,NULL,NULL,NULL,0,'',NULL,NULL),(18,'2019-03-25 13:35:00','SH1903-0015',1,131,0,NULL,NULL,'15120','2019-03-25 13:34:46',1,NULL,'2019-03-25 13:35:00',1,'2019-03-29 00:00:00',NULL,NULL,2,'',1,0,NULL,NULL,0,NULL,0,NULL,NULL,NULL,NULL,NULL,0,'',NULL,NULL),(19,'2019-04-04 11:40:50','SH1904-0016',1,131,0,NULL,NULL,'15193','2019-04-04 11:40:41',1,NULL,'2019-04-04 11:40:50',1,'2019-04-09 00:00:00',NULL,NULL,2,'',1,0,NULL,NULL,0,NULL,0,NULL,NULL,NULL,NULL,NULL,0,'',NULL,NULL),(20,'2019-04-11 11:31:38','SH1904-0017',1,694,0,NULL,NULL,NULL,'2019-04-11 11:31:22',1,NULL,'2019-04-11 11:31:38',1,'2019-04-16 00:00:00',NULL,NULL,2,'',1,0,NULL,NULL,0,NULL,0,NULL,NULL,NULL,NULL,NULL,0,'',NULL,NULL),(21,'2019-04-11 22:30:33','SH1904-0018',1,695,0,NULL,NULL,NULL,'2019-04-11 22:30:24',1,NULL,'2019-04-11 22:30:33',1,'2019-04-09 00:00:00',NULL,NULL,2,'',1,0,NULL,NULL,0,NULL,0,NULL,NULL,NULL,NULL,NULL,0,'',NULL,NULL),(22,'2019-04-14 03:53:37','SH1904-0019',1,696,0,NULL,NULL,NULL,'2019-04-14 03:53:26',1,NULL,'2019-04-14 03:53:37',1,'2019-04-18 00:00:00',NULL,NULL,NULL,'',1,0,NULL,NULL,0,NULL,0,NULL,NULL,NULL,NULL,NULL,0,'',NULL,NULL),(23,'2019-04-14 03:57:04','SH1904-0020',1,696,0,NULL,NULL,NULL,'2019-04-14 03:56:48',1,NULL,'2019-04-14 03:57:04',1,'2019-04-18 00:00:00',NULL,NULL,2,'',1,0,NULL,NULL,0,NULL,0,NULL,NULL,NULL,NULL,NULL,0,'',NULL,NULL),(24,'2019-05-01 20:01:14','SH1905-0021',1,704,0,NULL,NULL,NULL,'2019-05-01 20:01:04',1,NULL,'2019-05-01 20:01:14',1,'2019-05-08 00:00:00',NULL,NULL,2,'',1,0,NULL,NULL,0,NULL,0,NULL,NULL,NULL,NULL,NULL,0,'',NULL,NULL),(26,'2019-05-02 20:48:48','SH1905-0022',1,135,0,NULL,NULL,NULL,'2019-05-02 20:48:35',1,NULL,'2019-05-02 20:48:48',1,'2019-05-08 00:00:00',NULL,NULL,NULL,'',1,0,NULL,NULL,0,NULL,0,NULL,NULL,NULL,NULL,NULL,0,'',NULL,NULL),(27,'2019-05-02 20:51:49','SH1905-0023',1,135,0,NULL,NULL,NULL,'2019-05-02 20:51:31',1,NULL,'2019-05-02 20:51:49',1,'2019-05-08 00:00:00',NULL,NULL,NULL,'',1,0,NULL,NULL,0,NULL,0,NULL,NULL,NULL,NULL,NULL,0,'',NULL,NULL),(28,'2019-05-11 15:35:34','SH1905-0024',1,705,0,NULL,NULL,'+420603157468','2019-05-11 15:35:18',1,NULL,'2019-05-11 15:35:34',1,'2019-05-15 00:00:00',NULL,NULL,NULL,'',1,0,NULL,NULL,0,NULL,0,NULL,NULL,'+420603157468',NULL,NULL,0,'',NULL,NULL),(29,'2019-05-24 00:23:45','SH1905-0025',1,131,0,NULL,NULL,NULL,'2019-05-24 00:23:23',1,NULL,'2019-05-24 00:23:45',1,'2019-05-30 00:00:00',NULL,NULL,2,'',1,0,NULL,NULL,0,NULL,0,NULL,NULL,NULL,NULL,NULL,0,'',NULL,NULL),(30,'2019-05-27 22:25:48','SH1905-0026',1,2,0,NULL,NULL,NULL,'2019-05-27 22:25:39',1,NULL,'2019-05-27 22:25:48',1,'2019-05-30 00:00:00',NULL,NULL,2,'',1,0,NULL,NULL,0,NULL,0,NULL,NULL,NULL,NULL,NULL,0,'',NULL,NULL),(31,'2019-06-04 19:34:07','SH1906-0027',1,131,0,NULL,NULL,NULL,'2019-06-04 19:33:49',1,NULL,'2019-06-04 19:34:07',1,'2019-06-10 00:00:00',NULL,NULL,2,'',1,0,NULL,NULL,0,NULL,0,NULL,NULL,NULL,NULL,NULL,0,'',NULL,NULL),(32,'2019-06-11 21:11:43','SH1906-0028',1,705,0,NULL,NULL,'sample','2019-06-11 21:11:36',1,NULL,'2019-06-11 21:11:43',1,'2019-06-14 00:00:00',NULL,NULL,2,'',1,0,NULL,NULL,0,NULL,0,NULL,NULL,NULL,NULL,NULL,0,'',NULL,NULL),(33,'2019-06-15 00:21:16','SH1906-0029',1,705,0,NULL,NULL,NULL,'2019-06-15 00:20:37',1,NULL,'2019-06-15 00:21:16',1,NULL,NULL,NULL,1,'',1,0,NULL,NULL,0,NULL,0,NULL,NULL,'<strong>Company name:</strong>&nbsp;&nbsp;&nbsp; &nbsp;&nbsp;&nbsp; &nbsp;&nbsp;&nbsp; &nbsp;&nbsp;&nbsp;&nbsp;Brandimex&nbsp;s.r.o.<br />\r\n<strong>Headquarters:&nbsp;&nbsp;</strong>&nbsp; &nbsp;&nbsp;&nbsp; &nbsp;&nbsp;&nbsp; &nbsp;&nbsp;&nbsp; &nbsp;&nbsp; Kar&aacute;sek 2249/1g<br />\r\n&nbsp;&nbsp;&nbsp; &nbsp;&nbsp;&nbsp; &nbsp;&nbsp;&nbsp; &nbsp;&nbsp;&nbsp; &nbsp;&nbsp;&nbsp; &nbsp;&nbsp;&nbsp; &nbsp;&nbsp;&nbsp; &nbsp;&nbsp;&nbsp; &nbsp;&nbsp;&nbsp; &nbsp;&nbsp;&nbsp; &nbsp;&nbsp;&nbsp; &nbsp;&nbsp;&nbsp; Brno&nbsp;<br />\r\n&nbsp;&nbsp;&nbsp; &nbsp;&nbsp;&nbsp; &nbsp;&nbsp;&nbsp; &nbsp;&nbsp;&nbsp; &nbsp;&nbsp;&nbsp; &nbsp;&nbsp;&nbsp; &nbsp;&nbsp;&nbsp; &nbsp;&nbsp;&nbsp; &nbsp;&nbsp;&nbsp; &nbsp;&nbsp;&nbsp; &nbsp;&nbsp;&nbsp; &nbsp;&nbsp;&nbsp; 621 00<br />\r\n<strong>Warehouse:</strong>&nbsp;&nbsp;&nbsp; &nbsp;&nbsp;&nbsp; &nbsp;&nbsp;&nbsp; &nbsp;&nbsp;&nbsp; &nbsp;&nbsp;&nbsp; &nbsp;&nbsp;&nbsp; Ti&scaron;novsk&aacute; 160<br />\r\n&nbsp;&nbsp;&nbsp; &nbsp;&nbsp;&nbsp; &nbsp;&nbsp;&nbsp; &nbsp;&nbsp;&nbsp; &nbsp;&nbsp;&nbsp; &nbsp;&nbsp;&nbsp; &nbsp;&nbsp;&nbsp; &nbsp;&nbsp;&nbsp; &nbsp;&nbsp;&nbsp; &nbsp;&nbsp;&nbsp; &nbsp;&nbsp;&nbsp; &nbsp;&nbsp;&nbsp; Hradčany u Ti&scaron;nova&nbsp;<br />\r\n&nbsp;&nbsp;&nbsp; &nbsp;&nbsp;&nbsp; &nbsp;&nbsp;&nbsp; &nbsp;&nbsp;&nbsp; &nbsp;&nbsp;&nbsp; &nbsp;&nbsp;&nbsp; &nbsp;&nbsp;&nbsp; &nbsp;&nbsp;&nbsp; &nbsp;&nbsp;&nbsp; &nbsp;&nbsp;&nbsp; &nbsp;&nbsp;&nbsp; &nbsp;&nbsp;&nbsp; 666 03<br />\r\n<strong>Compeny ID nr.:</strong>&nbsp;&nbsp;&nbsp; &nbsp;&nbsp;&nbsp; &nbsp;&nbsp;&nbsp; &nbsp;&nbsp;&nbsp; 048 51 412<br />\r\n<strong>Tax ID nr.:&nbsp;</strong>&nbsp;&nbsp; &nbsp;&nbsp;&nbsp; &nbsp;&nbsp;&nbsp; &nbsp;&nbsp;&nbsp; &nbsp;&nbsp;&nbsp; &nbsp;&nbsp;&nbsp; &nbsp;&nbsp;&nbsp; CZ04851412<br />\r\n<strong>SEED ID Company:</strong>&nbsp;&nbsp;&nbsp; &nbsp;&nbsp;&nbsp; &nbsp; CZ0010398S000<br />\r\n<strong>SEED ID warehouse:</strong>&nbsp;&nbsp;&nbsp; &nbsp;&nbsp; CZ1710398S001',NULL,NULL,0,'',NULL,NULL),(34,'2019-06-17 16:06:10','SH1906-0030',1,705,0,NULL,NULL,NULL,'2019-06-17 16:05:51',1,NULL,'2019-06-17 16:06:10',1,NULL,NULL,NULL,1,'',1,0,NULL,NULL,0,NULL,0,NULL,NULL,'<strong>Company name:</strong>&nbsp;&nbsp;&nbsp; &nbsp;&nbsp;&nbsp; &nbsp;&nbsp;&nbsp; &nbsp;&nbsp;&nbsp;&nbsp;Brandimex&nbsp;s.r.o.<br />\r\n<strong>Headquarters:&nbsp;&nbsp;</strong>&nbsp; &nbsp;&nbsp;&nbsp; &nbsp;&nbsp;&nbsp; &nbsp;&nbsp;&nbsp; &nbsp;&nbsp; Kar&aacute;sek 2249/1g<br />\r\n&nbsp;&nbsp;&nbsp; &nbsp;&nbsp;&nbsp; &nbsp;&nbsp;&nbsp; &nbsp;&nbsp;&nbsp; &nbsp;&nbsp;&nbsp; &nbsp;&nbsp;&nbsp; &nbsp;&nbsp;&nbsp; &nbsp;&nbsp;&nbsp; &nbsp;&nbsp;&nbsp; &nbsp;&nbsp;&nbsp; &nbsp;&nbsp;&nbsp; &nbsp;&nbsp;&nbsp; Brno&nbsp;<br />\r\n&nbsp;&nbsp;&nbsp; &nbsp;&nbsp;&nbsp; &nbsp;&nbsp;&nbsp; &nbsp;&nbsp;&nbsp; &nbsp;&nbsp;&nbsp; &nbsp;&nbsp;&nbsp; &nbsp;&nbsp;&nbsp; &nbsp;&nbsp;&nbsp; &nbsp;&nbsp;&nbsp; &nbsp;&nbsp;&nbsp; &nbsp;&nbsp;&nbsp; &nbsp;&nbsp;&nbsp; 621 00<br />\r\n<strong>Warehouse:</strong>&nbsp;&nbsp;&nbsp; &nbsp;&nbsp;&nbsp; &nbsp;&nbsp;&nbsp; &nbsp;&nbsp;&nbsp; &nbsp;&nbsp;&nbsp; &nbsp;&nbsp;&nbsp; Ti&scaron;novsk&aacute; 160<br />\r\n&nbsp;&nbsp;&nbsp; &nbsp;&nbsp;&nbsp; &nbsp;&nbsp;&nbsp; &nbsp;&nbsp;&nbsp; &nbsp;&nbsp;&nbsp; &nbsp;&nbsp;&nbsp; &nbsp;&nbsp;&nbsp; &nbsp;&nbsp;&nbsp; &nbsp;&nbsp;&nbsp; &nbsp;&nbsp;&nbsp; &nbsp;&nbsp;&nbsp; &nbsp;&nbsp;&nbsp; Hradčany u Ti&scaron;nova&nbsp;<br />\r\n&nbsp;&nbsp;&nbsp; &nbsp;&nbsp;&nbsp; &nbsp;&nbsp;&nbsp; &nbsp;&nbsp;&nbsp; &nbsp;&nbsp;&nbsp; &nbsp;&nbsp;&nbsp; &nbsp;&nbsp;&nbsp; &nbsp;&nbsp;&nbsp; &nbsp;&nbsp;&nbsp; &nbsp;&nbsp;&nbsp; &nbsp;&nbsp;&nbsp; &nbsp;&nbsp;&nbsp; 666 03<br />\r\n<strong>Compeny ID nr.:</strong>&nbsp;&nbsp;&nbsp; &nbsp;&nbsp;&nbsp; &nbsp;&nbsp;&nbsp; &nbsp;&nbsp;&nbsp; 048 51 412<br />\r\n<strong>Tax ID nr.:&nbsp;</strong>&nbsp;&nbsp; &nbsp;&nbsp;&nbsp; &nbsp;&nbsp;&nbsp; &nbsp;&nbsp;&nbsp; &nbsp;&nbsp;&nbsp; &nbsp;&nbsp;&nbsp; &nbsp;&nbsp;&nbsp; CZ04851412<br />\r\n<strong>SEED ID Company:</strong>&nbsp;&nbsp;&nbsp; &nbsp;&nbsp;&nbsp; &nbsp; CZ0010398S000<br />\r\n<strong>SEED ID warehouse:</strong>&nbsp;&nbsp;&nbsp; &nbsp;&nbsp; CZ1710398S001','rouget',NULL,0,'',NULL,NULL),(37,'2020-02-14 13:20:44','SH2002-0070',1,709,0,NULL,NULL,NULL,'2019-06-21 19:22:03',1,NULL,'2020-02-14 13:20:44',1,'2019-06-26 00:00:00',NULL,NULL,2,'',1,0,NULL,NULL,0,NULL,0,NULL,NULL,NULL,NULL,NULL,0,'',NULL,NULL),(38,'2019-06-21 19:23:19','SH1906-0033',1,709,0,NULL,NULL,NULL,'2019-06-21 19:22:12',1,NULL,'2019-06-21 19:23:19',1,'2019-06-26 00:00:00',NULL,NULL,2,'',1,0,NULL,NULL,0,NULL,0,NULL,NULL,NULL,NULL,NULL,0,'',NULL,NULL),(39,'2019-07-25 13:51:41','SH1907-0034',1,131,0,NULL,NULL,'16043','2019-07-25 13:51:33',1,NULL,'2019-07-25 13:51:41',1,'2019-07-29 00:00:00',NULL,NULL,2,'',1,0,NULL,NULL,0,NULL,0,NULL,NULL,NULL,NULL,NULL,0,'',NULL,NULL),(40,'2019-08-07 23:29:36','SH1908-0035',1,705,0,NULL,NULL,'192000003','2019-08-07 23:29:19',1,NULL,'2019-08-07 23:29:36',1,'2019-08-12 00:00:00',NULL,NULL,2,'',1,0,NULL,NULL,8,NULL,6,NULL,NULL,NULL,NULL,NULL,0,'',NULL,NULL),(41,'2019-08-12 20:34:09','SH1908-0036',1,705,12,NULL,NULL,NULL,'2019-08-12 20:33:57',1,NULL,'2019-08-12 20:34:09',1,'2019-08-12 00:00:00',NULL,NULL,1,'',1,0,NULL,NULL,8,NULL,6,NULL,NULL,NULL,NULL,NULL,0,'',NULL,NULL),(42,'2019-08-25 21:39:53','SH1908-0037',1,132,6,NULL,NULL,NULL,'2019-08-25 21:39:32',1,NULL,'2019-08-25 21:39:53',1,'2019-08-30 00:00:00',NULL,NULL,2,'',1,0,NULL,NULL,8,NULL,6,NULL,NULL,NULL,NULL,NULL,0,'',NULL,NULL),(43,'2019-08-28 19:36:06','SH1908-0038',1,145,6,NULL,NULL,NULL,'2019-08-28 19:33:23',1,NULL,'2019-08-28 19:36:06',1,'2019-09-02 00:00:00',NULL,NULL,2,'',1,0,NULL,NULL,8,NULL,6,NULL,NULL,NULL,NULL,NULL,0,'',NULL,NULL),(44,'2019-08-28 19:44:12','SH1908-0039',1,145,6,NULL,NULL,NULL,'2019-08-28 19:43:29',1,NULL,'2019-08-28 19:44:12',1,'2019-09-02 00:00:00',NULL,NULL,2,'',1,0,NULL,NULL,8,NULL,6,NULL,NULL,NULL,NULL,NULL,0,'',NULL,NULL),(45,'2019-09-16 11:47:17','SH1909-0040',1,131,6,NULL,NULL,NULL,'2019-09-16 11:47:11',1,NULL,'2019-09-16 11:47:17',1,'2019-09-18 00:00:00',NULL,NULL,2,'',1,0,NULL,NULL,8,NULL,6,NULL,NULL,NULL,NULL,NULL,0,'',NULL,NULL),(46,'2019-09-26 13:17:13','SH1909-0041',1,135,7,NULL,NULL,NULL,'2019-09-26 13:16:11',1,NULL,'2019-09-26 13:17:13',1,'2019-09-27 00:00:00',NULL,NULL,2,'',1,0,NULL,NULL,8,NULL,6,NULL,NULL,NULL,NULL,NULL,1,'Germany',NULL,NULL),(48,'2019-10-16 19:09:20','SH1910-0042',1,567,6,NULL,NULL,NULL,'2019-10-16 19:09:10',1,NULL,'2019-10-16 19:09:20',1,'2019-10-18 00:00:00',NULL,NULL,2,'',1,0,NULL,NULL,8,NULL,6,NULL,NULL,NULL,NULL,NULL,0,'',NULL,NULL),(49,'2019-10-16 19:14:55','SH1910-0043',1,658,6,NULL,NULL,'Muster','2019-10-16 19:14:43',1,NULL,'2019-10-16 19:14:55',1,NULL,NULL,NULL,1,'',1,0,NULL,NULL,8,NULL,6,NULL,NULL,NULL,NULL,NULL,0,'',NULL,NULL),(50,'2019-10-16 19:45:59','SH1910-0044',1,794,0,NULL,NULL,'Muster','2019-10-16 19:45:33',1,NULL,'2019-10-16 19:45:59',1,NULL,NULL,NULL,2,'',1,0,NULL,NULL,8,NULL,6,NULL,NULL,NULL,NULL,NULL,0,'',NULL,NULL),(51,'2019-10-16 21:38:55','SH1910-0045',1,704,0,NULL,NULL,NULL,'2019-10-16 21:38:43',1,NULL,'2019-10-16 21:38:55',1,'2019-10-21 00:00:00',NULL,NULL,2,'',1,0,NULL,NULL,8,NULL,6,NULL,NULL,NULL,NULL,NULL,0,'',NULL,NULL),(52,'2019-10-17 10:42:04','SH1910-0046',1,131,6,NULL,NULL,'16564','2019-10-17 10:41:43',1,NULL,'2019-10-17 10:42:04',1,'2019-10-21 00:00:00',NULL,NULL,2,'',1,0,NULL,NULL,8,NULL,6,NULL,NULL,NULL,NULL,NULL,0,'',NULL,NULL),(53,'2019-10-17 11:56:36','SH1910-0047',1,658,6,NULL,NULL,'Muster','2019-10-17 11:56:29',1,NULL,'2019-10-17 11:56:36',1,'2019-10-17 00:00:00',NULL,NULL,NULL,'',1,0,NULL,NULL,8,NULL,6,NULL,NULL,NULL,NULL,NULL,0,'',NULL,NULL),(54,'2019-10-19 17:13:54','SH1910-0048',1,596,6,NULL,NULL,'Muster','2019-10-19 17:13:44',1,NULL,'2019-10-19 17:13:54',1,'2019-10-23 00:00:00',NULL,NULL,2,'',1,0,NULL,NULL,8,NULL,6,NULL,NULL,NULL,NULL,NULL,0,'',NULL,NULL),(57,'2019-10-21 15:06:05','SH1910-0049',1,132,6,NULL,NULL,NULL,'2019-10-21 15:05:57',1,NULL,'2019-10-21 15:06:05',1,'2019-10-23 00:00:00',NULL,NULL,2,'',1,0,NULL,NULL,8,NULL,6,NULL,NULL,NULL,NULL,NULL,0,'',NULL,NULL),(58,'2019-10-22 12:51:06','SH1910-0050',1,145,6,NULL,NULL,NULL,'2019-10-22 12:50:49',1,NULL,'2019-10-22 12:51:06',1,'2019-10-25 00:00:00',NULL,NULL,2,'',1,0,NULL,NULL,8,NULL,6,NULL,NULL,NULL,NULL,NULL,0,'',NULL,NULL),(59,'2019-10-29 19:29:10','SH1910-0051',1,705,12,NULL,NULL,NULL,'2019-10-29 19:28:58',1,NULL,'2019-10-29 19:29:10',1,'2019-11-04 00:00:00',NULL,NULL,1,'',1,0,NULL,NULL,8,NULL,6,NULL,NULL,NULL,NULL,NULL,0,'',NULL,NULL),(62,'2019-11-14 13:17:46','SH1911-0054',1,836,14,NULL,NULL,NULL,'2019-11-14 13:17:28',1,NULL,'2019-11-14 13:17:46',1,'2019-11-15 00:00:00',NULL,NULL,2,'',1,0,NULL,NULL,8,NULL,6,NULL,NULL,NULL,NULL,NULL,0,'',NULL,NULL),(64,'2019-11-14 16:56:55','SH1911-0055',1,865,15,NULL,NULL,NULL,'2019-11-14 16:56:46',1,NULL,'2019-11-14 16:56:55',1,'2019-11-21 00:00:00',NULL,NULL,2,'',1,0,NULL,NULL,8,NULL,6,NULL,NULL,'<p>Warehouse keeper number &ndash; GBWK506829337<br />\r\nExcise number &ndash; GB00004348451<br />\r\n<strong>GBWK Number:&nbsp;</strong>GBWK506829337<br />\r\n<strong>VAT Number:&nbsp;</strong>506829337<br />\r\nExcise Approval Number: GB00004348451<br />\r\nCustoms Approval Number: R2113813GB</p>\r\n',NULL,NULL,0,'',NULL,NULL),(65,'2019-11-18 11:50:34','SH1911-0056',1,866,6,NULL,NULL,NULL,'2019-11-18 11:49:24',1,NULL,'2019-11-18 11:50:34',1,'2019-11-22 00:00:00',NULL,NULL,2,'',1,0,NULL,NULL,8,NULL,6,NULL,NULL,NULL,NULL,NULL,0,'',NULL,NULL),(67,'2019-11-18 21:32:29','SH1911-0057',1,135,7,NULL,NULL,'November order 2019','2019-11-18 21:32:22',1,NULL,'2019-11-18 21:32:29',1,'2019-11-29 00:00:00',NULL,NULL,2,'',1,0,NULL,NULL,8,NULL,6,NULL,NULL,NULL,NULL,NULL,0,'',NULL,NULL),(68,'2019-11-21 20:52:54','SH1911-0058',1,145,6,NULL,NULL,NULL,'2019-11-21 20:52:37',1,NULL,'2019-11-21 20:52:54',1,'2019-11-27 00:00:00',NULL,NULL,2,'',1,0,NULL,NULL,8,NULL,6,NULL,NULL,NULL,NULL,NULL,0,'',NULL,NULL),(69,'2019-11-23 15:19:16','SH1911-0059',1,867,6,NULL,NULL,NULL,'2019-11-23 15:19:05',1,NULL,'2019-11-23 15:19:16',1,'2019-11-27 00:00:00',NULL,NULL,2,'',1,0,NULL,NULL,8,NULL,6,NULL,NULL,NULL,NULL,NULL,0,'',NULL,NULL),(70,'2019-12-06 12:57:09','SH1912-0060',1,705,12,NULL,NULL,NULL,'2019-12-06 12:56:55',1,NULL,'2019-12-06 12:57:09',1,'2019-12-10 00:00:00',NULL,NULL,1,'',1,0,NULL,NULL,8,NULL,6,NULL,NULL,NULL,NULL,NULL,0,'',NULL,NULL),(71,'2019-12-17 21:17:41','SH1912-0061',1,814,14,NULL,NULL,NULL,'2019-12-17 21:17:25',1,NULL,'2019-12-17 21:17:41',1,'2019-12-19 00:00:00',NULL,NULL,2,'',1,0,NULL,NULL,0,NULL,0,NULL,NULL,'c/o&nbsp;Michael Dombrowe',NULL,NULL,0,'',NULL,NULL),(72,'2019-12-26 12:36:43','SH1912-0062',1,2,6,NULL,NULL,NULL,'2019-12-26 12:36:35',1,NULL,'2019-12-26 12:36:43',1,'2020-01-03 00:00:00',NULL,NULL,2,'',1,0,NULL,NULL,0,NULL,0,NULL,NULL,NULL,NULL,NULL,0,'',NULL,NULL),(73,'2020-01-09 18:07:22','SH2001-0063',1,131,6,NULL,NULL,'17547','2020-01-09 18:07:07',1,NULL,'2020-01-09 18:07:22',1,'2020-01-13 00:00:00',NULL,NULL,2,'',1,0,NULL,NULL,0,NULL,0,NULL,NULL,NULL,NULL,NULL,0,'',NULL,NULL),(74,'2020-01-16 19:42:19','SH2001-0064',1,131,6,NULL,NULL,'17608','2020-01-16 19:42:10',1,NULL,'2020-01-16 19:42:19',1,'2020-01-20 00:00:00',NULL,NULL,2,'',1,0,NULL,NULL,0,NULL,0,NULL,NULL,NULL,NULL,NULL,0,'',NULL,NULL),(75,'2020-01-17 12:37:25','SH2001-0065',1,131,6,NULL,NULL,NULL,'2020-01-17 12:37:12',1,NULL,'2020-01-17 12:37:25',1,'2020-01-21 00:00:00',NULL,NULL,2,'',1,0,NULL,NULL,0,NULL,0,NULL,NULL,NULL,NULL,NULL,0,'',NULL,NULL),(76,'2020-01-24 15:05:46','SH2001-0066',1,1002,16,NULL,NULL,NULL,'2020-01-24 15:05:35',1,NULL,'2020-01-24 15:05:46',1,'2020-01-29 00:00:00',NULL,NULL,2,'',1,0,NULL,NULL,0,NULL,0,NULL,NULL,NULL,NULL,NULL,0,'',NULL,NULL),(77,'2020-02-06 14:12:52','SH2002-0067',1,131,6,NULL,NULL,NULL,'2020-02-06 14:12:42',1,NULL,'2020-02-06 14:12:52',1,'2020-02-10 00:00:00',NULL,NULL,2,'',1,0,NULL,NULL,0,NULL,0,NULL,NULL,NULL,NULL,NULL,0,'',NULL,NULL),(78,'2020-02-09 15:02:44','SH2002-0068',1,866,0,NULL,NULL,NULL,'2020-02-09 15:02:34',1,NULL,'2020-02-09 15:02:44',1,'2020-02-12 00:00:00',NULL,NULL,2,'',1,0,NULL,NULL,0,NULL,0,NULL,NULL,NULL,NULL,NULL,0,'',NULL,NULL),(79,'2020-02-11 13:43:20','SH2002-0069',1,1013,17,NULL,NULL,'samples','2020-02-11 13:43:11',1,NULL,'2020-02-11 13:43:20',1,NULL,NULL,NULL,2,'',1,0,NULL,NULL,0,NULL,0,NULL,NULL,NULL,NULL,NULL,0,'',NULL,NULL),(80,'2020-02-21 22:47:00','SH2002-0071',1,866,6,NULL,NULL,NULL,'2020-02-21 22:46:44',1,NULL,'2020-02-21 22:47:00',1,'2020-02-26 00:00:00',NULL,NULL,2,'',1,0,NULL,NULL,0,NULL,0,NULL,NULL,NULL,NULL,NULL,0,'',NULL,NULL),(81,'2020-02-28 12:14:03','SH2002-0072',1,1022,7,NULL,NULL,'Muster','2020-02-28 12:13:55',1,NULL,'2020-02-28 12:14:03',1,'2020-03-04 00:00:00',NULL,NULL,2,'',1,0,NULL,NULL,0,NULL,0,NULL,NULL,NULL,NULL,NULL,0,'',NULL,NULL),(82,'2020-03-01 22:55:49','SH2003-0073',1,1024,6,NULL,NULL,NULL,'2020-03-01 22:55:41',1,NULL,'2020-03-01 22:55:49',1,'2020-03-04 00:00:00',NULL,NULL,2,'',1,0,NULL,NULL,0,NULL,0,NULL,NULL,NULL,NULL,NULL,0,'',NULL,NULL),(83,'2020-03-05 00:05:54','SH2003-0074',1,1027,6,NULL,NULL,NULL,'2020-03-05 00:05:42',1,NULL,'2020-03-05 00:05:54',1,'2020-03-09 00:00:00',NULL,NULL,2,'',1,0,NULL,NULL,0,NULL,0,NULL,NULL,NULL,NULL,NULL,0,'',NULL,NULL),(84,'2020-03-10 11:49:45','SH2003-0075',1,131,6,NULL,NULL,NULL,'2020-03-10 11:42:36',1,NULL,'2020-03-10 11:49:45',1,'2020-03-13 00:00:00',NULL,NULL,2,'',1,0,NULL,NULL,0,NULL,0,NULL,NULL,NULL,NULL,NULL,0,'',NULL,NULL),(86,'2020-03-23 15:31:41','SH2003-0076',1,131,6,NULL,NULL,'18147','2020-03-23 15:31:32',1,NULL,'2020-03-23 15:31:41',1,'2020-03-26 00:00:00',NULL,NULL,2,'',1,0,NULL,NULL,0,NULL,0,NULL,NULL,NULL,NULL,NULL,0,'',NULL,NULL),(87,'2020-03-26 13:39:17','SH2003-0077',1,663,6,NULL,NULL,NULL,'2020-03-26 13:39:05',1,NULL,'2020-03-26 13:39:17',1,'2020-03-31 00:00:00',NULL,NULL,2,'',1,0,NULL,NULL,0,NULL,0,NULL,NULL,NULL,NULL,NULL,0,'',NULL,NULL),(88,'2020-04-06 12:03:24','SH2004-0078',1,131,6,NULL,NULL,NULL,'2020-04-06 12:03:12',1,NULL,'2020-04-06 12:03:24',1,'2020-04-08 00:00:00',NULL,NULL,2,'',1,0,NULL,NULL,0,NULL,0,NULL,NULL,NULL,NULL,NULL,0,'',NULL,NULL),(89,'2020-04-08 16:40:43','SH2004-0079',1,131,6,NULL,NULL,'18246','2020-04-08 16:34:44',1,1,'2020-04-08 16:34:58',1,'2020-04-13 00:00:00',NULL,NULL,2,'',1,0,NULL,NULL,0,NULL,0,NULL,NULL,NULL,'rouget',NULL,0,'',NULL,NULL),(90,'2020-04-12 19:20:33','SH2004-0080',1,1030,6,NULL,NULL,'Transaction ID: 5H661150LG261242A','2020-04-12 19:20:17',1,NULL,'2020-04-12 19:20:33',1,'2020-04-15 00:00:00',NULL,NULL,2,'',1,0,NULL,NULL,0,NULL,0,NULL,NULL,NULL,NULL,NULL,0,'',NULL,NULL),(91,'2020-04-16 15:57:16','SH2004-0081',1,867,6,NULL,NULL,NULL,'2020-04-16 15:47:32',1,NULL,'2020-04-16 15:57:16',1,'2020-04-20 00:00:00',NULL,NULL,2,'',1,0,NULL,NULL,0,NULL,0,NULL,NULL,NULL,NULL,NULL,0,'',NULL,NULL),(92,'2020-04-23 00:18:10','SH2004-0082',1,139,6,NULL,NULL,NULL,'2020-04-23 00:17:55',1,NULL,'2020-04-23 00:18:10',1,'2020-04-23 00:00:00',NULL,NULL,2,'',1,0,NULL,NULL,0,NULL,0,NULL,NULL,NULL,NULL,NULL,0,'',NULL,NULL),(93,'2020-05-15 21:33:42','SH2005-0083',1,132,6,NULL,NULL,NULL,'2020-05-15 21:33:25',1,NULL,'2020-05-15 21:33:42',1,'2020-05-21 00:00:00',NULL,NULL,2,'',1,0,NULL,NULL,0,NULL,0,NULL,NULL,NULL,NULL,NULL,0,'',NULL,NULL),(96,'2020-05-29 13:36:33','SH2005-0084',1,131,6,NULL,NULL,NULL,'2020-05-29 13:36:09',1,NULL,'2020-05-29 13:36:33',1,'2020-06-03 00:00:00',NULL,NULL,2,'',1,0,NULL,NULL,0,NULL,0,NULL,NULL,NULL,NULL,NULL,0,'',NULL,NULL),(97,'2020-06-12 20:07:30','SH2006-0085',1,621,6,NULL,NULL,NULL,'2020-06-12 20:07:06',1,NULL,'2020-06-12 20:07:30',1,'2020-06-18 00:00:00',NULL,NULL,2,'',1,0,NULL,NULL,0,NULL,0,NULL,NULL,NULL,NULL,NULL,0,'',NULL,NULL),(98,'2020-06-15 12:52:30','SH2006-0086',1,131,6,NULL,NULL,'19231','2020-06-15 12:52:23',1,NULL,'2020-06-15 12:52:30',1,'2020-06-18 00:00:00',NULL,NULL,2,'',1,0,NULL,NULL,0,NULL,0,NULL,NULL,NULL,NULL,NULL,0,'',NULL,NULL),(99,'2020-06-15 22:35:06','SH2006-0087',1,866,6,NULL,NULL,NULL,'2020-06-15 22:34:53',1,NULL,'2020-06-15 22:35:06',1,'2020-06-17 00:00:00',NULL,NULL,2,'',1,0,NULL,NULL,0,NULL,0,NULL,NULL,NULL,NULL,NULL,0,'',NULL,NULL),(100,'2020-06-17 13:14:22','SH2006-0088',1,621,6,NULL,NULL,NULL,'2020-06-17 13:14:15',1,NULL,'2020-06-17 13:14:22',1,'2020-06-19 00:00:00',NULL,NULL,2,'',1,0,NULL,NULL,0,NULL,0,NULL,NULL,NULL,NULL,NULL,0,'',NULL,NULL),(101,'2020-07-25 16:49:32','SH2007-0089',1,866,6,NULL,NULL,NULL,'2020-07-25 16:49:24',1,NULL,'2020-07-25 16:49:32',1,'2020-07-29 00:00:00',NULL,NULL,2,'',1,0,NULL,NULL,0,NULL,0,NULL,NULL,NULL,NULL,NULL,0,'',NULL,NULL),(102,'2020-08-03 14:46:46','SH2008-0090',1,866,6,NULL,NULL,NULL,'2020-08-03 14:46:17',1,NULL,'2020-08-03 14:46:46',1,'2020-08-05 00:00:00',NULL,NULL,2,'',1,0,NULL,NULL,0,NULL,0,NULL,NULL,NULL,NULL,NULL,0,'',NULL,NULL),(103,'2020-08-05 18:02:24','SH2008-0091',1,2,6,NULL,NULL,NULL,'2020-08-05 17:59:14',1,NULL,'2020-08-05 18:02:24',1,'2020-08-10 00:00:00',NULL,NULL,2,'',1,0,NULL,NULL,0,NULL,0,NULL,NULL,NULL,NULL,NULL,0,'',NULL,NULL),(104,'2020-08-12 16:42:56','SH2008-0092',1,132,6,NULL,NULL,NULL,'2020-08-12 16:36:15',1,NULL,'2020-08-12 16:36:23',1,'2020-08-11 00:00:00',NULL,NULL,2,'',1,0,NULL,NULL,0,NULL,0,NULL,NULL,NULL,'rouget',NULL,0,'',NULL,NULL),(105,'2020-08-13 13:44:25','SH2008-0093',1,131,6,NULL,NULL,NULL,'2020-08-13 13:44:11',1,NULL,'2020-08-13 13:44:25',1,'2020-08-17 00:00:00',NULL,NULL,2,'',1,0,NULL,NULL,0,NULL,0,NULL,NULL,NULL,NULL,NULL,0,'',NULL,NULL),(106,'2020-09-01 00:21:01','SH2009-0094',1,866,6,NULL,NULL,NULL,'2020-09-01 00:20:47',1,NULL,'2020-09-01 00:21:01',1,'2020-09-03 00:00:00',NULL,NULL,2,'',1,0,NULL,NULL,0,NULL,0,NULL,NULL,NULL,NULL,NULL,0,'',NULL,NULL),(107,'2020-09-03 13:53:54','SH2009-0095',1,131,6,NULL,NULL,NULL,'2020-09-03 13:53:46',1,NULL,'2020-09-03 13:53:54',1,'2020-09-07 00:00:00',NULL,NULL,2,'',1,0,NULL,NULL,0,NULL,0,NULL,NULL,NULL,NULL,NULL,0,'',NULL,NULL),(108,'2020-09-21 16:13:29','SH2009-0096',1,131,6,NULL,NULL,'20332','2020-09-21 16:13:19',1,NULL,'2020-09-21 16:13:29',1,'2020-09-24 00:00:00',NULL,NULL,2,'',1,0,NULL,NULL,0,NULL,0,NULL,NULL,NULL,NULL,NULL,0,'',NULL,NULL),(109,'2020-10-06 11:08:58','SH2010-0097',1,145,6,NULL,NULL,NULL,'2020-10-06 11:08:48',1,NULL,'2020-10-06 11:08:58',1,'2020-10-09 00:00:00',NULL,NULL,2,'',1,0,NULL,NULL,0,NULL,0,NULL,NULL,NULL,NULL,NULL,0,'',NULL,NULL),(110,'2020-10-06 11:33:08','SH2010-0098',1,866,6,NULL,NULL,NULL,'2020-10-06 11:32:59',1,NULL,'2020-10-06 11:33:08',1,'2020-10-08 00:00:00',NULL,NULL,2,'',1,0,NULL,NULL,0,NULL,0,NULL,NULL,NULL,NULL,NULL,0,'',NULL,NULL),(111,'2020-10-12 14:12:20','SH2010-0099',1,131,6,NULL,NULL,'20560','2020-10-12 14:12:12',1,NULL,'2020-10-12 14:12:20',1,'2020-10-15 00:00:00',NULL,NULL,2,'',1,0,NULL,NULL,0,NULL,0,NULL,NULL,NULL,NULL,NULL,0,'',NULL,NULL),(112,'2020-10-18 20:43:55','SH2010-0100',1,867,6,NULL,NULL,NULL,'2020-10-18 20:43:49',1,NULL,'2020-10-18 20:43:55',1,'2020-10-15 00:00:00',NULL,NULL,2,'',1,0,NULL,NULL,0,NULL,0,NULL,NULL,NULL,NULL,NULL,0,'',NULL,NULL);

--
-- Table structure for table `llxml_expedition_extrafields`
--

CREATE TABLE `llxml_expedition_extrafields` (
  `rowid` int(11) NOT NULL AUTO_INCREMENT,
  `tms` timestamp NOT NULL DEFAULT current_timestamp() ON UPDATE current_timestamp(),
  `fk_object` int(11) NOT NULL,
  `import_key` varchar(14) DEFAULT NULL,
  PRIMARY KEY (`rowid`),
  KEY `idx_expedition_extrafields` (`fk_object`)
) ENGINE=InnoDB DEFAULT CHARSET=utf8;

--
-- Dumping data for table `llxml_expedition_extrafields`
--


--
-- Table structure for table `llxml_expedition_package`
--

CREATE TABLE `llxml_expedition_package` (
  `rowid` int(11) NOT NULL AUTO_INCREMENT,
  `fk_expedition` int(11) NOT NULL,
  `description` varchar(255) DEFAULT NULL,
  `value` double(24,8) DEFAULT 0.00000000,
  `fk_parcel_type` int(11) DEFAULT NULL,
  `height` float DEFAULT NULL,
  `width` float DEFAULT NULL,
  `size` float DEFAULT NULL,
  `size_units` int(11) DEFAULT NULL,
  `weight` float DEFAULT NULL,
  `weight_units` int(11) DEFAULT NULL,
  `dangerous_goods` smallint(6) DEFAULT 0,
  `tail_lift` smallint(6) DEFAULT 0,
  `rang` int(11) DEFAULT 0,
  PRIMARY KEY (`rowid`)
) ENGINE=InnoDB DEFAULT CHARSET=latin1;

--
-- Dumping data for table `llxml_expedition_package`
--


--
-- Table structure for table `llxml_expeditiondet`
--

CREATE TABLE `llxml_expeditiondet` (
  `rowid` int(11) NOT NULL AUTO_INCREMENT,
  `fk_expedition` int(11) NOT NULL,
  `fk_origin_line` int(11) DEFAULT NULL,
  `fk_entrepot` int(11) DEFAULT NULL,
  `qty` double DEFAULT NULL,
  `rang` int(11) DEFAULT 0,
  PRIMARY KEY (`rowid`),
  KEY `idx_expeditiondet_fk_expedition` (`fk_expedition`),
  KEY `idx_expeditiondet_fk_origin_line` (`fk_origin_line`),
  CONSTRAINT `fk_expeditiondet_fk_expedition` FOREIGN KEY (`fk_expedition`) REFERENCES `llxml_expedition` (`rowid`)
) ENGINE=InnoDB AUTO_INCREMENT=368 DEFAULT CHARSET=utf8;

--
-- Dumping data for table `llxml_expeditiondet`
--

INSERT INTO `llxml_expeditiondet` VALUES (1,1,2,2,2,0),(2,1,3,2,1,0),(3,2,1,1,12,0),(4,3,4,1,6,0),(5,3,5,1,12,0),(6,3,6,1,1,0),(7,3,7,1,1,0),(8,4,12,1,9,0),(9,4,13,1,9,0),(10,4,14,1,1,0),(11,4,15,1,1,0),(12,5,17,5,12,0),(13,5,18,5,1,0),(14,5,19,5,1,0),(16,7,25,5,1,0),(18,9,25,5,1,0),(19,10,25,5,1,0),(20,11,26,5,1,0),(21,11,27,5,1,0),(22,11,28,5,1,0),(23,12,29,5,60,0),(24,12,30,5,36,0),(25,13,33,7,12,0),(26,14,36,7,1,0),(27,14,37,7,1,0),(28,14,38,7,6,0),(29,14,39,7,6,0),(30,15,36,7,1,0),(31,15,37,7,1,0),(32,15,38,7,6,0),(33,15,39,7,6,0),(34,16,40,7,6,0),(35,17,42,7,24,0),(36,18,46,5,120,0),(37,19,50,5,18,0),(38,19,51,5,12,0),(39,20,53,7,1,0),(40,20,54,7,1,0),(41,20,55,7,1,0),(42,21,56,7,1,0),(43,22,57,7,1,0),(44,23,57,7,1,0),(45,24,61,7,5,0),(46,24,62,7,2,0),(48,26,64,5,6,0),(49,27,64,5,6,0),(50,28,65,7,1,0),(51,28,66,7,1,0),(52,29,67,7,31,0),(53,30,68,5,10,0),(54,31,70,5,24,0),(55,32,71,5,1,0),(56,33,72,5,30,0),(57,33,73,5,30,0),(58,34,72,5,30,0),(59,34,73,5,30,0),(66,37,77,5,24,0),(67,38,77,5,24,0),(68,39,79,8,18,0),(69,39,80,8,12,0),(70,40,82,9,90,0),(71,40,83,9,60,0),(72,41,82,9,90,0),(73,41,83,9,60,0),(74,42,88,9,6,0),(75,42,89,9,6,0),(76,43,92,9,8,0),(77,43,93,9,8,0),(78,44,92,9,8,0),(79,44,93,9,8,0),(80,45,104,9,18,0),(81,46,96,9,120,0),(82,46,98,9,60,0),(83,46,102,9,60,0),(90,48,113,9,1,0),(91,48,114,9,1,0),(92,48,116,9,1,0),(93,48,117,9,1,0),(94,48,118,9,1,0),(95,48,119,9,1,0),(96,48,120,9,1,0),(97,49,121,9,1,0),(98,49,122,9,1,0),(99,49,123,9,1,0),(100,49,124,9,1,0),(101,50,126,9,1,0),(102,50,127,9,1,0),(103,50,128,9,1,0),(104,51,129,9,6,0),(105,51,130,9,3,0),(106,51,131,9,1,0),(107,51,132,9,1,0),(108,52,133,9,6,0),(109,52,134,9,6,0),(110,52,135,9,1,0),(111,52,136,9,1,0),(112,52,137,9,1,0),(113,52,138,9,1,0),(114,52,139,9,1,0),(115,52,140,9,1,0),(116,52,141,9,1,0),(117,53,143,9,1,0),(118,54,144,9,1,0),(119,54,145,9,1,0),(120,54,146,9,1,0),(121,54,147,9,3,0),(122,54,148,9,3,0),(123,54,149,9,3,0),(124,54,150,9,3,0),(131,57,163,9,6,0),(132,57,164,9,6,0),(133,57,165,9,6,0),(134,57,166,9,2,0),(135,57,167,9,2,0),(136,57,168,9,2,0),(137,57,170,9,1,0),(138,57,171,9,1,0),(139,57,172,9,1,0),(140,57,173,9,1,0),(141,58,174,9,8,0),(142,58,175,9,8,0),(143,58,176,9,6,0),(144,59,177,9,11,0),(145,59,178,9,17,0),(146,59,179,9,29,0),(147,59,180,9,29,0),(148,59,181,9,1,0),(149,59,182,9,1,0),(150,59,183,9,1,0),(151,59,184,9,1,0),(152,59,185,9,12,0),(153,59,186,9,12,0),(154,59,187,9,12,0),(155,59,188,9,12,0),(172,62,206,9,6,0),(173,62,207,9,6,0),(174,62,208,9,6,0),(175,62,209,9,12,0),(176,62,210,9,3,0),(177,62,211,9,3,0),(178,62,212,9,3,0),(179,62,213,9,3,0),(189,64,214,9,360,0),(190,64,215,9,300,0),(191,64,216,9,300,0),(192,64,217,9,180,0),(193,64,218,9,60,0),(194,64,219,9,180,0),(195,64,220,9,180,0),(196,64,221,9,180,0),(197,64,222,9,180,0),(198,65,223,9,60,0),(199,65,224,9,30,0),(200,65,225,9,120,0),(201,65,226,9,120,0),(202,65,227,9,30,0),(203,65,228,9,12,0),(204,65,229,9,12,0),(205,65,230,9,12,0),(206,65,231,9,12,0),(207,65,232,9,12,0),(211,67,233,9,120,0),(212,67,234,9,120,0),(213,67,235,9,360,0),(214,68,237,9,8,0),(215,69,238,9,2,0),(216,69,239,9,2,0),(217,69,240,9,2,0),(218,69,241,9,2,0),(219,69,242,9,2,0),(220,70,243,9,60,0),(221,71,244,9,1,0),(222,71,245,9,1,0),(223,71,247,9,1,0),(224,71,248,9,1,0),(225,71,249,9,1,0),(226,71,250,9,1,0),(227,71,251,9,1,0),(228,72,252,9,3,0),(229,72,253,9,3,0),(230,72,254,9,1,0),(231,72,255,9,1,0),(232,72,256,9,1,0),(233,72,257,9,1,0),(234,72,258,9,1,0),(235,72,259,9,1,0),(236,73,267,9,6,0),(237,73,268,9,6,0),(238,74,270,9,6,0),(239,74,271,9,6,0),(240,74,272,9,12,0),(241,74,273,9,6,0),(242,74,274,9,12,0),(243,74,275,9,12,0),(244,75,276,9,6,0),(245,76,277,9,1,0),(246,76,278,9,1,0),(247,76,279,9,1,0),(248,76,280,9,1,0),(249,76,281,9,1,0),(250,76,282,9,1,0),(251,76,283,9,1,0),(252,76,284,9,1,0),(253,76,285,9,1,0),(254,77,286,9,6,0),(255,78,290,9,42,0),(256,78,291,9,36,0),(257,78,292,9,36,0),(258,79,293,9,1,0),(259,79,294,9,1,0),(260,79,295,9,1,0),(261,79,296,9,1,0),(262,79,297,9,1,0),(263,79,298,9,1,0),(264,79,299,9,1,0),(265,79,300,9,1,0),(266,79,301,9,1,0),(267,80,302,9,60,1),(268,81,303,9,2,1),(269,81,304,9,2,2),(270,81,305,9,2,3),(271,81,306,9,2,4),(272,81,307,9,1,5),(273,81,308,9,1,6),(274,81,309,9,1,7),(275,81,310,9,1,8),(276,81,311,9,1,9),(277,82,313,9,1,1),(278,82,314,9,1,2),(279,82,315,9,1,3),(280,82,316,9,1,4),(281,82,317,9,1,5),(282,82,318,9,1,6),(283,82,319,9,1,7),(284,82,320,9,1,8),(285,82,321,9,1,9),(286,83,330,9,1,1),(287,83,331,9,1,2),(288,84,332,9,12,1),(289,84,333,9,6,2),(290,84,334,9,6,3),(291,84,335,9,60,4),(296,86,336,9,24,1),(297,86,337,9,24,2),(298,86,338,9,24,3),(299,86,339,9,24,4),(300,87,340,9,6,1),(301,87,341,9,6,2),(302,87,342,9,12,3),(303,87,343,9,12,4),(304,87,344,9,12,5),(305,87,345,9,12,6),(306,87,346,9,6,7),(307,87,347,9,6,8),(308,87,348,9,12,9),(309,88,349,9,60,1),(310,89,350,9,54,1),(311,90,351,9,1,1),(312,90,352,9,1,2),(313,90,353,9,1,3),(314,91,354,9,3,1),(315,92,355,9,4,1),(316,92,356,9,2,2),(317,92,357,9,4,3),(318,92,358,9,2,4),(319,92,359,9,1,5),(320,92,360,9,1,6),(321,92,361,9,1,7),(322,93,363,9,3,1),(323,93,364,9,3,2),(326,96,367,9,6,1),(327,96,368,9,12,2),(328,97,369,9,6,1),(329,97,370,9,6,2),(330,97,371,9,6,3),(331,97,372,9,6,4),(332,97,373,9,12,5),(333,97,374,9,12,6),(334,97,375,9,12,7),(335,97,376,9,12,8),(336,97,377,9,12,9),(337,98,378,9,60,1),(338,99,380,9,60,1),(339,100,381,9,6,1),(340,100,382,9,12,2),(341,100,383,9,12,3),(342,100,384,9,12,4),(343,100,385,9,12,5),(344,101,406,9,24,1),(345,102,407,9,24,1),(346,103,408,9,10,1),(347,104,409,9,6,1),(348,104,410,9,6,2),(349,104,411,9,6,3),(350,105,412,9,6,1),(351,105,413,9,12,2),(352,106,415,9,30,1),(353,106,416,9,30,2),(354,106,417,9,36,3),(355,106,418,9,24,4),(356,106,419,9,24,5),(357,106,420,9,24,6),(358,106,421,9,24,7),(359,107,422,9,120,1),(360,108,423,9,6,1),(361,109,425,9,12,1),(362,109,426,9,12,2),(363,110,427,9,30,1),(364,111,428,9,6,1),(365,112,430,9,2,1),(366,112,431,9,2,2),(367,112,432,9,2,3);

--
-- Table structure for table `llxml_expeditiondet_batch`
--

CREATE TABLE `llxml_expeditiondet_batch` (
  `rowid` int(11) NOT NULL AUTO_INCREMENT,
  `fk_expeditiondet` int(11) NOT NULL,
  `eatby` date DEFAULT NULL,
  `sellby` date DEFAULT NULL,
  `batch` varchar(30) DEFAULT NULL,
  `qty` double NOT NULL DEFAULT 0,
  `fk_origin_stock` int(11) NOT NULL,
  PRIMARY KEY (`rowid`),
  KEY `idx_fk_expeditiondet` (`fk_expeditiondet`),
  CONSTRAINT `fk_expeditiondet_batch_fk_expeditiondet` FOREIGN KEY (`fk_expeditiondet`) REFERENCES `llxml_expeditiondet` (`rowid`)
) ENGINE=InnoDB DEFAULT CHARSET=utf8;

--
-- Dumping data for table `llxml_expeditiondet_batch`
--


--
-- Table structure for table `llxml_expeditiondet_extrafields`
--

CREATE TABLE `llxml_expeditiondet_extrafields` (
  `rowid` int(11) NOT NULL AUTO_INCREMENT,
  `tms` timestamp NOT NULL DEFAULT current_timestamp() ON UPDATE current_timestamp(),
  `fk_object` int(11) NOT NULL,
  `import_key` varchar(14) DEFAULT NULL,
  PRIMARY KEY (`rowid`),
  KEY `idx_expeditiondet_extrafields` (`fk_object`)
) ENGINE=InnoDB DEFAULT CHARSET=utf8;

--
-- Dumping data for table `llxml_expeditiondet_extrafields`
--


--
-- Table structure for table `llxml_expensereport`
--

CREATE TABLE `llxml_expensereport` (
  `rowid` int(11) NOT NULL AUTO_INCREMENT,
  `ref` varchar(50) NOT NULL,
  `entity` int(11) NOT NULL DEFAULT 1,
  `ref_number_int` int(11) DEFAULT NULL,
  `ref_ext` int(11) DEFAULT NULL,
  `total_ht` double(24,8) DEFAULT 0.00000000,
  `total_tva` double(24,8) DEFAULT 0.00000000,
  `localtax1` double(24,8) DEFAULT 0.00000000,
  `localtax2` double(24,8) DEFAULT 0.00000000,
  `total_ttc` double(24,8) DEFAULT 0.00000000,
  `date_debut` date NOT NULL,
  `date_fin` date NOT NULL,
  `date_create` datetime NOT NULL,
  `date_valid` datetime DEFAULT NULL,
  `date_approve` datetime DEFAULT NULL,
  `date_refuse` datetime DEFAULT NULL,
  `date_cancel` datetime DEFAULT NULL,
  `tms` timestamp NOT NULL DEFAULT current_timestamp() ON UPDATE current_timestamp(),
  `fk_user_author` int(11) NOT NULL,
  `fk_user_modif` int(11) DEFAULT NULL,
  `fk_user_valid` int(11) DEFAULT NULL,
  `fk_user_validator` int(11) DEFAULT NULL,
  `fk_user_approve` int(11) DEFAULT NULL,
  `fk_user_refuse` int(11) DEFAULT NULL,
  `fk_user_cancel` int(11) DEFAULT NULL,
  `fk_statut` int(11) NOT NULL,
  `fk_c_paiement` int(11) DEFAULT NULL,
  `paid` smallint(6) NOT NULL DEFAULT 0,
  `note_public` text DEFAULT NULL,
  `note_private` text DEFAULT NULL,
  `detail_refuse` varchar(255) DEFAULT NULL,
  `detail_cancel` varchar(255) DEFAULT NULL,
  `integration_compta` int(11) DEFAULT NULL,
  `fk_bank_account` int(11) DEFAULT NULL,
  `model_pdf` varchar(50) DEFAULT NULL,
  `fk_multicurrency` int(11) DEFAULT NULL,
  `multicurrency_code` varchar(255) DEFAULT NULL,
  `multicurrency_tx` double(24,8) DEFAULT 1.00000000,
  `multicurrency_total_ht` double(24,8) DEFAULT 0.00000000,
  `multicurrency_total_tva` double(24,8) DEFAULT 0.00000000,
  `multicurrency_total_ttc` double(24,8) DEFAULT 0.00000000,
  `import_key` varchar(14) DEFAULT NULL,
  `extraparams` varchar(255) DEFAULT NULL,
  PRIMARY KEY (`rowid`),
  UNIQUE KEY `idx_expensereport_uk_ref` (`ref`,`entity`),
  KEY `idx_expensereport_date_debut` (`date_debut`),
  KEY `idx_expensereport_date_fin` (`date_fin`),
  KEY `idx_expensereport_fk_statut` (`fk_statut`),
  KEY `idx_expensereport_fk_user_author` (`fk_user_author`),
  KEY `idx_expensereport_fk_user_valid` (`fk_user_valid`),
  KEY `idx_expensereport_fk_user_approve` (`fk_user_approve`),
  KEY `idx_expensereport_fk_refuse` (`fk_user_approve`)
) ENGINE=InnoDB DEFAULT CHARSET=utf8;

--
-- Dumping data for table `llxml_expensereport`
--


--
-- Table structure for table `llxml_expensereport_det`
--

CREATE TABLE `llxml_expensereport_det` (
  `rowid` int(11) NOT NULL AUTO_INCREMENT,
  `fk_expensereport` int(11) NOT NULL,
  `docnumber` varchar(128) DEFAULT NULL,
  `fk_c_type_fees` int(11) NOT NULL,
  `fk_c_exp_tax_cat` int(11) DEFAULT NULL,
  `fk_projet` int(11) DEFAULT NULL,
  `comments` text NOT NULL,
  `product_type` int(11) DEFAULT -1,
  `qty` double NOT NULL,
  `subprice` double(24,8) NOT NULL DEFAULT 0.00000000,
  `value_unit` double(24,8) NOT NULL,
  `remise_percent` double DEFAULT NULL,
  `vat_src_code` varchar(10) DEFAULT '',
  `tva_tx` double(6,3) DEFAULT NULL,
  `localtax1_tx` double(6,3) DEFAULT 0.000,
  `localtax1_type` varchar(10) DEFAULT NULL,
  `localtax2_tx` double(6,3) DEFAULT 0.000,
  `localtax2_type` varchar(10) DEFAULT NULL,
  `total_ht` double(24,8) NOT NULL DEFAULT 0.00000000,
  `total_tva` double(24,8) NOT NULL DEFAULT 0.00000000,
  `total_localtax1` double(24,8) DEFAULT 0.00000000,
  `total_localtax2` double(24,8) DEFAULT 0.00000000,
  `total_ttc` double(24,8) NOT NULL DEFAULT 0.00000000,
  `date` date NOT NULL,
  `info_bits` int(11) DEFAULT 0,
  `special_code` int(11) DEFAULT 0,
  `fk_multicurrency` int(11) DEFAULT NULL,
  `multicurrency_code` varchar(255) DEFAULT NULL,
  `multicurrency_subprice` double(24,8) DEFAULT 0.00000000,
  `multicurrency_total_ht` double(24,8) DEFAULT 0.00000000,
  `multicurrency_total_tva` double(24,8) DEFAULT 0.00000000,
  `multicurrency_total_ttc` double(24,8) DEFAULT 0.00000000,
  `fk_facture` int(11) DEFAULT 0,
  `fk_code_ventilation` int(11) DEFAULT 0,
  `rang` int(11) DEFAULT 0,
  `import_key` varchar(14) DEFAULT NULL,
  `rule_warning_message` text DEFAULT NULL,
  `fk_ecm_files` int(11) DEFAULT NULL,
  PRIMARY KEY (`rowid`)
) ENGINE=InnoDB DEFAULT CHARSET=utf8;

--
-- Dumping data for table `llxml_expensereport_det`
--


--
-- Table structure for table `llxml_expensereport_extrafields`
--

CREATE TABLE `llxml_expensereport_extrafields` (
  `rowid` int(11) NOT NULL AUTO_INCREMENT,
  `tms` timestamp NOT NULL DEFAULT current_timestamp() ON UPDATE current_timestamp(),
  `fk_object` int(11) NOT NULL,
  `import_key` varchar(14) DEFAULT NULL,
  PRIMARY KEY (`rowid`),
  KEY `idx_expensereport_extrafields` (`fk_object`)
) ENGINE=InnoDB DEFAULT CHARSET=utf8;

--
-- Dumping data for table `llxml_expensereport_extrafields`
--


--
-- Table structure for table `llxml_expensereport_ik`
--

CREATE TABLE `llxml_expensereport_ik` (
  `rowid` int(11) NOT NULL AUTO_INCREMENT,
  `datec` datetime DEFAULT NULL,
  `tms` timestamp NOT NULL DEFAULT current_timestamp() ON UPDATE current_timestamp(),
  `fk_c_exp_tax_cat` int(11) NOT NULL DEFAULT 0,
  `fk_range` int(11) NOT NULL DEFAULT 0,
  `coef` double NOT NULL DEFAULT 0,
  `ikoffset` double NOT NULL DEFAULT 0,
  `active` int(11) DEFAULT 1,
  PRIMARY KEY (`rowid`)
) ENGINE=InnoDB AUTO_INCREMENT=16 DEFAULT CHARSET=utf8;

--
-- Dumping data for table `llxml_expensereport_ik`
--

INSERT INTO `llxml_expensereport_ik` VALUES (1,NULL,'2018-08-31 15:23:21',4,1,0.41,0,1),(2,NULL,'2018-08-31 15:23:21',4,2,0.244,824,1),(3,NULL,'2018-08-31 15:23:21',4,3,0.286,0,1),(4,NULL,'2018-08-31 15:23:21',5,4,0.493,0,1),(5,NULL,'2018-08-31 15:23:21',5,5,0.277,1082,1),(6,NULL,'2018-08-31 15:23:21',5,6,0.332,0,1),(7,NULL,'2018-08-31 15:23:21',6,7,0.543,0,1),(8,NULL,'2018-08-31 15:23:21',6,8,0.305,1180,1),(9,NULL,'2018-08-31 15:23:21',6,9,0.364,0,1),(10,NULL,'2018-08-31 15:23:21',7,10,0.568,0,1),(11,NULL,'2018-08-31 15:23:21',7,11,0.32,1244,1),(12,NULL,'2018-08-31 15:23:21',7,12,0.382,0,1),(13,NULL,'2018-08-31 15:23:21',8,13,0.595,0,1),(14,NULL,'2018-08-31 15:23:21',8,14,0.337,1288,1),(15,NULL,'2018-08-31 15:23:21',8,15,0.401,0,1);

--
-- Table structure for table `llxml_expensereport_rules`
--

CREATE TABLE `llxml_expensereport_rules` (
  `rowid` int(11) NOT NULL AUTO_INCREMENT,
  `datec` datetime DEFAULT NULL,
  `tms` timestamp NOT NULL DEFAULT current_timestamp() ON UPDATE current_timestamp(),
  `dates` datetime NOT NULL,
  `datee` datetime NOT NULL,
  `amount` double(24,8) NOT NULL,
  `restrictive` tinyint(4) NOT NULL,
  `fk_user` int(11) DEFAULT NULL,
  `fk_usergroup` int(11) DEFAULT NULL,
  `fk_c_type_fees` int(11) NOT NULL,
  `code_expense_rules_type` varchar(50) NOT NULL,
  `is_for_all` tinyint(4) DEFAULT 0,
  `entity` int(11) DEFAULT 1,
  PRIMARY KEY (`rowid`)
) ENGINE=InnoDB DEFAULT CHARSET=utf8;

--
-- Dumping data for table `llxml_expensereport_rules`
--


--
-- Table structure for table `llxml_export_compta`
--

CREATE TABLE `llxml_export_compta` (
  `rowid` int(11) NOT NULL AUTO_INCREMENT,
  `ref` varchar(12) NOT NULL,
  `date_export` datetime NOT NULL,
  `fk_user` int(11) NOT NULL,
  `note` text DEFAULT NULL,
  PRIMARY KEY (`rowid`)
) ENGINE=InnoDB DEFAULT CHARSET=utf8;

--
-- Dumping data for table `llxml_export_compta`
--


--
-- Table structure for table `llxml_export_model`
--

CREATE TABLE `llxml_export_model` (
  `rowid` int(11) NOT NULL AUTO_INCREMENT,
  `fk_user` int(11) NOT NULL DEFAULT 0,
  `label` varchar(50) NOT NULL,
  `type` varchar(20) NOT NULL,
  `field` text NOT NULL,
  `filter` text DEFAULT NULL,
  PRIMARY KEY (`rowid`),
  UNIQUE KEY `uk_export_model` (`label`,`type`)
) ENGINE=InnoDB DEFAULT CHARSET=utf8;

--
-- Dumping data for table `llxml_export_model`
--


--
-- Table structure for table `llxml_extrafields`
--

CREATE TABLE `llxml_extrafields` (
  `rowid` int(11) NOT NULL AUTO_INCREMENT,
  `name` varchar(64) NOT NULL,
  `entity` int(11) NOT NULL DEFAULT 1,
  `elementtype` varchar(64) NOT NULL DEFAULT 'member',
  `label` varchar(255) NOT NULL,
  `type` varchar(8) DEFAULT NULL,
  `size` varchar(8) DEFAULT NULL,
  `fieldcomputed` text DEFAULT NULL,
  `fielddefault` varchar(255) DEFAULT NULL,
  `fieldunique` int(11) DEFAULT 0,
  `fieldrequired` int(11) DEFAULT 0,
  `perms` varchar(255) DEFAULT NULL,
  `enabled` varchar(255) DEFAULT NULL,
  `pos` int(11) DEFAULT 0,
  `alwayseditable` int(11) DEFAULT 0,
  `param` text DEFAULT NULL,
  `list` varchar(128) DEFAULT NULL,
  `totalizable` tinyint(1) DEFAULT 0,
  `langs` varchar(64) DEFAULT NULL,
  `fk_user_author` int(11) DEFAULT NULL,
  `fk_user_modif` int(11) DEFAULT NULL,
  `datec` datetime DEFAULT NULL,
  `tms` timestamp NOT NULL DEFAULT current_timestamp() ON UPDATE current_timestamp(),
  `help` text DEFAULT NULL,
  `printable` tinyint(1) DEFAULT 0,
  PRIMARY KEY (`rowid`),
  UNIQUE KEY `uk_extrafields_name` (`name`,`entity`,`elementtype`)
) ENGINE=InnoDB DEFAULT CHARSET=utf8;

--
-- Dumping data for table `llxml_extrafields`
--


--
-- Table structure for table `llxml_facture`
--

CREATE TABLE `llxml_facture` (
  `rowid` int(11) NOT NULL AUTO_INCREMENT,
  `ref` varchar(30) NOT NULL,
  `entity` int(11) NOT NULL DEFAULT 1,
  `ref_ext` varchar(255) DEFAULT NULL,
  `ref_int` varchar(255) DEFAULT NULL,
  `ref_client` varchar(255) DEFAULT NULL,
  `type` smallint(6) NOT NULL DEFAULT 0,
  `increment` varchar(10) DEFAULT NULL,
  `fk_soc` int(11) NOT NULL,
  `datec` datetime DEFAULT NULL,
  `datef` date DEFAULT NULL,
  `date_pointoftax` date DEFAULT NULL,
  `date_valid` date DEFAULT NULL,
  `date_closing` datetime DEFAULT NULL,
  `tms` timestamp NOT NULL DEFAULT current_timestamp() ON UPDATE current_timestamp(),
  `paye` smallint(6) NOT NULL DEFAULT 0,
  `amount` double(24,8) NOT NULL DEFAULT 0.00000000,
  `remise_percent` double DEFAULT 0,
  `remise_absolue` double DEFAULT 0,
  `remise` double DEFAULT 0,
  `close_code` varchar(16) DEFAULT NULL,
  `close_note` varchar(128) DEFAULT NULL,
  `tva` double(24,8) DEFAULT 0.00000000,
  `localtax1` double(24,8) DEFAULT 0.00000000,
  `localtax2` double(24,8) DEFAULT 0.00000000,
  `revenuestamp` double(24,8) DEFAULT 0.00000000,
  `total` double(24,8) DEFAULT 0.00000000,
  `total_ttc` double(24,8) DEFAULT 0.00000000,
  `fk_statut` smallint(6) NOT NULL DEFAULT 0,
  `fk_user_author` int(11) DEFAULT NULL,
  `fk_user_modif` int(11) DEFAULT NULL,
  `fk_user_valid` int(11) DEFAULT NULL,
  `fk_user_closing` int(11) DEFAULT NULL,
  `fk_fac_rec_source` int(11) DEFAULT NULL,
  `fk_facture_source` int(11) DEFAULT NULL,
  `fk_projet` int(11) DEFAULT NULL,
  `fk_account` int(11) DEFAULT NULL,
  `fk_currency` varchar(3) DEFAULT NULL,
  `fk_cond_reglement` int(11) NOT NULL DEFAULT 1,
  `fk_mode_reglement` int(11) DEFAULT NULL,
  `date_lim_reglement` date DEFAULT NULL,
  `note_private` text DEFAULT NULL,
  `note_public` text DEFAULT NULL,
  `model_pdf` varchar(255) DEFAULT NULL,
  `last_main_doc` varchar(255) DEFAULT NULL,
  `fk_incoterms` int(11) DEFAULT NULL,
  `location_incoterms` varchar(255) DEFAULT NULL,
  `situation_cycle_ref` smallint(6) DEFAULT NULL,
  `situation_counter` smallint(6) DEFAULT NULL,
  `situation_final` smallint(6) DEFAULT NULL,
  `retained_warranty` double DEFAULT NULL,
  `retained_warranty_date_limit` date DEFAULT NULL,
  `retained_warranty_fk_cond_reglement` int(11) DEFAULT NULL,
  `import_key` varchar(14) DEFAULT NULL,
  `extraparams` varchar(255) DEFAULT NULL,
  `fk_multicurrency` int(11) DEFAULT NULL,
  `multicurrency_code` varchar(255) DEFAULT NULL,
  `multicurrency_tx` double(24,8) DEFAULT 1.00000000,
  `multicurrency_total_ht` double(24,8) DEFAULT 0.00000000,
  `multicurrency_total_tva` double(24,8) DEFAULT 0.00000000,
  `multicurrency_total_ttc` double(24,8) DEFAULT 0.00000000,
  `module_source` varchar(32) DEFAULT NULL,
  `pos_source` varchar(32) DEFAULT NULL,
  PRIMARY KEY (`rowid`),
  UNIQUE KEY `uk_facture_ref` (`ref`,`entity`),
  KEY `idx_facture_fk_soc` (`fk_soc`),
  KEY `idx_facture_fk_user_author` (`fk_user_author`),
  KEY `idx_facture_fk_user_valid` (`fk_user_valid`),
  KEY `idx_facture_fk_facture_source` (`fk_facture_source`),
  KEY `idx_facture_fk_projet` (`fk_projet`),
  KEY `idx_facture_fk_account` (`fk_account`),
  KEY `idx_facture_fk_currency` (`fk_currency`),
  KEY `idx_facture_fk_statut` (`fk_statut`),
  CONSTRAINT `fk_facture_fk_facture_source` FOREIGN KEY (`fk_facture_source`) REFERENCES `llxml_facture` (`rowid`),
  CONSTRAINT `fk_facture_fk_projet` FOREIGN KEY (`fk_projet`) REFERENCES `llxml_projet` (`rowid`),
  CONSTRAINT `fk_facture_fk_soc` FOREIGN KEY (`fk_soc`) REFERENCES `llxml_societe` (`rowid`),
  CONSTRAINT `fk_facture_fk_user_author` FOREIGN KEY (`fk_user_author`) REFERENCES `llxml_user` (`rowid`),
  CONSTRAINT `fk_facture_fk_user_valid` FOREIGN KEY (`fk_user_valid`) REFERENCES `llxml_user` (`rowid`)
) ENGINE=InnoDB AUTO_INCREMENT=122 DEFAULT CHARSET=utf8;

--
-- Dumping data for table `llxml_facture`
--

INSERT INTO `llxml_facture` VALUES (2,'FA1809-0001',1,NULL,NULL,NULL,0,NULL,134,'2018-09-07 14:54:43','2018-09-07',NULL,'2018-09-07',NULL,'2019-07-21 15:19:33',1,0.00000000,NULL,NULL,0,NULL,NULL,0.00000000,0.00000000,0.00000000,0.00000000,17568.00000000,17568.00000000,2,1,NULL,1,NULL,NULL,NULL,NULL,1,NULL,1,2,'2018-09-08',NULL,NULL,'crabe','facture/FA1809-0001/FA1809-0001.pdf',0,'',NULL,NULL,0,NULL,NULL,NULL,NULL,NULL,0,'EUR',1.00000000,17568.00000000,0.00000000,17568.00000000,NULL,NULL),(3,'FA1809-0002',1,NULL,NULL,NULL,0,NULL,131,'2018-09-12 15:05:40','2018-09-12',NULL,'2018-09-12',NULL,'2019-07-21 15:19:33',1,0.00000000,NULL,NULL,0,NULL,NULL,54.72000000,0.00000000,0.00000000,0.00000000,288.00000000,342.72000000,2,1,NULL,1,NULL,NULL,NULL,NULL,1,NULL,2,2,'2018-10-12',NULL,NULL,'crabe','facture/FA1809-0002/FA1809-0002.pdf',0,'',NULL,NULL,0,NULL,NULL,NULL,NULL,NULL,0,'EUR',1.00000000,288.00000000,54.72000000,342.72000000,NULL,NULL),(4,'FA1809-0003',1,NULL,NULL,NULL,0,NULL,401,'2018-09-18 14:51:05','2018-09-19',NULL,'2018-09-18',NULL,'2018-10-18 12:34:31',1,0.00000000,NULL,NULL,0,NULL,NULL,68.40000000,0.00000000,0.00000000,0.00000000,360.00000000,428.40000000,2,1,NULL,1,NULL,NULL,NULL,NULL,1,NULL,2,2,'2018-10-19',NULL,NULL,'crabe','facture/FA1809-0003/FA1809-0003.pdf',0,'',NULL,NULL,0,NULL,NULL,NULL,NULL,NULL,0,'EUR',1.00000000,360.00000000,68.40000000,428.40000000,NULL,NULL),(5,'FA1809-0004',1,NULL,NULL,NULL,0,NULL,402,'2018-09-18 15:05:33','2018-09-19',NULL,'2018-09-18',NULL,'2018-09-18 15:12:10',0,0.00000000,NULL,NULL,0,NULL,NULL,0.00000000,0.00000000,0.00000000,0.00000000,0.00000000,0.00000000,0,1,NULL,1,NULL,NULL,NULL,NULL,1,NULL,2,2,'2018-10-19',NULL,NULL,'crabe','facture/FA1809-0004/FA1809-0004.pdf',0,'',NULL,NULL,0,NULL,NULL,NULL,NULL,NULL,0,'EUR',1.00000000,0.00000000,0.00000000,0.00000000,NULL,NULL),(6,'FA1809-0005',1,NULL,NULL,NULL,0,NULL,402,'2018-09-18 15:07:10','2018-09-19',NULL,'2018-09-18',NULL,'2018-10-05 16:14:48',1,0.00000000,NULL,NULL,0,NULL,NULL,68.40000000,0.00000000,0.00000000,0.00000000,360.00000000,428.40000000,2,1,NULL,1,NULL,NULL,NULL,NULL,1,NULL,2,2,'2018-10-19',NULL,NULL,'crabe','facture/FA1809-0005/FA1809-0005.pdf',0,'',NULL,NULL,0,NULL,NULL,NULL,NULL,NULL,0,'EUR',1.00000000,360.00000000,68.40000000,428.40000000,NULL,NULL),(8,'FA1809-0006',1,NULL,NULL,NULL,0,NULL,134,'2018-09-26 13:44:09','2018-09-26',NULL,'2018-09-26',NULL,'2018-11-04 00:09:43',1,0.00000000,NULL,NULL,0,NULL,NULL,0.00000000,0.00000000,0.00000000,0.00000000,136.00000000,136.00000000,2,1,NULL,1,NULL,NULL,NULL,NULL,1,NULL,1,2,'2018-09-27',NULL,NULL,'crabe','facture/FA1809-0006/FA1809-0006.pdf',0,'',NULL,NULL,0,NULL,NULL,NULL,NULL,NULL,0,'EUR',1.00000000,136.00000000,0.00000000,136.00000000,NULL,NULL),(9,'FA1810-0007',1,NULL,NULL,NULL,0,NULL,139,'2018-10-14 15:21:00','2018-10-15',NULL,'2018-10-14',NULL,'2018-10-27 22:17:02',1,0.00000000,NULL,NULL,0,NULL,NULL,73.49000000,0.00000000,0.00000000,0.00000000,386.80000000,460.29000000,2,1,NULL,1,NULL,NULL,NULL,NULL,1,NULL,4,2,'2018-12-14',NULL,NULL,'crabe','facture/FA1810-0007/FA1810-0007.pdf',0,'',NULL,NULL,0,NULL,NULL,NULL,NULL,NULL,0,'EUR',1.00000000,386.80000000,73.49000000,460.29000000,NULL,NULL),(10,'FA1805-0008',1,NULL,NULL,NULL,0,NULL,134,'2018-10-14 23:21:16','2018-05-21',NULL,'2018-10-14',NULL,'2018-10-14 23:28:02',1,0.00000000,NULL,NULL,0,NULL,NULL,0.00000000,0.00000000,0.00000000,0.00000000,1202.88000000,1202.88000000,2,1,NULL,1,NULL,NULL,NULL,NULL,1,NULL,1,2,'2018-05-22',NULL,NULL,'crabe','facture/FA1805-0008/FA1805-0008.pdf',0,'',NULL,NULL,0,NULL,NULL,NULL,NULL,NULL,0,'EUR',1.00000000,1202.88000000,0.00000000,1202.88000000,NULL,NULL),(11,'FA1811-0009',1,NULL,NULL,NULL,0,NULL,639,'2018-11-04 00:13:19','2018-11-09',NULL,'2018-11-04',NULL,'2018-11-23 17:54:14',1,0.00000000,NULL,NULL,0,NULL,NULL,42.71000000,0.00000000,0.00000000,0.00000000,224.80000000,267.51000000,2,1,NULL,1,NULL,NULL,NULL,NULL,1,NULL,2,2,'2018-12-09',NULL,'Kundenpr&auml;sente einzeln in schmucken Geschenkpapier verpackt. Weihnachtsmarketing f&uuml;r Edelkunden.','crabe','facture/FA1811-0009/FA1811-0009.pdf',0,'',NULL,NULL,0,NULL,NULL,NULL,NULL,NULL,0,'EUR',1.00000000,224.80000000,42.71000000,267.51000000,NULL,NULL),(12,'FA1706-0010',1,NULL,NULL,NULL,0,NULL,640,'2018-11-04 12:31:21','2017-06-20',NULL,'2018-11-04',NULL,'2019-02-01 12:10:06',0,0.00000000,NULL,NULL,0,'badcustomer',NULL,7.98000000,0.00000000,0.00000000,0.00000000,42.00000000,49.98000000,3,1,NULL,1,NULL,NULL,NULL,NULL,NULL,NULL,2,2,'2017-07-20',NULL,NULL,'crabe','facture/FA1706-0010/FA1706-0010.pdf',0,'',NULL,NULL,0,NULL,NULL,NULL,NULL,NULL,0,'EUR',1.00000000,42.00000000,7.98000000,49.98000000,NULL,NULL),(13,'FA1811-0011',1,NULL,NULL,NULL,0,NULL,134,'2018-11-05 14:15:14','2018-11-05',NULL,'2018-11-05',NULL,'2018-11-09 17:59:11',1,0.00000000,NULL,NULL,0,NULL,NULL,7.98000000,0.00000000,0.00000000,0.00000000,42.00000000,49.98000000,2,1,NULL,1,NULL,NULL,NULL,NULL,1,NULL,1,2,'2018-11-06',NULL,NULL,'crabe','facture/FA1811-0011/FA1811-0011.pdf',0,'',NULL,NULL,0,NULL,NULL,NULL,NULL,NULL,0,'EUR',1.00000000,42.00000000,7.98000000,49.98000000,NULL,NULL),(14,'FA1811-0012',1,NULL,NULL,NULL,0,NULL,677,'2018-11-06 13:10:57','2018-11-06',NULL,'2018-11-06',NULL,'2019-06-26 14:06:55',1,0.00000000,NULL,NULL,0,NULL,NULL,7.98000000,0.00000000,0.00000000,0.00000000,42.00000000,49.98000000,2,1,NULL,1,NULL,NULL,NULL,NULL,1,NULL,1,2,'2018-11-07',NULL,NULL,'crabe','facture/FA1811-0012/FA1811-0012.pdf',0,'',NULL,NULL,0,NULL,NULL,NULL,NULL,NULL,0,'EUR',1.00000000,42.00000000,7.98000000,49.98000000,NULL,NULL),(15,'AV1811-0001',1,NULL,NULL,NULL,2,NULL,677,'2018-11-13 09:52:05','2018-11-13',NULL,'2018-11-13',NULL,'2018-11-23 17:58:04',1,0.00000000,NULL,NULL,0,NULL,NULL,-7.98000000,0.00000000,0.00000000,0.00000000,-42.00000000,-49.98000000,2,1,NULL,1,NULL,NULL,14,NULL,1,NULL,0,2,'2018-11-13',NULL,NULL,'crabe','facture/AV1811-0001/AV1811-0001.pdf',0,'',NULL,NULL,0,NULL,NULL,NULL,NULL,NULL,0,'EUR',1.00000000,-42.00000000,-7.98000000,-49.98000000,NULL,NULL),(16,'FA1811-0013',1,NULL,NULL,NULL,0,NULL,653,'2018-12-13 10:58:26','2018-11-15',NULL,'2018-12-13',NULL,'2018-12-14 10:17:15',1,0.00000000,NULL,NULL,0,NULL,NULL,9.65000000,0.00000000,0.00000000,0.00000000,50.80000000,60.45000000,2,1,NULL,1,NULL,NULL,NULL,NULL,1,NULL,2,2,'2018-12-15',NULL,NULL,'crabe','facture/FA1811-0013/FA1811-0013.pdf',0,'',NULL,NULL,0,NULL,NULL,NULL,NULL,NULL,0,'EUR',1.00000000,50.80000000,9.65000000,60.45000000,NULL,NULL),(17,'FA1812-0014',1,NULL,NULL,NULL,0,NULL,131,'2018-12-15 11:45:56','2018-12-03',NULL,'2018-12-15',NULL,'2019-01-26 23:52:13',1,0.00000000,NULL,NULL,0,NULL,NULL,373.92000000,0.00000000,0.00000000,0.00000000,1968.00000000,2341.92000000,2,1,NULL,1,NULL,NULL,NULL,NULL,1,NULL,2,2,'2019-01-02',NULL,NULL,'crabe','facture/FA1812-0014/FA1812-0014.pdf',0,'',NULL,NULL,0,NULL,NULL,NULL,NULL,NULL,0,'EUR',1.00000000,1968.00000000,373.92000000,2341.92000000,NULL,NULL),(18,'FA1812-0015',1,NULL,NULL,'14332',0,NULL,131,'2018-12-15 11:48:09','2018-12-14',NULL,'2018-12-15',NULL,'2019-01-08 10:52:04',1,0.00000000,NULL,NULL,0,NULL,NULL,37.44000000,0.00000000,0.00000000,0.00000000,197.08000000,234.52000000,2,1,NULL,1,NULL,NULL,NULL,NULL,1,NULL,2,2,'2019-01-13',NULL,NULL,'crabe','facture/FA1812-0015/FA1812-0015.pdf',0,'',NULL,NULL,0,NULL,NULL,NULL,NULL,NULL,0,'EUR',1.00000000,197.08000000,37.44000000,234.52000000,NULL,NULL),(19,'FA1901-0016',1,NULL,NULL,NULL,0,NULL,132,'2019-01-04 14:30:18','2019-01-09',NULL,'2019-02-01',NULL,'2019-05-09 13:04:16',1,0.00000000,NULL,NULL,0,NULL,NULL,47.88000000,0.00000000,0.00000000,0.00000000,252.00000000,299.88000000,2,1,NULL,1,NULL,NULL,NULL,NULL,1,NULL,2,2,'2019-02-08',NULL,NULL,'crabe','facture/FA1901-0016/FA1901-0016.pdf',0,'',NULL,NULL,0,NULL,NULL,NULL,NULL,NULL,0,'EUR',1.00000000,252.00000000,47.88000000,299.88000000,NULL,NULL),(21,'FA1901-0017',1,NULL,NULL,NULL,0,NULL,576,'2019-01-07 20:03:56','2019-01-07',NULL,'2019-09-07',NULL,'2019-09-07 13:35:02',1,0.00000000,NULL,NULL,0,NULL,NULL,29.03000000,0.00000000,0.00000000,0.00000000,152.80000000,181.83000000,2,1,NULL,1,NULL,NULL,NULL,NULL,1,NULL,2,2,'2019-02-06',NULL,NULL,'crabe','facture/FA1901-0017/FA1901-0017.pdf',0,'',NULL,NULL,0,NULL,NULL,NULL,NULL,NULL,0,'EUR',1.00000000,152.80000000,29.03000000,181.83000000,NULL,NULL),(23,'FA1901-0018',1,NULL,NULL,'14553',0,NULL,131,'2019-01-16 16:33:55','2019-01-21',NULL,'2019-01-16',NULL,'2019-01-26 23:50:04',1,0.00000000,NULL,NULL,0,NULL,NULL,111.11000000,0.00000000,0.00000000,0.00000000,584.80000000,695.91000000,2,1,NULL,1,NULL,NULL,NULL,NULL,1,NULL,2,2,'2019-02-20',NULL,NULL,'crabe','facture/FA1901-0018/FA1901-0018.pdf',0,'',NULL,NULL,0,NULL,NULL,NULL,NULL,NULL,0,'EUR',1.00000000,584.80000000,111.11000000,695.91000000,NULL,NULL),(24,'FA1901-0019',1,NULL,NULL,NULL,0,NULL,606,'2019-01-24 10:20:14','2019-01-24',NULL,'2019-01-24',NULL,'2019-08-21 23:40:50',1,0.00000000,NULL,NULL,0,NULL,NULL,11.93000000,0.00000000,0.00000000,0.00000000,62.80000000,74.73000000,2,1,NULL,1,NULL,NULL,NULL,NULL,1,NULL,1,0,'2019-01-25',NULL,NULL,'crabe','facture/FA1901-0019/FA1901-0019.pdf',0,'',NULL,NULL,0,NULL,NULL,NULL,NULL,NULL,0,'EUR',1.00000000,62.80000000,11.93000000,74.73000000,NULL,NULL),(25,'FA1901-0020',1,NULL,NULL,'14553',0,NULL,131,'2019-01-30 21:47:20','2019-01-30',NULL,'2019-01-30',NULL,'2019-08-27 00:26:11',0,0.00000000,NULL,NULL,0,NULL,NULL,0.00000000,0.00000000,0.00000000,0.00000000,0.00000000,0.00000000,0,1,NULL,1,NULL,NULL,NULL,NULL,1,NULL,2,2,'2019-03-01',NULL,NULL,'crabe','facture/FA1901-0020/FA1901-0020.pdf',0,'',NULL,NULL,0,NULL,NULL,NULL,NULL,NULL,0,'EUR',1.00000000,0.00000000,0.00000000,0.00000000,NULL,NULL),(26,'FA1901-0021',1,NULL,NULL,NULL,0,NULL,576,'2019-01-30 21:54:30','2019-01-30',NULL,'2019-01-30',NULL,'2019-09-07 13:39:07',0,0.00000000,NULL,NULL,0,'abandon','double booking',29.03000000,0.00000000,0.00000000,0.00000000,152.80000000,181.83000000,3,1,NULL,1,NULL,NULL,NULL,NULL,1,NULL,2,2,'2019-03-01',NULL,NULL,'crabe','facture/FA1901-0021/FA1901-0021.pdf',0,'',NULL,NULL,0,NULL,NULL,NULL,NULL,NULL,0,'EUR',1.00000000,152.80000000,29.03000000,181.83000000,NULL,NULL),(27,'FA1901-0022',1,NULL,NULL,NULL,0,NULL,132,'2019-01-30 22:00:45','2019-01-30',NULL,'2019-01-30',NULL,'2019-01-30 22:10:11',0,0.00000000,NULL,NULL,0,NULL,NULL,0.00000000,0.00000000,0.00000000,0.00000000,0.00000000,0.00000000,0,1,NULL,1,NULL,NULL,NULL,NULL,1,NULL,2,2,'2019-03-01',NULL,NULL,'crabe','facture/FA1901-0022/FA1901-0022.pdf',0,'',NULL,NULL,0,NULL,NULL,NULL,NULL,NULL,0,'EUR',1.00000000,0.00000000,0.00000000,0.00000000,NULL,NULL),(28,'FA1901-0023',1,NULL,NULL,NULL,0,NULL,131,'2019-01-30 22:03:34','2019-01-30',NULL,'2019-01-30',NULL,'2019-06-09 18:10:47',0,0.00000000,NULL,NULL,0,NULL,NULL,0.00000000,0.00000000,0.00000000,0.00000000,0.00000000,0.00000000,0,1,NULL,1,NULL,NULL,NULL,NULL,1,NULL,2,2,'2019-03-01',NULL,NULL,'crabe','facture/FA1901-0023/FA1901-0023.pdf',0,'',NULL,NULL,0,NULL,NULL,NULL,NULL,NULL,0,'EUR',1.00000000,0.00000000,0.00000000,0.00000000,NULL,NULL),(31,'FA1903-0024',1,NULL,NULL,'15120',0,NULL,131,'2019-03-25 13:40:35','2019-03-29',NULL,'2019-03-25',NULL,'2019-04-09 21:59:16',1,0.00000000,NULL,NULL,0,NULL,NULL,503.27000000,0.00000000,0.00000000,0.00000000,2648.80000000,3152.07000000,2,1,NULL,1,NULL,NULL,NULL,NULL,1,NULL,2,2,'2019-04-28',NULL,NULL,'crabe','facture/FA1903-0024/FA1903-0024.pdf',0,'',NULL,NULL,0,NULL,NULL,NULL,NULL,NULL,0,'EUR',1.00000000,2648.80000000,503.27000000,3152.07000000,NULL,NULL),(32,'FA1904-0025',1,NULL,NULL,'15193',0,NULL,131,'2019-04-04 11:43:38','2019-04-04',NULL,'2019-04-04',NULL,'2019-08-05 15:14:36',1,0.00000000,NULL,NULL,0,NULL,NULL,119.52000000,0.00000000,0.00000000,0.00000000,629.08000000,748.60000000,2,1,NULL,1,NULL,NULL,NULL,NULL,1,NULL,2,2,'2019-05-04',NULL,NULL,'crabe','facture/FA1904-0025/FA1904-0025.pdf',0,'',NULL,NULL,0,NULL,NULL,NULL,NULL,NULL,0,'EUR',1.00000000,629.08000000,119.52000000,748.60000000,NULL,NULL),(33,'FA1904-0026',1,NULL,NULL,NULL,0,NULL,131,'2019-04-04 11:51:32','2019-04-04',NULL,'2019-04-04',NULL,'2019-05-09 13:07:20',1,0.00000000,NULL,NULL,0,NULL,NULL,124.79000000,0.00000000,0.00000000,0.00000000,656.80000000,781.59000000,2,1,NULL,1,NULL,NULL,NULL,NULL,1,NULL,2,2,'2019-05-04',NULL,NULL,'crabe','facture/FA1904-0026/FA1904-0026.pdf',0,'',NULL,NULL,0,NULL,NULL,NULL,NULL,NULL,0,'EUR',1.00000000,656.80000000,124.79000000,781.59000000,NULL,NULL),(34,'FA1905-0027',1,NULL,NULL,NULL,0,NULL,704,'2019-05-01 20:04:18','2019-05-03',NULL,'2019-05-24',NULL,'2019-06-13 00:29:25',1,0.00000000,NULL,NULL,0,NULL,NULL,0.00000000,0.00000000,0.00000000,0.00000000,134.00000000,134.00000000,2,1,NULL,1,NULL,NULL,NULL,NULL,1,NULL,2,2,'2019-06-02',NULL,NULL,'crabe','facture/FA1905-0027/FA1905-0027.pdf',0,'',NULL,NULL,0,NULL,NULL,NULL,NULL,NULL,0,'EUR',1.00000000,134.00000000,0.00000000,134.00000000,NULL,NULL),(36,'FA1905-0028',1,NULL,NULL,NULL,0,NULL,2,'2019-05-27 23:53:13','2019-05-29',NULL,'2019-05-27',NULL,'2019-05-31 02:22:35',1,0.00000000,NULL,NULL,0,NULL,NULL,32.07000000,0.00000000,0.00000000,0.00000000,168.80000000,200.87000000,2,1,NULL,1,NULL,NULL,NULL,NULL,1,NULL,2,2,'2019-06-28',NULL,NULL,'crabe','facture/FA1905-0028/FA1905-0028.pdf',0,'',NULL,NULL,0,NULL,NULL,NULL,NULL,NULL,0,'EUR',1.00000000,168.80000000,32.07000000,200.87000000,NULL,NULL),(37,'FA1906-0029',1,NULL,NULL,'15637',0,NULL,131,'2019-06-04 19:35:21','2019-06-07',NULL,'2019-06-04',NULL,'2019-08-05 15:14:37',1,0.00000000,NULL,NULL,0,NULL,NULL,109.44000000,0.00000000,0.00000000,0.00000000,576.00000000,685.44000000,2,1,NULL,1,NULL,NULL,NULL,NULL,1,NULL,2,2,'2019-07-07',NULL,NULL,'crabe','facture/FA1906-0029/FA1906-0029.pdf',0,'',NULL,NULL,0,NULL,NULL,NULL,NULL,NULL,0,'EUR',1.00000000,576.00000000,109.44000000,685.44000000,NULL,NULL),(38,'FA1906-0030',1,NULL,NULL,NULL,0,NULL,709,'2019-06-21 19:33:58','2019-06-21',NULL,'2019-06-21',NULL,'2019-06-26 13:54:08',1,0.00000000,NULL,NULL,0,NULL,NULL,76.30000000,0.00000000,0.00000000,0.00000000,401.60000000,477.90000000,2,1,NULL,1,NULL,NULL,NULL,NULL,1,NULL,11,2,'2019-07-05',NULL,NULL,'crabe','facture/FA1906-0030/FA1906-0030.pdf',0,'',NULL,NULL,0,NULL,NULL,NULL,NULL,NULL,0,'EUR',1.00000000,401.60000000,76.30000000,477.90000000,NULL,NULL),(41,'FA1906-0031',1,NULL,NULL,NULL,0,NULL,705,'2019-06-30 23:48:18','2019-06-28',NULL,'2019-06-30',NULL,'2019-08-08 00:11:55',1,0.00000000,NULL,NULL,0,NULL,NULL,0.00000000,0.00000000,0.00000000,0.00000000,846.00000000,846.00000000,2,1,NULL,1,NULL,NULL,NULL,12,1,NULL,11,2,'2019-07-12',NULL,'<strong>Company name:</strong>&nbsp;&nbsp;&nbsp; &nbsp;&nbsp;&nbsp; &nbsp;&nbsp;&nbsp; &nbsp;&nbsp;&nbsp;&nbsp;Brandimex&nbsp;s.r.o.<br />\r\n<strong>Headquarters:&nbsp;&nbsp;</strong>&nbsp; &nbsp;&nbsp;&nbsp; &nbsp;&nbsp;&nbsp; &nbsp;&nbsp;&nbsp; &nbsp;&nbsp; Kar&aacute;sek 2249/1g<br />\r\n&nbsp;&nbsp;&nbsp; &nbsp;&nbsp;&nbsp; &nbsp;&nbsp;&nbsp; &nbsp;&nbsp;&nbsp; &nbsp;&nbsp;&nbsp; &nbsp;&nbsp;&nbsp; &nbsp;&nbsp;&nbsp; &nbsp;&nbsp;&nbsp; &nbsp;&nbsp;&nbsp; &nbsp;&nbsp;&nbsp; &nbsp;&nbsp;&nbsp; &nbsp;&nbsp;&nbsp; Brno&nbsp;<br />\r\n&nbsp;&nbsp;&nbsp; &nbsp;&nbsp;&nbsp; &nbsp;&nbsp;&nbsp; &nbsp;&nbsp;&nbsp; &nbsp;&nbsp;&nbsp; &nbsp;&nbsp;&nbsp; &nbsp;&nbsp;&nbsp; &nbsp;&nbsp;&nbsp; &nbsp;&nbsp;&nbsp; &nbsp;&nbsp;&nbsp; &nbsp;&nbsp;&nbsp; &nbsp;&nbsp;&nbsp; 621 00<br />\r\n<strong>Warehouse:</strong>&nbsp;&nbsp;&nbsp; &nbsp;&nbsp;&nbsp; &nbsp;&nbsp;&nbsp; &nbsp;&nbsp;&nbsp; &nbsp;&nbsp;&nbsp; &nbsp;&nbsp;&nbsp; Ti&scaron;novsk&aacute; 160<br />\r\n&nbsp;&nbsp;&nbsp; &nbsp;&nbsp;&nbsp; &nbsp;&nbsp;&nbsp; &nbsp;&nbsp;&nbsp; &nbsp;&nbsp;&nbsp; &nbsp;&nbsp;&nbsp; &nbsp;&nbsp;&nbsp; &nbsp;&nbsp;&nbsp; &nbsp;&nbsp;&nbsp; &nbsp;&nbsp;&nbsp; &nbsp;&nbsp;&nbsp; &nbsp;&nbsp;&nbsp; Hradčany u Ti&scaron;nova&nbsp;<br />\r\n&nbsp;&nbsp;&nbsp; &nbsp;&nbsp;&nbsp; &nbsp;&nbsp;&nbsp; &nbsp;&nbsp;&nbsp; &nbsp;&nbsp;&nbsp; &nbsp;&nbsp;&nbsp; &nbsp;&nbsp;&nbsp; &nbsp;&nbsp;&nbsp; &nbsp;&nbsp;&nbsp; &nbsp;&nbsp;&nbsp; &nbsp;&nbsp;&nbsp; &nbsp;&nbsp;&nbsp; 666 03<br />\r\n<strong>Compeny ID nr.:</strong>&nbsp;&nbsp;&nbsp; &nbsp;&nbsp;&nbsp; &nbsp;&nbsp;&nbsp; &nbsp;&nbsp;&nbsp; 048 51 412<br />\r\n<strong>Tax ID nr.:&nbsp;</strong>&nbsp;&nbsp; &nbsp;&nbsp;&nbsp; &nbsp;&nbsp;&nbsp; &nbsp;&nbsp;&nbsp; &nbsp;&nbsp;&nbsp; &nbsp;&nbsp;&nbsp; &nbsp;&nbsp;&nbsp; CZ04851412<br />\r\n<strong>SEED ID Company:</strong>&nbsp;&nbsp;&nbsp; &nbsp;&nbsp;&nbsp; &nbsp; CZ0010398S000<br />\r\n<strong>SEED ID warehouse:</strong>&nbsp;&nbsp;&nbsp; &nbsp;&nbsp; CZ1710398S001','crabe','facture/FA1906-0031/FA1906-0031.pdf',0,'',NULL,NULL,0,NULL,NULL,NULL,NULL,NULL,0,'EUR',1.00000000,846.00000000,0.00000000,846.00000000,NULL,NULL),(42,'FA1907-0032',1,NULL,NULL,'16043',0,NULL,131,'2019-07-25 13:57:59','2019-07-25',NULL,'2019-07-25',NULL,'2019-08-05 15:13:27',1,0.00000000,NULL,NULL,0,NULL,NULL,105.56000000,0.00000000,0.00000000,0.00000000,555.60000000,661.16000000,2,1,NULL,1,NULL,NULL,NULL,NULL,1,NULL,13,2,'2019-07-26',NULL,NULL,'crabe','facture/FA1907-0032/FA1907-0032.pdf',0,'',NULL,NULL,0,NULL,NULL,NULL,NULL,NULL,0,'EUR',1.00000000,555.60000000,105.56000000,661.16000000,NULL,NULL),(43,'FA1908-0033',1,NULL,NULL,NULL,0,NULL,679,'2019-08-06 11:10:40','2019-08-06',NULL,'2019-08-06',NULL,'2019-10-20 01:41:40',1,0.00000000,NULL,NULL,0,NULL,NULL,4.56000000,0.00000000,0.00000000,0.00000000,24.00000000,28.56000000,2,1,NULL,1,NULL,NULL,NULL,NULL,1,NULL,6,2,'2019-08-07',NULL,NULL,'crabe','facture/FA1908-0033/FA1908-0033.pdf',0,'',NULL,NULL,0,NULL,NULL,NULL,NULL,NULL,0,'EUR',1.00000000,24.00000000,4.56000000,28.56000000,NULL,NULL),(44,'FA1908-0034',1,NULL,NULL,NULL,0,NULL,705,'2019-08-17 22:58:15','2019-08-12',NULL,'2019-08-17','2020-03-18 19:32:57','2020-03-18 19:32:57',1,0.00000000,NULL,NULL,0,NULL,NULL,0.00000000,0.00000000,0.00000000,0.00000000,2172.00000000,2172.00000000,2,1,NULL,1,1,NULL,NULL,12,2,NULL,14,2,'2019-11-10',NULL,NULL,'crabe','facture/FA1908-0034/FA1908-0034.pdf',1,'',NULL,NULL,0,NULL,NULL,NULL,NULL,NULL,0,'EUR',1.00000000,2172.00000000,0.00000000,2172.00000000,NULL,NULL),(45,'FA1909-0035',1,NULL,NULL,NULL,0,NULL,132,'2019-08-25 21:43:22','2019-09-02',NULL,'2019-08-25','2020-02-15 18:02:11','2020-02-15 18:02:11',1,0.00000000,NULL,NULL,0,NULL,NULL,41.09000000,0.00000000,0.00000000,0.00000000,216.24000000,257.33000000,2,1,NULL,1,1,NULL,NULL,6,1,NULL,2,2,'2019-10-02',NULL,NULL,'crabe','facture/FA1909-0035/FA1909-0035.pdf',0,'',NULL,NULL,0,NULL,NULL,NULL,NULL,NULL,0,'EUR',1.00000000,216.24000000,41.09000000,257.33000000,NULL,NULL),(46,'FA1908-0036',1,NULL,NULL,'July 2019',0,NULL,745,'2019-08-26 23:54:39','2019-08-15',NULL,'2019-12-24','2020-02-23 20:31:54','2020-02-23 20:31:54',1,0.00000000,NULL,NULL,0,NULL,NULL,106.27000000,0.00000000,0.00000000,0.00000000,559.35000000,665.62000000,2,1,NULL,1,1,NULL,NULL,6,2,NULL,4,2,'2019-10-14',NULL,NULL,'crabe','facture/FA1908-0036/FA1908-0036.pdf',0,'',NULL,NULL,0,NULL,NULL,NULL,NULL,NULL,0,'EUR',1.00000000,559.35000000,106.27000000,665.62000000,NULL,NULL),(47,'FA1908-0037',1,NULL,NULL,'August 2019',0,NULL,745,'2019-08-26 23:59:55','2019-08-15',NULL,'2019-12-24',NULL,'2019-12-24 20:14:00',1,0.00000000,NULL,NULL,0,NULL,NULL,155.33000000,0.00000000,0.00000000,0.00000000,818.58000000,973.91000000,2,1,NULL,1,NULL,NULL,NULL,6,2,NULL,2,2,'2019-09-14',NULL,NULL,'crabe','facture/FA1908-0037/FA1908-0037.pdf',0,'',NULL,NULL,0,NULL,NULL,NULL,NULL,NULL,0,'EUR',1.00000000,818.58000000,155.33000000,973.91000000,NULL,NULL),(48,'FA1908-0038',1,NULL,NULL,'October 2019',0,NULL,745,'2019-08-27 00:04:06','2019-08-23',NULL,'2019-12-24',NULL,'2019-12-24 20:16:26',1,0.00000000,NULL,NULL,0,NULL,NULL,325.51000000,0.00000000,0.00000000,0.00000000,1713.17000000,2038.68000000,2,1,NULL,1,NULL,NULL,NULL,6,2,NULL,4,2,'2019-10-22',NULL,NULL,'crabe','facture/FA1908-0038/FA1908-0038.pdf',0,'',NULL,NULL,0,NULL,NULL,NULL,NULL,NULL,0,'EUR',1.00000000,1713.17000000,325.51000000,2038.68000000,NULL,NULL),(49,'FA1909-0039',1,NULL,NULL,NULL,0,NULL,145,'2019-08-28 21:17:04','2019-09-02',NULL,'2019-08-28',NULL,'2019-10-28 19:08:18',1,0.00000000,NULL,NULL,0,NULL,NULL,65.51000000,0.00000000,0.00000000,0.00000000,344.80000000,410.31000000,2,1,NULL,1,NULL,NULL,NULL,6,2,NULL,2,2,'2019-10-02',NULL,NULL,'crabe','facture/FA1909-0039/FA1909-0039.pdf',0,'',NULL,NULL,0,NULL,NULL,NULL,NULL,NULL,0,'EUR',1.00000000,344.80000000,65.51000000,410.31000000,NULL,NULL),(50,'FA1909-0040',1,NULL,NULL,NULL,0,NULL,131,'2019-09-07 13:47:29','2019-09-06',NULL,'2019-09-09',NULL,'2019-12-24 20:21:18',1,0.00000000,NULL,NULL,0,NULL,NULL,18.38000000,0.00000000,0.00000000,0.00000000,96.72000000,115.10000000,2,1,NULL,1,NULL,NULL,NULL,6,1,NULL,2,2,'2019-10-06',NULL,NULL,'crabe','facture/FA1909-0040/FA1909-0040.pdf',0,'',NULL,NULL,0,NULL,NULL,NULL,NULL,NULL,0,'EUR',1.00000000,96.72000000,18.38000000,115.10000000,NULL,NULL),(51,'FA1909-0041',1,NULL,NULL,'16453',0,NULL,131,'2019-09-16 11:49:14','2019-09-18',NULL,'2019-09-16',NULL,'2019-12-24 20:21:18',1,0.00000000,NULL,NULL,0,NULL,NULL,81.05000000,0.00000000,0.00000000,0.00000000,426.60000000,507.65000000,2,1,NULL,1,NULL,NULL,NULL,6,2,NULL,2,2,'2019-10-18',NULL,NULL,'crabe','facture/FA1909-0041/FA1909-0041.pdf',0,'',NULL,NULL,0,NULL,NULL,NULL,NULL,NULL,0,'EUR',1.00000000,426.60000000,81.05000000,507.65000000,NULL,NULL),(52,'FA1907-0042',1,NULL,NULL,'Amazon',0,NULL,639,'2019-09-21 16:04:19','2019-07-15',NULL,'2019-09-21',NULL,'2019-12-22 20:10:59',0,0.00000000,NULL,NULL,0,'abandon','wegn MwSt Rechnung',18.00000000,0.00000000,0.00000000,0.00000000,94.72000000,112.72000000,3,1,NULL,1,NULL,NULL,NULL,6,NULL,NULL,6,50,'2019-07-16',NULL,NULL,'crabe','facture/FA1907-0042/FA1907-0042.pdf',0,'',NULL,NULL,0,NULL,NULL,NULL,NULL,NULL,0,'EUR',1.00000000,94.72000000,18.00000000,112.72000000,NULL,NULL),(53,'FA1909-0043',1,NULL,NULL,NULL,0,NULL,135,'2019-09-23 23:43:19','2019-09-23',NULL,'2019-09-23',NULL,'2019-10-11 10:35:59',1,0.00000000,NULL,NULL,0,NULL,NULL,0.00000000,0.00000000,0.00000000,0.00000000,3064.80000000,3064.80000000,2,1,NULL,1,NULL,NULL,NULL,7,2,NULL,9,2,'2019-10-03',NULL,NULL,'crabe','facture/FA1909-0043/FA1909-0043.pdf',1,'Germany',NULL,NULL,0,NULL,NULL,NULL,NULL,NULL,0,'EUR',1.00000000,3064.80000000,0.00000000,3064.80000000,NULL,NULL),(54,'FA1908-0044',1,NULL,NULL,'November 2019',0,NULL,745,'2019-10-02 10:10:22','2019-08-31',NULL,'2020-02-23','2020-02-23 21:11:25','2020-02-23 21:11:25',1,0.00000000,NULL,NULL,0,NULL,NULL,661.66000000,0.00000000,0.00000000,0.00000000,3482.36000000,4144.02000000,2,1,NULL,1,1,NULL,NULL,6,2,NULL,1,2,'2020-01-15',NULL,NULL,'crabe','facture/FA1908-0044/FA1908-0044.pdf',0,'',NULL,NULL,0,NULL,NULL,NULL,NULL,NULL,0,'EUR',1.00000000,3482.36000000,661.66000000,4144.02000000,NULL,NULL),(55,'FA1909-0045',1,NULL,NULL,'Pro Forma',0,NULL,658,'2019-10-04 12:35:07','2019-09-11',NULL,'2019-10-04',NULL,'2019-10-11 11:18:29',0,0.00000000,NULL,NULL,0,NULL,NULL,0.00000000,0.00000000,0.00000000,0.00000000,0.00000000,0.00000000,0,1,NULL,1,NULL,NULL,NULL,NULL,NULL,NULL,4,NULL,'2019-11-10',NULL,NULL,'crabe','facture/FA1909-0045/FA1909-0045.pdf',0,'',NULL,NULL,0,NULL,NULL,NULL,NULL,NULL,0,'EUR',1.00000000,0.00000000,0.00000000,0.00000000,NULL,NULL),(56,'(PROV56)',1,NULL,NULL,NULL,2,NULL,658,'2019-10-11 10:37:57','2019-10-11',NULL,NULL,NULL,'2019-10-11 10:37:57',0,0.00000000,NULL,NULL,0,NULL,NULL,0.00000000,0.00000000,0.00000000,0.00000000,0.00000000,0.00000000,0,1,NULL,NULL,NULL,NULL,55,NULL,NULL,NULL,0,0,'2019-10-11',NULL,NULL,'crabe',NULL,0,'',NULL,NULL,0,NULL,NULL,NULL,NULL,NULL,0,'EUR',1.00000000,0.00000000,0.00000000,0.00000000,NULL,NULL),(58,'FA1910-0046',1,NULL,NULL,'16564',0,NULL,131,'2019-10-17 10:43:17','2019-10-21',NULL,'2019-10-17',NULL,'2019-11-11 22:07:38',1,0.00000000,NULL,NULL,0,NULL,NULL,49.94000000,0.00000000,0.00000000,0.00000000,262.84000000,312.78000000,2,1,NULL,1,NULL,NULL,NULL,6,2,NULL,11,2,'2019-11-04',NULL,NULL,'crabe','facture/FA1910-0046/FA1910-0046.pdf',0,'',NULL,NULL,0,NULL,NULL,NULL,NULL,NULL,0,'EUR',1.00000000,262.84000000,49.94000000,312.78000000,NULL,NULL),(59,'FA1910-0047',1,NULL,NULL,NULL,0,NULL,704,'2019-10-17 10:47:16','2019-10-21',NULL,'2019-10-17',NULL,'2019-11-10 13:24:44',1,0.00000000,NULL,NULL,0,NULL,NULL,35.20000000,0.00000000,0.00000000,0.00000000,185.22000000,220.42000000,2,1,NULL,1,NULL,NULL,NULL,NULL,2,NULL,1,2,'2019-10-22',NULL,NULL,'crabe','facture/FA1910-0047/FA1910-0047.pdf',0,'',NULL,NULL,0,NULL,NULL,NULL,NULL,NULL,0,'EUR',1.00000000,185.22000000,35.20000000,220.42000000,NULL,NULL),(60,'FA1910-0048',1,NULL,NULL,NULL,0,NULL,132,'2019-10-21 15:07:47','2019-10-28',NULL,'2019-10-21','2020-04-09 19:40:56','2020-04-09 19:40:56',1,0.00000000,NULL,NULL,0,NULL,NULL,94.69000000,0.00000000,0.00000000,0.00000000,498.42000000,593.11000000,2,1,NULL,1,1,NULL,NULL,6,2,NULL,15,2,'2020-04-25',NULL,NULL,'crabe','facture/FA1910-0048/FA1910-0048.pdf',0,'',NULL,NULL,0,NULL,NULL,NULL,NULL,NULL,1,'EUR',1.00000000,498.42000000,94.69000000,593.11000000,NULL,NULL),(61,'FA1910-0049',1,NULL,NULL,NULL,0,NULL,145,'2019-10-22 12:53:44','2019-10-25',NULL,'2019-10-22',NULL,'2020-01-04 16:18:32',1,0.00000000,NULL,NULL,0,NULL,NULL,95.80000000,0.00000000,0.00000000,0.00000000,504.24000000,600.04000000,2,1,NULL,1,NULL,NULL,NULL,6,2,NULL,2,2,'2019-11-24',NULL,NULL,'crabe','facture/FA1910-0049/FA1910-0049.pdf',0,'',NULL,NULL,0,NULL,NULL,NULL,NULL,NULL,1,'EUR',1.00000000,504.24000000,95.80000000,600.04000000,NULL,NULL),(62,'AV1911-0002',1,NULL,NULL,NULL,2,NULL,131,'2019-11-11 12:31:11','2019-11-11',NULL,'2019-11-11',NULL,'2019-11-11 12:33:49',1,0.00000000,NULL,NULL,0,NULL,NULL,-1.67000000,0.00000000,0.00000000,0.00000000,-8.80000000,-10.47000000,2,1,NULL,1,NULL,NULL,58,6,2,NULL,0,2,'2019-11-11',NULL,NULL,'crabe','facture/AV1911-0002/AV1911-0002.pdf',0,'',NULL,NULL,0,NULL,NULL,NULL,NULL,NULL,1,'EUR',1.00000000,-8.80000000,-1.67000000,-10.47000000,NULL,NULL),(63,'FA1911-0050',1,NULL,NULL,'16980',0,NULL,131,'2019-11-11 22:02:13','2019-11-18',NULL,'2019-11-11',NULL,'2019-12-04 10:41:20',1,0.00000000,NULL,NULL,0,NULL,NULL,736.04000000,0.00000000,0.00000000,0.00000000,3873.90000000,4609.94000000,2,1,NULL,1,NULL,NULL,NULL,6,2,NULL,11,2,'2019-12-02',NULL,NULL,'crabe','facture/FA1911-0050/FA1911-0050.pdf',0,'',NULL,NULL,0,NULL,NULL,NULL,NULL,NULL,1,'EUR',1.00000000,3873.90000000,736.04000000,4609.94000000,NULL,NULL),(64,'FA1911-0051',1,NULL,NULL,NULL,0,NULL,639,'2019-11-12 18:16:21','2019-11-12',NULL,'2019-11-12',NULL,'2019-11-13 17:11:07',1,0.00000000,NULL,NULL,0,NULL,NULL,6.46000000,0.00000000,0.00000000,0.00000000,34.04000000,40.50000000,2,1,NULL,1,NULL,NULL,NULL,6,2,NULL,9,2,'2019-11-22',NULL,NULL,'crabe','facture/FA1911-0051/FA1911-0051.pdf',0,'',NULL,NULL,0,NULL,NULL,NULL,NULL,NULL,1,'EUR',1.00000000,34.04000000,6.46000000,40.50000000,NULL,NULL),(65,'FA1911-0052',1,NULL,NULL,NULL,0,NULL,705,'2019-11-14 00:03:42','2019-11-12',NULL,'2019-11-17',NULL,'2019-11-17 12:55:54',0,0.00000000,NULL,NULL,0,NULL,NULL,0.00000000,0.00000000,0.00000000,0.00000000,1404.80000000,1404.80000000,1,1,NULL,1,NULL,NULL,NULL,12,2,NULL,2,2,'2019-12-12',NULL,NULL,'crabe','facture/FA1911-0052/FA1911-0052.pdf',0,'',NULL,NULL,0,NULL,NULL,NULL,NULL,NULL,1,'EUR',1.00000000,1404.80000000,0.00000000,1404.80000000,NULL,NULL),(66,'FA1911-0053',1,NULL,NULL,NULL,0,NULL,836,'2019-11-14 13:21:16','2019-11-22',NULL,'2019-11-14',NULL,'2019-12-24 20:21:53',1,0.00000000,NULL,NULL,0,NULL,NULL,149.71000000,0.00000000,0.00000000,0.00000000,787.92000000,937.63000000,2,1,NULL,1,NULL,NULL,NULL,14,2,NULL,2,2,'2019-12-22',NULL,NULL,'crabe','facture/FA1911-0053/FA1911-0053.pdf',0,'',NULL,NULL,0,NULL,NULL,NULL,NULL,NULL,1,'EUR',1.00000000,787.92000000,149.71000000,937.63000000,NULL,NULL),(67,'FA1911-0054',1,NULL,NULL,NULL,0,NULL,658,'2019-11-17 14:44:42','2019-11-17',NULL,'2019-11-17',NULL,'2019-12-03 14:33:14',1,0.00000000,NULL,NULL,0,NULL,NULL,17.89000000,0.00000000,0.00000000,0.00000000,94.18000000,112.07000000,2,1,NULL,1,NULL,NULL,NULL,6,2,NULL,11,2,'2019-12-01',NULL,NULL,'crabe','facture/FA1911-0054/FA1911-0054.pdf',0,'',NULL,NULL,0,NULL,NULL,NULL,NULL,NULL,1,'EUR',1.00000000,94.18000000,17.89000000,112.07000000,NULL,NULL),(69,'FA1911-0055',1,NULL,NULL,'November order 2019',0,NULL,135,'2019-11-18 21:36:04','2019-11-18',NULL,'2019-11-18',NULL,'2020-01-07 16:46:21',1,0.00000000,NULL,NULL,0,NULL,NULL,0.00000000,0.00000000,0.00000000,0.00000000,7874.40000000,7874.40000000,2,1,NULL,1,NULL,NULL,NULL,7,NULL,NULL,2,2,'2019-12-18',NULL,NULL,'crabe','facture/FA1911-0055/FA1911-0055.pdf',0,'',NULL,NULL,0,NULL,NULL,NULL,NULL,NULL,1,'EUR',1.00000000,7874.40000000,0.00000000,7874.40000000,NULL,NULL),(70,'FA1911-0056',1,NULL,NULL,NULL,0,NULL,145,'2019-11-21 20:57:23','2019-11-21',NULL,'2019-11-21','2020-03-18 19:31:56','2020-03-18 19:31:56',1,0.00000000,NULL,NULL,0,NULL,NULL,34.87000000,0.00000000,0.00000000,0.00000000,183.52000000,218.39000000,2,1,NULL,1,1,NULL,NULL,6,2,NULL,2,2,'2019-12-21',NULL,NULL,'crabe','facture/FA1911-0056/FA1911-0056.pdf',0,'',NULL,NULL,0,NULL,NULL,NULL,NULL,NULL,1,'EUR',1.00000000,183.52000000,34.87000000,218.39000000,NULL,NULL),(71,'FA1911-0057',1,NULL,NULL,NULL,0,NULL,867,'2019-11-23 15:21:25','2019-11-23',NULL,'2019-11-23',NULL,'2019-12-03 14:29:45',1,0.00000000,NULL,NULL,0,NULL,NULL,35.41000000,0.00000000,0.00000000,0.00000000,186.34000000,221.75000000,2,1,NULL,1,NULL,NULL,NULL,6,2,NULL,2,2,'2019-12-23',NULL,NULL,'crabe','facture/FA1911-0057/FA1911-0057.pdf',0,'',NULL,NULL,0,NULL,NULL,NULL,NULL,NULL,1,'EUR',1.00000000,186.34000000,35.41000000,221.75000000,NULL,NULL),(72,'FA1912-0058',1,NULL,NULL,NULL,0,NULL,705,'2019-12-06 13:01:43','2019-12-11',NULL,'2019-12-06',NULL,'2019-12-23 17:01:15',1,0.00000000,NULL,NULL,0,NULL,NULL,0.00000000,0.00000000,0.00000000,0.00000000,600.00000000,600.00000000,2,1,NULL,1,NULL,NULL,NULL,12,2,NULL,2,2,'2020-01-10',NULL,NULL,'crabe','facture/FA1912-0058/FA1912-0058.pdf',0,'',NULL,NULL,0,NULL,NULL,NULL,NULL,NULL,1,'EUR',1.00000000,600.00000000,0.00000000,600.00000000,NULL,NULL),(73,'FA2001-0065',1,NULL,NULL,'December 2019',0,NULL,745,'2019-12-24 20:19:22','2020-01-01',NULL,'2020-02-23','2020-02-23 21:51:16','2020-02-23 21:51:16',1,0.00000000,NULL,NULL,0,NULL,NULL,301.65000000,0.00000000,0.00000000,0.00000000,1587.66000000,1889.31000000,2,1,NULL,1,1,NULL,NULL,6,2,NULL,2,2,'2020-01-31',NULL,NULL,'crabe','facture/FA2001-0065/FA2001-0065.pdf',0,'',NULL,NULL,0,NULL,NULL,NULL,NULL,NULL,1,'EUR',1.00000000,1587.66000000,301.65000000,1889.31000000,NULL,NULL),(75,'FA1912-0059',1,NULL,NULL,NULL,0,NULL,2,'2019-12-26 12:38:08','2019-12-26',NULL,'2019-12-26',NULL,'2019-12-27 12:27:30',1,0.00000000,NULL,NULL,0,NULL,NULL,26.59000000,0.00000000,0.00000000,0.00000000,139.92000000,166.51000000,2,1,NULL,1,NULL,NULL,NULL,6,2,NULL,2,2,'2020-01-25',NULL,NULL,'crabe','facture/FA1912-0059/FA1912-0059.pdf',0,'',NULL,NULL,0,NULL,NULL,NULL,NULL,NULL,1,'EUR',1.00000000,139.92000000,26.59000000,166.51000000,NULL,NULL),(76,'FA2001-0060',1,NULL,NULL,'17547',0,NULL,131,'2020-01-09 18:08:49','2020-01-13',NULL,'2020-01-09',NULL,'2020-01-30 21:26:39',1,0.00000000,NULL,NULL,0,NULL,NULL,27.95000000,0.00000000,0.00000000,0.00000000,147.06000000,175.01000000,2,1,NULL,1,NULL,NULL,NULL,6,2,NULL,2,2,'2020-02-12',NULL,NULL,'crabe','facture/FA2001-0060/FA2001-0060.pdf',0,'',NULL,NULL,0,NULL,NULL,NULL,NULL,NULL,1,'EUR',1.00000000,147.06000000,27.95000000,175.01000000,NULL,NULL),(77,'FA2001-0061',1,NULL,NULL,NULL,0,NULL,865,'2020-01-10 16:09:22','2020-01-10',NULL,'2020-01-13',NULL,'2020-08-03 14:56:19',0,0.00000000,NULL,NULL,0,'abandon','was accounted for against invoices',0.00000000,0.00000000,0.00000000,0.00000000,70.59000000,70.59000000,3,1,NULL,1,NULL,NULL,NULL,15,2,NULL,11,2,'2020-01-24',NULL,NULL,'crabe','facture/FA2001-0061/FA2001-0061.pdf',0,'',NULL,NULL,0,NULL,NULL,NULL,NULL,NULL,1,'GBP',0.85000000,60.00000000,0.00000000,60.00000000,NULL,NULL),(78,'FA2001-0062',1,NULL,NULL,'17608',0,NULL,131,'2020-01-16 19:44:20','2020-01-20',NULL,'2020-01-16',NULL,'2020-01-30 21:28:13',1,0.00000000,NULL,NULL,0,NULL,NULL,92.20000000,0.00000000,0.00000000,0.00000000,485.22000000,577.42000000,2,1,NULL,1,NULL,NULL,NULL,6,2,NULL,11,2,'2020-02-03',NULL,NULL,'crabe','facture/FA2001-0062/FA2001-0062.pdf',0,'',NULL,NULL,0,NULL,NULL,NULL,NULL,NULL,1,'EUR',1.00000000,485.22000000,92.20000000,577.42000000,NULL,NULL),(79,'FA2001-0063',1,NULL,NULL,NULL,0,NULL,131,'2020-01-17 12:38:38','2020-01-21',NULL,'2020-01-17','2020-03-04 13:29:58','2020-03-04 13:29:58',1,0.00000000,NULL,NULL,0,NULL,NULL,28.68000000,0.00000000,0.00000000,0.00000000,150.96000000,179.64000000,2,1,NULL,1,1,NULL,NULL,6,2,NULL,11,2,'2020-02-04',NULL,NULL,'crabe','facture/FA2001-0063/FA2001-0063.pdf',0,'',NULL,NULL,0,NULL,NULL,NULL,NULL,NULL,1,'EUR',1.00000000,150.96000000,28.68000000,179.64000000,NULL,NULL),(80,'FA2002-0064',1,NULL,NULL,NULL,0,NULL,131,'2020-02-06 14:19:07','2020-02-06',NULL,'2020-02-06','2020-03-25 16:22:01','2020-03-25 16:22:01',1,0.00000000,NULL,NULL,0,NULL,NULL,24.01000000,0.00000000,0.00000000,0.00000000,126.36000000,150.37000000,2,1,NULL,1,1,NULL,NULL,6,NULL,NULL,11,2,'2020-02-20',NULL,NULL,'crabe','facture/FA2002-0064/FA2002-0064.pdf',0,'',NULL,NULL,0,NULL,NULL,NULL,NULL,NULL,1,'EUR',1.00000000,126.36000000,24.01000000,150.37000000,NULL,NULL),(82,'FA2002-0066',1,NULL,NULL,'January 2020',0,NULL,745,'2020-02-23 20:52:00','2020-02-01',NULL,'2020-03-28','2020-03-28 16:22:44','2020-03-28 16:22:44',1,0.00000000,NULL,NULL,0,NULL,NULL,108.61000000,0.00000000,0.00000000,0.00000000,571.56000000,680.17000000,2,1,NULL,1,1,NULL,NULL,6,2,NULL,11,2,'2020-02-15',NULL,NULL,'crabe','facture/FA2002-0066/FA2002-0066.pdf',0,'',NULL,NULL,0,0,NULL,0,NULL,NULL,1,'EUR',1.00000000,571.56000000,108.61000000,680.17000000,NULL,NULL),(83,'FA2002-0067',1,NULL,NULL,'Muster',0,NULL,1022,'2020-02-28 12:15:33','2020-02-28',NULL,'2020-03-11','2020-04-07 12:42:48','2020-04-07 12:42:48',1,0.00000000,NULL,NULL,0,NULL,NULL,0.00000000,0.00000000,0.00000000,0.00000000,87.55000000,87.55000000,2,1,NULL,1,1,NULL,NULL,7,2,NULL,6,2,'2020-02-29',NULL,NULL,'crabe','facture/FA2002-0067/FA2002-0067.pdf',0,'',NULL,NULL,0,0,NULL,0,NULL,NULL,1,'EUR',1.00000000,87.55000000,0.00000000,87.55000000,NULL,NULL),(84,'FA2003-0068',1,NULL,NULL,NULL,0,NULL,1025,'2020-03-04 13:25:55','2020-03-04',NULL,'2020-03-04','2020-04-07 12:37:37','2020-04-07 12:37:37',1,0.00000000,NULL,NULL,0,NULL,NULL,0.00000000,0.00000000,0.00000000,0.00000000,3089.00000000,3089.00000000,2,1,NULL,1,1,NULL,NULL,18,2,NULL,11,2,'2020-03-18',NULL,NULL,'crabe','facture/FA2003-0068/FA2003-0068.pdf',0,'',NULL,NULL,0,0,NULL,0,NULL,NULL,1,'EUR',1.00000000,3089.00000000,0.00000000,3089.00000000,NULL,NULL),(85,'FA2003-0069',1,NULL,NULL,NULL,0,NULL,131,'2020-03-10 11:52:33','2020-03-10',NULL,'2020-03-10','2020-03-23 19:58:14','2020-03-23 19:58:14',1,0.00000000,NULL,NULL,0,NULL,NULL,296.00000000,0.00000000,0.00000000,0.00000000,1557.96000000,1853.96000000,2,1,NULL,1,1,NULL,NULL,6,2,NULL,11,2,'2020-03-24',NULL,NULL,'crabe','facture/FA2003-0069/FA2003-0069.pdf',0,'',NULL,NULL,0,0,NULL,0,NULL,NULL,1,'EUR',1.00000000,1557.96000000,296.00000000,1853.96000000,NULL,NULL),(87,'(PROV87)',1,NULL,NULL,NULL,2,NULL,705,'2020-03-16 17:06:32','2020-03-16',NULL,NULL,NULL,'2020-03-16 17:18:32',0,0.00000000,NULL,NULL,0,NULL,NULL,0.00000000,0.00000000,0.00000000,0.00000000,-453.60000000,-453.60000000,0,1,NULL,NULL,NULL,NULL,65,12,2,NULL,0,2,'2020-03-16',NULL,NULL,'crabe','facture/(PROV87)/(PROV87).pdf',0,'',NULL,NULL,0,0,NULL,0,NULL,NULL,1,'EUR',1.00000000,-453.60000000,0.00000000,-453.60000000,NULL,NULL),(88,'FA2003-0070',1,NULL,NULL,'18147',0,NULL,131,'2020-03-23 15:34:47','2020-03-23',NULL,'2020-03-23','2020-04-07 12:40:28','2020-04-07 12:40:28',1,0.00000000,NULL,NULL,0,NULL,NULL,107.24000000,0.00000000,0.00000000,0.00000000,564.48000000,671.72000000,2,1,NULL,1,1,NULL,NULL,6,2,NULL,11,2,'2020-04-06',NULL,NULL,'crabe','facture/FA2003-0070/FA2003-0070.pdf',0,'',NULL,NULL,0,0,NULL,0,NULL,NULL,1,'EUR',1.00000000,564.48000000,107.24000000,671.72000000,NULL,NULL),(90,'FA2003-0071',1,NULL,NULL,NULL,0,NULL,777,'2020-03-24 02:47:58','2020-03-24',NULL,'2020-10-02','2020-10-06 13:13:46','2020-10-06 13:13:46',1,0.00000000,NULL,NULL,0,NULL,NULL,328.88000000,0.00000000,0.00000000,0.00000000,1644.35000000,1973.23000000,2,1,NULL,1,1,NULL,NULL,15,2,NULL,3,2,'2020-04-30',NULL,NULL,'crabe','facture/FA2003-0071/FA2003-0071.pdf',0,'',NULL,NULL,0,0,NULL,0,NULL,NULL,1,'GBP',0.91000000,1496.36000000,299.27000000,1795.63000000,NULL,NULL),(91,'FA2003-0072',1,NULL,NULL,NULL,0,NULL,663,'2020-03-26 13:44:28','2020-03-30',NULL,'2020-03-26','2020-04-09 19:41:40','2020-04-09 19:41:40',1,0.00000000,NULL,NULL,0,NULL,NULL,182.77000000,0.00000000,0.00000000,0.00000000,961.86000000,1144.63000000,2,1,NULL,1,1,NULL,NULL,6,2,NULL,11,2,'2020-04-13',NULL,NULL,'crabe','facture/FA2003-0072/FA2003-0072.pdf',0,'',NULL,NULL,0,0,NULL,0,NULL,NULL,1,'EUR',1.00000000,961.86000000,182.77000000,1144.63000000,NULL,NULL),(92,'FA2003-0073',1,NULL,NULL,NULL,0,NULL,745,'2020-03-28 15:34:14','2020-03-02',NULL,'2020-03-28','2020-03-28 16:31:25','2020-03-28 16:31:25',1,0.00000000,NULL,NULL,0,NULL,NULL,189.97000000,0.00000000,0.00000000,0.00000000,999.79000000,1189.76000000,2,1,NULL,1,1,NULL,NULL,6,2,NULL,11,2,'2020-03-16',NULL,NULL,'crabe','facture/FA2003-0073/FA2003-0073.pdf',0,'',NULL,NULL,0,0,NULL,0,NULL,NULL,1,'EUR',1.00000000,999.79000000,189.97000000,1189.76000000,NULL,NULL),(93,'FA2004-0074',1,NULL,NULL,NULL,0,NULL,745,'2020-03-28 15:48:07','2020-04-01',NULL,'2020-03-28',NULL,'2020-03-28 15:54:49',0,0.00000000,NULL,NULL,0,NULL,NULL,132.22000000,0.00000000,0.00000000,0.00000000,695.88000000,828.10000000,1,1,NULL,1,NULL,NULL,NULL,6,2,NULL,11,2,'2020-04-15',NULL,NULL,'crabe','facture/FA2004-0074/FA2004-0074.pdf',0,'',NULL,NULL,0,0,NULL,0,NULL,NULL,1,'EUR',1.00000000,695.88000000,132.22000000,828.10000000,NULL,NULL),(94,'AV2004-0003',1,NULL,NULL,NULL,2,NULL,705,'2020-04-01 16:21:45','2020-04-01',NULL,'2020-04-01','2020-04-01 16:38:13','2020-04-01 16:38:13',1,0.00000000,NULL,NULL,0,NULL,NULL,0.00000000,0.00000000,0.00000000,0.00000000,-1090.80000000,-1090.80000000,2,1,NULL,1,1,NULL,65,12,NULL,NULL,0,0,'2020-04-01',NULL,NULL,'crabe','facture/AV2004-0003/AV2004-0003.pdf',0,'',NULL,NULL,0,0,NULL,0,NULL,NULL,1,'EUR',1.00000000,409.20000000,0.00000000,409.20000000,NULL,NULL),(95,'FA2004-0075',1,NULL,NULL,NULL,0,NULL,705,'2020-04-01 16:42:59','2020-04-01',NULL,'2020-04-01',NULL,'2020-04-01 16:43:22',0,0.00000000,NULL,NULL,0,NULL,NULL,0.00000000,0.00000000,0.00000000,0.00000000,50.00000000,50.00000000,1,1,NULL,1,NULL,NULL,NULL,12,2,NULL,7,2,'2020-04-02',NULL,NULL,'crabe','facture/FA2004-0075/FA2004-0075.pdf',0,'',NULL,NULL,0,0,NULL,0,NULL,NULL,1,'EUR',1.00000000,50.00000000,0.00000000,50.00000000,NULL,NULL),(96,'FA2004-0076',1,NULL,NULL,'18347',0,NULL,131,'2020-04-07 12:49:16','2020-04-07',NULL,'2020-04-07','2020-04-30 22:44:26','2020-04-30 22:44:26',1,0.00000000,NULL,NULL,0,NULL,NULL,228.00000000,0.00000000,0.00000000,0.00000000,1200.00000000,1428.00000000,2,1,NULL,1,1,NULL,NULL,6,2,NULL,11,2,'2020-04-21',NULL,NULL,'crabe','facture/FA2004-0076/FA2004-0076.pdf',0,'',NULL,NULL,0,0,NULL,0,NULL,NULL,1,'EUR',1.00000000,1200.00000000,228.00000000,1428.00000000,NULL,NULL),(97,'(PROV97)',1,NULL,NULL,NULL,2,NULL,705,'2020-04-07 12:56:06','2020-04-07',NULL,NULL,NULL,'2020-04-07 12:56:51',0,0.00000000,NULL,NULL,0,NULL,NULL,0.00000000,0.00000000,0.00000000,0.00000000,-756.00000000,-756.00000000,0,1,NULL,NULL,NULL,NULL,44,12,NULL,NULL,0,0,'2020-04-07',NULL,NULL,'crabe','facture/(PROV97)/(PROV97).pdf',0,'',NULL,NULL,0,0,NULL,0,NULL,NULL,1,'EUR',1.00000000,756.00000000,0.00000000,756.00000000,NULL,NULL),(98,'(PROV98)',1,NULL,NULL,NULL,2,NULL,705,'2020-04-07 12:57:34','2020-04-07',NULL,NULL,NULL,'2020-04-07 12:57:48',0,0.00000000,NULL,NULL,0,NULL,NULL,0.00000000,0.00000000,0.00000000,0.00000000,-864.00000000,-864.00000000,0,1,NULL,NULL,NULL,NULL,44,12,NULL,NULL,0,0,'2020-04-07',NULL,NULL,'crabe','facture/(PROV98)/(PROV98).pdf',0,'',NULL,NULL,0,0,NULL,0,NULL,NULL,1,'EUR',1.00000000,864.00000000,0.00000000,864.00000000,NULL,NULL),(99,'FA2004-0077',1,NULL,NULL,NULL,0,NULL,131,'2020-04-09 19:45:33','2020-04-09',NULL,'2020-04-09','2020-04-30 22:45:18','2020-04-30 22:45:18',1,0.00000000,NULL,NULL,0,NULL,NULL,229.82000000,0.00000000,0.00000000,0.00000000,1209.60000000,1439.42000000,2,1,NULL,1,1,NULL,NULL,6,2,NULL,11,2,'2020-04-23',NULL,NULL,'crabe','facture/FA2004-0077/FA2004-0077.pdf',0,'',NULL,NULL,0,0,NULL,0,NULL,NULL,1,'EUR',1.00000000,1209.60000000,229.82000000,1439.42000000,NULL,NULL),(100,'FA2003-0078',1,NULL,NULL,'Transaction ID: 5H661150LG261242A',0,NULL,1030,'2020-04-12 19:22:47','2020-03-30',NULL,'2020-04-12','2020-04-12 19:23:41','2020-04-12 19:23:41',1,0.00000000,NULL,NULL,0,NULL,NULL,13.75000000,0.00000000,0.00000000,0.00000000,72.40000000,86.15000000,2,1,NULL,1,1,NULL,NULL,6,NULL,NULL,6,54,'2020-03-31',NULL,NULL,'crabe','facture/FA2003-0078/FA2003-0078.pdf',0,'',NULL,NULL,0,0,NULL,0,NULL,NULL,1,'EUR',1.00000000,72.40000000,13.75000000,86.15000000,NULL,NULL),(101,'FA2004-0079',1,NULL,NULL,NULL,0,NULL,867,'2020-04-16 15:58:25','2020-04-16',NULL,'2020-04-16','2020-04-30 22:46:03','2020-04-30 22:46:03',1,0.00000000,NULL,NULL,0,NULL,NULL,12.30000000,0.00000000,0.00000000,0.00000000,64.75000000,77.05000000,2,1,NULL,1,1,NULL,NULL,6,NULL,NULL,11,2,'2020-04-30',NULL,NULL,'crabe','facture/FA2004-0079/FA2004-0079.pdf',0,'',NULL,NULL,0,0,NULL,0,NULL,NULL,1,'EUR',1.00000000,64.75000000,12.30000000,77.05000000,NULL,NULL),(102,'FA2004-0080',1,NULL,NULL,NULL,0,NULL,139,'2020-04-23 00:20:42','2020-04-22',NULL,'2020-04-23','2020-05-13 15:56:39','2020-05-13 15:56:39',1,0.00000000,NULL,NULL,0,NULL,NULL,46.22000000,0.00000000,0.00000000,0.00000000,252.08000000,298.30000000,2,1,NULL,1,1,NULL,NULL,6,NULL,NULL,11,2,'2020-05-06',NULL,NULL,'crabe','facture/FA2004-0080/FA2004-0080.pdf',0,'',NULL,NULL,0,0,NULL,0,NULL,NULL,1,'EUR',1.00000000,252.08000000,46.22000000,298.30000000,NULL,NULL),(104,'FA2005-0081',1,NULL,NULL,NULL,0,NULL,132,'2020-05-15 21:36:38','2020-05-15',NULL,'2020-06-22',NULL,'2020-06-22 11:21:07',0,0.00000000,NULL,NULL,0,NULL,NULL,23.39000000,0.00000000,0.00000000,0.00000000,123.16000000,146.55000000,1,1,NULL,1,NULL,NULL,NULL,6,2,NULL,2,2,'2020-06-14',NULL,NULL,'crabe','facture/FA2005-0081/FA2005-0081.pdf',0,'',NULL,NULL,0,0,NULL,0,NULL,NULL,1,'EUR',1.00000000,123.16000000,23.39000000,146.55000000,NULL,NULL),(105,'FA2005-0082',1,NULL,NULL,'19073',0,NULL,131,'2020-05-29 12:28:24','2020-05-29',NULL,'2020-05-29','2020-06-05 18:07:58','2020-06-05 18:07:58',1,0.00000000,NULL,NULL,0,NULL,NULL,229.82000000,0.00000000,0.00000000,0.00000000,1209.60000000,1439.42000000,2,1,NULL,1,1,NULL,NULL,6,2,NULL,11,2,'2020-06-12',NULL,NULL,'crabe','facture/FA2005-0082/FA2005-0082.pdf',0,'',NULL,NULL,0,0,NULL,0,NULL,NULL,1,'EUR',1.00000000,1209.60000000,229.82000000,1439.42000000,NULL,NULL),(106,'FA2005-0083',1,NULL,NULL,NULL,0,NULL,131,'2020-05-29 13:38:48','2020-05-29',NULL,'2020-05-29','2020-06-05 18:07:58','2020-06-05 18:07:58',1,0.00000000,NULL,NULL,0,NULL,NULL,69.28000000,0.00000000,0.00000000,0.00000000,364.62000000,433.90000000,2,1,NULL,1,1,NULL,NULL,6,2,NULL,11,2,'2020-06-12',NULL,NULL,'crabe','facture/FA2005-0083/FA2005-0083.pdf',0,'',NULL,NULL,0,0,NULL,0,NULL,NULL,1,'EUR',1.00000000,364.62000000,69.28000000,433.90000000,NULL,NULL),(107,'FA2006-0084',1,NULL,NULL,NULL,0,NULL,621,'2020-06-12 20:09:37','2020-07-03',NULL,'2020-10-06','2020-10-06 13:27:43','2020-10-06 13:27:43',1,0.00000000,NULL,NULL,0,NULL,NULL,126.99000000,0.00000000,0.00000000,0.00000000,793.68000000,920.67000000,2,1,NULL,1,1,NULL,NULL,6,2,NULL,2,2,'2020-08-02',NULL,NULL,'crabe','facture/FA2006-0084/FA2006-0084.pdf',0,'',NULL,NULL,0,0,NULL,0,NULL,NULL,1,'EUR',1.00000000,793.68000000,126.99000000,920.67000000,NULL,NULL),(108,'FA2006-0085',1,NULL,NULL,'19231',0,NULL,131,'2020-06-15 12:54:49','2020-06-15',NULL,'2020-06-15',NULL,'2020-06-15 12:55:59',0,0.00000000,NULL,NULL,0,NULL,NULL,164.16000000,0.00000000,0.00000000,0.00000000,872.80000000,1036.96000000,1,1,NULL,1,NULL,NULL,NULL,6,2,NULL,11,2,'2020-06-29',NULL,NULL,'crabe','facture/FA2006-0085/FA2006-0085.pdf',0,'',NULL,NULL,0,0,NULL,0,NULL,NULL,1,'EUR',1.00000000,872.80000000,164.16000000,1036.96000000,NULL,NULL),(109,'FA2007-0086',1,NULL,NULL,NULL,0,NULL,621,'2020-06-17 13:21:07','2020-07-07',NULL,'2020-10-06','2020-10-06 13:23:40','2020-10-06 13:23:40',1,0.00000000,NULL,NULL,0,NULL,NULL,66.11000000,0.00000000,0.00000000,0.00000000,413.16000000,479.27000000,2,1,NULL,1,1,NULL,NULL,6,NULL,NULL,2,2,'2020-08-06',NULL,NULL,'crabe','facture/FA2007-0086/FA2007-0086.pdf',0,'',NULL,NULL,0,0,NULL,0,NULL,NULL,1,'EUR',1.00000000,413.16000000,66.11000000,479.27000000,NULL,NULL),(110,'FA2002-0087',1,NULL,NULL,NULL,0,NULL,1002,'2020-06-29 19:14:19','2020-02-24',NULL,'2020-06-29','2020-06-30 17:33:47','2020-06-30 17:33:47',1,0.00000000,NULL,NULL,0,NULL,NULL,23.02000000,0.00000000,0.00000000,0.00000000,121.12000000,144.14000000,2,1,NULL,1,1,NULL,NULL,16,2,NULL,11,2,'2020-03-09',NULL,NULL,'crabe','facture/FA2002-0087/FA2002-0087.pdf',0,'',NULL,NULL,0,0,NULL,0,NULL,NULL,1,'EUR',1.00000000,121.12000000,23.02000000,144.14000000,NULL,NULL),(111,'FA2007-0088',1,NULL,NULL,NULL,0,NULL,658,'2020-07-04 19:25:50','2020-07-02',NULL,'2020-07-04',NULL,'2020-07-04 19:47:42',0,0.00000000,NULL,NULL,0,NULL,NULL,51.25000000,0.00000000,0.00000000,0.00000000,320.35000000,371.60000000,1,1,NULL,1,NULL,NULL,NULL,6,2,NULL,11,2,'2020-07-16',NULL,NULL,'crabe','facture/FA2007-0088/FA2007-0088.pdf',0,'',NULL,NULL,0,0,NULL,0,NULL,NULL,1,'EUR',1.00000000,320.35000000,51.25000000,371.60000000,NULL,NULL),(112,'FA2008-0089',1,NULL,NULL,NULL,0,NULL,2,'2020-08-05 18:04:22','2020-08-05',NULL,'2020-08-06','2020-10-06 13:17:54','2020-10-06 13:17:54',1,0.00000000,NULL,NULL,0,NULL,NULL,29.60000000,0.00000000,0.00000000,0.00000000,185.00000000,214.60000000,2,1,NULL,1,1,NULL,NULL,6,2,NULL,11,2,'2020-08-19',NULL,NULL,'crabe','facture/FA2008-0089/FA2008-0089.pdf',0,'',NULL,NULL,0,0,NULL,0,NULL,NULL,1,'EUR',1.00000000,185.00000000,29.60000000,214.60000000,NULL,NULL),(113,'FA2008-0090',1,NULL,NULL,NULL,0,NULL,132,'2020-08-12 16:44:17','2020-08-12',NULL,'2020-08-12',NULL,'2020-08-12 16:44:38',0,0.00000000,NULL,NULL,0,NULL,NULL,54.50000000,0.00000000,0.00000000,0.00000000,340.62000000,395.12000000,1,1,NULL,1,NULL,NULL,NULL,6,2,NULL,2,2,'2020-09-11',NULL,NULL,'crabe','facture/FA2008-0090/FA2008-0090.pdf',0,'',NULL,NULL,0,0,NULL,0,NULL,NULL,1,'EUR',1.00000000,340.62000000,54.50000000,395.12000000,NULL,NULL),(115,'FA2008-0091',1,NULL,NULL,NULL,0,NULL,131,'2020-08-13 13:47:28','2020-08-10',NULL,'2020-08-13',NULL,'2020-08-13 13:47:48',0,0.00000000,NULL,NULL,0,NULL,NULL,59.75000000,0.00000000,0.00000000,0.00000000,373.42000000,433.17000000,1,1,NULL,1,NULL,NULL,NULL,6,2,NULL,11,2,'2020-08-24',NULL,NULL,'crabe','facture/FA2008-0091/FA2008-0091.pdf',0,'',NULL,NULL,0,0,NULL,0,NULL,NULL,1,'EUR',1.00000000,373.42000000,59.75000000,433.17000000,NULL,NULL),(116,'FA2009-0092',1,NULL,NULL,NULL,0,NULL,131,'2020-09-03 14:01:46','2020-09-07',NULL,'2020-09-03','2020-10-06 13:15:17','2020-10-06 13:15:17',1,0.00000000,NULL,NULL,0,NULL,NULL,336.00000000,0.00000000,0.00000000,0.00000000,2100.00000000,2436.00000000,2,1,NULL,1,1,NULL,NULL,6,2,NULL,11,2,'2020-09-21',NULL,NULL,'crabe','facture/FA2009-0092/FA2009-0092.pdf',0,'',NULL,NULL,0,0,NULL,0,NULL,NULL,1,'EUR',1.00000000,2100.00000000,336.00000000,2436.00000000,NULL,NULL),(117,'FA2009-0093',1,NULL,NULL,NULL,0,NULL,131,'2020-09-21 16:15:11','2020-09-21',NULL,'2020-09-21','2020-10-06 13:15:18','2020-10-06 13:15:18',1,0.00000000,NULL,NULL,0,NULL,NULL,29.25000000,0.00000000,0.00000000,0.00000000,182.80000000,212.05000000,2,1,NULL,1,1,NULL,NULL,6,2,NULL,11,2,'2020-10-05',NULL,NULL,'crabe','facture/FA2009-0093/FA2009-0093.pdf',0,'',NULL,NULL,0,0,NULL,0,NULL,NULL,1,'EUR',1.00000000,182.80000000,29.25000000,212.05000000,NULL,NULL),(118,'FA2010-0094',1,NULL,NULL,NULL,0,NULL,145,'2020-10-06 11:11:48','2020-10-09',NULL,'2020-10-06',NULL,'2020-10-06 11:12:09',0,0.00000000,NULL,NULL,0,NULL,NULL,99.65000000,0.00000000,0.00000000,0.00000000,622.80000000,722.45000000,1,1,NULL,1,NULL,NULL,NULL,6,2,NULL,11,2,'2020-10-23',NULL,NULL,'crabe','facture/FA2010-0094/FA2010-0094.pdf',0,'',NULL,NULL,0,0,NULL,0,NULL,NULL,1,'EUR',1.00000000,622.80000000,99.65000000,722.45000000,NULL,NULL),(120,'FA2010-0095',1,NULL,NULL,'20560',0,NULL,131,'2020-10-12 14:15:30','2020-10-14',NULL,'2020-10-12',NULL,'2020-10-12 14:15:50',0,0.00000000,NULL,NULL,0,NULL,NULL,23.39000000,0.00000000,0.00000000,0.00000000,146.20000000,169.59000000,1,1,NULL,1,NULL,NULL,NULL,6,2,NULL,11,2,'2020-10-28',NULL,NULL,'crabe','facture/FA2010-0095/FA2010-0095.pdf',0,'',NULL,NULL,0,0,NULL,0,NULL,NULL,1,'EUR',1.00000000,146.20000000,23.39000000,169.59000000,NULL,NULL),(121,'FA2010-0096',1,NULL,NULL,NULL,0,NULL,867,'2020-10-18 20:44:52','2020-10-18',NULL,'2020-10-18',NULL,'2020-10-18 20:45:13',0,0.00000000,NULL,NULL,0,NULL,NULL,19.55000000,0.00000000,0.00000000,0.00000000,122.20000000,141.75000000,1,1,NULL,1,NULL,NULL,NULL,6,2,NULL,2,2,'2020-11-17',NULL,NULL,'crabe','facture/FA2010-0096/FA2010-0096.pdf',0,'',NULL,NULL,0,0,NULL,0,NULL,NULL,1,'EUR',1.00000000,122.20000000,19.55000000,141.75000000,NULL,NULL);

--
-- Table structure for table `llxml_facture_extrafields`
--

CREATE TABLE `llxml_facture_extrafields` (
  `rowid` int(11) NOT NULL AUTO_INCREMENT,
  `tms` timestamp NOT NULL DEFAULT current_timestamp() ON UPDATE current_timestamp(),
  `fk_object` int(11) NOT NULL,
  `import_key` varchar(14) DEFAULT NULL,
  PRIMARY KEY (`rowid`),
  KEY `idx_facture_extrafields` (`fk_object`)
) ENGINE=InnoDB DEFAULT CHARSET=utf8;

--
-- Dumping data for table `llxml_facture_extrafields`
--


--
-- Table structure for table `llxml_facture_fourn`
--

CREATE TABLE `llxml_facture_fourn` (
  `rowid` int(11) NOT NULL AUTO_INCREMENT,
  `ref` varchar(180) NOT NULL,
  `ref_supplier` varchar(180) NOT NULL,
  `entity` int(11) NOT NULL DEFAULT 1,
  `ref_ext` varchar(255) DEFAULT NULL,
  `type` smallint(6) NOT NULL DEFAULT 0,
  `fk_soc` int(11) NOT NULL,
  `datec` datetime DEFAULT NULL,
  `datef` date DEFAULT NULL,
  `date_pointoftax` date DEFAULT NULL,
  `date_valid` date DEFAULT NULL,
  `tms` timestamp NOT NULL DEFAULT current_timestamp() ON UPDATE current_timestamp(),
  `libelle` varchar(255) DEFAULT NULL,
  `paye` smallint(6) NOT NULL DEFAULT 0,
  `amount` double(24,8) NOT NULL DEFAULT 0.00000000,
  `remise` double(24,8) DEFAULT 0.00000000,
  `close_code` varchar(16) DEFAULT NULL,
  `close_note` varchar(128) DEFAULT NULL,
  `tva` double(24,8) DEFAULT 0.00000000,
  `localtax1` double(24,8) DEFAULT 0.00000000,
  `localtax2` double(24,8) DEFAULT 0.00000000,
  `total_ht` double(24,8) DEFAULT 0.00000000,
  `total_tva` double(24,8) DEFAULT 0.00000000,
  `total_ttc` double(24,8) DEFAULT 0.00000000,
  `fk_statut` smallint(6) NOT NULL DEFAULT 0,
  `fk_user_author` int(11) DEFAULT NULL,
  `fk_user_modif` int(11) DEFAULT NULL,
  `fk_user_valid` int(11) DEFAULT NULL,
  `fk_facture_source` int(11) DEFAULT NULL,
  `fk_projet` int(11) DEFAULT NULL,
  `fk_account` int(11) DEFAULT NULL,
  `fk_cond_reglement` int(11) DEFAULT NULL,
  `fk_mode_reglement` int(11) DEFAULT NULL,
  `date_lim_reglement` date DEFAULT NULL,
  `note_private` text DEFAULT NULL,
  `note_public` text DEFAULT NULL,
  `fk_incoterms` int(11) DEFAULT NULL,
  `location_incoterms` varchar(255) DEFAULT NULL,
  `model_pdf` varchar(255) DEFAULT NULL,
  `last_main_doc` varchar(255) DEFAULT NULL,
  `import_key` varchar(14) DEFAULT NULL,
  `extraparams` varchar(255) DEFAULT NULL,
  `fk_multicurrency` int(11) DEFAULT NULL,
  `multicurrency_code` varchar(255) DEFAULT NULL,
  `multicurrency_tx` double(24,8) DEFAULT 1.00000000,
  `multicurrency_total_ht` double(24,8) DEFAULT 0.00000000,
  `multicurrency_total_tva` double(24,8) DEFAULT 0.00000000,
  `multicurrency_total_ttc` double(24,8) DEFAULT 0.00000000,
  PRIMARY KEY (`rowid`),
  UNIQUE KEY `uk_facture_fourn_ref` (`ref`,`entity`),
  UNIQUE KEY `uk_facture_fourn_ref_supplier` (`ref_supplier`,`fk_soc`,`entity`),
  KEY `idx_facture_fourn_date_lim_reglement` (`date_lim_reglement`),
  KEY `idx_facture_fourn_fk_soc` (`fk_soc`),
  KEY `idx_facture_fourn_fk_user_author` (`fk_user_author`),
  KEY `idx_facture_fourn_fk_user_valid` (`fk_user_valid`),
  KEY `idx_facture_fourn_fk_projet` (`fk_projet`),
  CONSTRAINT `fk_facture_fourn_fk_projet` FOREIGN KEY (`fk_projet`) REFERENCES `llxml_projet` (`rowid`),
  CONSTRAINT `fk_facture_fourn_fk_soc` FOREIGN KEY (`fk_soc`) REFERENCES `llxml_societe` (`rowid`),
  CONSTRAINT `fk_facture_fourn_fk_user_author` FOREIGN KEY (`fk_user_author`) REFERENCES `llxml_user` (`rowid`),
  CONSTRAINT `fk_facture_fourn_fk_user_valid` FOREIGN KEY (`fk_user_valid`) REFERENCES `llxml_user` (`rowid`)
) ENGINE=InnoDB AUTO_INCREMENT=37 DEFAULT CHARSET=utf8;

--
-- Dumping data for table `llxml_facture_fourn`
--

INSERT INTO `llxml_facture_fourn` VALUES (1,'SI1809-0001','901802291',1,NULL,0,134,'2018-10-14 18:29:15','2018-09-10',NULL,'2018-10-14','2018-10-27 22:36:47','Steuerlager',1,0.00000000,0.00000000,NULL,NULL,0.00000000,0.00000000,0.00000000,383.26000000,72.82000000,456.08000000,2,1,NULL,1,NULL,NULL,1,11,2,'2018-10-29','','',0,'',NULL,NULL,NULL,NULL,0,'EUR',1.00000000,383.26000000,72.82000000,456.08000000),(2,'SI1810-0002','901802356',1,NULL,0,134,'2018-10-14 18:40:48','2018-10-12',NULL,'2018-10-14','2018-10-27 22:39:34','Auslagerung',1,0.00000000,0.00000000,NULL,NULL,0.00000000,0.00000000,0.00000000,136.00000000,25.84000000,161.84000000,2,1,NULL,1,NULL,NULL,1,1,2,'2018-10-29','','',0,'',NULL,NULL,NULL,NULL,0,'EUR',1.00000000,136.00000000,25.84000000,161.84000000),(3,'SI1810-0003','901802357',1,NULL,0,134,'2018-10-14 18:43:44','2018-10-12',NULL,'2018-10-14','2018-10-27 22:39:34','Lagermiete Oktober 2018',1,0.00000000,0.00000000,NULL,NULL,0.00000000,0.00000000,0.00000000,88.41000000,16.80000000,105.21000000,2,1,NULL,1,NULL,NULL,1,11,2,'2018-10-29','','',0,'',NULL,NULL,NULL,NULL,0,'EUR',1.00000000,88.41000000,16.80000000,105.21000000),(4,'SI1804-0004','901800879',1,NULL,0,134,'2018-10-14 18:53:13','2018-04-26',NULL,'2018-10-14','2019-12-25 14:39:01','Lagermiete April2018',1,0.00000000,0.00000000,NULL,NULL,0.00000000,NULL,NULL,57.81000000,10.98000000,68.79000000,2,1,NULL,1,NULL,NULL,1,11,2,NULL,'','',0,'',NULL,NULL,NULL,NULL,0,'EUR',1.00000000,57.81000000,10.98000000,68.79000000),(5,'SI1805-0005','901800932',1,NULL,0,134,'2018-10-14 18:54:46','2018-05-07',NULL,'2018-10-14','2018-10-14 23:16:09','Lagermiete Mai 2018',1,0.00000000,0.00000000,NULL,NULL,0.00000000,NULL,NULL,57.81000000,10.98000000,68.79000000,2,1,NULL,1,0,NULL,1,1,2,NULL,'','',0,'',NULL,NULL,NULL,NULL,1,'EUR',1.00000000,57.81000000,10.98000000,68.79000000),(7,'SI1806-0006','901801213',1,NULL,0,134,'2018-10-14 19:24:03','2018-06-06',NULL,'2018-10-14','2018-10-14 23:13:23','Lagermiete - all',1,0.00000000,0.00000000,NULL,NULL,0.00000000,0.00000000,0.00000000,57.81000000,10.98000000,68.79000000,2,1,NULL,1,NULL,NULL,1,11,2,'2018-06-20','','',0,'',NULL,NULL,NULL,NULL,0,'EUR',1.00000000,57.81000000,10.98000000,68.79000000),(8,'SI1807-0007','901801538',1,NULL,0,134,'2018-10-14 19:26:41','2018-07-05',NULL,'2018-10-14','2018-10-14 23:10:55','Lagermiete - all',1,0.00000000,0.00000000,NULL,NULL,0.00000000,0.00000000,0.00000000,57.81000000,10.98000000,68.79000000,2,1,NULL,1,NULL,NULL,1,11,2,'2018-07-19','','',0,'',NULL,NULL,NULL,NULL,0,'EUR',1.00000000,57.81000000,10.98000000,68.79000000),(9,'SI1808-0008','901801832',1,NULL,0,134,'2018-10-14 19:28:26','2018-08-15',NULL,'2018-10-14','2018-10-14 23:09:54','Lagermiete - all',1,0.00000000,0.00000000,NULL,NULL,0.00000000,0.00000000,0.00000000,57.75000000,10.97000000,68.72000000,2,1,NULL,1,NULL,NULL,1,2,2,'2018-09-14','','',0,'',NULL,NULL,NULL,NULL,0,'EUR',1.00000000,57.75000000,10.97000000,68.72000000),(10,'SI1809-0009','901802181',1,NULL,0,134,'2018-10-14 19:29:59','2018-09-21',NULL,'2018-10-14','2018-10-14 23:47:50','Lagermiete - all',1,0.00000000,0.00000000,NULL,NULL,0.00000000,0.00000000,0.00000000,133.11000000,25.29000000,158.40000000,2,1,NULL,1,NULL,NULL,1,2,2,'2018-10-21','','',0,'',NULL,NULL,NULL,NULL,0,'EUR',1.00000000,133.11000000,25.29000000,158.40000000),(11,'SI1808-0010','GVR025406',1,NULL,0,134,'2018-10-14 22:59:29','2018-08-13',NULL,'2018-10-14','2018-10-14 23:09:01','Import 3 pallets Py',1,0.00000000,0.00000000,NULL,NULL,0.00000000,0.00000000,0.00000000,1051.95000000,0.00000000,1051.95000000,2,1,NULL,1,NULL,NULL,1,2,2,'2018-09-12','','',0,'',NULL,NULL,NULL,NULL,0,'EUR',1.00000000,1051.95000000,0.00000000,1051.95000000),(12,'SI1809-0011','901802123',1,NULL,0,134,'2018-10-27 22:40:53','2018-09-13',NULL,'2018-10-27','2018-10-27 22:44:43','',1,0.00000000,0.00000000,NULL,NULL,0.00000000,0.00000000,0.00000000,25.54000000,4.85000000,30.39000000,2,1,NULL,1,NULL,NULL,1,2,2,'2018-10-13','','',0,'',NULL,NULL,NULL,NULL,0,'EUR',1.00000000,25.54000000,4.85000000,30.39000000),(13,'SI1809-0012','901802180',1,NULL,0,134,'2018-10-27 22:46:50','2018-09-21',NULL,'2018-10-27','2018-10-27 22:54:51','',1,0.00000000,0.00000000,NULL,NULL,0.00000000,0.00000000,0.00000000,754.20000000,143.29000000,897.49000000,2,1,NULL,1,NULL,NULL,1,2,2,'2018-10-21','','',0,'',NULL,NULL,NULL,NULL,0,'EUR',1.00000000,754.20000000,143.29000000,897.49000000),(14,'SI1812-0013','9104914539',1,NULL,0,679,'2018-12-19 13:32:23','2018-12-14',NULL,'2018-12-19','2018-12-19 13:36:54','',1,0.00000000,0.00000000,NULL,NULL,0.00000000,0.00000000,0.00000000,40.28000000,0.00000000,40.28000000,2,1,NULL,1,NULL,NULL,NULL,1,2,'2018-12-28','','',0,'',NULL,NULL,NULL,NULL,0,'EUR',1.00000000,40.28000000,0.00000000,40.28000000),(15,'SI1812-0014','9104914538',1,NULL,0,679,'2018-12-19 13:37:48','2018-12-14',NULL,'2018-12-19','2018-12-19 13:39:45','',1,0.00000000,0.00000000,NULL,NULL,0.00000000,0.00000000,0.00000000,122.25000000,0.00000000,122.25000000,2,1,NULL,1,NULL,NULL,1,11,2,'2018-12-28','','',0,'',NULL,NULL,NULL,NULL,0,'EUR',1.00000000,122.25000000,0.00000000,122.25000000),(16,'SI1812-0015','449499',1,NULL,0,131,'2019-01-08 11:26:56','2018-12-13',NULL,'2019-01-08','2019-01-08 11:30:16','WKZ Adventskalender',1,0.00000000,0.00000000,NULL,NULL,0.00000000,0.00000000,0.00000000,300.00000000,57.00000000,357.00000000,2,1,NULL,1,NULL,NULL,1,2,2,'2019-01-19','','',0,'',NULL,NULL,NULL,NULL,0,'EUR',1.00000000,300.00000000,57.00000000,357.00000000),(17,'SI1812-0016','2018-328',1,NULL,0,687,'2019-01-08 11:37:48','2018-12-12',NULL,'2019-01-08','2019-01-08 11:45:29','',1,0.00000000,0.00000000,NULL,NULL,0.00000000,0.00000000,0.00000000,54.40000000,0.00000000,54.40000000,2,1,NULL,1,NULL,NULL,1,2,2,'2018-12-19','','',0,'',NULL,NULL,NULL,NULL,0,'EUR',1.00000000,54.40000000,0.00000000,54.40000000),(18,'SI1812-0017','9104890515',1,NULL,0,679,'2019-01-08 11:47:43','2018-12-04',NULL,'2019-01-08','2019-01-08 11:51:15','',1,0.00000000,0.00000000,NULL,NULL,0.00000000,0.00000000,0.00000000,31.95000000,0.00000000,31.95000000,2,1,NULL,1,NULL,NULL,1,2,2,'2018-12-21','','',0,'',NULL,NULL,NULL,NULL,0,'EUR',1.00000000,31.95000000,0.00000000,31.95000000),(19,'SI1811-0018','9104890648',1,NULL,0,679,'2019-01-08 11:52:44','2018-11-30',NULL,'2019-01-08','2019-01-08 11:53:45','alcohol tax',1,0.00000000,0.00000000,NULL,NULL,0.00000000,0.00000000,0.00000000,50.82000000,0.00000000,50.82000000,2,1,NULL,1,NULL,NULL,1,2,2,'2018-12-21','','',0,'',NULL,NULL,NULL,NULL,0,'EUR',1.00000000,50.82000000,0.00000000,50.82000000),(21,'SI1903-0019','466948',1,NULL,0,131,'2019-06-09 18:21:11','2019-03-07',NULL,'2019-06-09','2019-06-09 18:22:53','Schnapsblatt #12',1,0.00000000,0.00000000,NULL,NULL,0.00000000,0.00000000,0.00000000,450.00000000,85.50000000,535.50000000,2,1,NULL,1,NULL,NULL,1,11,2,'2019-03-28','','',0,'',NULL,NULL,NULL,NULL,0,'EUR',1.00000000,450.00000000,85.50000000,535.50000000),(22,'SI1812-0020','9104955179',1,NULL,0,679,'2019-06-09 18:29:21','2018-12-31',NULL,'2019-06-09','2019-06-09 18:31:26','shipping',1,0.00000000,0.00000000,NULL,NULL,0.00000000,0.00000000,0.00000000,18.60000000,0.00000000,18.60000000,2,1,NULL,1,NULL,NULL,NULL,11,NULL,'2019-01-14','','',0,'',NULL,NULL,NULL,NULL,0,'EUR',1.00000000,18.60000000,0.00000000,18.60000000),(23,'SI1904-0021','9105150951',1,NULL,0,679,'2019-06-09 18:32:33','2019-04-30',NULL,'2019-06-09','2019-06-09 18:33:32','',1,0.00000000,0.00000000,NULL,NULL,0.00000000,0.00000000,0.00000000,27.90000000,0.00000000,27.90000000,2,1,NULL,1,NULL,NULL,1,11,2,'2019-05-14','','',0,'',NULL,NULL,NULL,NULL,0,'EUR',1.00000000,27.90000000,0.00000000,27.90000000),(24,'SI1903-0022','9105105125',1,NULL,0,679,'2019-06-09 18:34:28','2019-03-31',NULL,'2019-06-09','2019-06-09 18:36:00','',1,0.00000000,0.00000000,NULL,NULL,0.00000000,0.00000000,0.00000000,59.80000000,0.00000000,59.80000000,2,1,NULL,1,NULL,NULL,1,11,2,'2019-04-14','','',0,'',NULL,NULL,NULL,NULL,0,'EUR',1.00000000,59.80000000,0.00000000,59.80000000),(25,'SI1903-0023','9105105126',1,NULL,0,679,'2019-06-09 18:36:49','2019-03-31',NULL,'2019-06-09','2019-06-09 18:38:34','',1,0.00000000,0.00000000,NULL,NULL,0.00000000,0.00000000,0.00000000,407.84000000,0.00000000,407.84000000,2,1,NULL,1,NULL,NULL,1,11,2,'2019-04-14','','',0,'',NULL,NULL,NULL,NULL,0,'EUR',1.00000000,407.84000000,0.00000000,407.84000000),(26,'SI1901-0024','9105006724',1,NULL,0,679,'2019-06-09 18:39:22','2019-01-31',NULL,'2019-06-09','2019-06-09 18:41:14','',1,0.00000000,0.00000000,NULL,NULL,0.00000000,0.00000000,0.00000000,37.20000000,0.00000000,37.20000000,2,1,NULL,1,NULL,NULL,1,11,2,'2019-02-14','','',0,'',NULL,NULL,NULL,NULL,0,'EUR',1.00000000,37.20000000,0.00000000,37.20000000),(27,'SI1902-0025','9105056022',1,NULL,0,679,'2019-06-09 18:41:57','2019-02-28',NULL,'2019-06-09','2019-06-09 18:43:08','',1,0.00000000,0.00000000,NULL,NULL,0.00000000,0.00000000,0.00000000,40.32000000,0.00000000,40.32000000,2,1,NULL,1,NULL,NULL,1,11,2,'2019-03-14','','',0,'',NULL,NULL,NULL,NULL,0,'EUR',1.00000000,40.32000000,0.00000000,40.32000000),(28,'SI1901-0026','9105008597',1,NULL,0,679,'2019-06-09 18:43:55','2019-01-31',NULL,'2019-06-09','2019-06-09 18:45:21','',1,0.00000000,0.00000000,NULL,NULL,0.00000000,0.00000000,0.00000000,55.44000000,0.00000000,55.44000000,2,1,NULL,1,NULL,NULL,1,11,2,'2019-02-14','','',0,'',NULL,NULL,NULL,NULL,0,'EUR',1.00000000,55.44000000,0.00000000,55.44000000),(29,'SI1812-0027','9104958173',1,NULL,0,679,'2019-06-09 18:45:57','2018-12-31',NULL,'2019-06-09','2019-06-09 18:47:10','',1,0.00000000,0.00000000,NULL,NULL,0.00000000,0.00000000,0.00000000,47.96000000,0.00000000,47.96000000,2,1,NULL,1,NULL,NULL,1,11,NULL,'2019-01-14','','',0,'',NULL,NULL,NULL,NULL,0,'EUR',1.00000000,47.96000000,0.00000000,47.96000000),(30,'SI1904-0028','9105156577',1,NULL,0,679,'2019-06-09 18:47:50','2019-04-30',NULL,'2019-06-09','2019-06-09 18:49:32','',1,0.00000000,0.00000000,NULL,NULL,0.00000000,0.00000000,0.00000000,110.33000000,0.00000000,110.33000000,2,1,NULL,1,NULL,NULL,1,11,2,'2019-05-14','','',0,'',NULL,NULL,NULL,NULL,0,'EUR',1.00000000,110.33000000,0.00000000,110.33000000),(31,'SI1904-0029','9105156580',1,NULL,0,679,'2019-06-09 18:50:07','2019-04-30',NULL,'2019-06-09','2019-06-09 18:52:11','',1,0.00000000,0.00000000,NULL,NULL,0.00000000,0.00000000,0.00000000,78.18000000,0.00000000,78.18000000,2,1,NULL,1,NULL,NULL,1,11,2,'2019-05-14','','',0,'',NULL,NULL,NULL,NULL,0,'EUR',1.00000000,78.18000000,0.00000000,78.18000000),(33,'SI1906-0030','483632',1,NULL,0,131,'2019-06-09 18:56:16','2019-06-04',NULL,'2019-06-09','2019-12-25 18:42:08','',1,0.00000000,0.00000000,NULL,NULL,0.00000000,0.00000000,0.00000000,400.00000000,76.00000000,476.00000000,2,1,NULL,1,NULL,NULL,1,11,2,'2019-06-18','','',0,'',NULL,NULL,NULL,NULL,0,'EUR',1.00000000,400.00000000,76.00000000,476.00000000),(34,'SI1905-0031','482572',1,NULL,0,131,'2019-06-09 18:57:56','2019-05-29',NULL,'2019-06-09','2019-12-25 18:45:20','',1,0.00000000,0.00000000,NULL,NULL,0.00000000,0.00000000,0.00000000,238.00000000,45.22000000,283.22000000,2,1,NULL,1,NULL,NULL,1,11,2,'2019-06-12','','',0,'',NULL,NULL,NULL,NULL,0,'EUR',1.00000000,238.00000000,45.22000000,283.22000000);

--
-- Table structure for table `llxml_facture_fourn_det`
--

CREATE TABLE `llxml_facture_fourn_det` (
  `rowid` int(11) NOT NULL AUTO_INCREMENT,
  `fk_facture_fourn` int(11) NOT NULL,
  `fk_parent_line` int(11) DEFAULT NULL,
  `fk_product` int(11) DEFAULT NULL,
  `ref` varchar(50) DEFAULT NULL,
  `label` varchar(255) DEFAULT NULL,
  `description` text DEFAULT NULL,
  `pu_ht` double(24,8) DEFAULT NULL,
  `pu_ttc` double(24,8) DEFAULT NULL,
  `qty` double DEFAULT NULL,
  `remise_percent` double DEFAULT 0,
  `vat_src_code` varchar(10) DEFAULT '',
  `tva_tx` double(6,3) DEFAULT NULL,
  `localtax1_tx` double(6,3) DEFAULT 0.000,
  `localtax1_type` varchar(10) DEFAULT NULL,
  `localtax2_tx` double(6,3) DEFAULT 0.000,
  `localtax2_type` varchar(10) DEFAULT NULL,
  `total_ht` double(24,8) DEFAULT NULL,
  `tva` double(24,8) DEFAULT NULL,
  `total_localtax1` double(24,8) DEFAULT 0.00000000,
  `total_localtax2` double(24,8) DEFAULT 0.00000000,
  `total_ttc` double(24,8) DEFAULT NULL,
  `product_type` int(11) DEFAULT 0,
  `date_start` datetime DEFAULT NULL,
  `date_end` datetime DEFAULT NULL,
  `info_bits` int(11) DEFAULT 0,
  `fk_code_ventilation` int(11) NOT NULL DEFAULT 0,
  `special_code` int(11) DEFAULT 0,
  `rang` int(11) DEFAULT 0,
  `import_key` varchar(14) DEFAULT NULL,
  `fk_unit` int(11) DEFAULT NULL,
  `fk_multicurrency` int(11) DEFAULT NULL,
  `multicurrency_code` varchar(255) DEFAULT NULL,
  `multicurrency_subprice` double(24,8) DEFAULT 0.00000000,
  `multicurrency_total_ht` double(24,8) DEFAULT 0.00000000,
  `multicurrency_total_tva` double(24,8) DEFAULT 0.00000000,
  `multicurrency_total_ttc` double(24,8) DEFAULT 0.00000000,
  PRIMARY KEY (`rowid`),
  KEY `idx_facture_fourn_det_fk_facture` (`fk_facture_fourn`),
  KEY `idx_facture_fourn_det_fk_product` (`fk_product`),
  KEY `idx_facture_fourn_det_fk_code_ventilation` (`fk_code_ventilation`),
  KEY `fk_facture_fourn_det_fk_unit` (`fk_unit`),
  CONSTRAINT `fk_facture_fourn_det_fk_facture` FOREIGN KEY (`fk_facture_fourn`) REFERENCES `llxml_facture_fourn` (`rowid`),
  CONSTRAINT `fk_facture_fourn_det_fk_unit` FOREIGN KEY (`fk_unit`) REFERENCES `llxml_c_units` (`rowid`)
) ENGINE=InnoDB AUTO_INCREMENT=42 DEFAULT CHARSET=utf8;

--
-- Dumping data for table `llxml_facture_fourn_det`
--

INSERT INTO `llxml_facture_fourn_det` VALUES (1,1,NULL,19,'September 2018',NULL,'',383.26000000,456.07940000,1,0,'',19.000,0.000,'1',0.000,'0',383.26000000,72.82000000,0.00000000,0.00000000,456.08000000,1,NULL,NULL,0,0,0,1,NULL,NULL,0,'EUR',383.26000000,383.26000000,72.82000000,456.08000000),(2,2,NULL,20,'September 2018',NULL,'',66.00000000,78.54000000,1,0,'',19.000,0.000,'1',0.000,'0',66.00000000,12.54000000,0.00000000,0.00000000,78.54000000,1,NULL,NULL,0,0,0,1,NULL,NULL,0,'EUR',66.00000000,66.00000000,12.54000000,78.54000000),(4,2,NULL,21,'September 2018',NULL,'',50.00000000,59.50000000,1,0,'',19.000,0.000,'1',0.000,'0',50.00000000,9.50000000,0.00000000,0.00000000,59.50000000,1,NULL,NULL,0,0,0,2,NULL,NULL,0,'EUR',50.00000000,50.00000000,9.50000000,59.50000000),(5,2,NULL,22,'September 2018',NULL,'',20.00000000,23.80000000,1,0,'',19.000,0.000,'1',0.000,'0',20.00000000,3.80000000,0.00000000,0.00000000,23.80000000,1,NULL,NULL,0,0,0,3,NULL,NULL,0,'EUR',20.00000000,20.00000000,3.80000000,23.80000000),(6,3,NULL,24,'Oktober 2018',NULL,'',88.41000000,105.20790000,1,0,'',19.000,0.000,'1',0.000,'0',88.41000000,16.80000000,0.00000000,0.00000000,105.21000000,1,NULL,NULL,0,0,0,1,NULL,NULL,0,'EUR',88.41000000,88.41000000,16.80000000,105.21000000),(7,4,NULL,24,'April 2018',NULL,'',57.81000000,68.79390000,1,0,'',19.000,0.000,'1',0.000,'0',57.81000000,10.98000000,0.00000000,0.00000000,68.79000000,1,NULL,NULL,0,0,0,1,NULL,NULL,0,'EUR',57.81000000,57.81000000,10.98000000,68.79000000),(8,5,NULL,24,'Mai 2018',NULL,'',57.81000000,68.79390000,1,0,'',19.000,0.000,'1',0.000,'0',57.81000000,10.98000000,0.00000000,0.00000000,68.79000000,1,NULL,NULL,0,0,0,0,NULL,NULL,NULL,NULL,57.81000000,57.81000000,10.98000000,68.79000000),(9,7,NULL,24,'Juni 2018',NULL,'',57.81000000,68.79390000,1,0,'',19.000,0.000,'1',0.000,'0',57.81000000,10.98000000,0.00000000,0.00000000,68.79000000,1,NULL,NULL,0,0,0,1,NULL,NULL,0,'EUR',57.81000000,57.81000000,10.98000000,68.79000000),(10,8,NULL,24,'Juli 2018',NULL,'',57.81000000,68.79390000,1,0,'',19.000,0.000,'1',0.000,'0',57.81000000,10.98000000,0.00000000,0.00000000,68.79000000,1,NULL,NULL,0,0,0,1,NULL,NULL,0,'EUR',57.81000000,57.81000000,10.98000000,68.79000000),(11,9,NULL,24,'August 2018',NULL,'',57.75000000,68.72250000,1,0,'',19.000,0.000,'1',0.000,'0',57.75000000,10.97000000,0.00000000,0.00000000,68.72000000,1,NULL,NULL,0,0,0,1,NULL,NULL,0,'EUR',57.75000000,57.75000000,10.97000000,68.72000000),(12,10,NULL,24,'September 2018',NULL,'',133.11000000,158.40090000,1,0,'',19.000,0.000,'1',0.000,'0',133.11000000,25.29000000,0.00000000,0.00000000,158.40000000,1,NULL,NULL,0,0,0,1,NULL,NULL,0,'EUR',133.11000000,133.11000000,25.29000000,158.40000000),(13,11,NULL,25,'GVR025406',NULL,'',1051.95000000,1051.95000000,1,0,'',0.000,0.000,'0',0.000,'0',1051.95000000,0.00000000,0.00000000,0.00000000,1051.95000000,1,NULL,NULL,0,0,0,1,NULL,NULL,0,'EUR',1051.95000000,1051.95000000,0.00000000,1051.95000000),(14,12,NULL,19,'',NULL,'',25.54000000,30.39260000,1,0,'',19.000,0.000,'1',0.000,'0',25.54000000,4.85000000,0.00000000,0.00000000,30.39000000,1,NULL,NULL,0,0,0,1,NULL,NULL,0,'EUR',25.54000000,25.54000000,4.85000000,30.39000000),(16,13,NULL,24,'',NULL,'',75.60000000,89.96400000,1,0,'',19.000,0.000,'1',0.000,'0',75.60000000,14.36000000,0.00000000,0.00000000,89.96000000,1,NULL,NULL,0,0,0,2,NULL,NULL,0,'EUR',75.60000000,75.60000000,14.36000000,89.96000000),(17,13,NULL,26,'',NULL,'',324.00000000,385.56000000,1,0,'',19.000,0.000,'1',0.000,'0',324.00000000,61.56000000,0.00000000,0.00000000,385.56000000,1,NULL,NULL,0,0,0,3,NULL,NULL,0,'EUR',324.00000000,324.00000000,61.56000000,385.56000000),(19,13,NULL,20,'',NULL,'',30.60000000,36.41400000,1,0,'',19.000,0.000,'1',0.000,'0',30.60000000,5.81000000,0.00000000,0.00000000,36.41000000,1,NULL,NULL,0,0,0,4,NULL,NULL,0,'EUR',30.60000000,30.60000000,5.81000000,36.41000000),(20,13,NULL,27,'',NULL,'',324.00000000,385.56000000,1,0,'',19.000,0.000,'1',0.000,'0',324.00000000,61.56000000,0.00000000,0.00000000,385.56000000,1,NULL,NULL,0,0,0,5,NULL,NULL,0,'EUR',324.00000000,324.00000000,61.56000000,385.56000000),(21,14,NULL,20,'',NULL,'',40.28000000,40.28000000,1,0,'',0.000,0.000,'0',0.000,'0',40.28000000,0.00000000,0.00000000,0.00000000,40.28000000,1,NULL,NULL,0,0,0,1,NULL,NULL,0,'EUR',40.28000000,40.28000000,0.00000000,40.28000000),(22,15,NULL,18,'',NULL,'',122.25000000,122.25000000,1,0,'',0.000,0.000,'0',0.000,'0',122.25000000,0.00000000,0.00000000,0.00000000,122.25000000,1,NULL,NULL,0,0,0,1,NULL,NULL,0,'EUR',122.25000000,122.25000000,0.00000000,122.25000000),(23,16,NULL,28,'',NULL,'',300.00000000,357.00000000,1,0,'',19.000,0.000,'1',0.000,'0',300.00000000,57.00000000,0.00000000,0.00000000,357.00000000,1,NULL,NULL,0,0,0,1,NULL,NULL,0,'EUR',300.00000000,300.00000000,57.00000000,357.00000000),(24,17,NULL,29,'',NULL,'',54.40000000,54.40000000,1,0,'',0.000,0.000,'0',0.000,'0',54.40000000,0.00000000,0.00000000,0.00000000,54.40000000,1,NULL,NULL,0,0,0,1,NULL,NULL,0,'EUR',54.40000000,54.40000000,0.00000000,54.40000000),(25,18,NULL,13,'',NULL,'<p>Fracht inkl. Kartonage und Kommissionierung Einzelflaschen</p>',31.95000000,31.95000000,1,0,'',0.000,0.000,'0',0.000,'0',31.95000000,0.00000000,0.00000000,0.00000000,31.95000000,1,NULL,NULL,0,0,0,1,NULL,NULL,0,'EUR',31.95000000,31.95000000,0.00000000,31.95000000),(26,19,NULL,19,'',NULL,'',50.82000000,50.82000000,1,0,'',0.000,0.000,'0',0.000,'0',50.82000000,0.00000000,0.00000000,0.00000000,50.82000000,1,NULL,NULL,0,0,0,1,NULL,NULL,0,'EUR',50.82000000,50.82000000,0.00000000,50.82000000),(27,21,NULL,NULL,'',NULL,'<p>Schnapsblatt #12 - 1/1 Advertorial - Jules Verne</p>',450.00000000,535.50000000,1,0,'',19.000,0.000,'1',0.000,'0',450.00000000,85.50000000,0.00000000,0.00000000,535.50000000,1,NULL,NULL,0,0,0,1,NULL,NULL,0,'EUR',450.00000000,450.00000000,85.50000000,535.50000000),(28,22,NULL,NULL,'',NULL,'shipping',18.60000000,18.60000000,1,0,'',0.000,0.000,'0',0.000,'0',18.60000000,0.00000000,0.00000000,0.00000000,18.60000000,1,NULL,NULL,0,0,0,1,NULL,NULL,0,'EUR',18.60000000,18.60000000,0.00000000,18.60000000),(29,23,NULL,NULL,'',NULL,'shipping',27.90000000,27.90000000,1,0,'',0.000,0.000,'0',0.000,'0',27.90000000,0.00000000,0.00000000,0.00000000,27.90000000,1,NULL,NULL,0,0,0,1,NULL,NULL,0,'EUR',27.90000000,27.90000000,0.00000000,27.90000000),(30,24,NULL,23,'',NULL,'',59.80000000,59.80000000,1,0,'',0.000,0.000,'0',0.000,'0',59.80000000,0.00000000,0.00000000,0.00000000,59.80000000,1,NULL,NULL,0,0,0,1,NULL,NULL,0,'EUR',59.80000000,59.80000000,0.00000000,59.80000000),(31,25,NULL,19,'',NULL,'',407.84000000,407.84000000,1,0,'',0.000,0.000,'0',0.000,'0',407.84000000,0.00000000,0.00000000,0.00000000,407.84000000,1,NULL,NULL,0,0,0,1,NULL,NULL,0,'EUR',407.84000000,407.84000000,0.00000000,407.84000000),(32,26,NULL,13,'',NULL,'<p>Fracht inkl. Kartonage und Kommissionierung Einzelflaschen</p>',37.20000000,37.20000000,1,0,'',0.000,0.000,'0',0.000,'0',37.20000000,0.00000000,0.00000000,0.00000000,37.20000000,1,NULL,NULL,0,0,0,1,NULL,NULL,0,'EUR',37.20000000,37.20000000,0.00000000,37.20000000),(33,27,NULL,24,'',NULL,'',40.32000000,40.32000000,1,0,'',0.000,0.000,'0',0.000,'0',40.32000000,0.00000000,0.00000000,0.00000000,40.32000000,1,NULL,NULL,0,0,0,1,NULL,NULL,0,'EUR',40.32000000,40.32000000,0.00000000,40.32000000),(34,28,NULL,18,'',NULL,'',55.44000000,55.44000000,1,0,'',0.000,0.000,'0',0.000,'0',55.44000000,0.00000000,0.00000000,0.00000000,55.44000000,1,NULL,NULL,0,0,0,1,NULL,NULL,0,'EUR',55.44000000,55.44000000,0.00000000,55.44000000),(35,29,NULL,23,'',NULL,'',47.96000000,47.96000000,1,0,'',0.000,0.000,'0',0.000,'0',47.96000000,0.00000000,0.00000000,0.00000000,47.96000000,1,NULL,NULL,0,0,0,1,NULL,NULL,0,'EUR',47.96000000,47.96000000,0.00000000,47.96000000),(36,30,NULL,18,'',NULL,'',61.03000000,61.03000000,1,0,'',0.000,0.000,'0',0.000,'0',61.03000000,0.00000000,0.00000000,0.00000000,61.03000000,1,NULL,NULL,0,0,0,1,NULL,NULL,0,'EUR',61.03000000,61.03000000,0.00000000,61.03000000),(37,30,NULL,13,'',NULL,'<p>Fracht inkl. Kartonage und Kommissionierung Einzelflaschen</p>',49.30000000,49.30000000,1,0,'',0.000,0.000,'0',0.000,'0',49.30000000,0.00000000,0.00000000,0.00000000,49.30000000,1,NULL,NULL,0,0,0,2,NULL,NULL,0,'EUR',49.30000000,49.30000000,0.00000000,49.30000000),(38,31,NULL,19,'',NULL,'',78.18000000,78.18000000,1,0,'',0.000,0.000,'0',0.000,'0',78.18000000,0.00000000,0.00000000,0.00000000,78.18000000,1,NULL,NULL,0,0,0,1,NULL,NULL,0,'EUR',78.18000000,78.18000000,0.00000000,78.18000000),(39,33,NULL,NULL,'',NULL,'<p>Schnapsblatt #13 - 1/1</p>',400.00000000,476.00000000,1,0,'',19.000,0.000,'1',0.000,'0',400.00000000,76.00000000,0.00000000,0.00000000,476.00000000,1,NULL,NULL,0,0,0,1,NULL,NULL,0,'EUR',400.00000000,400.00000000,76.00000000,476.00000000),(40,34,NULL,NULL,'',NULL,'<p>Deal der Woche - &#39;Bronzepaket&#39; Jules&nbsp;Verne Rum - KW 14</p>',238.00000000,283.22000000,1,0,'',19.000,0.000,'1',0.000,'0',238.00000000,45.22000000,0.00000000,0.00000000,283.22000000,1,NULL,NULL,0,0,0,1,NULL,NULL,0,'EUR',238.00000000,238.00000000,45.22000000,283.22000000);

--
-- Table structure for table `llxml_facture_fourn_det_extrafields`
--

CREATE TABLE `llxml_facture_fourn_det_extrafields` (
  `rowid` int(11) NOT NULL AUTO_INCREMENT,
  `tms` timestamp NOT NULL DEFAULT current_timestamp() ON UPDATE current_timestamp(),
  `fk_object` int(11) NOT NULL,
  `import_key` varchar(14) DEFAULT NULL,
  PRIMARY KEY (`rowid`),
  KEY `idx_facture_fourn_det_extrafields` (`fk_object`)
) ENGINE=InnoDB DEFAULT CHARSET=utf8;

--
-- Dumping data for table `llxml_facture_fourn_det_extrafields`
--


--
-- Table structure for table `llxml_facture_fourn_extrafields`
--

CREATE TABLE `llxml_facture_fourn_extrafields` (
  `rowid` int(11) NOT NULL AUTO_INCREMENT,
  `tms` timestamp NOT NULL DEFAULT current_timestamp() ON UPDATE current_timestamp(),
  `fk_object` int(11) NOT NULL,
  `import_key` varchar(14) DEFAULT NULL,
  PRIMARY KEY (`rowid`),
  KEY `idx_facture_fourn_extrafields` (`fk_object`)
) ENGINE=InnoDB DEFAULT CHARSET=utf8;

--
-- Dumping data for table `llxml_facture_fourn_extrafields`
--


--
-- Table structure for table `llxml_facture_rec`
--

CREATE TABLE `llxml_facture_rec` (
  `rowid` int(11) NOT NULL AUTO_INCREMENT,
  `titre` varchar(100) NOT NULL,
  `entity` int(11) NOT NULL DEFAULT 1,
  `fk_soc` int(11) NOT NULL,
  `datec` datetime DEFAULT NULL,
  `tms` timestamp NOT NULL DEFAULT current_timestamp() ON UPDATE current_timestamp(),
  `suspended` int(11) DEFAULT 0,
  `amount` double(24,8) NOT NULL DEFAULT 0.00000000,
  `remise` double DEFAULT 0,
  `remise_percent` double DEFAULT 0,
  `remise_absolue` double DEFAULT 0,
  `vat_src_code` varchar(10) DEFAULT '',
  `tva` double(24,8) DEFAULT 0.00000000,
  `localtax1` double(24,8) DEFAULT 0.00000000,
  `localtax2` double(24,8) DEFAULT 0.00000000,
  `revenuestamp` double(24,8) DEFAULT 0.00000000,
  `total` double(24,8) DEFAULT 0.00000000,
  `total_ttc` double(24,8) DEFAULT 0.00000000,
  `fk_user_author` int(11) DEFAULT NULL,
  `fk_user_modif` int(11) DEFAULT NULL,
  `fk_projet` int(11) DEFAULT NULL,
  `fk_cond_reglement` int(11) NOT NULL DEFAULT 1,
  `fk_mode_reglement` int(11) DEFAULT 0,
  `date_lim_reglement` date DEFAULT NULL,
  `fk_account` int(11) DEFAULT NULL,
  `note_private` text DEFAULT NULL,
  `note_public` text DEFAULT NULL,
  `modelpdf` varchar(255) DEFAULT NULL,
  `fk_multicurrency` int(11) DEFAULT NULL,
  `multicurrency_code` varchar(255) DEFAULT NULL,
  `multicurrency_tx` double(24,8) DEFAULT 1.00000000,
  `multicurrency_total_ht` double(24,8) DEFAULT 0.00000000,
  `multicurrency_total_tva` double(24,8) DEFAULT 0.00000000,
  `multicurrency_total_ttc` double(24,8) DEFAULT 0.00000000,
  `usenewprice` int(11) DEFAULT 0,
  `frequency` int(11) DEFAULT NULL,
  `unit_frequency` varchar(2) DEFAULT 'm',
  `date_when` datetime DEFAULT NULL,
  `date_last_gen` datetime DEFAULT NULL,
  `nb_gen_done` int(11) DEFAULT NULL,
  `nb_gen_max` int(11) DEFAULT NULL,
  `auto_validate` int(11) DEFAULT 0,
  `generate_pdf` int(11) DEFAULT 1,
  PRIMARY KEY (`rowid`),
  UNIQUE KEY `idx_facture_rec_uk_titre` (`titre`,`entity`),
  KEY `idx_facture_rec_fk_soc` (`fk_soc`),
  KEY `idx_facture_rec_fk_user_author` (`fk_user_author`),
  KEY `idx_facture_rec_fk_projet` (`fk_projet`),
  CONSTRAINT `fk_facture_rec_fk_projet` FOREIGN KEY (`fk_projet`) REFERENCES `llxml_projet` (`rowid`),
  CONSTRAINT `fk_facture_rec_fk_soc` FOREIGN KEY (`fk_soc`) REFERENCES `llxml_societe` (`rowid`),
  CONSTRAINT `fk_facture_rec_fk_user_author` FOREIGN KEY (`fk_user_author`) REFERENCES `llxml_user` (`rowid`)
) ENGINE=InnoDB DEFAULT CHARSET=utf8;

--
-- Dumping data for table `llxml_facture_rec`
--


--
-- Table structure for table `llxml_facture_rec_extrafields`
--

CREATE TABLE `llxml_facture_rec_extrafields` (
  `rowid` int(11) NOT NULL AUTO_INCREMENT,
  `tms` timestamp NOT NULL DEFAULT current_timestamp() ON UPDATE current_timestamp(),
  `fk_object` int(11) NOT NULL,
  `import_key` varchar(14) DEFAULT NULL,
  PRIMARY KEY (`rowid`),
  KEY `idx_facture_rec_extrafields` (`fk_object`)
) ENGINE=InnoDB DEFAULT CHARSET=utf8;

--
-- Dumping data for table `llxml_facture_rec_extrafields`
--


--
-- Table structure for table `llxml_facturedet`
--

